74.7.241.58 - - [22/Jan/2026:09:27:28 -0500] "GET /q-~143iXvgdHBtBWMP8GMVQicnKqNqSbctHh44403/ HTTP/1.1" 200 - "https://idolatekno.com/sitemap63.xml" "Mozilla/5.0 AppleWebKit/537.36 (KHTML, like Gecko; compatible; GPTBot/1.3; +https://openai.com/gptbot)"
66.249.70.37 - - [22/Jan/2026:09:27:30 -0500] "GET /?pid=26304226231&channel=odd-educator-historically&cate_id=2518&page=https://mail.idolatekno.com/remote.do?q-~31WV2F4ZkQmjKAFUgBGIJxlhIGYihsgc43925/ HTTP/1.1" 200 87039 "-" "Mozilla/5.0 (Linux; Android 6.0.1; Nexus 5X Build/MMB29P) AppleWebKit/537.36 (KHTML, like Gecko) Chrome/143.0.7499.192 Mobile Safari/537.36 (compatible; Googlebot/2.1; +http://www.google.com/bot.html)"
74.7.241.58 - - [22/Jan/2026:09:27:31 -0500] "GET /q-~274ZRRNbNLgkPAzHRTpHelxM6qUuupJJJ39232/ HTTP/1.1" 200 - "https://idolatekno.com/sitemap14.xml" "Mozilla/5.0 AppleWebKit/537.36 (KHTML, like Gecko; compatible; GPTBot/1.3; +https://openai.com/gptbot)"
66.249.64.128 - - [22/Jan/2026:09:27:32 -0500] "GET /pcmypage?callback=/product%2Fdetail%2m51724730292 HTTP/1.1" 403 552829 "-" "Mozilla/5.0 (Linux; Android 6.0.1; Nexus 5X Build/MMB29P) AppleWebKit/537.36 (KHTML, like Gecko) Chrome/143.0.7499.192 Mobile Safari/537.36 (compatible; GoogleOther)"
74.7.241.58 - - [22/Jan/2026:09:27:34 -0500] "GET /q-~36WfzjX3forphuEURKVsWTKRPwvW7ynR48444/ HTTP/1.1" 200 - "https://idolatekno.com/sitemap21.xml" "Mozilla/5.0 AppleWebKit/537.36 (KHTML, like Gecko; compatible; GPTBot/1.3; +https://openai.com/gptbot)"
114.119.130.167 - - [22/Jan/2026:09:27:35 -0500] "GET /q-~208J9iixhMm1hrCaFnzdF6DPCY1pJm6uc45308/ HTTP/1.1" 200 - "https://mail.idolatekno.com/sitemape.xml" "Mozilla/5.0 (Linux; Android 7.0;) AppleWebKit/537.36 (KHTML, like Gecko) Mobile Safari/537.36 (compatible; PetalBot;+https://webmaster.petalsearch.com/site/petalbot)"
66.249.70.36 - - [22/Jan/2026:09:27:36 -0500] "GET /q-~77tRKxa5MLu2pNRSdv0ck6gzjxuNSkhl13637/ HTTP/1.1" 200 85370 "-" "Mozilla/5.0 (Linux; Android 6.0.1; Nexus 5X Build/MMB29P) AppleWebKit/537.36 (KHTML, like Gecko) Chrome/143.0.7499.192 Mobile Safari/537.36 (compatible; Googlebot/2.1; +http://www.google.com/bot.html)"
66.249.70.36 - - [22/Jan/2026:09:27:37 -0500] "GET /?pid=26304226231&channel=perceive-repeatedly-barrier&cate_id=2518&page=https://mail.idolatekno.com/remote.do?items/154016577.htm HTTP/1.1" 200 84985 "-" "Mozilla/5.0 (Linux; Android 6.0.1; Nexus 5X Build/MMB29P) AppleWebKit/537.36 (KHTML, like Gecko) Chrome/143.0.7499.192 Mobile Safari/537.36 (compatible; Googlebot/2.1; +http://www.google.com/bot.html)"
74.7.241.58 - - [22/Jan/2026:09:27:37 -0500] "GET /q-~118KYElWsjEKhfPJhFieqroG4GpFpFuKC33354/ HTTP/1.1" 200 - "https://idolatekno.com/sitemap1.xml" "Mozilla/5.0 AppleWebKit/537.36 (KHTML, like Gecko; compatible; GPTBot/1.3; +https://openai.com/gptbot)"
66.249.64.129 - - [22/Jan/2026:09:27:39 -0500] "GET /q-~201pnN6emJsjnbMIoR5jpMzOjIfq8TdJO6793/ HTTP/1.1" 200 85506 "-" "Mozilla/5.0 (Linux; Android 6.0.1; Nexus 5X Build/MMB29P) AppleWebKit/537.36 (KHTML, like Gecko) Chrome/143.0.7499.192 Mobile Safari/537.36 (compatible; GoogleOther)"
74.7.241.58 - - [22/Jan/2026:09:27:40 -0500] "GET /q-~209JJJaRtUHOOYzpaRAr1pdpbyggDFhwA10939/ HTTP/1.1" 200 - "https://idolatekno.com/?sitemap442.xml" "Mozilla/5.0 AppleWebKit/537.36 (KHTML, like Gecko; compatible; GPTBot/1.3; +https://openai.com/gptbot)"
66.249.70.37 - - [22/Jan/2026:09:27:43 -0500] "GET /?pid=26304226231&channel=hot-effectively-clinic&cate_id=2518&page=https://mail.idolatekno.com/remote.do?q-~189yGzM76i54hXmQSUxJk42rV6lIaVU4U27255/ HTTP/1.1" 200 85312 "-" "Mozilla/5.0 (Linux; Android 6.0.1; Nexus 5X Build/MMB29P) AppleWebKit/537.36 (KHTML, like Gecko) Chrome/143.0.7499.192 Mobile Safari/537.36 (compatible; Googlebot/2.1; +http://www.google.com/bot.html)"
74.7.241.58 - - [22/Jan/2026:09:27:43 -0500] "GET /q-~205fbwdLRvIey4oOHLIHSfnXuureUwUQp22261/ HTTP/1.1" 200 - "https://idolatekno.com/?sitemap305.xml" "Mozilla/5.0 AppleWebKit/537.36 (KHTML, like Gecko; compatible; GPTBot/1.3; +https://openai.com/gptbot)"
74.7.241.58 - - [22/Jan/2026:09:27:46 -0500] "GET /q-~77nmZdsikHLAvnHLM3LkZaPwgUQUDV4d44405/ HTTP/1.1" 200 - "https://idolatekno.com/?sitemap317.xml" "Mozilla/5.0 AppleWebKit/537.36 (KHTML, like Gecko; compatible; GPTBot/1.3; +https://openai.com/gptbot)"
66.249.64.129 - - [22/Jan/2026:09:27:47 -0500] "GET /pcmypage?callback=/product%2Fdetail%2m32183924073 HTTP/1.1" 403 553839 "-" "Mozilla/5.0 (Linux; Android 6.0.1; Nexus 5X Build/MMB29P) AppleWebKit/537.36 (KHTML, like Gecko) Chrome/143.0.7499.192 Mobile Safari/537.36 (compatible; GoogleOther)"
66.249.70.36 - - [22/Jan/2026:09:27:49 -0500] "GET /?pid=26304226231&channel=prosecutor-few-too&cate_id=2518&page=https://mail.idolatekno.com/remote.do?items/275037306.htm HTTP/1.1" 200 86632 "-" "Mozilla/5.0 (Linux; Android 6.0.1; Nexus 5X Build/MMB29P) AppleWebKit/537.36 (KHTML, like Gecko) Chrome/143.0.7499.192 Mobile Safari/537.36 (compatible; Googlebot/2.1; +http://www.google.com/bot.html)"
74.7.241.58 - - [22/Jan/2026:09:27:50 -0500] "GET /q-~281bYRhNkBTKrnDFOSpujUYTljeeeNh3n42335/ HTTP/1.1" 200 - "https://idolatekno.com/?sitemap503.xml" "Mozilla/5.0 AppleWebKit/537.36 (KHTML, like Gecko; compatible; GPTBot/1.3; +https://openai.com/gptbot)"
74.7.241.58 - - [22/Jan/2026:09:27:53 -0500] "GET /q-~197NNSLYzARqYJnjAhbmKmCQBzekcgx8g11127/ HTTP/1.1" 200 - "https://idolatekno.com/sitemap79.xml" "Mozilla/5.0 AppleWebKit/537.36 (KHTML, like Gecko; compatible; GPTBot/1.3; +https://openai.com/gptbot)"
66.249.70.39 - - [22/Jan/2026:09:27:55 -0500] "GET /?pid=26304226231&channel=wash-network-casino&cate_id=2518&page=https://mail.idolatekno.com/remote.do?items/217002678.htm HTTP/1.1" 200 85413 "-" "Mozilla/5.0 (Linux; Android 6.0.1; Nexus 5X Build/MMB29P) AppleWebKit/537.36 (KHTML, like Gecko) Chrome/143.0.7499.192 Mobile Safari/537.36 (compatible; Googlebot/2.1; +http://www.google.com/bot.html)"
74.7.241.58 - - [22/Jan/2026:09:27:56 -0500] "GET /q-~76wNJLcgbtRbaPJmgnOBOrErW3PKw3qg12226/ HTTP/1.1" 200 - "https://idolatekno.com/?sitemap317.xml" "Mozilla/5.0 AppleWebKit/537.36 (KHTML, like Gecko; compatible; GPTBot/1.3; +https://openai.com/gptbot)"
66.249.64.130 - - [22/Jan/2026:09:27:56 -0500] "GET /pcmypage?callback=/product%2Fdetail%2m96146671282 HTTP/1.1" 403 558524 "-" "Mozilla/5.0 (Linux; Android 6.0.1; Nexus 5X Build/MMB29P) AppleWebKit/537.36 (KHTML, like Gecko) Chrome/143.0.7499.192 Mobile Safari/537.36 (compatible; GoogleOther)"
119.249.100.244 - - [22/Jan/2026:09:27:58 -0500] "GET /2018/08/28/3-game-online-terbaru-bola-sebagai-alternatif-pes-2018/?shared=email&msg=fail HTTP/1.1" 200 - "-" "Mozilla/5.0 (Windows NT 10.0; WOW64) AppleWebKit/537.36 (KHTML, like Gecko) Chrome/48.0.2564.116 Safari/537.36"
202.76.174.39 - - [22/Jan/2026:09:27:58 -0500] "GET /q-~229Ak1eDGQIh8HkW6S8nNCaYHoL7BE6mf10629/ HTTP/1.1" 200 - "-" "Mozilla/5.0 (Macintosh; Intel Mac OS X 10_6_8) AppleWebKit/535.19 (KHTML, like Gecko) Chrome/18.0.1025.11 Safari/535.19"
74.7.241.58 - - [22/Jan/2026:09:27:59 -0500] "GET /q-~55fSHDcWxpTpuYGqz1LMPz9krqVtWNXr25559/ HTTP/1.1" 200 - "https://idolatekno.com/sitemap63.xml" "Mozilla/5.0 AppleWebKit/537.36 (KHTML, like Gecko; compatible; GPTBot/1.3; +https://openai.com/gptbot)"
66.249.70.38 - - [22/Jan/2026:09:28:02 -0500] "GET /?pid=26304226231&channel=portfolio-nationwide-questionnaire&cate_id=2518&page=https://mail.idolatekno.com/remote.do?q-~20j3HowzfBHIBO1ML0Gr5FAXJGDq1EpI34730/ HTTP/1.1" 200 85475 "-" "Mozilla/5.0 (Linux; Android 6.0.1; Nexus 5X Build/MMB29P) AppleWebKit/537.36 (KHTML, like Gecko) Chrome/143.0.7499.192 Mobile Safari/537.36 (compatible; Googlebot/2.1; +http://www.google.com/bot.html)"
66.249.64.129 - - [22/Jan/2026:09:28:01 -0500] "GET /q-~193RvxM0hQWYrhPGAxU5LMD3ORpHzXl0i10241/ HTTP/1.1" 200 86367 "-" "Mozilla/5.0 (Linux; Android 6.0.1; Nexus 5X Build/MMB29P) AppleWebKit/537.36 (KHTML, like Gecko) Chrome/143.0.7499.192 Mobile Safari/537.36 (compatible; GoogleOther)"
74.7.241.58 - - [22/Jan/2026:09:28:02 -0500] "GET /q-~158aiRvHItJSFHGBscccJ6faMwBR5TYlr5178/ HTTP/1.1" 200 - "https://idolatekno.com/?sitemap317.xml" "Mozilla/5.0 AppleWebKit/537.36 (KHTML, like Gecko; compatible; GPTBot/1.3; +https://openai.com/gptbot)"
116.179.33.18 - - [22/Jan/2026:09:28:02 -0500] "GET /2018/08/28/3-game-online-terbaru-bola-sebagai-alternatif-pes-2018/?shared=email&msg=fail HTTP/1.1" 200 - "-" "Mozilla/5.0 (Windows NT 10.0; Win64; x64) AppleWebKit/537.36 (KHTML, like Gecko) Chrome/99.0.4844.51 Safari/537.36"
114.119.135.195 - - [22/Jan/2026:09:28:02 -0500] "GET /q-~208HgmtenCZq6F1bcUJbAMWf2XzrvC6rH41678/ HTTP/1.1" 200 - "https://mail.idolatekno.com/sitemapb.xml" "Mozilla/5.0 (Linux; Android 7.0;) AppleWebKit/537.36 (KHTML, like Gecko) Mobile Safari/537.36 (compatible; PetalBot;+https://webmaster.petalsearch.com/site/petalbot)"
74.7.241.58 - - [22/Jan/2026:09:28:05 -0500] "GET /q-~247NjVjdkfffuZlgMgLJeN0zwWkcXVVUZ49083/ HTTP/1.1" 200 - "https://idolatekno.com/?sitemap317.xml" "Mozilla/5.0 AppleWebKit/537.36 (KHTML, like Gecko; compatible; GPTBot/1.3; +https://openai.com/gptbot)"
2a03:2880:f80e:56:: - - [22/Jan/2026:09:28:07 -0500] "GET /m/join31736378?id=1752636 HTTP/1.1" 200 - "-" "meta-externalagent/1.1 (+https://developers.facebook.com/docs/sharing/webmasters/crawler)"
66.249.70.36 - - [22/Jan/2026:09:28:08 -0500] "GET /?pid=26304226231&channel=pickup-punishment-nine&cate_id=2518&page=https://mail.idolatekno.com/remote.do?items/085038624.htm HTTP/1.1" 200 86320 "-" "Mozilla/5.0 (Linux; Android 6.0.1; Nexus 5X Build/MMB29P) AppleWebKit/537.36 (KHTML, like Gecko) Chrome/143.0.7499.192 Mobile Safari/537.36 (compatible; Googlebot/2.1; +http://www.google.com/bot.html)"
74.7.241.58 - - [22/Jan/2026:09:28:08 -0500] "GET /q-~155dZHZtDBANKyoosckL1FVCW5FPLenUa6111/ HTTP/1.1" 200 - "https://idolatekno.com/?sitemap442.xml" "Mozilla/5.0 AppleWebKit/537.36 (KHTML, like Gecko; compatible; GPTBot/1.3; +https://openai.com/gptbot)"
74.7.241.58 - - [22/Jan/2026:09:28:12 -0500] "GET /q-~111VHyczapwAga4XqFYnFIAAcDNrXZkpm33499/ HTTP/1.1" 200 - "https://idolatekno.com/?sitemap442.xml" "Mozilla/5.0 AppleWebKit/537.36 (KHTML, like Gecko; compatible; GPTBot/1.3; +https://openai.com/gptbot)"
66.249.64.129 - - [22/Jan/2026:09:28:13 -0500] "GET /items/195018182.htm HTTP/1.1" 200 85431 "-" "Mozilla/5.0 (Linux; Android 6.0.1; Nexus 5X Build/MMB29P) AppleWebKit/537.36 (KHTML, like Gecko) Chrome/143.0.7499.192 Mobile Safari/537.36 (compatible; GoogleOther)"
66.249.70.36 - - [22/Jan/2026:09:28:14 -0500] "GET /?pid=26304226231&channel=box-explore-racism&cate_id=2518&page=https://mail.idolatekno.com/remote.do?q-~42UrgchFZsOLoQvab1cBDugfc9JdJ7Ta9922/ HTTP/1.1" 200 85822 "-" "Mozilla/5.0 (Linux; Android 6.0.1; Nexus 5X Build/MMB29P) AppleWebKit/537.36 (KHTML, like Gecko) Chrome/143.0.7499.192 Mobile Safari/537.36 (compatible; Googlebot/2.1; +http://www.google.com/bot.html)"
74.7.241.58 - - [22/Jan/2026:09:28:15 -0500] "GET /q-~27paWIUxIGhzOlMYpY2dN7MAugzcgOIQ44465/ HTTP/1.1" 200 - "https://idolatekno.com/?sitemap442.xml" "Mozilla/5.0 AppleWebKit/537.36 (KHTML, like Gecko; compatible; GPTBot/1.3; +https://openai.com/gptbot)"
66.249.64.128 - - [22/Jan/2026:09:28:16 -0500] "GET /pcmypage?callback=/product%2Fdetail%2m30045481542 HTTP/1.1" 403 554193 "-" "Mozilla/5.0 (Linux; Android 6.0.1; Nexus 5X Build/MMB29P) AppleWebKit/537.36 (KHTML, like Gecko) Chrome/143.0.7499.192 Mobile Safari/537.36 (compatible; GoogleOther)"
74.7.241.58 - - [22/Jan/2026:09:28:18 -0500] "GET /q-~13DSbK0WSRMWFAiFoWp0smtrXRdhHyyV35553/ HTTP/1.1" 200 - "https://idolatekno.com/?sitemap1000.xml" "Mozilla/5.0 AppleWebKit/537.36 (KHTML, like Gecko; compatible; GPTBot/1.3; +https://openai.com/gptbot)"
66.249.70.36 - - [22/Jan/2026:09:28:21 -0500] "GET /q-~288YjZVg0lfz8ZU0KE05B9FofWryQB5IV6082/ HTTP/1.1" 200 86748 "-" "Mozilla/5.0 (Linux; Android 6.0.1; Nexus 5X Build/MMB29P) AppleWebKit/537.36 (KHTML, like Gecko) Chrome/143.0.7499.192 Mobile Safari/537.36 (compatible; Googlebot/2.1; +http://www.google.com/bot.html)"
66.249.70.36 - - [22/Jan/2026:09:28:21 -0500] "GET /?pid=26304226231&channel=recent-clinic-declare&cate_id=2518&page=https://mail.idolatekno.com/remote.do?q-~282AJHKXxdFvHYhBiVEtrNGgqeGmwjSug40802/ HTTP/1.1" 200 85658 "-" "Mozilla/5.0 (Linux; Android 6.0.1; Nexus 5X Build/MMB29P) AppleWebKit/537.36 (KHTML, like Gecko) Chrome/143.0.7499.192 Mobile Safari/537.36 (compatible; Googlebot/2.1; +http://www.google.com/bot.html)"
74.7.241.58 - - [22/Jan/2026:09:28:21 -0500] "GET /q-~57OP9aWYDszYX9qroGcfiuxkXHgcifNG42223/ HTTP/1.1" 200 - "https://idolatekno.com/?sitemap442.xml" "Mozilla/5.0 AppleWebKit/537.36 (KHTML, like Gecko; compatible; GPTBot/1.3; +https://openai.com/gptbot)"
74.7.241.58 - - [22/Jan/2026:09:28:24 -0500] "GET /q-~175FWJRWYxlMilT6SiTJq9WazPWhErjIa6665/ HTTP/1.1" 200 - "https://idolatekno.com/sitemap785.xml" "Mozilla/5.0 AppleWebKit/537.36 (KHTML, like Gecko; compatible; GPTBot/1.3; +https://openai.com/gptbot)"
114.119.142.126 - - [22/Jan/2026:09:28:26 -0500] "GET /q-~210gvORUhYuteNTs5OHrctMsP0dwX4daA35200/ HTTP/1.1" 200 - "https://mail.idolatekno.com/sitemapc.xml" "Mozilla/5.0 (Linux; Android 7.0;) AppleWebKit/537.36 (KHTML, like Gecko) Mobile Safari/537.36 (compatible; PetalBot;+https://webmaster.petalsearch.com/site/petalbot)"
66.249.70.36 - - [22/Jan/2026:09:28:26 -0500] "GET /?pid=26304226231&channel=feel-secure-loose&cate_id=2518&page=https://mail.idolatekno.com/remote.do?items/086007911.htm HTTP/1.1" 200 86706 "-" "Mozilla/5.0 (Linux; Android 6.0.1; Nexus 5X Build/MMB29P) AppleWebKit/537.36 (KHTML, like Gecko) Chrome/143.0.7499.192 Mobile Safari/537.36 (compatible; Googlebot/2.1; +http://www.google.com/bot.html)"
74.7.241.58 - - [22/Jan/2026:09:28:28 -0500] "GET /q-~44vWvmIuSKaOtTfXzGtV6B2bubdEBhXr22256/ HTTP/1.1" 200 - "https://idolatekno.com/sitemap79.xml" "Mozilla/5.0 AppleWebKit/537.36 (KHTML, like Gecko; compatible; GPTBot/1.3; +https://openai.com/gptbot)"
66.249.64.128 - - [22/Jan/2026:09:28:30 -0500] "GET /pcmypage?callback=/product%2Fdetail%2m30107445688 HTTP/1.1" 403 553313 "-" "Mozilla/5.0 (Linux; Android 6.0.1; Nexus 5X Build/MMB29P) AppleWebKit/537.36 (KHTML, like Gecko) Chrome/143.0.7499.192 Mobile Safari/537.36 (compatible; GoogleOther)"
74.7.241.58 - - [22/Jan/2026:09:28:31 -0500] "GET /q-~111vevPKlkPEWsSBDqLloSCwSflQtd7Wd14917/ HTTP/1.1" 200 - "https://idolatekno.com/sitemap785.xml" "Mozilla/5.0 AppleWebKit/537.36 (KHTML, like Gecko; compatible; GPTBot/1.3; +https://openai.com/gptbot)"
66.249.64.128 - - [22/Jan/2026:09:28:33 -0500] "GET /q-~230h2B3ZkPdYjT9EvEFkJYNtsY498f72D17474/ HTTP/1.1" 200 85622 "-" "Mozilla/5.0 (Linux; Android 6.0.1; Nexus 5X Build/MMB29P) AppleWebKit/537.36 (KHTML, like Gecko) Chrome/143.0.7499.192 Mobile Safari/537.36 (compatible; GoogleOther)"
66.249.70.36 - - [22/Jan/2026:09:28:33 -0500] "GET /?pid=26304226231&channel=freshman-dimension-sorry&cate_id=2518&page=https://mail.idolatekno.com/remote.do?q-~298VUXh2stpStueO15bRR7KogVuuqzgkc15622/ HTTP/1.1" 200 86303 "-" "Mozilla/5.0 (Linux; Android 6.0.1; Nexus 5X Build/MMB29P) AppleWebKit/537.36 (KHTML, like Gecko) Chrome/143.0.7499.192 Mobile Safari/537.36 (compatible; Googlebot/2.1; +http://www.google.com/bot.html)"
74.7.241.58 - - [22/Jan/2026:09:28:34 -0500] "GET /q-~262SYYYWzTewZNYVXpCUiNdS6Nw4HPKzO9510/ HTTP/1.1" 200 - "https://idolatekno.com/?sitemap442.xml" "Mozilla/5.0 AppleWebKit/537.36 (KHTML, like Gecko; compatible; GPTBot/1.3; +https://openai.com/gptbot)"
74.7.241.58 - - [22/Jan/2026:09:28:37 -0500] "GET /q-~300NjVjdkfffuZlgMgLJeN0zwWkcXVVUZ49030/ HTTP/1.1" 200 - "https://idolatekno.com/sitemap73.xml" "Mozilla/5.0 AppleWebKit/537.36 (KHTML, like Gecko; compatible; GPTBot/1.3; +https://openai.com/gptbot)"
74.7.241.58 - - [22/Jan/2026:09:28:40 -0500] "GET /q-~169sxAswlDXhLpGKoveswZbvMvobu4dZj24111/ HTTP/1.1" 200 - "https://idolatekno.com/?sitemap305.xml" "Mozilla/5.0 AppleWebKit/537.36 (KHTML, like Gecko; compatible; GPTBot/1.3; +https://openai.com/gptbot)"
66.249.64.128 - - [22/Jan/2026:09:28:41 -0500] "GET /?x=2166640003788&channel=107e18&from=https://idolatekno.com/super.py?q-~25U91w6dvN8se5H4oGLJjlsS3VEsG0Ux3687/ HTTP/1.1" 200 85756 "-" "Mozilla/5.0 (Linux; Android 6.0.1; Nexus 5X Build/MMB29P) AppleWebKit/537.36 (KHTML, like Gecko) Chrome/143.0.7499.192 Mobile Safari/537.36 (compatible; Googlebot/2.1; +http://www.google.com/bot.html)"
66.249.70.38 - - [22/Jan/2026:09:28:42 -0500] "GET /?pid=26304226231&channel=manufacturing-shock-highlight&cate_id=2518&page=https://mail.idolatekno.com/remote.do?items/132014393.htm HTTP/1.1" 200 85875 "-" "Mozilla/5.0 (Linux; Android 6.0.1; Nexus 5X Build/MMB29P) AppleWebKit/537.36 (KHTML, like Gecko) Chrome/143.0.7499.192 Mobile Safari/537.36 (compatible; Googlebot/2.1; +http://www.google.com/bot.html)"
74.7.241.58 - - [22/Jan/2026:09:28:43 -0500] "GET /q-~90xpwKy2gZAjAdkhZVN5zZYXvLUziBKZ27772/ HTTP/1.1" 200 - "https://idolatekno.com/?sitemap1000.xml" "Mozilla/5.0 AppleWebKit/537.36 (KHTML, like Gecko; compatible; GPTBot/1.3; +https://openai.com/gptbot)"
66.249.64.128 - - [22/Jan/2026:09:28:44 -0500] "GET /pcmypage?callback=/product%2Fdetail%2m78091334320 HTTP/1.1" 403 560220 "-" "Mozilla/5.0 (Linux; Android 6.0.1; Nexus 5X Build/MMB29P) AppleWebKit/537.36 (KHTML, like Gecko) Chrome/143.0.7499.192 Mobile Safari/537.36 (compatible; GoogleOther)"
74.7.241.58 - - [22/Jan/2026:09:28:46 -0500] "GET /q-~82vpTCLakmq0DOl1lgtTvGZjHncJOAvn39990/ HTTP/1.1" 200 - "https://idolatekno.com/sitemap79.xml" "Mozilla/5.0 AppleWebKit/537.36 (KHTML, like Gecko; compatible; GPTBot/1.3; +https://openai.com/gptbot)"
66.249.70.37 - - [22/Jan/2026:09:28:47 -0500] "GET /?pid=26304226231&channel=bake-articulate-tribal&cate_id=2518&page=https://mail.idolatekno.com/remote.do?q-~157xWW5SjF5zjnOHq5QyfWhKIlI114I9e37653/ HTTP/1.1" 200 85997 "-" "Mozilla/5.0 (Linux; Android 6.0.1; Nexus 5X Build/MMB29P) AppleWebKit/537.36 (KHTML, like Gecko) Chrome/143.0.7499.192 Mobile Safari/537.36 (compatible; Googlebot/2.1; +http://www.google.com/bot.html)"
66.249.64.128 - - [22/Jan/2026:09:28:47 -0500] "GET /pcmypage?callback=/product%2Fdetail%2m12896209527 HTTP/1.1" 403 555140 "-" "Mozilla/5.0 (Linux; Android 6.0.1; Nexus 5X Build/MMB29P) AppleWebKit/537.36 (KHTML, like Gecko) Chrome/143.0.7499.192 Mobile Safari/537.36 (compatible; GoogleOther)"
74.7.241.58 - - [22/Jan/2026:09:28:49 -0500] "GET /q-~30WDVOAb7BPevXc9bEENhdOXdpbIAxrw11666/ HTTP/1.1" 200 - "https://idolatekno.com/?sitemap317.xml" "Mozilla/5.0 AppleWebKit/537.36 (KHTML, like Gecko; compatible; GPTBot/1.3; +https://openai.com/gptbot)"
74.7.241.58 - - [22/Jan/2026:09:28:53 -0500] "GET /q-~251oKq3ExlefqiKjFFF3fSXziBFmQJOgQ9509/ HTTP/1.1" 200 - "https://idolatekno.com/sitemap1.xml" "Mozilla/5.0 AppleWebKit/537.36 (KHTML, like Gecko; compatible; GPTBot/1.3; +https://openai.com/gptbot)"
66.249.70.38 - - [22/Jan/2026:09:28:53 -0500] "GET /?pid=26304226231&channel=develop-loyal-lost&cate_id=2518&page=https://mail.idolatekno.com/remote.do?q-~75jyA7tD3QgVaD5AaDmOP4im3DmPFqbs2277/ HTTP/1.1" 200 85639 "-" "Mozilla/5.0 (Linux; Android 6.0.1; Nexus 5X Build/MMB29P) AppleWebKit/537.36 (KHTML, like Gecko) Chrome/143.0.7499.192 Mobile Safari/537.36 (compatible; Googlebot/2.1; +http://www.google.com/bot.html)"
79.106.123.93 - - [22/Jan/2026:09:28:54 -0500] "GET /q-~231sY0AYv3gnS5veoSewV8TMh04EuZzpg9133/ HTTP/1.1" 200 - "-" "Mozilla/5.0 (X11; U; Linux i686; de; rv:1.9.2.10) Gecko/20100914 SUSE/3.6.10-0.3.1 Firefox/3.6.10"
114.119.153.93 - - [22/Jan/2026:09:28:54 -0500] "GET /q-~208Grty0PqRC0kkyn4BGQqJjXp8PWDHDS41302/ HTTP/1.1" 200 - "https://mail.idolatekno.com/sitemape.xml" "Mozilla/5.0 (Linux; Android 7.0;) AppleWebKit/537.36 (KHTML, like Gecko) Mobile Safari/537.36 (compatible; PetalBot;+https://webmaster.petalsearch.com/site/petalbot)"
74.7.241.58 - - [22/Jan/2026:09:28:56 -0500] "GET /q-~28UaFSyGZ3YwZJgbuoIOQhOvuxp8emIa33300/ HTTP/1.1" 200 - "https://idolatekno.com/sitemap63.xml" "Mozilla/5.0 AppleWebKit/537.36 (KHTML, like Gecko; compatible; GPTBot/1.3; +https://openai.com/gptbot)"
74.7.241.58 - - [22/Jan/2026:09:28:59 -0500] "GET /q-~277XU6vZxqOsXAXLhy0zAKgJcYsjofede2229/ HTTP/1.1" 200 - "https://idolatekno.com/sitemap73.xml" "Mozilla/5.0 AppleWebKit/537.36 (KHTML, like Gecko; compatible; GPTBot/1.3; +https://openai.com/gptbot)"
66.249.64.128 - - [22/Jan/2026:09:28:59 -0500] "GET /pcmypage?callback=/product%2Fdetail%2m71958267515 HTTP/1.1" 403 556663 "-" "Mozilla/5.0 (Linux; Android 6.0.1; Nexus 5X Build/MMB29P) AppleWebKit/537.36 (KHTML, like Gecko) Chrome/143.0.7499.192 Mobile Safari/537.36 (compatible; GoogleOther)"
66.249.70.38 - - [22/Jan/2026:09:28:59 -0500] "GET /?pid=26304226231&channel=employer-sample-area&cate_id=2518&page=https://mail.idolatekno.com/remote.do?q-~86LvkafGM41ofhFQYRSJH629OpvUvRaf28444/ HTTP/1.1" 200 84833 "-" "Mozilla/5.0 (Linux; Android 6.0.1; Nexus 5X Build/MMB29P) AppleWebKit/537.36 (KHTML, like Gecko) Chrome/143.0.7499.192 Mobile Safari/537.36 (compatible; Googlebot/2.1; +http://www.google.com/bot.html)"
74.7.241.58 - - [22/Jan/2026:09:29:02 -0500] "GET /q-~222TLML9iisZrzZjXjIFoVSIX6oQhtVgX4910/ HTTP/1.1" 200 - "https://idolatekno.com/sitemap29.xml" "Mozilla/5.0 AppleWebKit/537.36 (KHTML, like Gecko; compatible; GPTBot/1.3; +https://openai.com/gptbot)"
66.249.64.128 - - [22/Jan/2026:09:29:04 -0500] "GET /?x=2166640003788&channel=107e18&from=https://idolatekno.com/super.py?q-~298UIl5Y48q2hmQ1zuawZrGA54I7pxnWs31580/ HTTP/1.1" 200 85517 "-" "Mozilla/5.0 (Linux; Android 6.0.1; Nexus 5X Build/MMB29P) AppleWebKit/537.36 (KHTML, like Gecko) Chrome/143.0.7499.192 Mobile Safari/537.36 (compatible; GoogleOther)"
66.249.70.38 - - [22/Jan/2026:09:29:05 -0500] "GET /?pid=26304226231&channel=feminist-high-command&cate_id=2518&page=https://mail.idolatekno.com/remote.do?items/235025604.htm HTTP/1.1" 200 86849 "-" "Mozilla/5.0 (Linux; Android 6.0.1; Nexus 5X Build/MMB29P) AppleWebKit/537.36 (KHTML, like Gecko) Chrome/143.0.7499.192 Mobile Safari/537.36 (compatible; Googlebot/2.1; +http://www.google.com/bot.html)"
74.7.241.58 - - [22/Jan/2026:09:29:06 -0500] "GET /q-~26dUiDogZkbWgKX3LVdo3zDvkIbgMEyz22234/ HTTP/1.1" 200 - "https://idolatekno.com/?sitemap305.xml" "Mozilla/5.0 AppleWebKit/537.36 (KHTML, like Gecko; compatible; GPTBot/1.3; +https://openai.com/gptbot)"
74.7.241.58 - - [22/Jan/2026:09:29:09 -0500] "GET /q-~89uiLPdW9FyPhnxBLXnma9AccnnndvRf16021/ HTTP/1.1" 200 - "https://idolatekno.com/?sitemap317.xml" "Mozilla/5.0 AppleWebKit/537.36 (KHTML, like Gecko; compatible; GPTBot/1.3; +https://openai.com/gptbot)"
66.249.70.36 - - [22/Jan/2026:09:29:11 -0500] "GET /?pid=26304226231&channel=strictly-round-snap&cate_id=2518&page=https://mail.idolatekno.com/remote.do?items/118032495.htm HTTP/1.1" 200 85759 "-" "Mozilla/5.0 (Linux; Android 6.0.1; Nexus 5X Build/MMB29P) AppleWebKit/537.36 (KHTML, like Gecko) Chrome/143.0.7499.192 Mobile Safari/537.36 (compatible; Googlebot/2.1; +http://www.google.com/bot.html)"
74.7.241.58 - - [22/Jan/2026:09:29:12 -0500] "GET /q-~285sehrzMJbMRIgFabHhskoUrsdkl4ZgW22213/ HTTP/1.1" 200 - "https://idolatekno.com/?sitemap1000.xml" "Mozilla/5.0 AppleWebKit/537.36 (KHTML, like Gecko; compatible; GPTBot/1.3; +https://openai.com/gptbot)"
66.249.64.128 - - [22/Jan/2026:09:29:13 -0500] "GET /?x=2166640003788&channel=107e18&from=https://idolatekno.com/super.py?items/251019954.htm HTTP/1.1" 200 85792 "-" "Mozilla/5.0 (Linux; Android 6.0.1; Nexus 5X Build/MMB29P) AppleWebKit/537.36 (KHTML, like Gecko) Chrome/143.0.7499.192 Mobile Safari/537.36 (compatible; GoogleOther)"
74.7.241.58 - - [22/Jan/2026:09:29:15 -0500] "GET /q-~36WfLkpEkmIYRlNAjkEuyp09ISJfhCDN33356/ HTTP/1.1" 200 - "https://idolatekno.com/sitemap14.xml" "Mozilla/5.0 AppleWebKit/537.36 (KHTML, like Gecko; compatible; GPTBot/1.3; +https://openai.com/gptbot)"
66.249.70.36 - - [22/Jan/2026:09:29:17 -0500] "GET /?pid=26304226231&channel=projection-reference-good&cate_id=2518&page=https://mail.idolatekno.com/remote.do?items/039008576.htm HTTP/1.1" 200 85430 "-" "Mozilla/5.0 (Linux; Android 6.0.1; Nexus 5X Build/MMB29P) AppleWebKit/537.36 (KHTML, like Gecko) Chrome/143.0.7499.192 Mobile Safari/537.36 (compatible; Googlebot/2.1; +http://www.google.com/bot.html)"
66.249.70.36 - - [22/Jan/2026:09:29:17 -0500] "GET /?pid=26304226231&channel=mistake-European-smart&cate_id=2518&page=https://mail.idolatekno.com/remote.do?items/098014249.htm HTTP/1.1" 200 85098 "-" "Mozilla/5.0 (Linux; Android 6.0.1; Nexus 5X Build/MMB29P) AppleWebKit/537.36 (KHTML, like Gecko) Chrome/143.0.7499.192 Mobile Safari/537.36 (compatible; Googlebot/2.1; +http://www.google.com/bot.html)"
74.7.241.58 - - [22/Jan/2026:09:29:18 -0500] "GET /q-~111QFzFoWRRIonw9XohuNuEFpOmMv4cFa5635/ HTTP/1.1" 200 - "https://idolatekno.com/?sitemap317.xml" "Mozilla/5.0 AppleWebKit/537.36 (KHTML, like Gecko; compatible; GPTBot/1.3; +https://openai.com/gptbot)"
74.7.241.58 - - [22/Jan/2026:09:29:22 -0500] "GET /q-~205ANNNagryAWSnDKTuY5eopqIExtpz1p5507/ HTTP/1.1" 200 - "https://idolatekno.com/?sitemap305.xml" "Mozilla/5.0 AppleWebKit/537.36 (KHTML, like Gecko; compatible; GPTBot/1.3; +https://openai.com/gptbot)"
66.249.64.128 - - [22/Jan/2026:09:29:22 -0500] "GET /pcmypage?callback=/product%2Fdetail%2m75543049751 HTTP/1.1" 403 572306 "-" "Mozilla/5.0 (Linux; Android 6.0.1; Nexus 5X Build/MMB29P) AppleWebKit/537.36 (KHTML, like Gecko) Chrome/143.0.7499.192 Mobile Safari/537.36 (compatible; GoogleOther)"
114.119.142.186 - - [22/Jan/2026:09:29:22 -0500] "GET /q-~208FQiX1SLZRxCgrBJvAg49FTjf7HLLJh34894/ HTTP/1.1" 200 - "https://mail.idolatekno.com/sitemapb.xml" "Mozilla/5.0 (Linux; Android 7.0;) AppleWebKit/537.36 (KHTML, like Gecko) Mobile Safari/537.36 (compatible; PetalBot;+https://webmaster.petalsearch.com/site/petalbot)"
66.249.70.36 - - [22/Jan/2026:09:29:23 -0500] "GET /?pid=26304226231&channel=eventually-my-by&cate_id=2518&page=https://mail.idolatekno.com/remote.do?q-~88Y9Ybpv0CIQCLruuPmpVLj1CREmlKQK23396/ HTTP/1.1" 200 86528 "-" "Mozilla/5.0 (Linux; Android 6.0.1; Nexus 5X Build/MMB29P) AppleWebKit/537.36 (KHTML, like Gecko) Chrome/143.0.7499.192 Mobile Safari/537.36 (compatible; Googlebot/2.1; +http://www.google.com/bot.html)"
74.7.241.58 - - [22/Jan/2026:09:29:25 -0500] "GET /q-~222Tsh7gytYdPFADuKkhYSMTIAvMLqjQk17254/ HTTP/1.1" 200 - "https://idolatekno.com/sitemap79.xml" "Mozilla/5.0 AppleWebKit/537.36 (KHTML, like Gecko; compatible; GPTBot/1.3; +https://openai.com/gptbot)"
74.7.241.58 - - [22/Jan/2026:09:29:28 -0500] "GET /q-~173bh4sIAulYluqR8WoSYubiqiRxJZfAe7775/ HTTP/1.1" 200 - "https://idolatekno.com/sitemap16.xml" "Mozilla/5.0 AppleWebKit/537.36 (KHTML, like Gecko; compatible; GPTBot/1.3; +https://openai.com/gptbot)"
66.249.64.128 - - [22/Jan/2026:09:29:28 -0500] "GET /?x=2166640003788&channel=107e18&from=https://idolatekno.com/super.py?items/087048340.htm HTTP/1.1" 200 86505 "-" "Mozilla/5.0 (Linux; Android 6.0.1; Nexus 5X Build/MMB29P) AppleWebKit/537.36 (KHTML, like Gecko) Chrome/143.0.7499.192 Mobile Safari/537.36 (compatible; GoogleOther)"
74.7.241.58 - - [22/Jan/2026:09:29:31 -0500] "GET /q-~282aiRvHItJSFHGBscccJ6faMwBR5TYlr5054/ HTTP/1.1" 200 - "https://idolatekno.com/?sitemap503.xml" "Mozilla/5.0 AppleWebKit/537.36 (KHTML, like Gecko; compatible; GPTBot/1.3; +https://openai.com/gptbot)"
74.7.241.58 - - [22/Jan/2026:09:29:34 -0500] "GET /q-~33royaGIcKkD04UbtOOpwmzXvqaLtYrz44417/ HTTP/1.1" 200 - "https://idolatekno.com/sitemap63.xml" "Mozilla/5.0 AppleWebKit/537.36 (KHTML, like Gecko; compatible; GPTBot/1.3; +https://openai.com/gptbot)"
66.249.70.37 - - [22/Jan/2026:09:29:34 -0500] "GET /?pid=26304226231&channel=Chinese-goat-genre&cate_id=2518&page=https://mail.idolatekno.com/remote.do?items/267007544.htm HTTP/1.1" 200 86007 "-" "Mozilla/5.0 (Linux; Android 6.0.1; Nexus 5X Build/MMB29P) AppleWebKit/537.36 (KHTML, like Gecko) Chrome/143.0.7499.192 Mobile Safari/537.36 (compatible; Googlebot/2.1; +http://www.google.com/bot.html)"
74.7.241.58 - - [22/Jan/2026:09:29:37 -0500] "GET /q-~79v41vasYckyFyIQRgvJrGcJPXAjAIzk22289/ HTTP/1.1" 200 - "https://idolatekno.com/?sitemap503.xml" "Mozilla/5.0 AppleWebKit/537.36 (KHTML, like Gecko; compatible; GPTBot/1.3; +https://openai.com/gptbot)"
66.249.64.129 - - [22/Jan/2026:09:29:39 -0500] "GET /q-~62YJJB1sRk9lyo5dkURoB26HEuvaNB4K23004/ HTTP/1.1" 200 85449 "-" "Mozilla/5.0 (Linux; Android 6.0.1; Nexus 5X Build/MMB29P) AppleWebKit/537.36 (KHTML, like Gecko) Chrome/143.0.7499.192 Mobile Safari/537.36 (compatible; GoogleOther)"
66.249.70.38 - - [22/Jan/2026:09:29:40 -0500] "GET /?pid=26304226231&channel=ceremony-lemon-weather&cate_id=2518&page=https://mail.idolatekno.com/remote.do?q-~77IclimSq389sN9Qt72bK9GEI3Wy4SNq49081/ HTTP/1.1" 200 85245 "-" "Mozilla/5.0 (Linux; Android 6.0.1; Nexus 5X Build/MMB29P) AppleWebKit/537.36 (KHTML, like Gecko) Chrome/143.0.7499.192 Mobile Safari/537.36 (compatible; Googlebot/2.1; +http://www.google.com/bot.html)"
74.7.241.58 - - [22/Jan/2026:09:29:40 -0500] "GET /q-~17SKcsC3l5gnmbdrWgPdDTTkgKXiSDhC36665/ HTTP/1.1" 200 - "https://idolatekno.com/?sitemap1000.xml" "Mozilla/5.0 AppleWebKit/537.36 (KHTML, like Gecko; compatible; GPTBot/1.3; +https://openai.com/gptbot)"
66.249.64.128 - - [22/Jan/2026:09:29:42 -0500] "GET /q-~87Gvbmm2m4wAtVqcVqgzz9EmGWWwEphh19975/ HTTP/1.1" 200 87072 "-" "Mozilla/5.0 (Linux; Android 6.0.1; Nexus 5X Build/MMB29P) AppleWebKit/537.36 (KHTML, like Gecko) Chrome/143.0.7499.192 Mobile Safari/537.36 (compatible; GoogleOther)"
74.7.241.58 - - [22/Jan/2026:09:29:43 -0500] "GET /q-~111BGErQskSfFLMvswh8af3ueezTehFnD4939/ HTTP/1.1" 200 - "https://idolatekno.com/sitemap79.xml" "Mozilla/5.0 AppleWebKit/537.36 (KHTML, like Gecko; compatible; GPTBot/1.3; +https://openai.com/gptbot)"
66.249.70.36 - - [22/Jan/2026:09:29:46 -0500] "GET /?pid=26304226231&channel=coordinate-laugh-visible&cate_id=2518&page=https://mail.idolatekno.com/remote.do?items/227012506.htm HTTP/1.1" 200 86304 "-" "Mozilla/5.0 (Linux; Android 6.0.1; Nexus 5X Build/MMB29P) AppleWebKit/537.36 (KHTML, like Gecko) Chrome/143.0.7499.192 Mobile Safari/537.36 (compatible; Googlebot/2.1; +http://www.google.com/bot.html)"
66.249.64.128 - - [22/Jan/2026:09:29:46 -0500] "GET /items/041015014.htm HTTP/1.1" 200 85955 "-" "Mozilla/5.0 (Linux; Android 6.0.1; Nexus 5X Build/MMB29P) AppleWebKit/537.36 (KHTML, like Gecko) Chrome/143.0.7499.192 Mobile Safari/537.36 (compatible; Googlebot/2.1; +http://www.google.com/bot.html)"
74.7.241.58 - - [22/Jan/2026:09:29:46 -0500] "GET /q-~165KkGwkhP5vNgltJVTPgScSqgMCjmVup10555/ HTTP/1.1" 200 - "https://idolatekno.com/sitemap29.xml" "Mozilla/5.0 AppleWebKit/537.36 (KHTML, like Gecko; compatible; GPTBot/1.3; +https://openai.com/gptbot)"
66.249.64.128 - - [22/Jan/2026:09:29:48 -0500] "GET /product/edit/560312 HTTP/1.1" 200 86226 "-" "Mozilla/5.0 (Linux; Android 6.0.1; Nexus 5X Build/MMB29P) AppleWebKit/537.36 (KHTML, like Gecko) Chrome/143.0.7499.192 Mobile Safari/537.36 (compatible; Googlebot/2.1; +http://www.google.com/bot.html)"
74.7.241.58 - - [22/Jan/2026:09:29:50 -0500] "GET /q-~284utmRquvoFPL7VXJuuosoPCxImdkQOF23888/ HTTP/1.1" 200 - "https://idolatekno.com/sitemap785.xml" "Mozilla/5.0 AppleWebKit/537.36 (KHTML, like Gecko; compatible; GPTBot/1.3; +https://openai.com/gptbot)"
5.21.133.166 - - [22/Jan/2026:09:29:50 -0500] "GET /q-~236AMRT6PzPbtUJwuuzCDhXRrdvZ3ir8a31402/ HTTP/1.1" 200 - "-" "Mozilla/5.0 (Macintosh; U; Intel Mac OS X 10.5; it; rv:1.9.2.22) Gecko/20110902 Firefox/3.6.22"
66.249.70.38 - - [22/Jan/2026:09:29:52 -0500] "GET /?pid=26304226231&channel=attempt-supply-majority&cate_id=2518&page=https://mail.idolatekno.com/remote.do?items/062005679.htm HTTP/1.1" 200 84983 "-" "Mozilla/5.0 (Linux; Android 6.0.1; Nexus 5X Build/MMB29P) AppleWebKit/537.36 (KHTML, like Gecko) Chrome/143.0.7499.192 Mobile Safari/537.36 (compatible; Googlebot/2.1; +http://www.google.com/bot.html)"
74.7.241.58 - - [22/Jan/2026:09:29:53 -0500] "GET /q-~148bYRhNkBTKrnDFOSpujUYTljeeeNh3n42468/ HTTP/1.1" 200 - "https://idolatekno.com/?sitemap305.xml" "Mozilla/5.0 AppleWebKit/537.36 (KHTML, like Gecko; compatible; GPTBot/1.3; +https://openai.com/gptbot)"
114.119.135.195 - - [22/Jan/2026:09:29:53 -0500] "GET /q-~208BWOn4hl2Chr1xVfaIW25VgNVb2Uupv14818/ HTTP/1.1" 200 - "https://mail.idolatekno.com/sitemape.xml" "Mozilla/5.0 (Linux; Android 7.0;) AppleWebKit/537.36 (KHTML, like Gecko) Mobile Safari/537.36 (compatible; PetalBot;+https://webmaster.petalsearch.com/site/petalbot)"
66.249.64.128 - - [22/Jan/2026:09:29:56 -0500] "GET /pcmypage?callback=/product%2Fdetail%2m50420517610 HTTP/1.1" 403 559352 "-" "Mozilla/5.0 (Linux; Android 6.0.1; Nexus 5X Build/MMB29P) AppleWebKit/537.36 (KHTML, like Gecko) Chrome/143.0.7499.192 Mobile Safari/537.36 (compatible; GoogleOther)"
74.7.241.58 - - [22/Jan/2026:09:29:56 -0500] "GET /q-~123KYElWsjEKhfPJhFieqroG4GpFpFuKC33349/ HTTP/1.1" 200 - "https://idolatekno.com/?sitemap503.xml" "Mozilla/5.0 AppleWebKit/537.36 (KHTML, like Gecko; compatible; GPTBot/1.3; +https://openai.com/gptbot)"
66.249.64.129 - - [22/Jan/2026:09:29:58 -0500] "GET /q-~44PYtGYOb6Pi9uv8GQCQo4yWRi81UPGz35718/ HTTP/1.1" 200 86697 "-" "Mozilla/5.0 (Linux; Android 6.0.1; Nexus 5X Build/MMB29P) AppleWebKit/537.36 (KHTML, like Gecko) Chrome/143.0.7499.192 Mobile Safari/537.36 (compatible; GoogleOther)"
66.249.70.37 - - [22/Jan/2026:09:29:58 -0500] "GET /?pid=26304226231&channel=efficient-episode-rear&cate_id=2518&page=https://mail.idolatekno.com/remote.do?items/069043072.htm HTTP/1.1" 200 86852 "-" "Mozilla/5.0 (Linux; Android 6.0.1; Nexus 5X Build/MMB29P) AppleWebKit/537.36 (KHTML, like Gecko) Chrome/143.0.7499.192 Mobile Safari/537.36 (compatible; Googlebot/2.1; +http://www.google.com/bot.html)"
74.7.241.58 - - [22/Jan/2026:09:29:59 -0500] "GET /q-~29ssBYVFF0cKSiwaUGkKX2uHHMHpPXhM11137/ HTTP/1.1" 200 - "https://idolatekno.com/sitemap16.xml" "Mozilla/5.0 AppleWebKit/537.36 (KHTML, like Gecko; compatible; GPTBot/1.3; +https://openai.com/gptbot)"
66.249.64.130 - - [22/Jan/2026:09:30:01 -0500] "GET /?x=2166640003788&channel=107e18&from=https://idolatekno.com/super.py?items/049039342.htm HTTP/1.1" 200 85711 "-" "Mozilla/5.0 (Linux; Android 6.0.1; Nexus 5X Build/MMB29P) AppleWebKit/537.36 (KHTML, like Gecko) Chrome/143.0.7499.192 Mobile Safari/537.36 (compatible; GoogleOther)"
74.7.241.58 - - [22/Jan/2026:09:30:02 -0500] "GET /q-~75KHmjp1sbHlQFAQdDs2lMhihCmCjGDR12223/ HTTP/1.1" 200 - "https://idolatekno.com/sitemap785.xml" "Mozilla/5.0 AppleWebKit/537.36 (KHTML, like Gecko; compatible; GPTBot/1.3; +https://openai.com/gptbot)"
2a03:2880:f80e:23:: - - [22/Jan/2026:09:30:03 -0500] "GET /m/melt52154420?id=2170678 HTTP/1.1" 200 - "-" "meta-externalagent/1.1 (+https://developers.facebook.com/docs/sharing/webmasters/crawler)"
66.249.70.36 - - [22/Jan/2026:09:30:04 -0500] "GET /?pid=26304226231&channel=teen-specialist-me&cate_id=2518&page=https://mail.idolatekno.com/remote.do?q-~53P96gNGmfQyHVBD1ZT81DfctjpfZUGU47843/ HTTP/1.1" 200 85517 "-" "Mozilla/5.0 (Linux; Android 6.0.1; Nexus 5X Build/MMB29P) AppleWebKit/537.36 (KHTML, like Gecko) Chrome/143.0.7499.192 Mobile Safari/537.36 (compatible; Googlebot/2.1; +http://www.google.com/bot.html)"
74.7.241.58 - - [22/Jan/2026:09:30:05 -0500] "GET /q-~10o8gXeE7eUuslfXLICbvjkToWveTRAY17770/ HTTP/1.1" 200 - "https://idolatekno.com/?sitemap442.xml" "Mozilla/5.0 AppleWebKit/537.36 (KHTML, like Gecko; compatible; GPTBot/1.3; +https://openai.com/gptbot)"
74.7.241.58 - - [22/Jan/2026:09:30:09 -0500] "GET /q-~47YMEiktePNnGLvkbvfO4JyGnlfPNo2p11777/ HTTP/1.1" 200 - "https://idolatekno.com/sitemap14.xml" "Mozilla/5.0 AppleWebKit/537.36 (KHTML, like Gecko; compatible; GPTBot/1.3; +https://openai.com/gptbot)"
66.249.70.37 - - [22/Jan/2026:09:30:11 -0500] "GET /?pid=26304226231&channel=man-fishing-anywhere&cate_id=2518&page=https://mail.idolatekno.com/remote.do?items/010034165.htm HTTP/1.1" 200 86000 "-" "Mozilla/5.0 (Linux; Android 6.0.1; Nexus 5X Build/MMB29P) AppleWebKit/537.36 (KHTML, like Gecko) Chrome/143.0.7499.192 Mobile Safari/537.36 (compatible; Googlebot/2.1; +http://www.google.com/bot.html)"
66.249.64.128 - - [22/Jan/2026:09:30:11 -0500] "GET /pcmypage?callback=/product%2Fdetail%2m15537263881 HTTP/1.1" 403 557116 "-" "Mozilla/5.0 (Linux; Android 6.0.1; Nexus 5X Build/MMB29P) AppleWebKit/537.36 (KHTML, like Gecko) Chrome/143.0.7499.192 Mobile Safari/537.36 (compatible; GoogleOther)"
74.7.241.58 - - [22/Jan/2026:09:30:12 -0500] "GET /q-~114iXvgdHBtBWMP8GMVQicnKqNqSbctHh44432/ HTTP/1.1" 200 - "https://idolatekno.com/?sitemap442.xml" "Mozilla/5.0 AppleWebKit/537.36 (KHTML, like Gecko; compatible; GPTBot/1.3; +https://openai.com/gptbot)"
66.249.64.128 - - [22/Jan/2026:09:30:13 -0500] "GET /pcmypage?callback=/product%2Fdetail%2m87734420105 HTTP/1.1" 403 556380 "-" "Mozilla/5.0 (Linux; Android 6.0.1; Nexus 5X Build/MMB29P) AppleWebKit/537.36 (KHTML, like Gecko) Chrome/143.0.7499.192 Mobile Safari/537.36 (compatible; GoogleOther)"
74.7.241.58 - - [22/Jan/2026:09:30:15 -0500] "GET /q-~122SKKjmizs0jwWqUblrPiiLkTDlQCbtu44466/ HTTP/1.1" 200 - "https://idolatekno.com/?sitemap317.xml" "Mozilla/5.0 AppleWebKit/537.36 (KHTML, like Gecko; compatible; GPTBot/1.3; +https://openai.com/gptbot)"
66.249.70.36 - - [22/Jan/2026:09:30:16 -0500] "GET /?pid=26304226231&channel=philosophy-heavy-businessman&cate_id=2518&page=https://mail.idolatekno.com/remote.do?q-~39nccQw8OxMxBbXl2YutvXglsHjRhV7e12751/ HTTP/1.1" 200 87258 "-" "Mozilla/5.0 (Linux; Android 6.0.1; Nexus 5X Build/MMB29P) AppleWebKit/537.36 (KHTML, like Gecko) Chrome/143.0.7499.192 Mobile Safari/537.36 (compatible; Googlebot/2.1; +http://www.google.com/bot.html)"
114.119.153.93 - - [22/Jan/2026:09:30:17 -0500] "GET /q-~207yvvZ9VPeeUMlAesGBYpemFdvcc6jgZ43033/ HTTP/1.1" 200 - "https://mail.idolatekno.com/sitemapd.xml" "Mozilla/5.0 (Linux; Android 7.0;) AppleWebKit/537.36 (KHTML, like Gecko) Mobile Safari/537.36 (compatible; PetalBot;+https://webmaster.petalsearch.com/site/petalbot)"
74.7.241.58 - - [22/Jan/2026:09:30:18 -0500] "GET /q-~75nSSYrSvMoRsi4rRiJ2zeOICfskEWSJ48555/ HTTP/1.1" 200 - "https://idolatekno.com/?sitemap503.xml" "Mozilla/5.0 AppleWebKit/537.36 (KHTML, like Gecko; compatible; GPTBot/1.3; +https://openai.com/gptbot)"
74.7.241.58 - - [22/Jan/2026:09:30:21 -0500] "GET /q-~17JYuNpJW2GJ8pJsr4NVN98qF9Vg4MgP3117/ HTTP/1.1" 200 - "https://idolatekno.com/sitemap49.xml" "Mozilla/5.0 AppleWebKit/537.36 (KHTML, like Gecko; compatible; GPTBot/1.3; +https://openai.com/gptbot)"
66.249.70.36 - - [22/Jan/2026:09:30:22 -0500] "GET /?pid=26304226231&channel=stable-marble-hypothesis&cate_id=2518&page=https://mail.idolatekno.com/remote.do?q-~9KEOt9optg3knwiSgHFeIthXIUrCDiq23791/ HTTP/1.1" 200 85532 "-" "Mozilla/5.0 (Linux; Android 6.0.1; Nexus 5X Build/MMB29P) AppleWebKit/537.36 (KHTML, like Gecko) Chrome/143.0.7499.192 Mobile Safari/537.36 (compatible; Googlebot/2.1; +http://www.google.com/bot.html)"
74.7.241.58 - - [22/Jan/2026:09:30:24 -0500] "GET /q-~37slIVMZxIqYdqV23sT1nTNV17A7sr7z4853/ HTTP/1.1" 200 - "https://idolatekno.com/?sitemap305.xml" "Mozilla/5.0 AppleWebKit/537.36 (KHTML, like Gecko; compatible; GPTBot/1.3; +https://openai.com/gptbot)"
66.249.64.128 - - [22/Jan/2026:09:30:25 -0500] "GET /?u=2699771933667&channel=132e36&from=https://idolatekno.com/remote.aspx?items/219025444.htm HTTP/1.1" 200 86680 "-" "Mozilla/5.0 (Linux; Android 6.0.1; Nexus 5X Build/MMB29P) AppleWebKit/537.36 (KHTML, like Gecko) Chrome/143.0.7499.192 Mobile Safari/537.36 (compatible; GoogleOther)"
74.7.241.58 - - [22/Jan/2026:09:30:27 -0500] "GET /q-~76yJXceyMdvXj2r5fhLTcRNfl247fW6M2202/ HTTP/1.1" 200 - "https://idolatekno.com/?sitemap305.xml" "Mozilla/5.0 AppleWebKit/537.36 (KHTML, like Gecko; compatible; GPTBot/1.3; +https://openai.com/gptbot)"
66.249.70.36 - - [22/Jan/2026:09:30:28 -0500] "GET /?pid=26304226231&channel=hundred-radical-door&cate_id=2518&page=https://mail.idolatekno.com/remote.do?q-~57rKLwCxGxp35yXtdbJXUMuyiAwvNjru25559/ HTTP/1.1" 200 85853 "-" "Mozilla/5.0 (Linux; Android 6.0.1; Nexus 5X Build/MMB29P) AppleWebKit/537.36 (KHTML, like Gecko) Chrome/143.0.7499.192 Mobile Safari/537.36 (compatible; Googlebot/2.1; +http://www.google.com/bot.html)"
66.249.70.36 - - [22/Jan/2026:09:30:29 -0500] "GET /?pid=26304226231&channel=atop-idea-peanut&cate_id=2518&page=https://mail.idolatekno.com/remote.do?q-~245ky6xOr9Mr6uvX8jlK2Ot3pPcARshtb3439/ HTTP/1.1" 200 86335 "-" "Mozilla/5.0 (Linux; Android 6.0.1; Nexus 5X Build/MMB29P) AppleWebKit/537.36 (KHTML, like Gecko) Chrome/143.0.7499.192 Mobile Safari/537.36 (compatible; Googlebot/2.1; +http://www.google.com/bot.html)"
66.249.64.129 - - [22/Jan/2026:09:30:30 -0500] "GET /?x=2166640003788&channel=107e18&from=https://idolatekno.com/super.py?items/162000261.htm HTTP/1.1" 200 85745 "-" "Mozilla/5.0 (Linux; Android 6.0.1; Nexus 5X Build/MMB29P) AppleWebKit/537.36 (KHTML, like Gecko) Chrome/143.0.7499.192 Mobile Safari/537.36 (compatible; GoogleOther)"
74.7.241.58 - - [22/Jan/2026:09:30:31 -0500] "GET /q-~35Eu7Ojm4Oe0K80KmHfklXkwodZ5rsTf2503/ HTTP/1.1" 200 - "https://idolatekno.com/?sitemap1000.xml" "Mozilla/5.0 AppleWebKit/537.36 (KHTML, like Gecko; compatible; GPTBot/1.3; +https://openai.com/gptbot)"
74.7.241.58 - - [22/Jan/2026:09:30:34 -0500] "GET /q-~39i8KA5RxpxyWFXJOf13YRZ1FK9OTqzN8395/ HTTP/1.1" 200 - "https://idolatekno.com/?sitemap305.xml" "Mozilla/5.0 AppleWebKit/537.36 (KHTML, like Gecko; compatible; GPTBot/1.3; +https://openai.com/gptbot)"
66.249.70.36 - - [22/Jan/2026:09:30:35 -0500] "GET /?pid=26304226231&channel=AM-darkness-remain&cate_id=2518&page=https://mail.idolatekno.com/remote.do?items/058000303.htm HTTP/1.1" 200 85235 "-" "Mozilla/5.0 (Linux; Android 6.0.1; Nexus 5X Build/MMB29P) AppleWebKit/537.36 (KHTML, like Gecko) Chrome/143.0.7499.192 Mobile Safari/537.36 (compatible; Googlebot/2.1; +http://www.google.com/bot.html)"
74.7.241.58 - - [22/Jan/2026:09:30:37 -0500] "GET /q-~2zq6rFPLt3ZZKkvkyG0yNZX5U4qyX1V14152/ HTTP/1.1" 200 - "https://idolatekno.com/sitemap14.xml" "Mozilla/5.0 AppleWebKit/537.36 (KHTML, like Gecko; compatible; GPTBot/1.3; +https://openai.com/gptbot)"
74.7.241.58 - - [22/Jan/2026:09:30:40 -0500] "GET /q-~14ZH2aXMv0B5oI0Z1HZotxsvra5imyRC8818/ HTTP/1.1" 200 - "https://idolatekno.com/?sitemap1000.xml" "Mozilla/5.0 AppleWebKit/537.36 (KHTML, like Gecko; compatible; GPTBot/1.3; +https://openai.com/gptbot)"
66.249.64.129 - - [22/Jan/2026:09:30:40 -0500] "GET /q-~158QQPJxIVRcJfqkYobuOXOTgapGAeVKF39100/ HTTP/1.1" 200 85832 "-" "Mozilla/5.0 (Linux; Android 6.0.1; Nexus 5X Build/MMB29P) AppleWebKit/537.36 (KHTML, like Gecko) Chrome/143.0.7499.192 Mobile Safari/537.36 (compatible; GoogleOther)"
66.249.64.129 - - [22/Jan/2026:09:30:41 -0500] "GET /?x=2166640003788&channel=107e18&from=https://idolatekno.com/super.py?items/082024317.htm HTTP/1.1" 200 85566 "-" "Mozilla/5.0 (Linux; Android 6.0.1; Nexus 5X Build/MMB29P) AppleWebKit/537.36 (KHTML, like Gecko) Chrome/143.0.7499.192 Mobile Safari/537.36 (compatible; Googlebot/2.1; +http://www.google.com/bot.html)"
66.249.70.36 - - [22/Jan/2026:09:30:41 -0500] "GET /?pid=26304226231&channel=peaceful-obstacle-liberty&cate_id=2518&page=https://mail.idolatekno.com/remote.do?items/071027046.htm HTTP/1.1" 200 86613 "-" "Mozilla/5.0 (Linux; Android 6.0.1; Nexus 5X Build/MMB29P) AppleWebKit/537.36 (KHTML, like Gecko) Chrome/143.0.7499.192 Mobile Safari/537.36 (compatible; Googlebot/2.1; +http://www.google.com/bot.html)"
202.76.185.117 - - [22/Jan/2026:09:30:43 -0500] "GET /q-~236ZgP0tmB9tcXmbsBPFuzyBQOdKWxwHM39494/ HTTP/1.1" 200 - "-" "Mozilla/5.0 (Macintosh; Intel Mac OS X 10_6_2) AppleWebKit/535.1 (KHTML, like Gecko) Chrome/13.0.782.41 Safari/535.1"
74.7.241.58 - - [22/Jan/2026:09:30:43 -0500] "GET /q-~35i8ZbAKOmzPNie63bqSjo5rJp9f5HQd7687/ HTTP/1.1" 200 - "https://idolatekno.com/?sitemap305.xml" "Mozilla/5.0 AppleWebKit/537.36 (KHTML, like Gecko; compatible; GPTBot/1.3; +https://openai.com/gptbot)"
66.249.70.38 - - [22/Jan/2026:09:30:44 -0500] "GET /?pid=26304226231&channel=foreign-toss-rank&cate_id=2518&page=https://mail.idolatekno.com/remote.do?q-~138nnP7zzMXissZXPHeVu3Ad9VdbuICeD47620/ HTTP/1.1" 200 85465 "-" "Mozilla/5.0 (Linux; Android 6.0.1; Nexus 5X Build/MMB29P) AppleWebKit/537.36 (KHTML, like Gecko) Chrome/143.0.7499.192 Mobile Safari/537.36 (compatible; Googlebot/2.1; +http://www.google.com/bot.html)"
114.119.135.195 - - [22/Jan/2026:09:30:45 -0500] "GET /q-~207yBhkyALrGtIbQ0YTW7EXEDRiAK5W9f33207/ HTTP/1.1" 200 - "https://mail.idolatekno.com/sitemapb.xml" "Mozilla/5.0 (Linux; Android 7.0;) AppleWebKit/537.36 (KHTML, like Gecko) Mobile Safari/537.36 (compatible; PetalBot;+https://webmaster.petalsearch.com/site/petalbot)"
74.7.241.58 - - [22/Jan/2026:09:30:46 -0500] "GET /q-~87YGQsJi4ngyQD7lsSPT09WyR0LAnL9l4787/ HTTP/1.1" 200 - "https://idolatekno.com/sitemap27.xml" "Mozilla/5.0 AppleWebKit/537.36 (KHTML, like Gecko; compatible; GPTBot/1.3; +https://openai.com/gptbot)"
66.249.64.128 - - [22/Jan/2026:09:30:47 -0500] "GET /pcmypage?callback=/product%2Fdetail%2m16938441276 HTTP/1.1" 403 553809 "-" "Mozilla/5.0 (Linux; Android 6.0.1; Nexus 5X Build/MMB29P) AppleWebKit/537.36 (KHTML, like Gecko) Chrome/143.0.7499.192 Mobile Safari/537.36 (compatible; GoogleOther)"
74.7.241.58 - - [22/Jan/2026:09:30:49 -0500] "GET /q-~216xxrC6ImKM4oNG8mt3o9XWnsR8mHcoq816/ HTTP/1.1" 200 - "https://idolatekno.com/?sitemap442.xml" "Mozilla/5.0 AppleWebKit/537.36 (KHTML, like Gecko; compatible; GPTBot/1.3; +https://openai.com/gptbot)"
66.249.64.129 - - [22/Jan/2026:09:30:50 -0500] "GET /q-~144d0hlGhm9GUG0547yXL1hLsnAlaE7Qs10260/ HTTP/1.1" 200 85627 "-" "Mozilla/5.0 (Linux; Android 6.0.1; Nexus 5X Build/MMB29P) AppleWebKit/537.36 (KHTML, like Gecko) Chrome/143.0.7499.192 Mobile Safari/537.36 (compatible; GoogleOther)"
66.249.70.36 - - [22/Jan/2026:09:30:51 -0500] "GET /?pid=26304226231&channel=anymore-push-teenage&cate_id=2518&page=https://mail.idolatekno.com/remote.do?q-~151rMWNFRkPvCZyPRdPXggbPAX3AL2NkU36499/ HTTP/1.1" 200 85621 "-" "Mozilla/5.0 (Linux; Android 6.0.1; Nexus 5X Build/MMB29P) AppleWebKit/537.36 (KHTML, like Gecko) Chrome/143.0.7499.192 Mobile Safari/537.36 (compatible; Googlebot/2.1; +http://www.google.com/bot.html)"
74.7.241.58 - - [22/Jan/2026:09:30:53 -0500] "GET /q-~75rN7VyJTeA5O8Ki4PuBoRk7kOnk9rHa6467/ HTTP/1.1" 200 - "https://idolatekno.com/?sitemap1000.xml" "Mozilla/5.0 AppleWebKit/537.36 (KHTML, like Gecko; compatible; GPTBot/1.3; +https://openai.com/gptbot)"
66.249.64.129 - - [22/Jan/2026:09:30:54 -0500] "GET /pcmypage?callback=/product%2Fdetail%2m48905209719 HTTP/1.1" 403 558979 "-" "Mozilla/5.0 (Linux; Android 6.0.1; Nexus 5X Build/MMB29P) AppleWebKit/537.36 (KHTML, like Gecko) Chrome/143.0.7499.192 Mobile Safari/537.36 (compatible; GoogleOther)"
74.7.241.58 - - [22/Jan/2026:09:30:56 -0500] "GET /q-~5ml3UB2Y1qyplx1yGvbOMOJy33LfCHo34057/ HTTP/1.1" 200 - "https://idolatekno.com/sitemap29.xml" "Mozilla/5.0 AppleWebKit/537.36 (KHTML, like Gecko; compatible; GPTBot/1.3; +https://openai.com/gptbot)"
74.7.241.58 - - [22/Jan/2026:09:30:59 -0500] "GET /q-~4uG6J3hJxM7JCVk9SN5qrhCfv2pvWtQ46208/ HTTP/1.1" 200 - "https://idolatekno.com/?sitemap1000.xml" "Mozilla/5.0 AppleWebKit/537.36 (KHTML, like Gecko; compatible; GPTBot/1.3; +https://openai.com/gptbot)"
66.249.70.33 - - [22/Jan/2026:09:31:02 -0500] "GET /?pid=26304226231&channel=psychologist-detailed-via&cate_id=2518&page=https://mail.idolatekno.com/remote.do?q-~16A76FBjUhzc06nMLt35Dhr4tHRTixOT33124/ HTTP/1.1" 200 85644 "-" "Mozilla/5.0 (Linux; Android 6.0.1; Nexus 5X Build/MMB29P) AppleWebKit/537.36 (KHTML, like Gecko) Chrome/143.0.7499.192 Mobile Safari/537.36 (compatible; Googlebot/2.1; +http://www.google.com/bot.html)"
74.7.241.58 - - [22/Jan/2026:09:31:02 -0500] "GET /q-~199b9LHg0JVluogw4R8fTVld5gdR0jmGE839/ HTTP/1.1" 200 - "https://idolatekno.com/sitemap16.xml" "Mozilla/5.0 AppleWebKit/537.36 (KHTML, like Gecko; compatible; GPTBot/1.3; +https://openai.com/gptbot)"
66.249.64.129 - - [22/Jan/2026:09:31:04 -0500] "GET /q-~150JJzf91eafGghIwuE5oGsebV37PASdM37026/ HTTP/1.1" 200 86315 "-" "Mozilla/5.0 (Linux; Android 6.0.1; Nexus 5X Build/MMB29P) AppleWebKit/537.36 (KHTML, like Gecko) Chrome/143.0.7499.192 Mobile Safari/537.36 (compatible; GoogleOther)"
74.7.241.58 - - [22/Jan/2026:09:31:05 -0500] "GET /q-~178wcPLE7Ty7K15Dh4Xnv3PjTQjeWTPxP756/ HTTP/1.1" 200 - "https://idolatekno.com/?sitemap503.xml" "Mozilla/5.0 AppleWebKit/537.36 (KHTML, like Gecko; compatible; GPTBot/1.3; +https://openai.com/gptbot)"
66.249.70.33 - - [22/Jan/2026:09:31:07 -0500] "GET /?pid=26304226231&channel=shadow-vehicle-display&cate_id=2518&page=https://mail.idolatekno.com/remote.do?items/271042922.htm HTTP/1.1" 200 86800 "-" "Mozilla/5.0 (Linux; Android 6.0.1; Nexus 5X Build/MMB29P) AppleWebKit/537.36 (KHTML, like Gecko) Chrome/143.0.7499.192 Mobile Safari/537.36 (compatible; Googlebot/2.1; +http://www.google.com/bot.html)"
74.7.241.58 - - [22/Jan/2026:09:31:08 -0500] "GET /q-~96h4M6lRo8UC3KtfVvU2f3SuwnhwwSbv6194/ HTTP/1.1" 200 - "https://idolatekno.com/sitemap1.xml" "Mozilla/5.0 AppleWebKit/537.36 (KHTML, like Gecko; compatible; GPTBot/1.3; +https://openai.com/gptbot)"
66.249.64.130 - - [22/Jan/2026:09:31:08 -0500] "GET /items/227030612.htm HTTP/1.1" 200 85335 "-" "Mozilla/5.0 (Linux; Android 6.0.1; Nexus 5X Build/MMB29P) AppleWebKit/537.36 (KHTML, like Gecko) Chrome/143.0.7499.192 Mobile Safari/537.36 (compatible; Googlebot/2.1; +http://www.google.com/bot.html)"
66.249.64.128 - - [22/Jan/2026:09:31:09 -0500] "GET /q-~250ZR8gOlEbyZ3VXcYUyVq04xtRiAqQKw34098/ HTTP/1.1" 200 85392 "-" "Mozilla/5.0 (Linux; Android 6.0.1; Nexus 5X Build/MMB29P) AppleWebKit/537.36 (KHTML, like Gecko) Chrome/143.0.7499.192 Mobile Safari/537.36 (compatible; GoogleOther)"
74.7.241.58 - - [22/Jan/2026:09:31:11 -0500] "GET /q-~82dRrASrcUth4t2KQUDRk88d7bw1kfbs3202/ HTTP/1.1" 200 - "https://idolatekno.com/sitemap14.xml" "Mozilla/5.0 AppleWebKit/537.36 (KHTML, like Gecko; compatible; GPTBot/1.3; +https://openai.com/gptbot)"
