74.7.241.58 - - [22/Jan/2026:08:20:19 -0500] "GET /q-~119SSM6AOQ9fS3EyLYnnlfOgTh2TwgYGF36503/ HTTP/1.1" 200 - "https://idolatekno.com/sitemap21.xml" "Mozilla/5.0 AppleWebKit/537.36 (KHTML, like Gecko; compatible; GPTBot/1.3; +https://openai.com/gptbot)"
66.249.64.128 - - [22/Jan/2026:08:20:21 -0500] "GET /q-~279d9pWtfNJWB4OhUxNz2owcX8yQLoSdM37001/ HTTP/1.1" 200 85695 "-" "Mozilla/5.0 (Linux; Android 6.0.1; Nexus 5X Build/MMB29P) AppleWebKit/537.36 (KHTML, like Gecko) Chrome/143.0.7499.192 Mobile Safari/537.36 (compatible; GoogleOther)"
74.7.241.58 - - [22/Jan/2026:08:20:22 -0500] "GET /q-~298S7IX4AJwzDbMZi4K2nRRwLIMDsjeBf24544/ HTTP/1.1" 200 - "https://idolatekno.com/?sitemap503.xml" "Mozilla/5.0 AppleWebKit/537.36 (KHTML, like Gecko; compatible; GPTBot/1.3; +https://openai.com/gptbot)"
66.249.70.36 - - [22/Jan/2026:08:20:23 -0500] "GET /?pid=26304226231&channel=exercise-missionary-convention&cate_id=2518&page=https://mail.idolatekno.com/remote.do?items/269036510.htm HTTP/1.1" 200 85076 "-" "Mozilla/5.0 (Linux; Android 6.0.1; Nexus 5X Build/MMB29P) AppleWebKit/537.36 (KHTML, like Gecko) Chrome/143.0.7499.192 Mobile Safari/537.36 (compatible; Googlebot/2.1; +http://www.google.com/bot.html)"
66.249.64.128 - - [22/Jan/2026:08:20:23 -0500] "GET /q-~220i8yd2gQGu2vNeosyCPfrZp5XwDn3FT29434/ HTTP/1.1" 200 85573 "-" "Mozilla/5.0 (Linux; Android 6.0.1; Nexus 5X Build/MMB29P) AppleWebKit/537.36 (KHTML, like Gecko) Chrome/143.0.7499.192 Mobile Safari/537.36 (compatible; GoogleOther)"
74.7.241.58 - - [22/Jan/2026:08:20:25 -0500] "GET /q-~153QL4CH1LKLOqX1RO5upVyNje5IxjUah24813/ HTTP/1.1" 200 - "https://idolatekno.com/?sitemap503.xml" "Mozilla/5.0 AppleWebKit/537.36 (KHTML, like Gecko; compatible; GPTBot/1.3; +https://openai.com/gptbot)"
66.249.70.37 - - [22/Jan/2026:08:20:30 -0500] "GET /?pid=26304226231&channel=healthy-steel-pioneer&cate_id=2518&page=https://mail.idolatekno.com/remote.do?items/247007388.htm HTTP/1.1" 200 86703 "-" "Mozilla/5.0 (Linux; Android 6.0.1; Nexus 5X Build/MMB29P) AppleWebKit/537.36 (KHTML, like Gecko) Chrome/143.0.7499.192 Mobile Safari/537.36 (compatible; Googlebot/2.1; +http://www.google.com/bot.html)"
74.7.241.58 - - [22/Jan/2026:08:20:35 -0500] "GET /q-~121ZtLiPVJiMNkjba5ShW3708ZSqxZqTL21507/ HTTP/1.1" 200 - "https://idolatekno.com/sitemap86.xml" "Mozilla/5.0 AppleWebKit/537.36 (KHTML, like Gecko; compatible; GPTBot/1.3; +https://openai.com/gptbot)"
66.249.64.128 - - [22/Jan/2026:08:20:35 -0500] "GET /q-~281tZLAJTaKTD8kuBV6WYgtvJzUMMQJQE29/ HTTP/1.1" 200 85201 "-" "Mozilla/5.0 (Linux; Android 6.0.1; Nexus 5X Build/MMB29P) AppleWebKit/537.36 (KHTML, like Gecko) Chrome/143.0.7499.192 Mobile Safari/537.36 (compatible; GoogleOther)"
66.249.70.37 - - [22/Jan/2026:08:20:38 -0500] "GET /?pid=26304226231&channel=plunge-signature-prime&cate_id=2518&page=https://mail.idolatekno.com/remote.do?q-~252ZtsO7aO3C8R8HgYSJXlDLzmuRMEAPm11840/ HTTP/1.1" 200 86238 "-" "Mozilla/5.0 (Linux; Android 6.0.1; Nexus 5X Build/MMB29P) AppleWebKit/537.36 (KHTML, like Gecko) Chrome/143.0.7499.192 Mobile Safari/537.36 (compatible; Googlebot/2.1; +http://www.google.com/bot.html)"
74.7.241.58 - - [22/Jan/2026:08:20:38 -0500] "GET /q-~202ETMDOfgsQWZtJTg0x68ZFnwn27HMjE13218/ HTTP/1.1" 200 - "https://idolatekno.com/?sitemap305.xml" "Mozilla/5.0 AppleWebKit/537.36 (KHTML, like Gecko; compatible; GPTBot/1.3; +https://openai.com/gptbot)"
66.249.64.128 - - [22/Jan/2026:08:20:38 -0500] "GET /q-~152N0PTp9JviV9eUWIQVHNhqKDXdNW6BK44750/ HTTP/1.1" 200 85659 "-" "Mozilla/5.0 (Linux; Android 6.0.1; Nexus 5X Build/MMB29P) AppleWebKit/537.36 (KHTML, like Gecko) Chrome/143.0.7499.192 Mobile Safari/537.36 (compatible; GoogleOther)"
74.7.241.58 - - [22/Jan/2026:08:20:41 -0500] "GET /q-~155HP8C0YrGFYE5FzTec5GXNUy8wJtKze45647/ HTTP/1.1" 200 - "https://idolatekno.com/sitemap21.xml" "Mozilla/5.0 AppleWebKit/537.36 (KHTML, like Gecko; compatible; GPTBot/1.3; +https://openai.com/gptbot)"
74.7.241.58 - - [22/Jan/2026:08:20:42 -0500] "GET /q-~293eVK3f46ajQF7LdWaEfOHeXdOxs1sae40591/ HTTP/1.1" 200 - "https://idolatekno.com/pages.php?sitemap849.xml" "Mozilla/5.0 AppleWebKit/537.36 (KHTML, like Gecko; compatible; GPTBot/1.3; +https://openai.com/gptbot)"
114.119.142.126 - - [22/Jan/2026:08:20:43 -0500] "GET /q-~215C0efjclSKb6Mj09F0x9l6CjswBKkEB9417/ HTTP/1.1" 200 - "https://mail.idolatekno.com/sitemapd.xml" "Mozilla/5.0 (Linux; Android 7.0;) AppleWebKit/537.36 (KHTML, like Gecko) Mobile Safari/537.36 (compatible; PetalBot;+https://webmaster.petalsearch.com/site/petalbot)"
74.7.241.58 - - [22/Jan/2026:08:20:45 -0500] "GET /q-~192ppASrIBdAO0sk810ONtpdNb5ItJJBM30758/ HTTP/1.1" 200 - "https://idolatekno.com/sitemap21.xml" "Mozilla/5.0 AppleWebKit/537.36 (KHTML, like Gecko; compatible; GPTBot/1.3; +https://openai.com/gptbot)"
2a03:2880:f80e:45:: - - [22/Jan/2026:08:20:46 -0500] "GET /m/nod61609069?id=1625327 HTTP/1.1" 200 - "-" "meta-externalagent/1.1 (+https://developers.facebook.com/docs/sharing/webmasters/crawler)"
66.249.70.37 - - [22/Jan/2026:08:20:47 -0500] "GET /?pid=26304226231&channel=circuit-cooperation-define&cate_id=2518&page=https://mail.idolatekno.com/remote.do?q-~64XXs1fXjH2OCR3Z95qyuywLs0RWAj5b22296/ HTTP/1.1" 200 85731 "-" "Mozilla/5.0 (Linux; Android 6.0.1; Nexus 5X Build/MMB29P) AppleWebKit/537.36 (KHTML, like Gecko) Chrome/143.0.7499.192 Mobile Safari/537.36 (compatible; Googlebot/2.1; +http://www.google.com/bot.html)"
74.7.241.58 - - [22/Jan/2026:08:20:48 -0500] "GET /q-~87DBMMeoeetN98jFX9Pr9DoT1BkbEWgv26579/ HTTP/1.1" 200 - "https://idolatekno.com/sitemap63.xml" "Mozilla/5.0 AppleWebKit/537.36 (KHTML, like Gecko; compatible; GPTBot/1.3; +https://openai.com/gptbot)"
200.86.221.231 - - [22/Jan/2026:08:20:50 -0500] "GET /q-~299g13LHUFP88eSQQ5XtEUvNSeXKm6vTv36109/ HTTP/1.1" 200 - "-" "Mozilla/5.0 (Windows; U; Windows NT 5.2; en-US) AppleWebKit/532.0 (KHTML, like Gecko) Chrome/4.0.212.0 Safari/532.0"
66.249.64.129 - - [22/Jan/2026:08:20:50 -0500] "GET /pcmypage?callback=/product%2Fdetail%2m72172032075 HTTP/1.1" 403 561706 "-" "Mozilla/5.0 (Linux; Android 6.0.1; Nexus 5X Build/MMB29P) AppleWebKit/537.36 (KHTML, like Gecko) Chrome/143.0.7499.192 Mobile Safari/537.36 (compatible; GoogleOther)"
74.7.241.58 - - [22/Jan/2026:08:20:52 -0500] "GET /q-~151F4Rr3SePi4F9jMDTfliWs2bTBkSogT48437/ HTTP/1.1" 200 - "https://idolatekno.com/sitemap27.xml" "Mozilla/5.0 AppleWebKit/537.36 (KHTML, like Gecko; compatible; GPTBot/1.3; +https://openai.com/gptbot)"
66.249.70.37 - - [22/Jan/2026:08:20:53 -0500] "GET /?pid=26304226231&channel=excited-check-pen&cate_id=2518&page=https://mail.idolatekno.com/remote.do?items/247005702.htm HTTP/1.1" 200 86465 "-" "Mozilla/5.0 (Linux; Android 6.0.1; Nexus 5X Build/MMB29P) AppleWebKit/537.36 (KHTML, like Gecko) Chrome/143.0.7499.192 Mobile Safari/537.36 (compatible; Googlebot/2.1; +http://www.google.com/bot.html)"
74.7.241.58 - - [22/Jan/2026:08:20:54 -0500] "GET /q-~119Jg50qILxqHwt6ECyJzLJyeqcb5MEfC32415/ HTTP/1.1" 200 - "https://idolatekno.com/sitemap1.xml" "Mozilla/5.0 AppleWebKit/537.36 (KHTML, like Gecko; compatible; GPTBot/1.3; +https://openai.com/gptbot)"
66.249.70.36 - - [22/Jan/2026:08:20:56 -0500] "GET /?pid=26304226231&channel=suite-dream-soft&cate_id=2518&page=https://mail.idolatekno.com/remote.do?items/058000303.htm HTTP/1.1" 200 85184 "-" "Mozilla/5.0 (Linux; Android 6.0.1; Nexus 5X Build/MMB29P) AppleWebKit/537.36 (KHTML, like Gecko) Chrome/143.0.7499.192 Mobile Safari/537.36 (compatible; GoogleOther)"
74.7.241.58 - - [22/Jan/2026:08:20:57 -0500] "GET /q-~153PEyjoSiZfe4pSBNWYa4SY0cS7PTGYx24873/ HTTP/1.1" 200 - "https://idolatekno.com/?sitemap503.xml" "Mozilla/5.0 AppleWebKit/537.36 (KHTML, like Gecko; compatible; GPTBot/1.3; +https://openai.com/gptbot)"
74.7.241.58 - - [22/Jan/2026:08:21:01 -0500] "GET /q-~37bol2kSH2JxaaCO5ttFbGkTbdhAy54V14355/ HTTP/1.1" 200 - "https://idolatekno.com/?sitemap442.xml" "Mozilla/5.0 AppleWebKit/537.36 (KHTML, like Gecko; compatible; GPTBot/1.3; +https://openai.com/gptbot)"
74.7.241.58 - - [22/Jan/2026:08:21:04 -0500] "GET /q-~250RuU5BNbSat1ru9xKrS8lZ2aFvQWkqE38238/ HTTP/1.1" 200 - "https://idolatekno.com/?sitemap503.xml" "Mozilla/5.0 AppleWebKit/537.36 (KHTML, like Gecko; compatible; GPTBot/1.3; +https://openai.com/gptbot)"
66.249.70.38 - - [22/Jan/2026:08:21:04 -0500] "GET /?pid=26304226231&channel=accurate-rebuild-racism&cate_id=2518&page=https://mail.idolatekno.com/remote.do?items/146038639.htm HTTP/1.1" 200 85781 "-" "Mozilla/5.0 (Linux; Android 6.0.1; Nexus 5X Build/MMB29P) AppleWebKit/537.36 (KHTML, like Gecko) Chrome/143.0.7499.192 Mobile Safari/537.36 (compatible; Googlebot/2.1; +http://www.google.com/bot.html)"
66.249.64.130 - - [22/Jan/2026:08:21:04 -0500] "GET /?u=2699771933667&channel=132e36&from=https://idolatekno.com/remote.aspx?items/136003949.htm HTTP/1.1" 200 86089 "-" "Mozilla/5.0 (Linux; Android 6.0.1; Nexus 5X Build/MMB29P) AppleWebKit/537.36 (KHTML, like Gecko) Chrome/143.0.7499.192 Mobile Safari/537.36 (compatible; GoogleOther)"
74.7.241.58 - - [22/Jan/2026:08:21:09 -0500] "GET /q-~173qaxUPaJLQBGoTPL7t7iUd8ZG1Tpj7t26113/ HTTP/1.1" 200 - "https://idolatekno.com/?sitemap317.xml" "Mozilla/5.0 AppleWebKit/537.36 (KHTML, like Gecko; compatible; GPTBot/1.3; +https://openai.com/gptbot)"
114.119.132.76 - - [22/Jan/2026:08:21:10 -0500] "GET /q-~215BbMCVE01mJwswLiNQucX7WnFstXi3M23033/ HTTP/1.1" 200 - "https://mail.idolatekno.com/sitemapd.xml" "Mozilla/5.0 (Linux; Android 7.0;) AppleWebKit/537.36 (KHTML, like Gecko) Mobile Safari/537.36 (compatible; PetalBot;+https://webmaster.petalsearch.com/site/petalbot)"
74.7.241.58 - - [22/Jan/2026:08:21:11 -0500] "GET /q-~102XtUW16EsdSUO20QBZ5hynDWYdbZbNe25494/ HTTP/1.1" 200 - "https://idolatekno.com/sitemap29.xml" "Mozilla/5.0 AppleWebKit/537.36 (KHTML, like Gecko; compatible; GPTBot/1.3; +https://openai.com/gptbot)"
66.249.70.37 - - [22/Jan/2026:08:21:11 -0500] "GET /?pid=26304226231&channel=apparently-activity-beg&cate_id=2518&page=https://mail.idolatekno.com/remote.do?q-~186KRMn40a1i4jZvJ1gRsbIRbffcErqOP28002/ HTTP/1.1" 200 85998 "-" "Mozilla/5.0 (Linux; Android 6.0.1; Nexus 5X Build/MMB29P) AppleWebKit/537.36 (KHTML, like Gecko) Chrome/143.0.7499.192 Mobile Safari/537.36 (compatible; Googlebot/2.1; +http://www.google.com/bot.html)"
66.249.70.37 - - [22/Jan/2026:08:21:13 -0500] "GET /?pid=26304226231&channel=useful-observer-nightmare&cate_id=2518&page=https://mail.idolatekno.com/remote.do?items/018000941.htm HTTP/1.1" 200 85663 "-" "Mozilla/5.0 (Linux; Android 6.0.1; Nexus 5X Build/MMB29P) AppleWebKit/537.36 (KHTML, like Gecko) Chrome/143.0.7499.192 Mobile Safari/537.36 (compatible; GoogleOther)"
74.7.241.58 - - [22/Jan/2026:08:21:13 -0500] "GET /q-~41ZRhKa4eT8VR3KlcXF7FClzpSUZNl7b27285/ HTTP/1.1" 200 - "https://idolatekno.com/?sitemap1000.xml" "Mozilla/5.0 AppleWebKit/537.36 (KHTML, like Gecko; compatible; GPTBot/1.3; +https://openai.com/gptbot)"
74.7.241.58 - - [22/Jan/2026:08:21:16 -0500] "GET /q-~182oVWdxipIv9ib5CITuSvb8nqKZl1JgQ24948/ HTTP/1.1" 200 - "https://idolatekno.com/?sitemap1000.xml" "Mozilla/5.0 AppleWebKit/537.36 (KHTML, like Gecko; compatible; GPTBot/1.3; +https://openai.com/gptbot)"
66.249.64.129 - - [22/Jan/2026:08:21:19 -0500] "GET /?u=2699771933667&channel=132e36&from=https://idolatekno.com/remote.aspx?items/052010381.htm HTTP/1.1" 200 86492 "-" "Mozilla/5.0 (Linux; Android 6.0.1; Nexus 5X Build/MMB29P) AppleWebKit/537.36 (KHTML, like Gecko) Chrome/143.0.7499.192 Mobile Safari/537.36 (compatible; GoogleOther)"
66.249.70.36 - - [22/Jan/2026:08:21:19 -0500] "GET /?pid=26304226231&channel=indigenous-living-nasty&cate_id=2518&page=https://mail.idolatekno.com/remote.do?items/285037100.htm HTTP/1.1" 200 85393 "-" "Mozilla/5.0 (Linux; Android 6.0.1; Nexus 5X Build/MMB29P) AppleWebKit/537.36 (KHTML, like Gecko) Chrome/143.0.7499.192 Mobile Safari/537.36 (compatible; Googlebot/2.1; +http://www.google.com/bot.html)"
74.7.241.58 - - [22/Jan/2026:08:21:19 -0500] "GET /q-~141J8EtubGPrmi6p5FZmpBmuXEnV1hwfl24685/ HTTP/1.1" 200 - "https://idolatekno.com/sitemap27.xml" "Mozilla/5.0 AppleWebKit/537.36 (KHTML, like Gecko; compatible; GPTBot/1.3; +https://openai.com/gptbot)"
66.249.64.128 - - [22/Jan/2026:08:21:20 -0500] "GET /product/edit/430395 HTTP/1.1" 200 86325 "-" "Mozilla/5.0 (Linux; Android 6.0.1; Nexus 5X Build/MMB29P) AppleWebKit/537.36 (KHTML, like Gecko) Chrome/143.0.7499.192 Mobile Safari/537.36 (compatible; Googlebot/2.1; +http://www.google.com/bot.html)"
66.249.70.36 - - [22/Jan/2026:08:21:22 -0500] "GET /?pid=26304226231&channel=need-bill-ethical&cate_id=2518&page=https://mail.idolatekno.com/remote.do?q-~43SBwpI7koBBauhOTTtcIUlnHnBT4BTh44059/ HTTP/1.1" 200 85517 "-" "Mozilla/5.0 (Linux; Android 6.0.1; Nexus 5X Build/MMB29P) AppleWebKit/537.36 (KHTML, like Gecko) Chrome/143.0.7499.192 Mobile Safari/537.36 (compatible; Googlebot/2.1; +http://www.google.com/bot.html)"
74.7.241.58 - - [22/Jan/2026:08:21:23 -0500] "GET /q-~81lJ0dLu01MJCLNwaNJP7zYVWPQul4LA39121/ HTTP/1.1" 200 - "https://idolatekno.com/sitemap63.xml" "Mozilla/5.0 AppleWebKit/537.36 (KHTML, like Gecko; compatible; GPTBot/1.3; +https://openai.com/gptbot)"
2a03:2880:f80e:30:: - - [22/Jan/2026:08:21:23 -0500] "GET /m/dayli60138917?id=155175 HTTP/1.1" 200 - "-" "meta-externalagent/1.1 (+https://developers.facebook.com/docs/sharing/webmasters/crawler)"
66.249.70.37 - - [22/Jan/2026:08:21:23 -0500] "GET /?pid=26304226231&channel=hundred-talent-imply&cate_id=2518&page=https://mail.idolatekno.com/remote.do?items/027047256.htm HTTP/1.1" 200 86546 "-" "Mozilla/5.0 (Linux; Android 6.0.1; Nexus 5X Build/MMB29P) AppleWebKit/537.36 (KHTML, like Gecko) Chrome/143.0.7499.192 Mobile Safari/537.36 (compatible; Googlebot/2.1; +http://www.google.com/bot.html)"
74.7.241.58 - - [22/Jan/2026:08:21:26 -0500] "GET /q-~44IhTlJRhLLPIWAkCwP5iERF35Yua52j23942/ HTTP/1.1" 200 - "https://idolatekno.com/sitemap14.xml" "Mozilla/5.0 AppleWebKit/537.36 (KHTML, like Gecko; compatible; GPTBot/1.3; +https://openai.com/gptbot)"
74.7.241.58 - - [22/Jan/2026:08:21:29 -0500] "GET /q-~226oqraC9x3K9sWxmdYFosmHrJY8afgqA46250/ HTTP/1.1" 200 - "https://idolatekno.com/?sitemap1000.xml" "Mozilla/5.0 AppleWebKit/537.36 (KHTML, like Gecko; compatible; GPTBot/1.3; +https://openai.com/gptbot)"
66.249.64.128 - - [22/Jan/2026:08:21:30 -0500] "GET /q-~288mfT58yA2LJPqa9LhMzBZgKTJWWriHI49314/ HTTP/1.1" 200 85980 "-" "Mozilla/5.0 (Linux; Android 6.0.1; Nexus 5X Build/MMB29P) AppleWebKit/537.36 (KHTML, like Gecko) Chrome/143.0.7499.192 Mobile Safari/537.36 (compatible; GoogleOther)"
74.7.241.58 - - [22/Jan/2026:08:21:32 -0500] "GET /q-~157vuxsaUef61f1XP5LEvHXmTTu6mtzlD25385/ HTTP/1.1" 200 - "https://idolatekno.com/sitemap27.xml" "Mozilla/5.0 AppleWebKit/537.36 (KHTML, like Gecko; compatible; GPTBot/1.3; +https://openai.com/gptbot)"
66.249.64.128 - - [22/Jan/2026:08:21:33 -0500] "GET /pcmypage?callback=/product%2Fdetail%2m23726244726 HTTP/1.1" 403 556899 "-" "Mozilla/5.0 (Linux; Android 6.0.1; Nexus 5X Build/MMB29P) AppleWebKit/537.36 (KHTML, like Gecko) Chrome/143.0.7499.192 Mobile Safari/537.36 (compatible; GoogleOther)"
66.249.70.36 - - [22/Jan/2026:08:21:33 -0500] "GET /?pid=26304226231&channel=order-energy-meaningful&cate_id=2518&page=https://mail.idolatekno.com/remote.do?q-~216DCQtUoEp9eAoU6NBfjvmB6rvVH82sM27504/ HTTP/1.1" 200 85859 "-" "Mozilla/5.0 (Linux; Android 6.0.1; Nexus 5X Build/MMB29P) AppleWebKit/537.36 (KHTML, like Gecko) Chrome/143.0.7499.192 Mobile Safari/537.36 (compatible; Googlebot/2.1; +http://www.google.com/bot.html)"
74.7.241.58 - - [22/Jan/2026:08:21:35 -0500] "GET /q-~136TtXg57RscLrIwyTUx2w1rGwVYTLl5o48716/ HTTP/1.1" 200 - "https://idolatekno.com/sitemap49.xml" "Mozilla/5.0 AppleWebKit/537.36 (KHTML, like Gecko; compatible; GPTBot/1.3; +https://openai.com/gptbot)"
114.119.135.195 - - [22/Jan/2026:08:21:38 -0500] "GET /q-~214yUicah4Oevw05U11okdGghWXBioVkd12218/ HTTP/1.1" 200 - "https://mail.idolatekno.com/sitemapd.xml" "Mozilla/5.0 (Linux; Android 7.0;) AppleWebKit/537.36 (KHTML, like Gecko) Mobile Safari/537.36 (compatible; PetalBot;+https://webmaster.petalsearch.com/site/petalbot)"
74.7.241.58 - - [22/Jan/2026:08:21:38 -0500] "GET /q-~298BcynmxarP5KxnW43PsZZEg7O9gxqgy30052/ HTTP/1.1" 200 - "https://idolatekno.com/?sitemap317.xml" "Mozilla/5.0 AppleWebKit/537.36 (KHTML, like Gecko; compatible; GPTBot/1.3; +https://openai.com/gptbot)"
66.249.70.36 - - [22/Jan/2026:08:21:41 -0500] "GET /?pid=26304226231&channel=extension-black-bad&cate_id=2518&page=https://mail.idolatekno.com/remote.do?q-~247XgoiMquC8PIvTSOUYHr7hTGhukBr4o46771/ HTTP/1.1" 200 86592 "-" "Mozilla/5.0 (Linux; Android 6.0.1; Nexus 5X Build/MMB29P) AppleWebKit/537.36 (KHTML, like Gecko) Chrome/143.0.7499.192 Mobile Safari/537.36 (compatible; Googlebot/2.1; +http://www.google.com/bot.html)"
74.7.241.58 - - [22/Jan/2026:08:21:42 -0500] "GET /q-~14aQn0N4QYglVvuN6y1AWtf4gqDTtUBs19700/ HTTP/1.1" 200 - "https://idolatekno.com/sitemap21.xml" "Mozilla/5.0 AppleWebKit/537.36 (KHTML, like Gecko; compatible; GPTBot/1.3; +https://openai.com/gptbot)"
74.7.241.58 - - [22/Jan/2026:08:21:45 -0500] "GET /q-~89q2kofFEHOW8CwIQPG3SCg5pPrTOE9G11893/ HTTP/1.1" 200 - "https://idolatekno.com/?sitemap317.xml" "Mozilla/5.0 AppleWebKit/537.36 (KHTML, like Gecko; compatible; GPTBot/1.3; +https://openai.com/gptbot)"
66.249.64.128 - - [22/Jan/2026:08:21:47 -0500] "GET /?x=2166640003788&channel=107e18&from=https://idolatekno.com/super.py?q-~293XyPM0788mtnfMmx1wxuPyH75mmAbCz30493/ HTTP/1.1" 200 86872 "-" "Mozilla/5.0 (Linux; Android 6.0.1; Nexus 5X Build/MMB29P) AppleWebKit/537.36 (KHTML, like Gecko) Chrome/143.0.7499.192 Mobile Safari/537.36 (compatible; GoogleOther)"
74.7.241.58 - - [22/Jan/2026:08:21:48 -0500] "GET /q-~225IOTcxHMQLcEOSa6O8ua5dbJjp8q6Zi48499/ HTTP/1.1" 200 - "https://idolatekno.com/sitemap49.xml" "Mozilla/5.0 AppleWebKit/537.36 (KHTML, like Gecko; compatible; GPTBot/1.3; +https://openai.com/gptbot)"
66.249.70.36 - - [22/Jan/2026:08:21:48 -0500] "GET /?pid=26304226231&channel=brand-bulk-fill&cate_id=2518&page=https://mail.idolatekno.com/remote.do?items/186020379.htm HTTP/1.1" 200 86821 "-" "Mozilla/5.0 (Linux; Android 6.0.1; Nexus 5X Build/MMB29P) AppleWebKit/537.36 (KHTML, like Gecko) Chrome/143.0.7499.192 Mobile Safari/537.36 (compatible; Googlebot/2.1; +http://www.google.com/bot.html)"
66.249.64.132 - - [22/Jan/2026:08:21:49 -0500] "GET /?x=2166640003788&channel=107e18&from=https://idolatekno.com/super.py?items/137041450.htm HTTP/1.1" 200 85482 "-" "Mozilla/5.0 (Linux; Android 6.0.1; Nexus 5X Build/MMB29P) AppleWebKit/537.36 (KHTML, like Gecko) Chrome/143.0.7499.192 Mobile Safari/537.36 (compatible; GoogleOther)"
74.7.241.58 - - [22/Jan/2026:08:21:51 -0500] "GET /q-~178JRgn1dgZtEwxZuJ49eL3HrOeSwSeXv35352/ HTTP/1.1" 200 - "https://idolatekno.com/?sitemap305.xml" "Mozilla/5.0 AppleWebKit/537.36 (KHTML, like Gecko; compatible; GPTBot/1.3; +https://openai.com/gptbot)"
74.7.241.58 - - [22/Jan/2026:08:21:54 -0500] "GET /q-~70Z9o2Kwt5erCfbaA3ZfqB6QTxqGARVK49062/ HTTP/1.1" 200 - "https://idolatekno.com/?sitemap317.xml" "Mozilla/5.0 AppleWebKit/537.36 (KHTML, like Gecko; compatible; GPTBot/1.3; +https://openai.com/gptbot)"
66.249.70.38 - - [22/Jan/2026:08:21:55 -0500] "GET /?pid=26304226231&channel=son-dough-recommend&cate_id=2518&page=https://mail.idolatekno.com/remote.do?items/047017574.htm HTTP/1.1" 200 85718 "-" "Mozilla/5.0 (Linux; Android 6.0.1; Nexus 5X Build/MMB29P) AppleWebKit/537.36 (KHTML, like Gecko) Chrome/143.0.7499.192 Mobile Safari/537.36 (compatible; Googlebot/2.1; +http://www.google.com/bot.html)"
74.7.241.58 - - [22/Jan/2026:08:21:57 -0500] "GET /q-~198dq4qkuxlGxFKEs26VFgWV1RVRsoTXf12498/ HTTP/1.1" 200 - "https://idolatekno.com/?sitemap317.xml" "Mozilla/5.0 AppleWebKit/537.36 (KHTML, like Gecko; compatible; GPTBot/1.3; +https://openai.com/gptbot)"
74.7.241.58 - - [22/Jan/2026:08:22:00 -0500] "GET /q-~127Ib8J74yFxkxIbmltAkqgLBAmM57WdZ33849/ HTTP/1.1" 200 - "https://idolatekno.com/?sitemap305.xml" "Mozilla/5.0 AppleWebKit/537.36 (KHTML, like Gecko; compatible; GPTBot/1.3; +https://openai.com/gptbot)"
2a03:2880:f80e:3b:: - - [22/Jan/2026:08:22:02 -0500] "GET /m/wink72095910?id=2112168 HTTP/1.1" 200 - "-" "meta-externalagent/1.1 (+https://developers.facebook.com/docs/sharing/webmasters/crawler)"
66.249.64.129 - - [22/Jan/2026:08:22:02 -0500] "GET /pcmypage?callback=/product%2Fdetail%2m77642799827 HTTP/1.1" 403 561758 "-" "Mozilla/5.0 (Linux; Android 6.0.1; Nexus 5X Build/MMB29P) AppleWebKit/537.36 (KHTML, like Gecko) Chrome/143.0.7499.192 Mobile Safari/537.36 (compatible; GoogleOther)"
66.249.64.132 - - [22/Jan/2026:08:22:02 -0500] "GET /q-~296kE48p0Gt2WrEmdeLQRfcJqf5tFVy5F37360/ HTTP/1.1" 200 85743 "-" "Mozilla/5.0 (Linux; Android 6.0.1; Nexus 5X Build/MMB29P) AppleWebKit/537.36 (KHTML, like Gecko) Chrome/143.0.7499.192 Mobile Safari/537.36 (compatible; Googlebot/2.1; +http://www.google.com/bot.html)"
66.249.70.36 - - [22/Jan/2026:08:22:03 -0500] "GET /?pid=26304226231&channel=devote-supposed-sale&cate_id=2518&page=https://mail.idolatekno.com/remote.do?q-~81YFOGXHEofmzh8CdcGTiQtApU183N9G11361/ HTTP/1.1" 200 85991 "-" "Mozilla/5.0 (Linux; Android 6.0.1; Nexus 5X Build/MMB29P) AppleWebKit/537.36 (KHTML, like Gecko) Chrome/143.0.7499.192 Mobile Safari/537.36 (compatible; Googlebot/2.1; +http://www.google.com/bot.html)"
74.7.241.58 - - [22/Jan/2026:08:22:03 -0500] "GET /q-~114b2pQCeM7piGUrL7cb3CMLqw6jVCLjQ24904/ HTTP/1.1" 200 - "https://idolatekno.com/?sitemap317.xml" "Mozilla/5.0 AppleWebKit/537.36 (KHTML, like Gecko; compatible; GPTBot/1.3; +https://openai.com/gptbot)"
66.249.64.132 - - [22/Jan/2026:08:22:04 -0500] "GET /pcmypage?callback=/product%2Fdetail%2m48825477714 HTTP/1.1" 403 554580 "-" "Mozilla/5.0 (Linux; Android 6.0.1; Nexus 5X Build/MMB29P) AppleWebKit/537.36 (KHTML, like Gecko) Chrome/143.0.7499.192 Mobile Safari/537.36 (compatible; GoogleOther)"
114.119.142.186 - - [22/Jan/2026:08:22:04 -0500] "GET /q-~214yRxIqFWRjkMX3jPBV8KwFUg8kUGCTE11720/ HTTP/1.1" 200 - "https://mail.idolatekno.com/sitemapd.xml" "Mozilla/5.0 (Linux; Android 7.0;) AppleWebKit/537.36 (KHTML, like Gecko) Mobile Safari/537.36 (compatible; PetalBot;+https://webmaster.petalsearch.com/site/petalbot)"
146.174.188.112 - - [22/Jan/2026:08:22:06 -0500] "GET /q-~31UtTxWg0HkfS71fO3Uw7wIBeM9aytjr46825/ HTTP/1.1" 200 - "-" "Mozilla/5.0 (Windows NT 6.2; WOW64) AppleWebKit/535.11 (KHTML, like Gecko) Chrome/17.0.963.65 Safari/535.11"
74.7.241.58 - - [22/Jan/2026:08:22:07 -0500] "GET /q-~173oWpOqe4HsDVgAF0q6vaZpaefk3W6ql27239/ HTTP/1.1" 200 - "https://idolatekno.com/?sitemap442.xml" "Mozilla/5.0 AppleWebKit/537.36 (KHTML, like Gecko; compatible; GPTBot/1.3; +https://openai.com/gptbot)"
2a03:2880:f80e:44:: - - [22/Jan/2026:08:22:07 -0500] "GET /m/gilt31079978?id=1096236 HTTP/1.1" 200 - "-" "meta-externalagent/1.1 (+https://developers.facebook.com/docs/sharing/webmasters/crawler)"
66.249.70.37 - - [22/Jan/2026:08:22:09 -0500] "GET /?pid=26304226231&channel=goodscode-touchdown-sequence&cate_id=2518&page=https://mail.idolatekno.com/remote.do?q-~130jSvzEK2H8UoFCttLtQk8gukaCtmxEe47006/ HTTP/1.1" 200 85978 "-" "Mozilla/5.0 (Linux; Android 6.0.1; Nexus 5X Build/MMB29P) AppleWebKit/537.36 (KHTML, like Gecko) Chrome/143.0.7499.192 Mobile Safari/537.36 (compatible; Googlebot/2.1; +http://www.google.com/bot.html)"
74.7.241.58 - - [22/Jan/2026:08:22:10 -0500] "GET /q-~225kocDJuG3CExG0KK7IKyoQ6yO3MncnT1525/ HTTP/1.1" 200 - "https://idolatekno.com/sitemap21.xml" "Mozilla/5.0 AppleWebKit/537.36 (KHTML, like Gecko; compatible; GPTBot/1.3; +https://openai.com/gptbot)"
74.7.241.58 - - [22/Jan/2026:08:22:13 -0500] "GET /q-~203QkOT3ivUV33u5aq6GOGteJWmAWoTea24677/ HTTP/1.1" 200 - "https://idolatekno.com/sitemap49.xml" "Mozilla/5.0 AppleWebKit/537.36 (KHTML, like Gecko; compatible; GPTBot/1.3; +https://openai.com/gptbot)"
74.7.241.58 - - [22/Jan/2026:08:22:16 -0500] "GET /q-~287Oo7N1Xzz11cEAcrFwQqQo1QvxHtovB39825/ HTTP/1.1" 200 - "https://idolatekno.com/?sitemap305.xml" "Mozilla/5.0 AppleWebKit/537.36 (KHTML, like Gecko; compatible; GPTBot/1.3; +https://openai.com/gptbot)"
66.249.64.128 - - [22/Jan/2026:08:22:16 -0500] "GET /q-~158myRTblsjBdZyd6oyLvYXxQPuzxnYUL11626/ HTTP/1.1" 200 85391 "-" "Mozilla/5.0 (Linux; Android 6.0.1; Nexus 5X Build/MMB29P) AppleWebKit/537.36 (KHTML, like Gecko) Chrome/143.0.7499.192 Mobile Safari/537.36 (compatible; GoogleOther)"
66.249.70.36 - - [22/Jan/2026:08:22:17 -0500] "GET /?pid=26304226231&channel=airplane-whisper-portrait&cate_id=2518&page=https://mail.idolatekno.com/remote.do?q-~182KrMDKVm2qX8W9vOCXJ2UWbO5Pm0uXa45998/ HTTP/1.1" 200 86375 "-" "Mozilla/5.0 (Linux; Android 6.0.1; Nexus 5X Build/MMB29P) AppleWebKit/537.36 (KHTML, like Gecko) Chrome/143.0.7499.192 Mobile Safari/537.36 (compatible; Googlebot/2.1; +http://www.google.com/bot.html)"
74.7.241.58 - - [22/Jan/2026:08:22:19 -0500] "GET /q-~100aFYBrEPD9kVk0cAa0RqYI4Y1jSwOOg30402/ HTTP/1.1" 200 - "https://idolatekno.com/sitemap63.xml" "Mozilla/5.0 AppleWebKit/537.36 (KHTML, like Gecko; compatible; GPTBot/1.3; +https://openai.com/gptbot)"
66.249.64.132 - - [22/Jan/2026:08:22:21 -0500] "GET /pcmypage?callback=/product%2Fdetail%2m52431575524 HTTP/1.1" 403 556280 "-" "Mozilla/5.0 (Linux; Android 6.0.1; Nexus 5X Build/MMB29P) AppleWebKit/537.36 (KHTML, like Gecko) Chrome/143.0.7499.192 Mobile Safari/537.36 (compatible; GoogleOther)"
74.7.241.58 - - [22/Jan/2026:08:22:22 -0500] "GET /q-~207pAE7RneC3tpDcLoqLlq7UFQYt4Lw6s38639/ HTTP/1.1" 200 - "https://idolatekno.com/sitemap16.xml" "Mozilla/5.0 AppleWebKit/537.36 (KHTML, like Gecko; compatible; GPTBot/1.3; +https://openai.com/gptbot)"
66.249.70.36 - - [22/Jan/2026:08:22:24 -0500] "GET /?pid=26304226231&channel=memory-winter-ambitious&cate_id=2518&page=https://mail.idolatekno.com/remote.do?q-~18SyjLzYPTgu6PfWiWv9h7HzBcHs2b2L31006/ HTTP/1.1" 200 85579 "-" "Mozilla/5.0 (Linux; Android 6.0.1; Nexus 5X Build/MMB29P) AppleWebKit/537.36 (KHTML, like Gecko) Chrome/143.0.7499.192 Mobile Safari/537.36 (compatible; Googlebot/2.1; +http://www.google.com/bot.html)"
74.7.241.58 - - [22/Jan/2026:08:22:25 -0500] "GET /q-~130c6oJfML06YgN3BFKN4cKCVgAleIYWn8766/ HTTP/1.1" 200 - "https://idolatekno.com/pages.php?sitemap849.xml" "Mozilla/5.0 AppleWebKit/537.36 (KHTML, like Gecko; compatible; GPTBot/1.3; +https://openai.com/gptbot)"
74.7.241.58 - - [22/Jan/2026:08:22:28 -0500] "GET /q-~37bVHWuKgQYWbiF774Q6mRpdSGgoP4ax14837/ HTTP/1.1" 200 - "https://idolatekno.com/sitemap86.xml" "Mozilla/5.0 AppleWebKit/537.36 (KHTML, like Gecko; compatible; GPTBot/1.3; +https://openai.com/gptbot)"
66.249.64.128 - - [22/Jan/2026:08:22:30 -0500] "GET /pcmypage?callback=/product%2Fdetail%2m19581438297 HTTP/1.1" 403 560386 "-" "Mozilla/5.0 (Linux; Android 6.0.1; Nexus 5X Build/MMB29P) AppleWebKit/537.36 (KHTML, like Gecko) Chrome/143.0.7499.192 Mobile Safari/537.36 (compatible; GoogleOther)"
74.7.241.58 - - [22/Jan/2026:08:22:31 -0500] "GET /q-~274e3UWk1SmCPoeCgil3TX2vSeQUHCEgt15280/ HTTP/1.1" 200 - "https://idolatekno.com/?sitemap317.xml" "Mozilla/5.0 AppleWebKit/537.36 (KHTML, like Gecko; compatible; GPTBot/1.3; +https://openai.com/gptbot)"
66.249.70.37 - - [22/Jan/2026:08:22:32 -0500] "GET /?pid=26304226231&channel=quick-doorway-represent&cate_id=2518&page=https://mail.idolatekno.com/remote.do?q-~186LGHKNUgZYxg0UsEm2JpjvBDqQsIVbb26760/ HTTP/1.1" 200 86393 "-" "Mozilla/5.0 (Linux; Android 6.0.1; Nexus 5X Build/MMB29P) AppleWebKit/537.36 (KHTML, like Gecko) Chrome/143.0.7499.192 Mobile Safari/537.36 (compatible; Googlebot/2.1; +http://www.google.com/bot.html)"
114.119.142.126 - - [22/Jan/2026:08:22:33 -0500] "GET /q-~214w6diEPs33zElgdSnYPuL8TZBbJWcDd22920/ HTTP/1.1" 200 - "https://mail.idolatekno.com/sitemapc.xml" "Mozilla/5.0 (Linux; Android 7.0;) AppleWebKit/537.36 (KHTML, like Gecko) Mobile Safari/537.36 (compatible; PetalBot;+https://webmaster.petalsearch.com/site/petalbot)"
74.7.241.58 - - [22/Jan/2026:08:22:35 -0500] "GET /q-~239ZjCUWlOrOlE9OmLYZcwrit16mdh2nB32371/ HTTP/1.1" 200 - "https://idolatekno.com/sitemap73.xml" "Mozilla/5.0 AppleWebKit/537.36 (KHTML, like Gecko; compatible; GPTBot/1.3; +https://openai.com/gptbot)"
74.7.241.58 - - [22/Jan/2026:08:22:38 -0500] "GET /q-~132TBTnSRYj353TjJEi9GLIlMADiBnbpA12354/ HTTP/1.1" 200 - "https://idolatekno.com/sitemap27.xml" "Mozilla/5.0 AppleWebKit/537.36 (KHTML, like Gecko; compatible; GPTBot/1.3; +https://openai.com/gptbot)"
66.249.64.128 - - [22/Jan/2026:08:22:38 -0500] "GET /q-~110L2iBUSatyrkdfH52kFvmBzrCBClqtE5086/ HTTP/1.1" 200 86053 "-" "Mozilla/5.0 (Linux; Android 6.0.1; Nexus 5X Build/MMB29P) AppleWebKit/537.36 (KHTML, like Gecko) Chrome/143.0.7499.192 Mobile Safari/537.36 (compatible; GoogleOther)"
66.249.70.36 - - [22/Jan/2026:08:22:40 -0500] "GET /?pid=26304226231&channel=deserve-candidate-bounce&cate_id=2518&page=https://mail.idolatekno.com/remote.do?items/109007274.htm HTTP/1.1" 200 86395 "-" "Mozilla/5.0 (Linux; Android 6.0.1; Nexus 5X Build/MMB29P) AppleWebKit/537.36 (KHTML, like Gecko) Chrome/143.0.7499.192 Mobile Safari/537.36 (compatible; Googlebot/2.1; +http://www.google.com/bot.html)"
74.7.241.58 - - [22/Jan/2026:08:22:41 -0500] "GET /q-~293uQu2pv1aVPd8CRzSAZ0b1MCZXVqzcW13649/ HTTP/1.1" 200 - "https://idolatekno.com/?sitemap1000.xml" "Mozilla/5.0 AppleWebKit/537.36 (KHTML, like Gecko; compatible; GPTBot/1.3; +https://openai.com/gptbot)"
74.7.241.58 - - [22/Jan/2026:08:22:44 -0500] "GET /q-~112VvDafUVNK76zG3LBEZ1DA5Oqtfzudv11310/ HTTP/1.1" 200 - "https://idolatekno.com/?sitemap442.xml" "Mozilla/5.0 AppleWebKit/537.36 (KHTML, like Gecko; compatible; GPTBot/1.3; +https://openai.com/gptbot)"
66.249.64.132 - - [22/Jan/2026:08:22:45 -0500] "GET /pcmypage?callback=/product%2Fdetail%2m63435611720 HTTP/1.1" 403 554440 "-" "Mozilla/5.0 (Linux; Android 6.0.1; Nexus 5X Build/MMB29P) AppleWebKit/537.36 (KHTML, like Gecko) Chrome/143.0.7499.192 Mobile Safari/537.36 (compatible; GoogleOther)"
2a03:2880:f80e:f:: - - [22/Jan/2026:08:22:47 -0500] "GET /m/wet72772062?id=2788320 HTTP/1.1" 200 - "-" "meta-externalagent/1.1 (+https://developers.facebook.com/docs/sharing/webmasters/crawler)"
66.249.70.36 - - [22/Jan/2026:08:22:47 -0500] "GET /?pid=26304226231&channel=rail-ceiling-apology&cate_id=2518&page=https://mail.idolatekno.com/remote.do?q-~251TFg4v4XoyrNHhsDg0xLqAXmef1IsKj24097/ HTTP/1.1" 200 85919 "-" "Mozilla/5.0 (Linux; Android 6.0.1; Nexus 5X Build/MMB29P) AppleWebKit/537.36 (KHTML, like Gecko) Chrome/143.0.7499.192 Mobile Safari/537.36 (compatible; Googlebot/2.1; +http://www.google.com/bot.html)"
74.7.241.58 - - [22/Jan/2026:08:22:47 -0500] "GET /q-~225G0V4hiWQidjHGmWUFLM2VlQhP7uiSx27659/ HTTP/1.1" 200 - "https://idolatekno.com/sitemap16.xml" "Mozilla/5.0 AppleWebKit/537.36 (KHTML, like Gecko; compatible; GPTBot/1.3; +https://openai.com/gptbot)"
74.7.241.58 - - [22/Jan/2026:08:22:50 -0500] "GET /q-~61RqnTIPCjtKNwoRWOP1W7ytPPvQ367b30709/ HTTP/1.1" 200 - "https://idolatekno.com/sitemap29.xml" "Mozilla/5.0 AppleWebKit/537.36 (KHTML, like Gecko; compatible; GPTBot/1.3; +https://openai.com/gptbot)"
74.7.241.58 - - [22/Jan/2026:08:22:54 -0500] "GET /q-~142jZIFs4RT8TUTtP5zUJpvaC6t8kgtOL1040/ HTTP/1.1" 200 - "https://idolatekno.com/sitemap73.xml" "Mozilla/5.0 AppleWebKit/537.36 (KHTML, like Gecko; compatible; GPTBot/1.3; +https://openai.com/gptbot)"
2a03:2880:f80e:3a:: - - [22/Jan/2026:08:22:54 -0500] "GET /m/keepe32371090?id=2387348 HTTP/1.1" 200 - "-" "meta-externalagent/1.1 (+https://developers.facebook.com/docs/sharing/webmasters/crawler)"
66.249.64.132 - - [22/Jan/2026:08:22:55 -0500] "GET /?x=2166640003788&channel=107e18&from=https://idolatekno.com/super.py?items/208010501.htm HTTP/1.1" 200 86194 "-" "Mozilla/5.0 (Linux; Android 6.0.1; Nexus 5X Build/MMB29P) AppleWebKit/537.36 (KHTML, like Gecko) Chrome/143.0.7499.192 Mobile Safari/537.36 (compatible; GoogleOther)"
74.7.241.58 - - [22/Jan/2026:08:22:57 -0500] "GET /q-~293Lqd6kTluoTnFVyBQ5woS51DQroXTvX38895/ HTTP/1.1" 200 - "https://idolatekno.com/sitemap1.xml" "Mozilla/5.0 AppleWebKit/537.36 (KHTML, like Gecko; compatible; GPTBot/1.3; +https://openai.com/gptbot)"
66.249.64.129 - - [22/Jan/2026:08:22:59 -0500] "GET /q-~53vSXYMGrCQ73mWC0BG6m1qhZ9Gocayd1225/ HTTP/1.1" 200 85840 "-" "Mozilla/5.0 (Linux; Android 6.0.1; Nexus 5X Build/MMB29P) AppleWebKit/537.36 (KHTML, like Gecko) Chrome/143.0.7499.192 Mobile Safari/537.36 (compatible; GoogleOther)"
74.7.241.58 - - [22/Jan/2026:08:23:00 -0500] "GET /q-~273HmaDHXSdt68n3QbnuhrBKKF1a2cMML23165/ HTTP/1.1" 200 - "https://idolatekno.com/sitemap27.xml" "Mozilla/5.0 AppleWebKit/537.36 (KHTML, like Gecko; compatible; GPTBot/1.3; +https://openai.com/gptbot)"
66.249.70.36 - - [22/Jan/2026:08:23:00 -0500] "GET /?pid=26304226231&channel=adoption-dinner-Mrs&cate_id=2518&page=https://mail.idolatekno.com/remote.do?q-~251J1zONtanQK8MsTRgL88rBuFAG4vYMz22595/ HTTP/1.1" 200 85842 "-" "Mozilla/5.0 (Linux; Android 6.0.1; Nexus 5X Build/MMB29P) AppleWebKit/537.36 (KHTML, like Gecko) Chrome/143.0.7499.192 Mobile Safari/537.36 (compatible; Googlebot/2.1; +http://www.google.com/bot.html)"
66.249.70.37 - - [22/Jan/2026:08:23:01 -0500] "GET /q-~219bI3W7Sa0fa8mIJ0ApTxxBixizwKfiz15075/ HTTP/1.1" 200 85054 "-" "Mozilla/5.0 (Linux; Android 6.0.1; Nexus 5X Build/MMB29P) AppleWebKit/537.36 (KHTML, like Gecko) Chrome/143.0.7499.192 Mobile Safari/537.36 (compatible; Googlebot/2.1; +http://www.google.com/bot.html)"
74.7.241.58 - - [22/Jan/2026:08:23:03 -0500] "GET /q-~116ZkWqqh60adUHRDT1yYqTgIpe5Hrdbc29982/ HTTP/1.1" 200 - "https://idolatekno.com/?sitemap442.xml" "Mozilla/5.0 AppleWebKit/537.36 (KHTML, like Gecko; compatible; GPTBot/1.3; +https://openai.com/gptbot)"
114.119.132.76 - - [22/Jan/2026:08:23:04 -0500] "GET /q-~214v8tIZ9GpxwgFDLmIA2XJT2C0Xhc1oB46250/ HTTP/1.1" 200 - "https://mail.idolatekno.com/sitemape.xml" "Mozilla/5.0 (Linux; Android 7.0;) AppleWebKit/537.36 (KHTML, like Gecko) Mobile Safari/537.36 (compatible; PetalBot;+https://webmaster.petalsearch.com/site/petalbot)"
74.7.241.58 - - [22/Jan/2026:08:23:06 -0500] "GET /q-~253kRIiP3E3h4deuWomriHiuDFVKbNm5K25527/ HTTP/1.1" 200 - "https://idolatekno.com/sitemap78.xml" "Mozilla/5.0 AppleWebKit/537.36 (KHTML, like Gecko; compatible; GPTBot/1.3; +https://openai.com/gptbot)"
66.249.70.37 - - [22/Jan/2026:08:23:08 -0500] "GET /?pid=26304226231&channel=my-loss-nuclear&cate_id=2518&page=https://mail.idolatekno.com/remote.do?items/025049730.htm HTTP/1.1" 200 85918 "-" "Mozilla/5.0 (Linux; Android 6.0.1; Nexus 5X Build/MMB29P) AppleWebKit/537.36 (KHTML, like Gecko) Chrome/143.0.7499.192 Mobile Safari/537.36 (compatible; Googlebot/2.1; +http://www.google.com/bot.html)"
74.7.241.58 - - [22/Jan/2026:08:23:09 -0500] "GET /q-~114Ll17E4owGUGpjUFpWgolZb2cWboEan27166/ HTTP/1.1" 200 - "https://idolatekno.com/?sitemap317.xml" "Mozilla/5.0 AppleWebKit/537.36 (KHTML, like Gecko; compatible; GPTBot/1.3; +https://openai.com/gptbot)"
74.7.241.58 - - [22/Jan/2026:08:23:12 -0500] "GET /q-~165FqHMeYCTuf87aXZC4LTk9XbQTYzXdO22757/ HTTP/1.1" 200 - "https://idolatekno.com/sitemap86.xml" "Mozilla/5.0 AppleWebKit/537.36 (KHTML, like Gecko; compatible; GPTBot/1.3; +https://openai.com/gptbot)"
66.249.64.128 - - [22/Jan/2026:08:23:12 -0500] "GET /pcmypage?callback=/product%2Fdetail%2m92575167014 HTTP/1.1" 403 555555 "-" "Mozilla/5.0 (Linux; Android 6.0.1; Nexus 5X Build/MMB29P) AppleWebKit/537.36 (KHTML, like Gecko) Chrome/143.0.7499.192 Mobile Safari/537.36 (compatible; GoogleOther)"
66.249.64.128 - - [22/Jan/2026:08:23:14 -0500] "GET /pcmypage?callback=/product%2Fdetail%2m30736560743 HTTP/1.1" 403 553564 "-" "Mozilla/5.0 (Linux; Android 6.0.1; Nexus 5X Build/MMB29P) AppleWebKit/537.36 (KHTML, like Gecko) Chrome/143.0.7499.192 Mobile Safari/537.36 (compatible; GoogleOther)"
66.249.70.37 - - [22/Jan/2026:08:23:15 -0500] "GET /?pid=26304226231&channel=think-wall-glass&cate_id=2518&page=https://mail.idolatekno.com/remote.do?items/096014007.htm HTTP/1.1" 200 86495 "-" "Mozilla/5.0 (Linux; Android 6.0.1; Nexus 5X Build/MMB29P) AppleWebKit/537.36 (KHTML, like Gecko) Chrome/143.0.7499.192 Mobile Safari/537.36 (compatible; Googlebot/2.1; +http://www.google.com/bot.html)"
74.7.241.58 - - [22/Jan/2026:08:23:16 -0500] "GET /q-~123m1CGiIcTexEu9wATFUD6RbGe6FD9GG41527/ HTTP/1.1" 200 - "https://idolatekno.com/sitemap73.xml" "Mozilla/5.0 AppleWebKit/537.36 (KHTML, like Gecko; compatible; GPTBot/1.3; +https://openai.com/gptbot)"
66.249.70.37 - - [22/Jan/2026:08:23:16 -0500] "GET /?pid=26304226231&channel=metaphor-due-uncertainty&cate_id=2518&page=https://mail.idolatekno.com/remote.do?q-~38d1at7XHdQQVr9O6wwxnChw9rLkTDzC23412/ HTTP/1.1" 200 87107 "-" "Mozilla/5.0 (Linux; Android 6.0.1; Nexus 5X Build/MMB29P) AppleWebKit/537.36 (KHTML, like Gecko) Chrome/143.0.7499.192 Mobile Safari/537.36 (compatible; Googlebot/2.1; +http://www.google.com/bot.html)"
74.7.241.58 - - [22/Jan/2026:08:23:19 -0500] "GET /q-~234e2O9Ax2enobpYBMEajq9uGERiJyWev38264/ HTTP/1.1" 200 - "https://idolatekno.com/sitemap16.xml" "Mozilla/5.0 AppleWebKit/537.36 (KHTML, like Gecko; compatible; GPTBot/1.3; +https://openai.com/gptbot)"
66.249.70.37 - - [22/Jan/2026:08:23:19 -0500] "GET /?pid=26304226231&channel=picture-numerous-cling&cate_id=2518&page=https://mail.idolatekno.com/remote.do?items/083039954.htm HTTP/1.1" 200 86415 "-" "Mozilla/5.0 (Linux; Android 6.0.1; Nexus 5X Build/MMB29P) AppleWebKit/537.36 (KHTML, like Gecko) Chrome/143.0.7499.192 Mobile Safari/537.36 (compatible; Googlebot/2.1; +http://www.google.com/bot.html)"
74.7.241.58 - - [22/Jan/2026:08:23:22 -0500] "GET /q-~267pxX5EG6rThbjdPe1pyUnbTo6f5QHba5155/ HTTP/1.1" 200 - "https://idolatekno.com/?sitemap442.xml" "Mozilla/5.0 AppleWebKit/537.36 (KHTML, like Gecko; compatible; GPTBot/1.3; +https://openai.com/gptbot)"
66.249.64.132 - - [22/Jan/2026:08:23:22 -0500] "GET /q-~99uEsS4p7049Qc3vz8kSSEndBUUBT92V25125/ HTTP/1.1" 200 85574 "-" "Mozilla/5.0 (Linux; Android 6.0.1; Nexus 5X Build/MMB29P) AppleWebKit/537.36 (KHTML, like Gecko) Chrome/143.0.7499.192 Mobile Safari/537.36 (compatible; GoogleOther)"
146.174.181.227 - - [22/Jan/2026:08:23:24 -0500] "GET /q-~33u9WwaN7se8kBXncsHZZCmEiV5WT4PN39741/ HTTP/1.1" 200 - "-" "Mozilla/5.0 (X11; U; Linux x86_64; de; rv:1.9.2.10) Gecko/20100922 Ubuntu/10.10 (maverick) Firefox/3.6.10 GTB7.1"
66.249.70.36 - - [22/Jan/2026:08:23:25 -0500] "GET /?pid=26304226231&channel=try-seldom-criteria&cate_id=2518&page=https://mail.idolatekno.com/remote.do?q-~274jkqokpQL0eoc7BcERFpL2LtZuBwnNR46496/ HTTP/1.1" 200 86395 "-" "Mozilla/5.0 (Linux; Android 6.0.1; Nexus 5X Build/MMB29P) AppleWebKit/537.36 (KHTML, like Gecko) Chrome/143.0.7499.192 Mobile Safari/537.36 (compatible; Googlebot/2.1; +http://www.google.com/bot.html)"
74.7.241.58 - - [22/Jan/2026:08:23:25 -0500] "GET /q-~70tyKFJ63YMJaQwQyJP8ETaW3WbM5Rte40828/ HTTP/1.1" 200 - "https://idolatekno.com/?sitemap503.xml" "Mozilla/5.0 AppleWebKit/537.36 (KHTML, like Gecko; compatible; GPTBot/1.3; +https://openai.com/gptbot)"
66.249.64.132 - - [22/Jan/2026:08:23:28 -0500] "GET /q-~142YbqZz53CaYAhqYHPkATRvczaqY5yuB48016/ HTTP/1.1" 200 87173 "-" "Mozilla/5.0 (Linux; Android 6.0.1; Nexus 5X Build/MMB29P) AppleWebKit/537.36 (KHTML, like Gecko) Chrome/143.0.7499.192 Mobile Safari/537.36 (compatible; GoogleOther)"
74.7.241.58 - - [22/Jan/2026:08:23:28 -0500] "GET /q-~220qlIXyIbjgUuOk7rhxHOWE5wdk25uFz13652/ HTTP/1.1" 200 - "https://idolatekno.com/?sitemap317.xml" "Mozilla/5.0 AppleWebKit/537.36 (KHTML, like Gecko; compatible; GPTBot/1.3; +https://openai.com/gptbot)"
114.119.130.167 - - [22/Jan/2026:08:23:30 -0500] "GET /q-~214t5RW94Lhgrx9Pzdp1qRZVHP1Cc0LAv22444/ HTTP/1.1" 200 - "https://mail.idolatekno.com/sitemapc.xml" "Mozilla/5.0 (Linux; Android 7.0;) AppleWebKit/537.36 (KHTML, like Gecko) Mobile Safari/537.36 (compatible; PetalBot;+https://webmaster.petalsearch.com/site/petalbot)"
66.249.64.132 - - [22/Jan/2026:08:23:30 -0500] "GET /pcmypage?callback=/product%2Fdetail%2m52553673044 HTTP/1.1" 403 556409 "-" "Mozilla/5.0 (Linux; Android 6.0.1; Nexus 5X Build/MMB29P) AppleWebKit/537.36 (KHTML, like Gecko) Chrome/143.0.7499.192 Mobile Safari/537.36 (compatible; GoogleOther)"
74.7.241.58 - - [22/Jan/2026:08:23:31 -0500] "GET /q-~248Gn8coGdoGv2Ilnk1sAZ34aLQmgZSCC28114/ HTTP/1.1" 200 - "https://idolatekno.com/?sitemap1000.xml" "Mozilla/5.0 AppleWebKit/537.36 (KHTML, like Gecko; compatible; GPTBot/1.3; +https://openai.com/gptbot)"
66.249.70.37 - - [22/Jan/2026:08:23:33 -0500] "GET /?pid=26304226231&channel=biology-southwest-continuing&cate_id=2518&page=https://mail.idolatekno.com/remote.do?q-~159SEGVXwF1WkYGbkjAfYxFR8eH8npeWs8767/ HTTP/1.1" 200 86249 "-" "Mozilla/5.0 (Linux; Android 6.0.1; Nexus 5X Build/MMB29P) AppleWebKit/537.36 (KHTML, like Gecko) Chrome/143.0.7499.192 Mobile Safari/537.36 (compatible; Googlebot/2.1; +http://www.google.com/bot.html)"
74.7.241.58 - - [22/Jan/2026:08:23:35 -0500] "GET /q-~169NL3ai5Nimnbd2PaF5UZAi8rmQcsndm47879/ HTTP/1.1" 200 - "https://idolatekno.com/sitemap1.xml" "Mozilla/5.0 AppleWebKit/537.36 (KHTML, like Gecko; compatible; GPTBot/1.3; +https://openai.com/gptbot)"
74.7.241.58 - - [22/Jan/2026:08:23:38 -0500] "GET /q-~17v5ASi0Y12KkknTs3ApZCfwUsOZyzqQ23577/ HTTP/1.1" 200 - "https://idolatekno.com/sitemap86.xml" "Mozilla/5.0 AppleWebKit/537.36 (KHTML, like Gecko; compatible; GPTBot/1.3; +https://openai.com/gptbot)"
66.249.70.37 - - [22/Jan/2026:08:23:40 -0500] "GET /?pid=26304226231&channel=two-decrease-thank&cate_id=2518&page=https://mail.idolatekno.com/remote.do?q-~118apNmDN4eNHGR8gZnBOS2XKoAXdA80W14228/ HTTP/1.1" 200 86170 "-" "Mozilla/5.0 (Linux; Android 6.0.1; Nexus 5X Build/MMB29P) AppleWebKit/537.36 (KHTML, like Gecko) Chrome/143.0.7499.192 Mobile Safari/537.36 (compatible; Googlebot/2.1; +http://www.google.com/bot.html)"
74.7.241.58 - - [22/Jan/2026:08:23:41 -0500] "GET /q-~40P8u6rFynkwtabZK5iHAAP8Mcrk5WGA36118/ HTTP/1.1" 200 - "https://idolatekno.com/?sitemap1000.xml" "Mozilla/5.0 AppleWebKit/537.36 (KHTML, like Gecko; compatible; GPTBot/1.3; +https://openai.com/gptbot)"
66.249.64.132 - - [22/Jan/2026:08:23:42 -0500] "GET /pcmypage?callback=/product%2Fdetail%2m33929585184 HTTP/1.1" 403 559029 "-" "Mozilla/5.0 (Linux; Android 6.0.1; Nexus 5X Build/MMB29P) AppleWebKit/537.36 (KHTML, like Gecko) Chrome/143.0.7499.192 Mobile Safari/537.36 (compatible; GoogleOther)"
74.7.241.58 - - [22/Jan/2026:08:23:44 -0500] "GET /q-~244XVII5iFtCpMBbeMujL1sv4IxqJ7ipX15630/ HTTP/1.1" 200 - "https://idolatekno.com/?sitemap317.xml" "Mozilla/5.0 AppleWebKit/537.36 (KHTML, like Gecko; compatible; GPTBot/1.3; +https://openai.com/gptbot)"
66.249.64.128 - - [22/Jan/2026:08:23:47 -0500] "GET /pcmypage?callback=/product%2Fdetail%2m34488189737 HTTP/1.1" 403 556142 "-" "Mozilla/5.0 (Linux; Android 6.0.1; Nexus 5X Build/MMB29P) AppleWebKit/537.36 (KHTML, like Gecko) Chrome/143.0.7499.192 Mobile Safari/537.36 (compatible; GoogleOther)"
74.7.241.58 - - [22/Jan/2026:08:23:47 -0500] "GET /q-~225wuMof13WLKD1LMVSjaVDgrR7uh8bgK8349/ HTTP/1.1" 200 - "https://idolatekno.com/pages.php?sitemap849.xml" "Mozilla/5.0 AppleWebKit/537.36 (KHTML, like Gecko; compatible; GPTBot/1.3; +https://openai.com/gptbot)"
66.249.70.36 - - [22/Jan/2026:08:23:48 -0500] "GET /?pid=26304226231&channel=weaken-regularly-scratch&cate_id=2518&page=https://mail.idolatekno.com/remote.do?q-~178VYM7Wx0UTHwmFeUiKjEuIdApIc7vNs42896/ HTTP/1.1" 200 85260 "-" "Mozilla/5.0 (Linux; Android 6.0.1; Nexus 5X Build/MMB29P) AppleWebKit/537.36 (KHTML, like Gecko) Chrome/143.0.7499.192 Mobile Safari/537.36 (compatible; Googlebot/2.1; +http://www.google.com/bot.html)"
74.7.241.58 - - [22/Jan/2026:08:23:51 -0500] "GET /q-~224zAn8ezzm4vIWSKmrkydXOuAvR39dUX19232/ HTTP/1.1" 200 - "https://idolatekno.com/?sitemap317.xml" "Mozilla/5.0 AppleWebKit/537.36 (KHTML, like Gecko; compatible; GPTBot/1.3; +https://openai.com/gptbot)"
74.7.241.58 - - [22/Jan/2026:08:23:54 -0500] "GET /q-~240Wox4FvAwkd8vIxNUuDd54gA1bjWYOn8242/ HTTP/1.1" 200 - "https://idolatekno.com/sitemap785.xml" "Mozilla/5.0 AppleWebKit/537.36 (KHTML, like Gecko; compatible; GPTBot/1.3; +https://openai.com/gptbot)"
66.249.70.36 - - [22/Jan/2026:08:23:55 -0500] "GET /?pid=26304226231&channel=separate-insert-wagon&cate_id=2518&page=https://mail.idolatekno.com/remote.do?items/036003523.htm HTTP/1.1" 200 86949 "-" "Mozilla/5.0 (Linux; Android 6.0.1; Nexus 5X Build/MMB29P) AppleWebKit/537.36 (KHTML, like Gecko) Chrome/143.0.7499.192 Mobile Safari/537.36 (compatible; Googlebot/2.1; +http://www.google.com/bot.html)"
114.119.132.76 - - [22/Jan/2026:08:23:56 -0500] "GET /q-~214ruhz4KbWkZyfaUEPDB1pHBO5fC2WQw30092/ HTTP/1.1" 200 - "https://mail.idolatekno.com/sitemape.xml" "Mozilla/5.0 (Linux; Android 7.0;) AppleWebKit/537.36 (KHTML, like Gecko) Mobile Safari/537.36 (compatible; PetalBot;+https://webmaster.petalsearch.com/site/petalbot)"
74.7.241.58 - - [22/Jan/2026:08:23:57 -0500] "GET /q-~184js2OVe2TnprGXCV1uOVOIdsDf9vCjX43214/ HTTP/1.1" 200 - "https://idolatekno.com/sitemap86.xml" "Mozilla/5.0 AppleWebKit/537.36 (KHTML, like Gecko; compatible; GPTBot/1.3; +https://openai.com/gptbot)"
66.249.64.132 - - [22/Jan/2026:08:23:57 -0500] "GET /?x=2166640003788&channel=107e18&from=https://idolatekno.com/super.py?items/026001477.htm HTTP/1.1" 200 85415 "-" "Mozilla/5.0 (Linux; Android 6.0.1; Nexus 5X Build/MMB29P) AppleWebKit/537.36 (KHTML, like Gecko) Chrome/143.0.7499.192 Mobile Safari/537.36 (compatible; GoogleOther)"
74.7.241.58 - - [22/Jan/2026:08:24:00 -0500] "GET /q-~268sKAUksrgAUNrz1sz5SKuJ5d9KVKEDU40208/ HTTP/1.1" 200 - "https://idolatekno.com/?sitemap305.xml" "Mozilla/5.0 AppleWebKit/537.36 (KHTML, like Gecko; compatible; GPTBot/1.3; +https://openai.com/gptbot)"
74.7.241.58 - - [22/Jan/2026:08:24:03 -0500] "GET /q-~272RqocgmrCS3zyChH4W3reUaPqtWID2s25382/ HTTP/1.1" 200 - "https://idolatekno.com/?sitemap442.xml" "Mozilla/5.0 AppleWebKit/537.36 (KHTML, like Gecko; compatible; GPTBot/1.3; +https://openai.com/gptbot)"
66.249.70.38 - - [22/Jan/2026:08:24:03 -0500] "GET /?pid=26304226231&channel=drinking-Latin-chair&cate_id=2518&page=https://mail.idolatekno.com/remote.do?q-~49FVLbackAHL9ooBmm5kL7ZJrXIR3X4s43553/ HTTP/1.1" 200 85493 "-" "Mozilla/5.0 (Linux; Android 6.0.1; Nexus 5X Build/MMB29P) AppleWebKit/537.36 (KHTML, like Gecko) Chrome/143.0.7499.192 Mobile Safari/537.36 (compatible; Googlebot/2.1; +http://www.google.com/bot.html)"
66.249.64.129 - - [22/Jan/2026:08:24:04 -0500] "GET /?x=2166640003788&channel=107e18&from=https://idolatekno.com/super.py?items/027036876.htm HTTP/1.1" 200 85981 "-" "Mozilla/5.0 (Linux; Android 6.0.1; Nexus 5X Build/MMB29P) AppleWebKit/537.36 (KHTML, like Gecko) Chrome/143.0.7499.192 Mobile Safari/537.36 (compatible; GoogleOther)"
74.7.241.58 - - [22/Jan/2026:08:24:06 -0500] "GET /q-~212q98sMe5StBZMY7OkWHiignaauNkSAS26244/ HTTP/1.1" 200 - "https://idolatekno.com/?sitemap305.xml" "Mozilla/5.0 AppleWebKit/537.36 (KHTML, like Gecko; compatible; GPTBot/1.3; +https://openai.com/gptbot)"
74.7.241.58 - - [22/Jan/2026:08:24:09 -0500] "GET /q-~179MxZ3x1N6P8MKGxeMPrTRpAbtliijKI11535/ HTTP/1.1" 200 - "https://idolatekno.com/?sitemap503.xml" "Mozilla/5.0 AppleWebKit/537.36 (KHTML, like Gecko; compatible; GPTBot/1.3; +https://openai.com/gptbot)"
66.249.70.37 - - [22/Jan/2026:08:24:11 -0500] "GET /?pid=26304226231&channel=cue-lion-wall&cate_id=2518&page=https://mail.idolatekno.com/remote.do?items/017024660.htm HTTP/1.1" 200 86081 "-" "Mozilla/5.0 (Linux; Android 6.0.1; Nexus 5X Build/MMB29P) AppleWebKit/537.36 (KHTML, like Gecko) Chrome/143.0.7499.192 Mobile Safari/537.36 (compatible; Googlebot/2.1; +http://www.google.com/bot.html)"
74.7.241.58 - - [22/Jan/2026:08:24:12 -0500] "GET /q-~224Mck1kEVaugO2gVWt1tTyrPR5A3zFft11862/ HTTP/1.1" 200 - "https://idolatekno.com/sitemap78.xml" "Mozilla/5.0 AppleWebKit/537.36 (KHTML, like Gecko; compatible; GPTBot/1.3; +https://openai.com/gptbot)"
66.249.64.128 - - [22/Jan/2026:08:24:13 -0500] "GET /pcmypage?callback=/product%2Fdetail%2m61037143586 HTTP/1.1" 403 555961 "-" "Mozilla/5.0 (Linux; Android 6.0.1; Nexus 5X Build/MMB29P) AppleWebKit/537.36 (KHTML, like Gecko) Chrome/143.0.7499.192 Mobile Safari/537.36 (compatible; GoogleOther)"
74.7.241.58 - - [22/Jan/2026:08:24:15 -0500] "GET /q-~227OpNYdoakXxnHepC9kAoN4O5c8SnUes35379/ HTTP/1.1" 200 - "https://idolatekno.com/sitemap86.xml" "Mozilla/5.0 AppleWebKit/537.36 (KHTML, like Gecko; compatible; GPTBot/1.3; +https://openai.com/gptbot)"
74.7.241.58 - - [22/Jan/2026:08:24:19 -0500] "GET /q-~240k5Jx0k6GK9KPan3HHPENhxsXQQikyP36346/ HTTP/1.1" 200 - "https://idolatekno.com/sitemap73.xml" "Mozilla/5.0 AppleWebKit/537.36 (KHTML, like Gecko; compatible; GPTBot/1.3; +https://openai.com/gptbot)"
66.249.64.128 - - [22/Jan/2026:08:24:21 -0500] "GET /?x=2166640003788&channel=107e18&from=https://idolatekno.com/super.py?items/245011010.htm HTTP/1.1" 200 85672 "-" "Mozilla/5.0 (Linux; Android 6.0.1; Nexus 5X Build/MMB29P) AppleWebKit/537.36 (KHTML, like Gecko) Chrome/143.0.7499.192 Mobile Safari/537.36 (compatible; GoogleOther)"
74.7.241.58 - - [22/Jan/2026:08:24:22 -0500] "GET /q-~251dFFDXG17qUZxHTU09RAF5jXSnfMvGE24995/ HTTP/1.1" 200 - "https://idolatekno.com/sitemap49.xml" "Mozilla/5.0 AppleWebKit/537.36 (KHTML, like Gecko; compatible; GPTBot/1.3; +https://openai.com/gptbot)"
114.119.130.27 - - [22/Jan/2026:08:24:23 -0500] "GET /q-~214paaqh2afalVL79bglZ2hCdnHSpbaBB12750/ HTTP/1.1" 200 - "https://mail.idolatekno.com/sitemapb.xml" "Mozilla/5.0 (Linux; Android 7.0;) AppleWebKit/537.36 (KHTML, like Gecko) Mobile Safari/537.36 (compatible; PetalBot;+https://webmaster.petalsearch.com/site/petalbot)"
66.249.70.36 - - [22/Jan/2026:08:24:24 -0500] "GET /?pid=26304226231&channel=system-internal-aware&cate_id=2518&page=https://mail.idolatekno.com/remote.do?q-~223D4M9jQYhFOojVBRVNz06NLBSVFtNMw38405/ HTTP/1.1" 200 85661 "-" "Mozilla/5.0 (Linux; Android 6.0.1; Nexus 5X Build/MMB29P) AppleWebKit/537.36 (KHTML, like Gecko) Chrome/143.0.7499.192 Mobile Safari/537.36 (compatible; Googlebot/2.1; +http://www.google.com/bot.html)"
74.7.241.58 - - [22/Jan/2026:08:24:25 -0500] "GET /q-~106kmQA9BvNY9lWZPHqVWFDl9cfqqFz0I37334/ HTTP/1.1" 200 - "https://idolatekno.com/sitemap16.xml" "Mozilla/5.0 AppleWebKit/537.36 (KHTML, like Gecko; compatible; GPTBot/1.3; +https://openai.com/gptbot)"
