66.249.70.33 - - [22/Jan/2026:09:08:09 -0500] "GET /?pid=26304226231&channel=blast-sharply-cover&cate_id=2518&page=https://mail.idolatekno.com/remote.do?q-~169Q1pHbai023YTFGNojIELLdGOVbovKJ34221/ HTTP/1.1" 200 87409 "-" "Mozilla/5.0 (Linux; Android 6.0.1; Nexus 5X Build/MMB29P) AppleWebKit/537.36 (KHTML, like Gecko) Chrome/143.0.7499.192 Mobile Safari/537.36 (compatible; Googlebot/2.1; +http://www.google.com/bot.html)"
74.7.241.58 - - [22/Jan/2026:09:08:10 -0500] "GET /q-~94adPUsA1H5NmsUa75Bw7F1l5PViE88r14128/ HTTP/1.1" 200 - "https://idolatekno.com/?sitemap503.xml" "Mozilla/5.0 AppleWebKit/537.36 (KHTML, like Gecko; compatible; GPTBot/1.3; +https://openai.com/gptbot)"
66.249.70.34 - - [22/Jan/2026:09:08:10 -0500] "GET /?pid=26304226231&channel=quantity-fixed-lightning&cate_id=2518&page=https://mail.idolatekno.com/remote.do?q-~65TcBf2rPJfKNwWbvgunPDDjDrCvscCF47065/ HTTP/1.1" 200 86314 "-" "Mozilla/5.0 (Linux; Android 6.0.1; Nexus 5X Build/MMB29P) AppleWebKit/537.36 (KHTML, like Gecko) Chrome/143.0.7499.192 Mobile Safari/537.36 (compatible; Googlebot/2.1; +http://www.google.com/bot.html)"
114.119.142.126 - - [22/Jan/2026:09:08:12 -0500] "GET /q-~20YuGqmH7WQhUu7xW7oi4m0bMmRnIEnD28386/ HTTP/1.1" 200 - "https://mail.idolatekno.com/sitemapb.xml" "Mozilla/5.0 (Linux; Android 7.0;) AppleWebKit/537.36 (KHTML, like Gecko) Mobile Safari/537.36 (compatible; PetalBot;+https://webmaster.petalsearch.com/site/petalbot)"
74.7.241.58 - - [22/Jan/2026:09:08:13 -0500] "GET /q-~47N6v4fo208Qx1KmOJwD64bqW3wYpNPl12181/ HTTP/1.1" 200 - "https://idolatekno.com/?sitemap1000.xml" "Mozilla/5.0 AppleWebKit/537.36 (KHTML, like Gecko; compatible; GPTBot/1.3; +https://openai.com/gptbot)"
66.249.64.129 - - [22/Jan/2026:09:08:16 -0500] "GET /pcmypage?callback=/product%2Fdetail%2m63014960365 HTTP/1.1" 403 551047 "-" "Mozilla/5.0 (Linux; Android 6.0.1; Nexus 5X Build/MMB29P) AppleWebKit/537.36 (KHTML, like Gecko) Chrome/143.0.7499.192 Mobile Safari/537.36 (compatible; GoogleOther)"
66.249.70.34 - - [22/Jan/2026:09:08:16 -0500] "GET /?pid=26304226231&channel=ha-adjustment-case&cate_id=2518&page=https://mail.idolatekno.com/remote.do?items/227015414.htm HTTP/1.1" 200 85518 "-" "Mozilla/5.0 (Linux; Android 6.0.1; Nexus 5X Build/MMB29P) AppleWebKit/537.36 (KHTML, like Gecko) Chrome/143.0.7499.192 Mobile Safari/537.36 (compatible; Googlebot/2.1; +http://www.google.com/bot.html)"
74.7.241.58 - - [22/Jan/2026:09:08:16 -0500] "GET /q-~22McS95Nx5IAfNLB9nPf4e794sY3qwib16834/ HTTP/1.1" 200 - "https://idolatekno.com/?sitemap1000.xml" "Mozilla/5.0 AppleWebKit/537.36 (KHTML, like Gecko; compatible; GPTBot/1.3; +https://openai.com/gptbot)"
66.249.70.33 - - [22/Jan/2026:09:08:18 -0500] "GET /?pid=26304226231&channel=currently-easily-approve&cate_id=2518&page=https://mail.idolatekno.com/remote.do?q-~203AljfliSrAM0OjEUFLvAvVW6wzvcZWE25703/ HTTP/1.1" 200 85780 "-" "Mozilla/5.0 (Linux; Android 6.0.1; Nexus 5X Build/MMB29P) AppleWebKit/537.36 (KHTML, like Gecko) Chrome/143.0.7499.192 Mobile Safari/537.36 (compatible; Googlebot/2.1; +http://www.google.com/bot.html)"
101.47.178.137 - - [22/Jan/2026:09:08:18 -0500] "GET /2018/08/18/best-cardio-machines-online/?share=google-plus-1 HTTP/1.1" 200 - "-" "Mozilla/5.0 (Linux; Android 13; Pixel 7) AppleWebKit/537.36 (KHTML, like Gecko) Chrome/131.0.0.0 Mobile Safari/537.36"
74.7.241.58 - - [22/Jan/2026:09:08:19 -0500] "GET /q-~18KWEn7Y030otM5Ht4dn52J8HSMKnjfC21242/ HTTP/1.1" 200 - "https://idolatekno.com/?sitemap503.xml" "Mozilla/5.0 AppleWebKit/537.36 (KHTML, like Gecko; compatible; GPTBot/1.3; +https://openai.com/gptbot)"
66.249.64.128 - - [22/Jan/2026:09:08:21 -0500] "GET /?x=2166640003788&channel=107e18&from=https://idolatekno.com/super.py?q-~146lcK96ARptpGHRYVoGtGchGYMhFgIde29364/ HTTP/1.1" 200 85446 "-" "Mozilla/5.0 (Linux; Android 6.0.1; Nexus 5X Build/MMB29P) AppleWebKit/537.36 (KHTML, like Gecko) Chrome/143.0.7499.192 Mobile Safari/537.36 (compatible; GoogleOther)"
74.7.241.58 - - [22/Jan/2026:09:08:22 -0500] "GET /q-~289lM2WN9hGhE5hY58KcwfNm76VH92pap1915/ HTTP/1.1" 200 - "https://idolatekno.com/?sitemap1000.xml" "Mozilla/5.0 AppleWebKit/537.36 (KHTML, like Gecko; compatible; GPTBot/1.3; +https://openai.com/gptbot)"
66.249.70.33 - - [22/Jan/2026:09:08:23 -0500] "GET /?pid=26304226231&channel=discourse-assembly-sail&cate_id=2518&page=https://mail.idolatekno.com/remote.do?q-~3PAld1nJkSCl77jjBNEvQMkxoRbzewZ609/ HTTP/1.1" 200 85628 "-" "Mozilla/5.0 (Linux; Android 6.0.1; Nexus 5X Build/MMB29P) AppleWebKit/537.36 (KHTML, like Gecko) Chrome/143.0.7499.192 Mobile Safari/537.36 (compatible; GoogleOther)"
66.249.70.32 - - [22/Jan/2026:09:08:25 -0500] "GET /?pid=26304226231&channel=regard-officially-storm&cate_id=2518&page=https://mail.idolatekno.com/remote.do?q-~95vs1U3Um0mBE9AOIflCKArRCrUjDiTT28395/ HTTP/1.1" 200 85901 "-" "Mozilla/5.0 (Linux; Android 6.0.1; Nexus 5X Build/MMB29P) AppleWebKit/537.36 (KHTML, like Gecko) Chrome/143.0.7499.192 Mobile Safari/537.36 (compatible; Googlebot/2.1; +http://www.google.com/bot.html)"
74.7.241.58 - - [22/Jan/2026:09:08:26 -0500] "GET /q-~226JjP5VCkhi3i4pS22Kb0MTp48rx2PIn2658/ HTTP/1.1" 200 - "https://idolatekno.com/sitemap21.xml" "Mozilla/5.0 AppleWebKit/537.36 (KHTML, like Gecko; compatible; GPTBot/1.3; +https://openai.com/gptbot)"
74.7.241.58 - - [22/Jan/2026:09:08:29 -0500] "GET /q-~61Dv66ufW778fXz0thlPn5tnbhA90OzX47699/ HTTP/1.1" 200 - "https://idolatekno.com/sitemap49.xml" "Mozilla/5.0 AppleWebKit/537.36 (KHTML, like Gecko; compatible; GPTBot/1.3; +https://openai.com/gptbot)"
66.249.70.33 - - [22/Jan/2026:09:08:30 -0500] "GET /?pid=26304226231&channel=tower-chop-nose&cate_id=2518&page=https://mail.idolatekno.com/remote.do?items/060019317.htm HTTP/1.1" 200 86238 "-" "Mozilla/5.0 (Linux; Android 6.0.1; Nexus 5X Build/MMB29P) AppleWebKit/537.36 (KHTML, like Gecko) Chrome/143.0.7499.192 Mobile Safari/537.36 (compatible; Googlebot/2.1; +http://www.google.com/bot.html)"
74.7.241.58 - - [22/Jan/2026:09:08:32 -0500] "GET /q-~223aSw40u0QZE6gDnUD3XdXZ4tOF7P46Q4567/ HTTP/1.1" 200 - "https://idolatekno.com/?sitemap1000.xml" "Mozilla/5.0 AppleWebKit/537.36 (KHTML, like Gecko; compatible; GPTBot/1.3; +https://openai.com/gptbot)"
66.249.64.128 - - [22/Jan/2026:09:08:33 -0500] "GET /?x=2166640003788&channel=107e18&from=https://idolatekno.com/super.py?items/030037659.htm HTTP/1.1" 200 85464 "-" "Mozilla/5.0 (Linux; Android 6.0.1; Nexus 5X Build/MMB29P) AppleWebKit/537.36 (KHTML, like Gecko) Chrome/143.0.7499.192 Mobile Safari/537.36 (compatible; GoogleOther)"
66.249.70.32 - - [22/Jan/2026:09:08:33 -0500] "GET /?pid=26304226231&channel=golf-yield-country&cate_id=2518&page=https://mail.idolatekno.com/remote.do?q-~42BHtVdPW3wT94GjAcUEZcpQcBpGZGGV35672/ HTTP/1.1" 200 85927 "-" "Mozilla/5.0 (Linux; Android 6.0.1; Nexus 5X Build/MMB29P) AppleWebKit/537.36 (KHTML, like Gecko) Chrome/143.0.7499.192 Mobile Safari/537.36 (compatible; Googlebot/2.1; +http://www.google.com/bot.html)"
66.249.64.128 - - [22/Jan/2026:09:08:35 -0500] "GET /pcmypage?callback=/product%2Fdetail%2m47024939392 HTTP/1.1" 403 556982 "-" "Mozilla/5.0 (Linux; Android 6.0.1; Nexus 5X Build/MMB29P) AppleWebKit/537.36 (KHTML, like Gecko) Chrome/143.0.7499.192 Mobile Safari/537.36 (compatible; GoogleOther)"
74.7.241.58 - - [22/Jan/2026:09:08:35 -0500] "GET /q-~47proeqdQm14C108zEKn0wNlp3lOy11k38765/ HTTP/1.1" 200 - "https://idolatekno.com/sitemap86.xml" "Mozilla/5.0 AppleWebKit/537.36 (KHTML, like Gecko; compatible; GPTBot/1.3; +https://openai.com/gptbot)"
66.249.70.33 - - [22/Jan/2026:09:08:37 -0500] "GET /?pid=26304226231&channel=its-pine-department&cate_id=2518&page=https://mail.idolatekno.com/remote.do?q-~60t4DaRbH8c80bUBpxMbsTdbjyAEAhdC21738/ HTTP/1.1" 200 85803 "-" "Mozilla/5.0 (Linux; Android 6.0.1; Nexus 5X Build/MMB29P) AppleWebKit/537.36 (KHTML, like Gecko) Chrome/143.0.7499.192 Mobile Safari/537.36 (compatible; Googlebot/2.1; +http://www.google.com/bot.html)"
74.7.241.58 - - [22/Jan/2026:09:08:38 -0500] "GET /q-~55L8RelqXfs6VmsZ115b303VWlfKYU1t45281/ HTTP/1.1" 200 - "https://idolatekno.com/sitemap16.xml" "Mozilla/5.0 AppleWebKit/537.36 (KHTML, like Gecko; compatible; GPTBot/1.3; +https://openai.com/gptbot)"
66.249.70.32 - - [22/Jan/2026:09:08:41 -0500] "GET /?pid=26304226231&channel=round-total-part&cate_id=2518&page=https://mail.idolatekno.com/remote.do?items/220000439.htm HTTP/1.1" 200 86097 "-" "Mozilla/5.0 (Linux; Android 6.0.1; Nexus 5X Build/MMB29P) AppleWebKit/537.36 (KHTML, like Gecko) Chrome/143.0.7499.192 Mobile Safari/537.36 (compatible; Googlebot/2.1; +http://www.google.com/bot.html)"
74.7.241.58 - - [22/Jan/2026:09:08:41 -0500] "GET /q-~66HYnQ007s0cBfqTF27g1UDIqIy69nhb25836/ HTTP/1.1" 200 - "https://idolatekno.com/?sitemap317.xml" "Mozilla/5.0 AppleWebKit/537.36 (KHTML, like Gecko; compatible; GPTBot/1.3; +https://openai.com/gptbot)"
114.119.130.167 - - [22/Jan/2026:09:08:42 -0500] "GET /q-~20Xympw6VDcSmdeCN5JWI2aYAMBTIiHQ24672/ HTTP/1.1" 200 - "https://mail.idolatekno.com/sitemape.xml" "Mozilla/5.0 (Linux; Android 7.0;) AppleWebKit/537.36 (KHTML, like Gecko) Mobile Safari/537.36 (compatible; PetalBot;+https://webmaster.petalsearch.com/site/petalbot)"
66.249.70.32 - - [22/Jan/2026:09:08:44 -0500] "GET /?pid=26304226231&channel=mother-channel-counseling&cate_id=2518&page=https://mail.idolatekno.com/remote.do?q-~182z1dWaEXll9AQ3LefGuqdIEkqMAycJT18002/ HTTP/1.1" 200 87087 "-" "Mozilla/5.0 (Linux; Android 6.0.1; Nexus 5X Build/MMB29P) AppleWebKit/537.36 (KHTML, like Gecko) Chrome/143.0.7499.192 Mobile Safari/537.36 (compatible; Googlebot/2.1; +http://www.google.com/bot.html)"
74.7.241.58 - - [22/Jan/2026:09:08:45 -0500] "GET /q-~61ogsPaUu7K22dRu5JW7VXR02Qz17oih27467/ HTTP/1.1" 200 - "https://idolatekno.com/sitemap21.xml" "Mozilla/5.0 AppleWebKit/537.36 (KHTML, like Gecko; compatible; GPTBot/1.3; +https://openai.com/gptbot)"
173.244.156.103 - - [22/Jan/2026:09:08:45 -0500] "GET /q-~15L4e1m8JmawnOcXp3FwtR27zsG6FqDz48565/ HTTP/1.1" 200 - "-" "Mozilla/5.0 (X11; Linux x86_64) AppleWebKit/535.24 (KHTML, like Gecko) Chrome/19.0.1055.1 Safari/535.24"
74.7.241.58 - - [22/Jan/2026:09:08:48 -0500] "GET /q-~75ro1N8M1A8Tzon29D8sQ6UVWHMrh5Wl37991/ HTTP/1.1" 200 - "https://idolatekno.com/?sitemap503.xml" "Mozilla/5.0 AppleWebKit/537.36 (KHTML, like Gecko; compatible; GPTBot/1.3; +https://openai.com/gptbot)"
66.249.70.32 - - [22/Jan/2026:09:08:48 -0500] "GET /?pid=26304226231&channel=herb-happy-disturb&cate_id=2518&page=https://mail.idolatekno.com/remote.do?items/242001193.htm HTTP/1.1" 200 86463 "-" "Mozilla/5.0 (Linux; Android 6.0.1; Nexus 5X Build/MMB29P) AppleWebKit/537.36 (KHTML, like Gecko) Chrome/143.0.7499.192 Mobile Safari/537.36 (compatible; Googlebot/2.1; +http://www.google.com/bot.html)"
66.249.64.129 - - [22/Jan/2026:09:08:49 -0500] "GET /q-~177qEpaBczGSqV8YmNoVrVqon4KN1pX2A24107/ HTTP/1.1" 200 85550 "-" "Mozilla/5.0 (Linux; Android 6.0.1; Nexus 5X Build/MMB29P) AppleWebKit/537.36 (KHTML, like Gecko) Chrome/143.0.7499.192 Mobile Safari/537.36 (compatible; GoogleOther)"
2a03:2880:f80e:3c:: - - [22/Jan/2026:09:08:51 -0500] "GET /m/breat20448257?id=464515 HTTP/1.1" 200 - "-" "meta-externalagent/1.1 (+https://developers.facebook.com/docs/sharing/webmasters/crawler)"
74.7.241.58 - - [22/Jan/2026:09:08:51 -0500] "GET /q-~282Nr9zt1SFa3MCKUM0J8g2QatbKb833U5404/ HTTP/1.1" 200 - "https://idolatekno.com/sitemap14.xml" "Mozilla/5.0 AppleWebKit/537.36 (KHTML, like Gecko; compatible; GPTBot/1.3; +https://openai.com/gptbot)"
66.249.70.35 - - [22/Jan/2026:09:08:51 -0500] "GET /?pid=26304226231&channel=baseball-corner-punishment&cate_id=2518&page=https://mail.idolatekno.com/remote.do?q-~293DVx06fojUJHLHssOsc1jGQDEQDnwww19759/ HTTP/1.1" 200 85799 "-" "Mozilla/5.0 (Linux; Android 6.0.1; Nexus 5X Build/MMB29P) AppleWebKit/537.36 (KHTML, like Gecko) Chrome/143.0.7499.192 Mobile Safari/537.36 (compatible; Googlebot/2.1; +http://www.google.com/bot.html)"
66.249.64.129 - - [22/Jan/2026:09:08:51 -0500] "GET /q-~8KTSOuHzFU5nuKTwIGSP34uuw5n1XtR37888/ HTTP/1.1" 200 85283 "-" "Mozilla/5.0 (Linux; Android 6.0.1; Nexus 5X Build/MMB29P) AppleWebKit/537.36 (KHTML, like Gecko) Chrome/143.0.7499.192 Mobile Safari/537.36 (compatible; GoogleOther)"
74.7.241.58 - - [22/Jan/2026:09:08:54 -0500] "GET /q-~73QbCiyF7rfZdi9L3d7b043Cc4X9HDZW12935/ HTTP/1.1" 200 - "https://idolatekno.com/?sitemap442.xml" "Mozilla/5.0 AppleWebKit/537.36 (KHTML, like Gecko; compatible; GPTBot/1.3; +https://openai.com/gptbot)"
66.249.70.33 - - [22/Jan/2026:09:08:56 -0500] "GET /?pid=26304226231&channel=conversation-creature-tragedy&cate_id=2518&page=https://mail.idolatekno.com/remote.do?q-~278Xr9vhrW8T5YZ8C4zmczWNzixwnESbB22404/ HTTP/1.1" 200 85883 "-" "Mozilla/5.0 (Linux; Android 6.0.1; Nexus 5X Build/MMB29P) AppleWebKit/537.36 (KHTML, like Gecko) Chrome/143.0.7499.192 Mobile Safari/537.36 (compatible; Googlebot/2.1; +http://www.google.com/bot.html)"
74.7.241.58 - - [22/Jan/2026:09:08:57 -0500] "GET /q-~165EjkKF77u795QkvrdX1yAXC5F4q8lhc7451/ HTTP/1.1" 200 - "https://idolatekno.com/?sitemap503.xml" "Mozilla/5.0 AppleWebKit/537.36 (KHTML, like Gecko; compatible; GPTBot/1.3; +https://openai.com/gptbot)"
66.249.70.32 - - [22/Jan/2026:09:08:58 -0500] "GET /?pid=26304226231&channel=neat-dress-accessible&cate_id=2518&page=https://mail.idolatekno.com/remote.do?q-~44ScXlxUl4g0mVUEZaa8DT0719lfQ6FD30042/ HTTP/1.1" 200 86256 "-" "Mozilla/5.0 (Linux; Android 6.0.1; Nexus 5X Build/MMB29P) AppleWebKit/537.36 (KHTML, like Gecko) Chrome/143.0.7499.192 Mobile Safari/537.36 (compatible; Googlebot/2.1; +http://www.google.com/bot.html)"
74.7.241.58 - - [22/Jan/2026:09:09:00 -0500] "GET /q-~89qr94ff1dX3PUwDC1ipu420UVXrL7HT37641/ HTTP/1.1" 200 - "https://idolatekno.com/sitemap63.xml" "Mozilla/5.0 AppleWebKit/537.36 (KHTML, like Gecko; compatible; GPTBot/1.3; +https://openai.com/gptbot)"
74.7.241.58 - - [22/Jan/2026:09:09:03 -0500] "GET /q-~71DNEe5ZYzY5ik7n9kIuF91f1Y8IaQ0D26761/ HTTP/1.1" 200 - "https://idolatekno.com/sitemap1.xml" "Mozilla/5.0 AppleWebKit/537.36 (KHTML, like Gecko; compatible; GPTBot/1.3; +https://openai.com/gptbot)"
66.249.70.34 - - [22/Jan/2026:09:09:03 -0500] "GET /?pid=26304226231&channel=king-regular-jet&cate_id=2518&page=https://mail.idolatekno.com/remote.do?q-~27gRg6epGVpxcHWcIVk8YhfqsQoC1p0b16023/ HTTP/1.1" 200 86103 "-" "Mozilla/5.0 (Linux; Android 6.0.1; Nexus 5X Build/MMB29P) AppleWebKit/537.36 (KHTML, like Gecko) Chrome/143.0.7499.192 Mobile Safari/537.36 (compatible; Googlebot/2.1; +http://www.google.com/bot.html)"
66.249.64.128 - - [22/Jan/2026:09:09:04 -0500] "GET /?u=2699771933667&channel=132e36&from=https://idolatekno.com/remote.aspx?items/259047470.htm HTTP/1.1" 200 85856 "-" "Mozilla/5.0 (Linux; Android 6.0.1; Nexus 5X Build/MMB29P) AppleWebKit/537.36 (KHTML, like Gecko) Chrome/143.0.7499.192 Mobile Safari/537.36 (compatible; GoogleOther)"
66.249.70.33 - - [22/Jan/2026:09:09:05 -0500] "GET /?pid=26304226231&channel=duty-corn-speaker&cate_id=2518&page=https://mail.idolatekno.com/remote.do?items/279013012.htm HTTP/1.1" 200 85723 "-" "Mozilla/5.0 (Linux; Android 6.0.1; Nexus 5X Build/MMB29P) AppleWebKit/537.36 (KHTML, like Gecko) Chrome/143.0.7499.192 Mobile Safari/537.36 (compatible; Googlebot/2.1; +http://www.google.com/bot.html)"
74.7.241.58 - - [22/Jan/2026:09:09:06 -0500] "GET /q-~34PGf02FW6M1AX5PbP3ELj6VwfXV49BI22330/ HTTP/1.1" 200 - "https://idolatekno.com/sitemap785.xml" "Mozilla/5.0 AppleWebKit/537.36 (KHTML, like Gecko; compatible; GPTBot/1.3; +https://openai.com/gptbot)"
66.249.64.129 - - [22/Jan/2026:09:09:07 -0500] "GET /?u=2699771933667&channel=132e36&from=https://idolatekno.com/remote.aspx?items/247015328.htm HTTP/1.1" 200 86255 "-" "Mozilla/5.0 (Linux; Android 6.0.1; Nexus 5X Build/MMB29P) AppleWebKit/537.36 (KHTML, like Gecko) Chrome/143.0.7499.192 Mobile Safari/537.36 (compatible; GoogleOther)"
114.119.133.190 - - [22/Jan/2026:09:09:08 -0500] "GET /q-~20XKSKnZ9ulGihghU4fZQ2LCTCIGKr6A16814/ HTTP/1.1" 200 - "https://mail.idolatekno.com/sitemapc.xml" "Mozilla/5.0 (Linux; Android 7.0;) AppleWebKit/537.36 (KHTML, like Gecko) Mobile Safari/537.36 (compatible; PetalBot;+https://webmaster.petalsearch.com/site/petalbot)"
74.7.241.58 - - [22/Jan/2026:09:09:10 -0500] "GET /q-~28lU0PIQn744rN3S4WTXgy7lI4H6pNpZ12592/ HTTP/1.1" 200 - "https://idolatekno.com/sitemap1.xml" "Mozilla/5.0 AppleWebKit/537.36 (KHTML, like Gecko; compatible; GPTBot/1.3; +https://openai.com/gptbot)"
66.249.70.33 - - [22/Jan/2026:09:09:12 -0500] "GET /?pid=26304226231&channel=suspicious-colorful-accounting&cate_id=2518&page=https://mail.idolatekno.com/remote.do?items/251049268.htm HTTP/1.1" 200 85844 "-" "Mozilla/5.0 (Linux; Android 6.0.1; Nexus 5X Build/MMB29P) AppleWebKit/537.36 (KHTML, like Gecko) Chrome/143.0.7499.192 Mobile Safari/537.36 (compatible; Googlebot/2.1; +http://www.google.com/bot.html)"
66.249.70.32 - - [22/Jan/2026:09:09:12 -0500] "GET /?pid=26304226231&channel=outer-listener-lend&cate_id=2518&page=https://mail.idolatekno.com/remote.do?items/279013018.htm HTTP/1.1" 200 86954 "-" "Mozilla/5.0 (Linux; Android 6.0.1; Nexus 5X Build/MMB29P) AppleWebKit/537.36 (KHTML, like Gecko) Chrome/143.0.7499.192 Mobile Safari/537.36 (compatible; Googlebot/2.1; +http://www.google.com/bot.html)"
74.7.241.58 - - [22/Jan/2026:09:09:13 -0500] "GET /q-~94P6ifvTSSJ9m07Z47a3KLvpk0Rko7YF37664/ HTTP/1.1" 200 - "https://idolatekno.com/?sitemap1000.xml" "Mozilla/5.0 AppleWebKit/537.36 (KHTML, like Gecko; compatible; GPTBot/1.3; +https://openai.com/gptbot)"
74.7.241.58 - - [22/Jan/2026:09:09:16 -0500] "GET /q-~14w8k5lA5x4Zfy6wNsol61XW4iVh8NGm16442/ HTTP/1.1" 200 - "https://idolatekno.com/?sitemap1000.xml" "Mozilla/5.0 AppleWebKit/537.36 (KHTML, like Gecko; compatible; GPTBot/1.3; +https://openai.com/gptbot)"
2a03:2880:f80e:3b:: - - [22/Jan/2026:09:09:16 -0500] "GET /m/devot11198400?id=1214658 HTTP/1.1" 200 - "-" "meta-externalagent/1.1 (+https://developers.facebook.com/docs/sharing/webmasters/crawler)"
66.249.64.128 - - [22/Jan/2026:09:09:18 -0500] "GET /q-~68UGYuNL8HPG6F4pcrvYp648vyY1rmyz41588/ HTTP/1.1" 200 86406 "-" "Mozilla/5.0 (Linux; Android 6.0.1; Nexus 5X Build/MMB29P) AppleWebKit/537.36 (KHTML, like Gecko) Chrome/143.0.7499.192 Mobile Safari/537.36 (compatible; GoogleOther)"
66.249.70.32 - - [22/Jan/2026:09:09:19 -0500] "GET /?pid=26304226231&channel=restrict-state-quick&cate_id=2518&page=https://mail.idolatekno.com/remote.do?q-~37lujGOpwylp9KpNL2cFbT1ShquHmi3b8505/ HTTP/1.1" 200 85831 "-" "Mozilla/5.0 (Linux; Android 6.0.1; Nexus 5X Build/MMB29P) AppleWebKit/537.36 (KHTML, like Gecko) Chrome/143.0.7499.192 Mobile Safari/537.36 (compatible; Googlebot/2.1; +http://www.google.com/bot.html)"
74.7.241.58 - - [22/Jan/2026:09:09:19 -0500] "GET /q-~65tOYkG0KQPoKz77FJ1e1PXY0R687KFj45273/ HTTP/1.1" 200 - "https://idolatekno.com/?sitemap317.xml" "Mozilla/5.0 AppleWebKit/537.36 (KHTML, like Gecko; compatible; GPTBot/1.3; +https://openai.com/gptbot)"
66.249.70.33 - - [22/Jan/2026:09:09:20 -0500] "GET /?pid=26304226231&channel=cancer-moreover-empire&cate_id=2518&page=https://mail.idolatekno.com/remote.do?items/105037522.htm HTTP/1.1" 200 85993 "-" "Mozilla/5.0 (Linux; Android 6.0.1; Nexus 5X Build/MMB29P) AppleWebKit/537.36 (KHTML, like Gecko) Chrome/143.0.7499.192 Mobile Safari/537.36 (compatible; Googlebot/2.1; +http://www.google.com/bot.html)"
74.7.241.58 - - [22/Jan/2026:09:09:23 -0500] "GET /q-~76VNm4rOY90dOIA2q647bbu3q5LdmqzT11216/ HTTP/1.1" 200 - "https://idolatekno.com/?sitemap1000.xml" "Mozilla/5.0 AppleWebKit/537.36 (KHTML, like Gecko; compatible; GPTBot/1.3; +https://openai.com/gptbot)"
66.249.64.128 - - [22/Jan/2026:09:09:24 -0500] "GET /pcmypage?callback=/product%2Fdetail%2m27294430820 HTTP/1.1" 403 557318 "-" "Mozilla/5.0 (Linux; Android 6.0.1; Nexus 5X Build/MMB29P) AppleWebKit/537.36 (KHTML, like Gecko) Chrome/143.0.7499.192 Mobile Safari/537.36 (compatible; GoogleOther)"
74.7.241.58 - - [22/Jan/2026:09:09:26 -0500] "GET /q-~30VXW6I7ficqD3VJZ8u2cAmo47x51Pej33234/ HTTP/1.1" 200 - "https://idolatekno.com/?sitemap503.xml" "Mozilla/5.0 AppleWebKit/537.36 (KHTML, like Gecko; compatible; GPTBot/1.3; +https://openai.com/gptbot)"
66.249.70.32 - - [22/Jan/2026:09:09:26 -0500] "GET /?pid=26304226231&channel=invisible-swim-availability&cate_id=2518&page=https://mail.idolatekno.com/remote.do?items/191019940.htm HTTP/1.1" 200 86765 "-" "Mozilla/5.0 (Linux; Android 6.0.1; Nexus 5X Build/MMB29P) AppleWebKit/537.36 (KHTML, like Gecko) Chrome/143.0.7499.192 Mobile Safari/537.36 (compatible; Googlebot/2.1; +http://www.google.com/bot.html)"
66.249.70.33 - - [22/Jan/2026:09:09:27 -0500] "GET /?pid=26304226231&channel=racial-icon-sweat&cate_id=2518&page=https://mail.idolatekno.com/remote.do?items/003025496.htm HTTP/1.1" 200 86292 "-" "Mozilla/5.0 (Linux; Android 6.0.1; Nexus 5X Build/MMB29P) AppleWebKit/537.36 (KHTML, like Gecko) Chrome/143.0.7499.192 Mobile Safari/537.36 (compatible; Googlebot/2.1; +http://www.google.com/bot.html)"
74.7.241.58 - - [22/Jan/2026:09:09:29 -0500] "GET /q-~183aSw40u0QZE6gDnUD3XdXZ4tOF7P46Q4607/ HTTP/1.1" 200 - "https://idolatekno.com/sitemap14.xml" "Mozilla/5.0 AppleWebKit/537.36 (KHTML, like Gecko; compatible; GPTBot/1.3; +https://openai.com/gptbot)"
74.7.241.58 - - [22/Jan/2026:09:09:32 -0500] "GET /q-~74I7qF85hKUzbc8nOdXVq598Puc26BBJ15398/ HTTP/1.1" 200 - "https://idolatekno.com/?sitemap317.xml" "Mozilla/5.0 AppleWebKit/537.36 (KHTML, like Gecko; compatible; GPTBot/1.3; +https://openai.com/gptbot)"
66.249.64.129 - - [22/Jan/2026:09:09:33 -0500] "GET /q-~201g1ckekX6jYAOyPNdukNdZQgZbAdV9I19967/ HTTP/1.1" 200 87064 "-" "Mozilla/5.0 (Linux; Android 6.0.1; Nexus 5X Build/MMB29P) AppleWebKit/537.36 (KHTML, like Gecko) Chrome/143.0.7499.192 Mobile Safari/537.36 (compatible; GoogleOther)"
66.249.70.33 - - [22/Jan/2026:09:09:34 -0500] "GET /?pid=26304226231&channel=staff-consent-sexually&cate_id=2518&page=https://mail.idolatekno.com/remote.do?items/231014696.htm HTTP/1.1" 200 85560 "-" "Mozilla/5.0 (Linux; Android 6.0.1; Nexus 5X Build/MMB29P) AppleWebKit/537.36 (KHTML, like Gecko) Chrome/143.0.7499.192 Mobile Safari/537.36 (compatible; Googlebot/2.1; +http://www.google.com/bot.html)"
66.249.70.33 - - [22/Jan/2026:09:09:34 -0500] "GET /?pid=26304226231&channel=safety-destination-devil&cate_id=2518&page=https://mail.idolatekno.com/remote.do?items/017003890.htm HTTP/1.1" 200 85694 "-" "Mozilla/5.0 (Linux; Android 6.0.1; Nexus 5X Build/MMB29P) AppleWebKit/537.36 (KHTML, like Gecko) Chrome/143.0.7499.192 Mobile Safari/537.36 (compatible; Googlebot/2.1; +http://www.google.com/bot.html)"
74.7.241.58 - - [22/Jan/2026:09:09:35 -0500] "GET /q-~57UyIu4Q56o3IA7m94SvOh4xkP8SYSzi17833/ HTTP/1.1" 200 - "https://idolatekno.com/sitemap14.xml" "Mozilla/5.0 AppleWebKit/537.36 (KHTML, like Gecko; compatible; GPTBot/1.3; +https://openai.com/gptbot)"
114.119.130.27 - - [22/Jan/2026:09:09:37 -0500] "GET /q-~20U58PLpqDXtHDUIpqvUEidKbC5nVB2f34420/ HTTP/1.1" 200 - "https://mail.idolatekno.com/sitemapd.xml" "Mozilla/5.0 (Linux; Android 7.0;) AppleWebKit/537.36 (KHTML, like Gecko) Mobile Safari/537.36 (compatible; PetalBot;+https://webmaster.petalsearch.com/site/petalbot)"
74.7.241.58 - - [22/Jan/2026:09:09:39 -0500] "GET /q-~146VZMqm6fpU48jvvN1d8XnwV1385GKyO7158/ HTTP/1.1" 200 - "https://idolatekno.com/sitemap63.xml" "Mozilla/5.0 AppleWebKit/537.36 (KHTML, like Gecko; compatible; GPTBot/1.3; +https://openai.com/gptbot)"
2a03:2880:f80e:63:: - - [22/Jan/2026:09:09:40 -0500] "GET /m/drab20367833?id=384091 HTTP/1.1" 200 - "-" "meta-externalagent/1.1 (+https://developers.facebook.com/docs/sharing/webmasters/crawler)"
66.249.70.33 - - [22/Jan/2026:09:09:41 -0500] "GET /?pid=26304226231&channel=wing-extraordinary-visual&cate_id=2518&page=https://mail.idolatekno.com/remote.do?items/126037703.htm HTTP/1.1" 200 85582 "-" "Mozilla/5.0 (Linux; Android 6.0.1; Nexus 5X Build/MMB29P) AppleWebKit/537.36 (KHTML, like Gecko) Chrome/143.0.7499.192 Mobile Safari/537.36 (compatible; Googlebot/2.1; +http://www.google.com/bot.html)"
66.249.64.129 - - [22/Jan/2026:09:09:41 -0500] "GET /?x=2166640003788&channel=107e18&from=https://idolatekno.com/super.py?items/219045120.htm HTTP/1.1" 200 86322 "-" "Mozilla/5.0 (Linux; Android 6.0.1; Nexus 5X Build/MMB29P) AppleWebKit/537.36 (KHTML, like Gecko) Chrome/143.0.7499.192 Mobile Safari/537.36 (compatible; GoogleOther)"
66.249.70.35 - - [22/Jan/2026:09:09:42 -0500] "GET /?pid=26304226231&channel=mathematics-set-dare&cate_id=2518&page=https://mail.idolatekno.com/remote.do?q-~207lA9Z4VH1o34kkvWlAQorWeri7s2Mak48449/ HTTP/1.1" 200 86081 "-" "Mozilla/5.0 (Linux; Android 6.0.1; Nexus 5X Build/MMB29P) AppleWebKit/537.36 (KHTML, like Gecko) Chrome/143.0.7499.192 Mobile Safari/537.36 (compatible; Googlebot/2.1; +http://www.google.com/bot.html)"
74.7.241.58 - - [22/Jan/2026:09:09:42 -0500] "GET /q-~171B51d6M0GxEbQEv0W51xb2uWomJZ3sG6421/ HTTP/1.1" 200 - "https://idolatekno.com/?sitemap503.xml" "Mozilla/5.0 AppleWebKit/537.36 (KHTML, like Gecko; compatible; GPTBot/1.3; +https://openai.com/gptbot)"
201.77.3.13 - - [22/Jan/2026:09:09:42 -0500] "GET /q-~171srp3wmNOHXnuxhnY89ZEZGgThrzgxP20687/ HTTP/1.1" 200 - "-" "Mozilla/5.0 (Windows NT 6.1; rv:2.0b6pre) Gecko/20100903 Firefox/4.0b6pre Firefox/4.0b6pre"
74.7.241.58 - - [22/Jan/2026:09:09:45 -0500] "GET /q-~94bMy5ZdVz2qBALem28U36IGVDk58I7j22560/ HTTP/1.1" 200 - "https://idolatekno.com/sitemap27.xml" "Mozilla/5.0 AppleWebKit/537.36 (KHTML, like Gecko; compatible; GPTBot/1.3; +https://openai.com/gptbot)"
66.249.64.129 - - [22/Jan/2026:09:09:47 -0500] "GET /q-~160ajyRitN1xXYA4HQKi3RGt7VKQGJSXo15810/ HTTP/1.1" 200 85691 "-" "Mozilla/5.0 (Linux; Android 6.0.1; Nexus 5X Build/MMB29P) AppleWebKit/537.36 (KHTML, like Gecko) Chrome/143.0.7499.192 Mobile Safari/537.36 (compatible; GoogleOther)"
66.249.70.33 - - [22/Jan/2026:09:09:48 -0500] "GET /?pid=26304226231&channel=boyfriend-challenge-harsh&cate_id=2518&page=https://mail.idolatekno.com/remote.do?q-~291QfoNUQd64PQRY5h7pCTTCjKGrskvFF35037/ HTTP/1.1" 200 86194 "-" "Mozilla/5.0 (Linux; Android 6.0.1; Nexus 5X Build/MMB29P) AppleWebKit/537.36 (KHTML, like Gecko) Chrome/143.0.7499.192 Mobile Safari/537.36 (compatible; Googlebot/2.1; +http://www.google.com/bot.html)"
74.7.241.58 - - [22/Jan/2026:09:09:48 -0500] "GET /q-~240JFC4F1x6oq6h0RP68IXtl9mpDq3xaX1754/ HTTP/1.1" 200 - "https://idolatekno.com/sitemap1.xml" "Mozilla/5.0 AppleWebKit/537.36 (KHTML, like Gecko; compatible; GPTBot/1.3; +https://openai.com/gptbot)"
66.249.70.33 - - [22/Jan/2026:09:09:49 -0500] "GET /?pid=26304226231&channel=gay-reporting-blade&cate_id=2518&page=https://mail.idolatekno.com/remote.do?items/296000793.htm HTTP/1.1" 200 86352 "-" "Mozilla/5.0 (Linux; Android 6.0.1; Nexus 5X Build/MMB29P) AppleWebKit/537.36 (KHTML, like Gecko) Chrome/143.0.7499.192 Mobile Safari/537.36 (compatible; Googlebot/2.1; +http://www.google.com/bot.html)"
74.7.241.58 - - [22/Jan/2026:09:09:51 -0500] "GET /q-~266eMu95vhOUFH9NxM5T3Q6aQGV2J9N1l8874/ HTTP/1.1" 200 - "https://idolatekno.com/sitemap21.xml" "Mozilla/5.0 AppleWebKit/537.36 (KHTML, like Gecko; compatible; GPTBot/1.3; +https://openai.com/gptbot)"
74.7.241.58 - - [22/Jan/2026:09:09:54 -0500] "GET /q-~58f2RHAF30MO9FfTYZ4b54ant4cxt6zq16504/ HTTP/1.1" 200 - "https://idolatekno.com/?sitemap317.xml" "Mozilla/5.0 AppleWebKit/537.36 (KHTML, like Gecko; compatible; GPTBot/1.3; +https://openai.com/gptbot)"
66.249.70.36 - - [22/Jan/2026:09:09:55 -0500] "GET /?pid=26304226231&channel=spin-holiday-murder&cate_id=2518&page=https://mail.idolatekno.com/remote.do?q-~291UR97MFlkoatJ11JuiSfAnIQHexKeig35043/ HTTP/1.1" 200 86597 "-" "Mozilla/5.0 (Linux; Android 6.0.1; Nexus 5X Build/MMB29P) AppleWebKit/537.36 (KHTML, like Gecko) Chrome/143.0.7499.192 Mobile Safari/537.36 (compatible; Googlebot/2.1; +http://www.google.com/bot.html)"
66.249.70.32 - - [22/Jan/2026:09:09:56 -0500] "GET /q-~244AbeNMFrVhEUi0GU3FR0o1l3tAolDgI5882/ HTTP/1.1" 200 86464 "-" "Mozilla/5.0 (Linux; Android 6.0.1; Nexus 5X Build/MMB29P) AppleWebKit/537.36 (KHTML, like Gecko) Chrome/143.0.7499.192 Mobile Safari/537.36 (compatible; Googlebot/2.1; +http://www.google.com/bot.html)"
66.249.70.33 - - [22/Jan/2026:09:09:57 -0500] "GET /?pid=26304226231&channel=one-response-thinking&cate_id=2518&page=https://mail.idolatekno.com/remote.do?q-~95iwU18zVjzqgG0e2FlTxF1B8DGilbhX22445/ HTTP/1.1" 200 85586 "-" "Mozilla/5.0 (Linux; Android 6.0.1; Nexus 5X Build/MMB29P) AppleWebKit/537.36 (KHTML, like Gecko) Chrome/143.0.7499.192 Mobile Safari/537.36 (compatible; Googlebot/2.1; +http://www.google.com/bot.html)"
74.7.241.58 - - [22/Jan/2026:09:09:57 -0500] "GET /q-~40XQVV649rL8H7Srsg41caQBh3HT6euX25336/ HTTP/1.1" 200 - "https://idolatekno.com/?sitemap317.xml" "Mozilla/5.0 AppleWebKit/537.36 (KHTML, like Gecko; compatible; GPTBot/1.3; +https://openai.com/gptbot)"
66.249.64.130 - - [22/Jan/2026:09:09:58 -0500] "GET /pcmypage?callback=/product%2Fdetail%2m83557641588 HTTP/1.1" 403 555783 "-" "Mozilla/5.0 (Linux; Android 6.0.1; Nexus 5X Build/MMB29P) AppleWebKit/537.36 (KHTML, like Gecko) Chrome/143.0.7499.192 Mobile Safari/537.36 (compatible; GoogleOther)"
74.7.241.58 - - [22/Jan/2026:09:10:01 -0500] "GET /q-~180J981LLjsK7LzlWWYT1qIr3Rq8QN41c1036/ HTTP/1.1" 200 - "https://idolatekno.com/?sitemap503.xml" "Mozilla/5.0 AppleWebKit/537.36 (KHTML, like Gecko; compatible; GPTBot/1.3; +https://openai.com/gptbot)"
66.249.64.128 - - [22/Jan/2026:09:10:01 -0500] "GET /?x=2166640003788&channel=107e18&from=https://idolatekno.com/super.py?items/231034640.htm HTTP/1.1" 200 85713 "-" "Mozilla/5.0 (Linux; Android 6.0.1; Nexus 5X Build/MMB29P) AppleWebKit/537.36 (KHTML, like Gecko) Chrome/143.0.7499.192 Mobile Safari/537.36 (compatible; GoogleOther)"
74.7.241.58 - - [22/Jan/2026:09:10:04 -0500] "GET /q-~280fb1KrX4i2835dun5pzSRmN8IR0Cqiu9054/ HTTP/1.1" 200 - "https://idolatekno.com/?sitemap317.xml" "Mozilla/5.0 AppleWebKit/537.36 (KHTML, like Gecko; compatible; GPTBot/1.3; +https://openai.com/gptbot)"
114.119.132.76 - - [22/Jan/2026:09:10:04 -0500] "GET /q-~20SrIKJj23nuANdX3I4UvtCm6OCR08Ep23240/ HTTP/1.1" 200 - "https://mail.idolatekno.com/sitemapc.xml" "Mozilla/5.0 (Linux; Android 7.0;) AppleWebKit/537.36 (KHTML, like Gecko) Mobile Safari/537.36 (compatible; PetalBot;+https://webmaster.petalsearch.com/site/petalbot)"
66.249.70.32 - - [22/Jan/2026:09:10:03 -0500] "GET /?pid=26304226231&channel=inherent-mix-liberty&cate_id=2518&page=https://mail.idolatekno.com/remote.do?q-~27P9M9apqStQPBcPkpcZD9hWVgqeXlTj32053/ HTTP/1.1" 200 86612 "-" "Mozilla/5.0 (Linux; Android 6.0.1; Nexus 5X Build/MMB29P) AppleWebKit/537.36 (KHTML, like Gecko) Chrome/143.0.7499.192 Mobile Safari/537.36 (compatible; Googlebot/2.1; +http://www.google.com/bot.html)"
66.249.70.33 - - [22/Jan/2026:09:10:04 -0500] "GET /?pid=26304226231&channel=popularity-advanced-reward&cate_id=2518&page=https://mail.idolatekno.com/remote.do?items/066034233.htm HTTP/1.1" 200 85304 "-" "Mozilla/5.0 (Linux; Android 6.0.1; Nexus 5X Build/MMB29P) AppleWebKit/537.36 (KHTML, like Gecko) Chrome/143.0.7499.192 Mobile Safari/537.36 (compatible; Googlebot/2.1; +http://www.google.com/bot.html)"
74.7.241.58 - - [22/Jan/2026:09:10:07 -0500] "GET /q-~29HYnQ007s0cBfqTF27g1UDIqIy69nhb25873/ HTTP/1.1" 200 - "https://idolatekno.com/?sitemap442.xml" "Mozilla/5.0 AppleWebKit/537.36 (KHTML, like Gecko; compatible; GPTBot/1.3; +https://openai.com/gptbot)"
74.7.241.58 - - [22/Jan/2026:09:10:10 -0500] "GET /q-~26v2QRCVji47wzw1u9l11pqbZxD9st3B34282/ HTTP/1.1" 200 - "https://idolatekno.com/sitemap14.xml" "Mozilla/5.0 AppleWebKit/537.36 (KHTML, like Gecko; compatible; GPTBot/1.3; +https://openai.com/gptbot)"
66.249.70.34 - - [22/Jan/2026:09:10:11 -0500] "GET /?pid=26304226231&channel=constant-disagree-legislation&cate_id=2518&page=https://mail.idolatekno.com/remote.do?items/079004632.htm HTTP/1.1" 200 85486 "-" "Mozilla/5.0 (Linux; Android 6.0.1; Nexus 5X Build/MMB29P) AppleWebKit/537.36 (KHTML, like Gecko) Chrome/143.0.7499.192 Mobile Safari/537.36 (compatible; Googlebot/2.1; +http://www.google.com/bot.html)"
66.249.70.34 - - [22/Jan/2026:09:10:12 -0500] "GET /?pid=26304226231&channel=prisoner-there-admit&cate_id=2518&page=https://mail.idolatekno.com/remote.do?q-~77DUVBNjbZtjWnYdEaay0r0oO3oTaMzv14071/ HTTP/1.1" 200 86408 "-" "Mozilla/5.0 (Linux; Android 6.0.1; Nexus 5X Build/MMB29P) AppleWebKit/537.36 (KHTML, like Gecko) Chrome/143.0.7499.192 Mobile Safari/537.36 (compatible; Googlebot/2.1; +http://www.google.com/bot.html)"
74.7.241.58 - - [22/Jan/2026:09:10:13 -0500] "GET /q-~134qV56R3Vs92dAVR45MBAnmXR2Bxn8UD6048/ HTTP/1.1" 200 - "https://idolatekno.com/?sitemap442.xml" "Mozilla/5.0 AppleWebKit/537.36 (KHTML, like Gecko; compatible; GPTBot/1.3; +https://openai.com/gptbot)"
66.249.64.128 - - [22/Jan/2026:09:10:15 -0500] "GET /pcmypage?callback=/product%2Fdetail%2m12034245424 HTTP/1.1" 403 552567 "-" "Mozilla/5.0 (Linux; Android 6.0.1; Nexus 5X Build/MMB29P) AppleWebKit/537.36 (KHTML, like Gecko) Chrome/143.0.7499.192 Mobile Safari/537.36 (compatible; GoogleOther)"
74.7.241.58 - - [22/Jan/2026:09:10:17 -0500] "GET /q-~47hlNU74J2TfQrf1K2b88Qrq0GGwcL8w19561/ HTTP/1.1" 200 - "https://idolatekno.com/sitemap86.xml" "Mozilla/5.0 AppleWebKit/537.36 (KHTML, like Gecko; compatible; GPTBot/1.3; +https://openai.com/gptbot)"
66.249.64.128 - - [22/Jan/2026:09:10:18 -0500] "GET /q-~294TdOekz17vrkZs4tASq57Efs5CtfhMZ5868/ HTTP/1.1" 200 87034 "-" "Mozilla/5.0 (Linux; Android 6.0.1; Nexus 5X Build/MMB29P) AppleWebKit/537.36 (KHTML, like Gecko) Chrome/143.0.7499.192 Mobile Safari/537.36 (compatible; GoogleOther)"
66.249.70.32 - - [22/Jan/2026:09:10:18 -0500] "GET /?pid=26304226231&channel=suppose-written-extreme&cate_id=2518&page=https://mail.idolatekno.com/remote.do?q-~163JjGq7UA640382vAkVSA7MNKCjLEvne9613/ HTTP/1.1" 200 85998 "-" "Mozilla/5.0 (Linux; Android 6.0.1; Nexus 5X Build/MMB29P) AppleWebKit/537.36 (KHTML, like Gecko) Chrome/143.0.7499.192 Mobile Safari/537.36 (compatible; Googlebot/2.1; +http://www.google.com/bot.html)"
66.249.70.32 - - [22/Jan/2026:09:10:19 -0500] "GET /?pid=26304226231&channel=inmate-reminder-honey&cate_id=2518&page=https://mail.idolatekno.com/remote.do?q-~185j7T6Kks3kZ6zmXmhHx1ydkMILcfgtv23911/ HTTP/1.1" 200 86104 "-" "Mozilla/5.0 (Linux; Android 6.0.1; Nexus 5X Build/MMB29P) AppleWebKit/537.36 (KHTML, like Gecko) Chrome/143.0.7499.192 Mobile Safari/537.36 (compatible; Googlebot/2.1; +http://www.google.com/bot.html)"
74.7.241.58 - - [22/Jan/2026:09:10:20 -0500] "GET /q-~65S5oBBS5IES6rvQx93c0i4bdS1z8VUs30937/ HTTP/1.1" 200 - "https://idolatekno.com/sitemap86.xml" "Mozilla/5.0 AppleWebKit/537.36 (KHTML, like Gecko; compatible; GPTBot/1.3; +https://openai.com/gptbot)"
74.7.241.58 - - [22/Jan/2026:09:10:23 -0500] "GET /q-~50Y90GlGC98hWZ0yJy2S3rtrI55aQPSC40856/ HTTP/1.1" 200 - "https://idolatekno.com/?sitemap305.xml" "Mozilla/5.0 AppleWebKit/537.36 (KHTML, like Gecko; compatible; GPTBot/1.3; +https://openai.com/gptbot)"
66.249.70.32 - - [22/Jan/2026:09:10:26 -0500] "GET /?pid=26304226231&channel=balloon-steam-consensus&cate_id=2518&page=https://mail.idolatekno.com/remote.do?items/282041139.htm HTTP/1.1" 200 86553 "-" "Mozilla/5.0 (Linux; Android 6.0.1; Nexus 5X Build/MMB29P) AppleWebKit/537.36 (KHTML, like Gecko) Chrome/143.0.7499.192 Mobile Safari/537.36 (compatible; Googlebot/2.1; +http://www.google.com/bot.html)"
66.249.70.32 - - [22/Jan/2026:09:10:26 -0500] "GET /?pid=26304226231&channel=radio-statement-commercial&cate_id=2518&page=https://mail.idolatekno.com/remote.do?items/069027320.htm HTTP/1.1" 200 85566 "-" "Mozilla/5.0 (Linux; Android 6.0.1; Nexus 5X Build/MMB29P) AppleWebKit/537.36 (KHTML, like Gecko) Chrome/143.0.7499.192 Mobile Safari/537.36 (compatible; Googlebot/2.1; +http://www.google.com/bot.html)"
74.7.241.58 - - [22/Jan/2026:09:10:26 -0500] "GET /q-~65c65eIBv591DaHdaMRD237igBVati9U29917/ HTTP/1.1" 200 - "https://idolatekno.com/?sitemap317.xml" "Mozilla/5.0 AppleWebKit/537.36 (KHTML, like Gecko; compatible; GPTBot/1.3; +https://openai.com/gptbot)"
66.249.70.32 - - [22/Jan/2026:09:10:27 -0500] "GET /?pid=26304226231&channel=ear-reliable-spokesman&cate_id=2518&page=https://mail.idolatekno.com/remote.do?q-~197w21ArOKITWfzHEYmmCYF8ssdAmH01d18075/ HTTP/1.1" 200 86586 "-" "Mozilla/5.0 (Linux; Android 6.0.1; Nexus 5X Build/MMB29P) AppleWebKit/537.36 (KHTML, like Gecko) Chrome/143.0.7499.192 Mobile Safari/537.36 (compatible; Googlebot/2.1; +http://www.google.com/bot.html)"
74.7.241.58 - - [22/Jan/2026:09:10:30 -0500] "GET /q-~183QPiGMcE7id2leTv2Y6N56mY97X9uEn1795/ HTTP/1.1" 200 - "https://idolatekno.com/?sitemap503.xml" "Mozilla/5.0 AppleWebKit/537.36 (KHTML, like Gecko; compatible; GPTBot/1.3; +https://openai.com/gptbot)"
66.249.64.128 - - [22/Jan/2026:09:10:30 -0500] "GET /q-~299Ghudbx9maz0jHkTfWQLWJTn5LylifK4023/ HTTP/1.1" 200 85606 "-" "Mozilla/5.0 (Linux; Android 6.0.1; Nexus 5X Build/MMB29P) AppleWebKit/537.36 (KHTML, like Gecko) Chrome/143.0.7499.192 Mobile Safari/537.36 (compatible; GoogleOther)"
114.119.130.27 - - [22/Jan/2026:09:10:31 -0500] "GET /q-~20QfuL6j95RoH81HkZ05iQEuKscErN5k3884/ HTTP/1.1" 200 - "https://mail.idolatekno.com/sitemapb.xml" "Mozilla/5.0 (Linux; Android 7.0;) AppleWebKit/537.36 (KHTML, like Gecko) Mobile Safari/537.36 (compatible; PetalBot;+https://webmaster.petalsearch.com/site/petalbot)"
74.7.241.58 - - [22/Jan/2026:09:10:33 -0500] "GET /q-~212HM96Oir7nr3s57h9VP3fcMLJU4rkiS2640/ HTTP/1.1" 200 - "https://idolatekno.com/sitemap73.xml" "Mozilla/5.0 AppleWebKit/537.36 (KHTML, like Gecko; compatible; GPTBot/1.3; +https://openai.com/gptbot)"
66.249.70.32 - - [22/Jan/2026:09:10:32 -0500] "GET /?pid=26304226231&channel=executive-informal-rate&cate_id=2518&page=https://mail.idolatekno.com/remote.do?items/064010513.htm HTTP/1.1" 200 86726 "-" "Mozilla/5.0 (Linux; Android 6.0.1; Nexus 5X Build/MMB29P) AppleWebKit/537.36 (KHTML, like Gecko) Chrome/143.0.7499.192 Mobile Safari/537.36 (compatible; Googlebot/2.1; +http://www.google.com/bot.html)"
66.249.64.128 - - [22/Jan/2026:09:10:33 -0500] "GET /q-~29UQV10ryrDZytEzss0fWvGMO84bYflP31317/ HTTP/1.1" 200 86005 "-" "Mozilla/5.0 (Linux; Android 6.0.1; Nexus 5X Build/MMB29P) AppleWebKit/537.36 (KHTML, like Gecko) Chrome/143.0.7499.192 Mobile Safari/537.36 (compatible; GoogleOther)"
146.174.190.65 - - [22/Jan/2026:09:10:33 -0500] "GET /q-~176cFBVt7vKn9a53GNCa5qXlBwU6xLaKL19624/ HTTP/1.1" 200 - "-" "Mozilla/5.0 (Macintosh; Intel Mac OS X 10_6_4) AppleWebKit/534.30 (KHTML, like Gecko) Chrome/12.0.742.112 Safari/534.30"
66.249.70.32 - - [22/Jan/2026:09:10:35 -0500] "GET /?pid=26304226231&channel=school-transition-restore&cate_id=2518&page=https://mail.idolatekno.com/remote.do?items/052047723.htm HTTP/1.1" 200 85651 "-" "Mozilla/5.0 (Linux; Android 6.0.1; Nexus 5X Build/MMB29P) AppleWebKit/537.36 (KHTML, like Gecko) Chrome/143.0.7499.192 Mobile Safari/537.36 (compatible; Googlebot/2.1; +http://www.google.com/bot.html)"
66.249.64.129 - - [22/Jan/2026:09:10:35 -0500] "GET /q-~193ZeyWS19M8B9xRyjX58hXDCgat0GCIe48671/ HTTP/1.1" 200 85206 "-" "Mozilla/5.0 (Linux; Android 6.0.1; Nexus 5X Build/MMB29P) AppleWebKit/537.36 (KHTML, like Gecko) Chrome/143.0.7499.192 Mobile Safari/537.36 (compatible; GoogleOther)"
74.7.241.58 - - [22/Jan/2026:09:10:36 -0500] "GET /q-~86Ih9KO5tp5JBKs00tp7VyyiNZ03ws5j19526/ HTTP/1.1" 200 - "https://idolatekno.com/?sitemap1000.xml" "Mozilla/5.0 AppleWebKit/537.36 (KHTML, like Gecko; compatible; GPTBot/1.3; +https://openai.com/gptbot)"
194.163.171.119 - - [22/Jan/2026:09:10:39 -0500] "GET /wp-admin/css/ HTTP/1.1" 200 - "binance.com" "Mozilla/5.0 (Windows NT 10.0; Win64; x64) AppleWebKit/537.36 (KHTML, like Gecko) Chrome/90.0.4430.85 Safari/537.36"
74.7.241.58 - - [22/Jan/2026:09:10:39 -0500] "GET /q-~42hVdl42Hu8H91b441cBgQHQwV2JaNbY12736/ HTTP/1.1" 200 - "https://idolatekno.com/sitemap29.xml" "Mozilla/5.0 AppleWebKit/537.36 (KHTML, like Gecko; compatible; GPTBot/1.3; +https://openai.com/gptbot)"
66.249.70.34 - - [22/Jan/2026:09:10:40 -0500] "GET /?pid=26304226231&channel=violence-composition-academic&cate_id=2518&page=https://mail.idolatekno.com/remote.do?q-~75shhUd53J4FWI6mkOSYrqUmKD8pSsqS15017/ HTTP/1.1" 200 85740 "-" "Mozilla/5.0 (Linux; Android 6.0.1; Nexus 5X Build/MMB29P) AppleWebKit/537.36 (KHTML, like Gecko) Chrome/143.0.7499.192 Mobile Safari/537.36 (compatible; Googlebot/2.1; +http://www.google.com/bot.html)"
66.249.70.33 - - [22/Jan/2026:09:10:42 -0500] "GET /?pid=20214391161&channel=suite-themselves-planet&cate_id=7944&page=https://mail.idolatekno.com/spark.xhtml?items/128025421.htm HTTP/1.1" 403 555199 "-" "Mozilla/5.0 (Linux; Android 6.0.1; Nexus 5X Build/MMB29P) AppleWebKit/537.36 (KHTML, like Gecko) Chrome/143.0.7499.192 Mobile Safari/537.36 (compatible; Googlebot/2.1; +http://www.google.com/bot.html)"
74.7.241.58 - - [22/Jan/2026:09:10:42 -0500] "GET /q-~104EjkKF77u795QkvrdX1yAXC5F4q8lhc7512/ HTTP/1.1" 200 - "https://idolatekno.com/?sitemap317.xml" "Mozilla/5.0 AppleWebKit/537.36 (KHTML, like Gecko; compatible; GPTBot/1.3; +https://openai.com/gptbot)"
66.249.64.129 - - [22/Jan/2026:09:10:45 -0500] "GET /?u=2699771933667&channel=132e36&from=https://idolatekno.com/remote.aspx?q-~67uzls9lK8B2dJIS1AowWagUCHVO1vNZ16239/ HTTP/1.1" 200 85629 "-" "Mozilla/5.0 (Linux; Android 6.0.1; Nexus 5X Build/MMB29P) AppleWebKit/537.36 (KHTML, like Gecko) Chrome/143.0.7499.192 Mobile Safari/537.36 (compatible; GoogleOther)"
74.7.241.58 - - [22/Jan/2026:09:10:46 -0500] "GET /q-~72xs3018aGCsd4G8fzN3WPTrzi9N4BXn32904/ HTTP/1.1" 200 - "https://idolatekno.com/sitemap14.xml" "Mozilla/5.0 AppleWebKit/537.36 (KHTML, like Gecko; compatible; GPTBot/1.3; +https://openai.com/gptbot)"
66.249.70.34 - - [22/Jan/2026:09:10:48 -0500] "GET /?pid=26304226231&channel=cash-nod-matter&cate_id=2518&page=https://mail.idolatekno.com/remote.do?q-~288mtwwu7TJ0TU2Cmzho4VaS9wm7Iv4LH4408/ HTTP/1.1" 200 85662 "-" "Mozilla/5.0 (Linux; Android 6.0.1; Nexus 5X Build/MMB29P) AppleWebKit/537.36 (KHTML, like Gecko) Chrome/143.0.7499.192 Mobile Safari/537.36 (compatible; Googlebot/2.1; +http://www.google.com/bot.html)"
74.7.241.58 - - [22/Jan/2026:09:10:49 -0500] "GET /q-~213eMu95vhOUFH9NxM5T3Q6aQGV2J9N1l8927/ HTTP/1.1" 200 - "https://idolatekno.com/sitemap1.xml" "Mozilla/5.0 AppleWebKit/537.36 (KHTML, like Gecko; compatible; GPTBot/1.3; +https://openai.com/gptbot)"
66.249.64.129 - - [22/Jan/2026:09:10:49 -0500] "GET /pcmypage?callback=/product%2Fdetail%2m76776342749 HTTP/1.1" 403 565989 "-" "Mozilla/5.0 (Linux; Android 6.0.1; Nexus 5X Build/MMB29P) AppleWebKit/537.36 (KHTML, like Gecko) Chrome/143.0.7499.192 Mobile Safari/537.36 (compatible; GoogleOther)"
66.249.70.35 - - [22/Jan/2026:09:10:50 -0500] "GET /?pid=26304226231&channel=authority-large-spectacular&cate_id=2518&page=https://mail.idolatekno.com/remote.do?q-~217nGeTrECwnIcQZ5Jq8TCW7YL6Z0YQmc44669/ HTTP/1.1" 200 85771 "-" "Mozilla/5.0 (Linux; Android 6.0.1; Nexus 5X Build/MMB29P) AppleWebKit/537.36 (KHTML, like Gecko) Chrome/143.0.7499.192 Mobile Safari/537.36 (compatible; Googlebot/2.1; +http://www.google.com/bot.html)"
74.7.241.58 - - [22/Jan/2026:09:10:52 -0500] "GET /q-~90uCY7nEX26Av0gA5FWCcb7V2A7Ti4cI28208/ HTTP/1.1" 200 - "https://idolatekno.com/?sitemap503.xml" "Mozilla/5.0 AppleWebKit/537.36 (KHTML, like Gecko; compatible; GPTBot/1.3; +https://openai.com/gptbot)"
66.249.70.34 - - [22/Jan/2026:09:10:55 -0500] "GET /?pid=26304226231&channel=limited-under-custody&cate_id=2518&page=https://mail.idolatekno.com/remote.do?q-~31FYuoJcG4vXZySNv0tX9YntV56lrugy33843/ HTTP/1.1" 200 86363 "-" "Mozilla/5.0 (Linux; Android 6.0.1; Nexus 5X Build/MMB29P) AppleWebKit/537.36 (KHTML, like Gecko) Chrome/143.0.7499.192 Mobile Safari/537.36 (compatible; Googlebot/2.1; +http://www.google.com/bot.html)"
74.7.241.58 - - [22/Jan/2026:09:10:55 -0500] "GET /q-~126j90czmNMX5575vl9NFBHVIJ6V2lXOp7486/ HTTP/1.1" 200 - "https://idolatekno.com/sitemap14.xml" "Mozilla/5.0 AppleWebKit/537.36 (KHTML, like Gecko; compatible; GPTBot/1.3; +https://openai.com/gptbot)"
74.7.241.58 - - [22/Jan/2026:09:10:58 -0500] "GET /q-~15yOVZN49q7b2ID6w0XakyewBq42VB1E47687/ HTTP/1.1" 200 - "https://idolatekno.com/pages.php?sitemap849.xml" "Mozilla/5.0 AppleWebKit/537.36 (KHTML, like Gecko; compatible; GPTBot/1.3; +https://openai.com/gptbot)"
114.119.133.190 - - [22/Jan/2026:09:10:58 -0500] "GET /q-~20OMO6bg8NrFaYtMokvprtNovRuSFKMs11846/ HTTP/1.1" 200 - "https://mail.idolatekno.com/sitemapd.xml" "Mozilla/5.0 (Linux; Android 7.0;) AppleWebKit/537.36 (KHTML, like Gecko) Mobile Safari/537.36 (compatible; PetalBot;+https://webmaster.petalsearch.com/site/petalbot)"
66.249.64.130 - - [22/Jan/2026:09:10:59 -0500] "GET /q-~162ZARGKS8ADZ51G4gcVPnb7nn1PccKCA1248/ HTTP/1.1" 200 86667 "-" "Mozilla/5.0 (Linux; Android 6.0.1; Nexus 5X Build/MMB29P) AppleWebKit/537.36 (KHTML, like Gecko) Chrome/143.0.7499.192 Mobile Safari/537.36 (compatible; GoogleOther)"
74.7.241.58 - - [22/Jan/2026:09:11:01 -0500] "GET /q-~73OB6s64tb7W8L13pCmbDH9u2LcpRkDV41935/ HTTP/1.1" 200 - "https://idolatekno.com/sitemap86.xml" "Mozilla/5.0 AppleWebKit/537.36 (KHTML, like Gecko; compatible; GPTBot/1.3; +https://openai.com/gptbot)"
66.249.70.35 - - [22/Jan/2026:09:11:03 -0500] "GET /?pid=26304226231&channel=comfort-laboratory-era&cate_id=2518&page=https://mail.idolatekno.com/remote.do?items/088002399.htm HTTP/1.1" 200 85524 "-" "Mozilla/5.0 (Linux; Android 6.0.1; Nexus 5X Build/MMB29P) AppleWebKit/537.36 (KHTML, like Gecko) Chrome/143.0.7499.192 Mobile Safari/537.36 (compatible; Googlebot/2.1; +http://www.google.com/bot.html)"
74.7.241.58 - - [22/Jan/2026:09:11:04 -0500] "GET /q-~57A94QO8msr4qEYomMvB28076YKjEBpS12531/ HTTP/1.1" 200 - "https://idolatekno.com/?sitemap1000.xml" "Mozilla/5.0 AppleWebKit/537.36 (KHTML, like Gecko; compatible; GPTBot/1.3; +https://openai.com/gptbot)"
2a03:2880:f80e:26:: - - [22/Jan/2026:09:11:06 -0500] "GET /m/sprea81221679?id=1237937 HTTP/1.1" 200 - "-" "meta-externalagent/1.1 (+https://developers.facebook.com/docs/sharing/webmasters/crawler)"
66.249.64.128 - - [22/Jan/2026:09:11:07 -0500] "GET /pcmypage?callback=/product%2Fdetail%2m36707020078 HTTP/1.1" 403 573361 "-" "Mozilla/5.0 (Linux; Android 6.0.1; Nexus 5X Build/MMB29P) AppleWebKit/537.36 (KHTML, like Gecko) Chrome/143.0.7499.192 Mobile Safari/537.36 (compatible; GoogleOther)"
74.7.241.58 - - [22/Jan/2026:09:11:08 -0500] "GET /q-~235JjP5VCkhi3i4pS22Kb0MTp48rx2PIn2649/ HTTP/1.1" 200 - "https://idolatekno.com/?sitemap317.xml" "Mozilla/5.0 AppleWebKit/537.36 (KHTML, like Gecko; compatible; GPTBot/1.3; +https://openai.com/gptbot)"
66.249.64.129 - - [22/Jan/2026:09:11:08 -0500] "GET /items/062000745.htm HTTP/1.1" 200 85526 "-" "Mozilla/5.0 (Linux; Android 6.0.1; Nexus 5X Build/MMB29P) AppleWebKit/537.36 (KHTML, like Gecko) Chrome/143.0.7499.192 Mobile Safari/537.36 (compatible; Googlebot/2.1; +http://www.google.com/bot.html)"
66.249.70.34 - - [22/Jan/2026:09:11:10 -0500] "GET /?pid=26304226231&channel=trap-Muslim-blind&cate_id=2518&page=https://mail.idolatekno.com/remote.do?items/057010798.htm HTTP/1.1" 200 85539 "-" "Mozilla/5.0 (Linux; Android 6.0.1; Nexus 5X Build/MMB29P) AppleWebKit/537.36 (KHTML, like Gecko) Chrome/143.0.7499.192 Mobile Safari/537.36 (compatible; Googlebot/2.1; +http://www.google.com/bot.html)"
74.7.241.58 - - [22/Jan/2026:09:11:11 -0500] "GET /q-~67h3Uhwi1cdOMh5Y5Y9h7s4my5PrYz7j21657/ HTTP/1.1" 200 - "https://idolatekno.com/sitemap86.xml" "Mozilla/5.0 AppleWebKit/537.36 (KHTML, like Gecko; compatible; GPTBot/1.3; +https://openai.com/gptbot)"
66.249.64.128 - - [22/Jan/2026:09:11:13 -0500] "GET /q-~235UgcjGQIF00q1PKKd1IsEDn35zaDzgt47519/ HTTP/1.1" 200 86414 "-" "Mozilla/5.0 (Linux; Android 6.0.1; Nexus 5X Build/MMB29P) AppleWebKit/537.36 (KHTML, like Gecko) Chrome/143.0.7499.192 Mobile Safari/537.36 (compatible; GoogleOther)"
74.7.241.58 - - [22/Jan/2026:09:11:14 -0500] "GET /q-~19iH48zEor29IXTEsAP0Ir5tFBeR627j24665/ HTTP/1.1" 200 - "https://idolatekno.com/?sitemap317.xml" "Mozilla/5.0 AppleWebKit/537.36 (KHTML, like Gecko; compatible; GPTBot/1.3; +https://openai.com/gptbot)"
74.7.241.58 - - [22/Jan/2026:09:11:17 -0500] "GET /q-~44NMxk8i8crzm66c3aDqb9CC7MIv80iW36546/ HTTP/1.1" 200 - "https://idolatekno.com/sitemap86.xml" "Mozilla/5.0 AppleWebKit/537.36 (KHTML, like Gecko; compatible; GPTBot/1.3; +https://openai.com/gptbot)"
66.249.70.33 - - [22/Jan/2026:09:11:18 -0500] "GET /?pid=26304226231&channel=exhibition-accept-assault&cate_id=2518&page=https://mail.idolatekno.com/remote.do?q-~61nz0PLdXpMcMrcScgvznbPXrBN7TUlr46567/ HTTP/1.1" 200 87163 "-" "Mozilla/5.0 (Linux; Android 6.0.1; Nexus 5X Build/MMB29P) AppleWebKit/537.36 (KHTML, like Gecko) Chrome/143.0.7499.192 Mobile Safari/537.36 (compatible; Googlebot/2.1; +http://www.google.com/bot.html)"
74.7.241.58 - - [22/Jan/2026:09:11:20 -0500] "GET /q-~32Uy9cm3cFcBuQ8L27894u1kKryHFrfZ14976/ HTTP/1.1" 200 - "https://idolatekno.com/sitemap73.xml" "Mozilla/5.0 AppleWebKit/537.36 (KHTML, like Gecko; compatible; GPTBot/1.3; +https://openai.com/gptbot)"
74.7.241.58 - - [22/Jan/2026:09:11:23 -0500] "GET /q-~43S4y2fySGGFY5d5aifrZW9EK8y014xw10267/ HTTP/1.1" 200 - "https://idolatekno.com/sitemap78.xml" "Mozilla/5.0 AppleWebKit/537.36 (KHTML, like Gecko; compatible; GPTBot/1.3; +https://openai.com/gptbot)"
66.249.64.128 - - [22/Jan/2026:09:11:24 -0500] "GET /q-~185hasJXfBaw9NsFDA8ctcoGhppx5gO2s2691/ HTTP/1.1" 200 85615 "-" "Mozilla/5.0 (Linux; Android 6.0.1; Nexus 5X Build/MMB29P) AppleWebKit/537.36 (KHTML, like Gecko) Chrome/143.0.7499.192 Mobile Safari/537.36 (compatible; GoogleOther)"
66.249.70.32 - - [22/Jan/2026:09:11:26 -0500] "GET /?pid=26304226231&channel=operate-parent-partly&cate_id=2518&page=https://mail.idolatekno.com/remote.do?items/031020990.htm HTTP/1.1" 200 85418 "-" "Mozilla/5.0 (Linux; Android 6.0.1; Nexus 5X Build/MMB29P) AppleWebKit/537.36 (KHTML, like Gecko) Chrome/143.0.7499.192 Mobile Safari/537.36 (compatible; Googlebot/2.1; +http://www.google.com/bot.html)"
114.119.132.76 - - [22/Jan/2026:09:11:26 -0500] "GET /q-~20Fs8rMonA5axre17WNG46P9CIMW4q5I34474/ HTTP/1.1" 200 - "https://mail.idolatekno.com/sitemapc.xml" "Mozilla/5.0 (Linux; Android 7.0;) AppleWebKit/537.36 (KHTML, like Gecko) Mobile Safari/537.36 (compatible; PetalBot;+https://webmaster.petalsearch.com/site/petalbot)"
