74.7.241.58 - - [22/Jan/2026:08:57:24 -0500] "GET /q-~259bDISTT2GDEE3u5rKsrQtrAlD6IML7n49593/ HTTP/1.1" 200 - "https://idolatekno.com/?sitemap503.xml" "Mozilla/5.0 AppleWebKit/537.36 (KHTML, like Gecko; compatible; GPTBot/1.3; +https://openai.com/gptbot)"
74.7.241.58 - - [22/Jan/2026:08:57:25 -0500] "GET /q-~80yCRE8SyYTgd4uwcj3qtieEmMW46gIX46760/ HTTP/1.1" 200 - "https://idolatekno.com/?sitemap1000.xml" "Mozilla/5.0 AppleWebKit/537.36 (KHTML, like Gecko; compatible; GPTBot/1.3; +https://openai.com/gptbot)"
66.249.64.128 - - [22/Jan/2026:08:57:25 -0500] "GET /pcmypage?callback=/product%2Fdetail%2m27114745884 HTTP/1.1" 403 557107 "-" "Mozilla/5.0 (Linux; Android 6.0.1; Nexus 5X Build/MMB29P) AppleWebKit/537.36 (KHTML, like Gecko) Chrome/143.0.7499.192 Mobile Safari/537.36 (compatible; GoogleOther)"
2804:38a:a322:d597:a124:2704:7e0d:bc8b - - [22/Jan/2026:08:57:27 -0500] "GET /q-~18YHTKbQOINV3f3vyJVLHmuwueZ5YVGc11096/ HTTP/1.1" 200 - "-" "Mozilla/5.0 (Windows; U; Windows NT 6.0; de; rv:1.9.2.20) Gecko/20110803 Firefox/3.6.20"
66.249.70.32 - - [22/Jan/2026:08:57:30 -0500] "GET /?pid=26304226231&channel=found-frequently-announce&cate_id=2518&page=https://mail.idolatekno.com/remote.do?q-~10mVPbxZlxkY6SPkdrXu2O1alqGLnciU32706/ HTTP/1.1" 200 85187 "-" "Mozilla/5.0 (Linux; Android 6.0.1; Nexus 5X Build/MMB29P) AppleWebKit/537.36 (KHTML, like Gecko) Chrome/143.0.7499.192 Mobile Safari/537.36 (compatible; Googlebot/2.1; +http://www.google.com/bot.html)"
66.249.64.128 - - [22/Jan/2026:08:57:33 -0500] "GET /pcmypage?callback=/product%2Fdetail%2m94248634874 HTTP/1.1" 403 554342 "-" "Mozilla/5.0 (Linux; Android 6.0.1; Nexus 5X Build/MMB29P) AppleWebKit/537.36 (KHTML, like Gecko) Chrome/143.0.7499.192 Mobile Safari/537.36 (compatible; GoogleOther)"
74.7.241.58 - - [22/Jan/2026:08:57:35 -0500] "GET /q-~296A5aXNrhbSTf6NgDR9fNqXWNEKzkX9Y23036/ HTTP/1.1" 200 - "https://idolatekno.com/?sitemap317.xml" "Mozilla/5.0 AppleWebKit/537.36 (KHTML, like Gecko; compatible; GPTBot/1.3; +https://openai.com/gptbot)"
114.119.132.76 - - [22/Jan/2026:08:57:36 -0500] "GET /q-~210qSla55bzylyFCXi93PoRiSudhCVmSl35788/ HTTP/1.1" 200 - "https://mail.idolatekno.com/sitemapd.xml" "Mozilla/5.0 (Linux; Android 7.0;) AppleWebKit/537.36 (KHTML, like Gecko) Mobile Safari/537.36 (compatible; PetalBot;+https://webmaster.petalsearch.com/site/petalbot)"
74.7.241.58 - - [22/Jan/2026:08:57:39 -0500] "GET /q-~45wqY11EChzIajMbS8zFqwC4J1kIihWi40677/ HTTP/1.1" 200 - "https://idolatekno.com/?sitemap305.xml" "Mozilla/5.0 AppleWebKit/537.36 (KHTML, like Gecko; compatible; GPTBot/1.3; +https://openai.com/gptbot)"
74.7.241.58 - - [22/Jan/2026:08:57:41 -0500] "GET /q-~173mVYcia2fV7mkl7dgLGl3oaXozWn4Zq32611/ HTTP/1.1" 200 - "https://idolatekno.com/?sitemap503.xml" "Mozilla/5.0 AppleWebKit/537.36 (KHTML, like Gecko; compatible; GPTBot/1.3; +https://openai.com/gptbot)"
66.249.64.128 - - [22/Jan/2026:08:57:42 -0500] "GET /pcmypage?callback=/product%2Fdetail%2m30535853005 HTTP/1.1" 403 557145 "-" "Mozilla/5.0 (Linux; Android 6.0.1; Nexus 5X Build/MMB29P) AppleWebKit/537.36 (KHTML, like Gecko) Chrome/143.0.7499.192 Mobile Safari/537.36 (compatible; GoogleOther)"
2a03:2880:f80e:50:: - - [22/Jan/2026:08:57:43 -0500] "GET /?t=17565298b4b9d HTTP/1.1" 200 - "-" "meta-externalagent/1.1 (+https://developers.facebook.com/docs/sharing/webmasters/crawler)"
66.249.70.33 - - [22/Jan/2026:08:57:43 -0500] "GET /?pid=26304226231&channel=rib-frown-radical&cate_id=2518&page=https://mail.idolatekno.com/remote.do?items/291026868.htm HTTP/1.1" 200 85729 "-" "Mozilla/5.0 (Linux; Android 6.0.1; Nexus 5X Build/MMB29P) AppleWebKit/537.36 (KHTML, like Gecko) Chrome/143.0.7499.192 Mobile Safari/537.36 (compatible; Googlebot/2.1; +http://www.google.com/bot.html)"
74.7.241.58 - - [22/Jan/2026:08:57:47 -0500] "GET /q-~282BWOaagsjADRSNDEoFuZ48S5KLvU6sf42322/ HTTP/1.1" 200 - "https://idolatekno.com/?sitemap305.xml" "Mozilla/5.0 AppleWebKit/537.36 (KHTML, like Gecko; compatible; GPTBot/1.3; +https://openai.com/gptbot)"
74.7.241.58 - - [22/Jan/2026:08:57:47 -0500] "GET /q-~255dftdGq652vQaQXa8CcjTaJTypIzWOV34483/ HTTP/1.1" 200 - "https://idolatekno.com/sitemap49.xml" "Mozilla/5.0 AppleWebKit/537.36 (KHTML, like Gecko; compatible; GPTBot/1.3; +https://openai.com/gptbot)"
66.249.64.132 - - [22/Jan/2026:08:57:47 -0500] "GET /?x=2166640003788&channel=107e18&from=https://idolatekno.com/super.py?items/073029570.htm HTTP/1.1" 200 85693 "-" "Mozilla/5.0 (Linux; Android 6.0.1; Nexus 5X Build/MMB29P) AppleWebKit/537.36 (KHTML, like Gecko) Chrome/143.0.7499.192 Mobile Safari/537.36 (compatible; GoogleOther)"
74.7.241.58 - - [22/Jan/2026:08:57:50 -0500] "GET /q-~198zXmmMufZXSngK5mpgmi7i8BNXG5ydZ43064/ HTTP/1.1" 200 - "https://idolatekno.com/?sitemap317.xml" "Mozilla/5.0 AppleWebKit/537.36 (KHTML, like Gecko; compatible; GPTBot/1.3; +https://openai.com/gptbot)"
66.249.70.34 - - [22/Jan/2026:08:57:50 -0500] "GET /?pid=26304226231&channel=drive-oppose-have&cate_id=2518&page=https://mail.idolatekno.com/remote.do?items/039011238.htm HTTP/1.1" 200 85760 "-" "Mozilla/5.0 (Linux; Android 6.0.1; Nexus 5X Build/MMB29P) AppleWebKit/537.36 (KHTML, like Gecko) Chrome/143.0.7499.192 Mobile Safari/537.36 (compatible; Googlebot/2.1; +http://www.google.com/bot.html)"
74.7.241.58 - - [22/Jan/2026:08:57:56 -0500] "GET /q-~148o9mKs7FisVOS4w4IAq3cUTKQREOMUv1616/ HTTP/1.1" 200 - "https://idolatekno.com/pages.php?sitemap849.xml" "Mozilla/5.0 AppleWebKit/537.36 (KHTML, like Gecko; compatible; GPTBot/1.3; +https://openai.com/gptbot)"
66.249.70.32 - - [22/Jan/2026:08:57:58 -0500] "GET /?pid=26304226231&channel=aware-publish-atop&cate_id=2518&page=https://mail.idolatekno.com/remote.do?items/274018203.htm HTTP/1.1" 200 85345 "-" "Mozilla/5.0 (Linux; Android 6.0.1; Nexus 5X Build/MMB29P) AppleWebKit/537.36 (KHTML, like Gecko) Chrome/143.0.7499.192 Mobile Safari/537.36 (compatible; Googlebot/2.1; +http://www.google.com/bot.html)"
74.7.241.58 - - [22/Jan/2026:08:57:59 -0500] "GET /q-~171l9kKYCKDtxmeL1OTpiUPIDUM0tm7Se17341/ HTTP/1.1" 200 - "https://idolatekno.com/?sitemap305.xml" "Mozilla/5.0 AppleWebKit/537.36 (KHTML, like Gecko; compatible; GPTBot/1.3; +https://openai.com/gptbot)"
66.249.70.32 - - [22/Jan/2026:08:57:59 -0500] "GET /?b=2794525h02jig HTTP/1.1" 200 85709 "-" "Mozilla/5.0 (Linux; Android 6.0.1; Nexus 5X Build/MMB29P) AppleWebKit/537.36 (KHTML, like Gecko) Chrome/143.0.7499.192 Mobile Safari/537.36 (compatible; Googlebot/2.1; +http://www.google.com/bot.html)"
66.249.70.33 - - [22/Jan/2026:08:58:00 -0500] "GET /?pid=26304226231&channel=emotionally-itself-panel&cate_id=2518&page=https://mail.idolatekno.com/remote.do?items/071000170.htm HTTP/1.1" 200 86710 "-" "Mozilla/5.0 (Linux; Android 6.0.1; Nexus 5X Build/MMB29P) AppleWebKit/537.36 (KHTML, like Gecko) Chrome/143.0.7499.192 Mobile Safari/537.36 (compatible; Googlebot/2.1; +http://www.google.com/bot.html)"
66.249.64.128 - - [22/Jan/2026:08:58:00 -0500] "GET /?u=2699771933667&channel=132e36&from=https://idolatekno.com/remote.aspx?items/208030007.htm HTTP/1.1" 200 87068 "-" "Mozilla/5.0 (Linux; Android 6.0.1; Nexus 5X Build/MMB29P) AppleWebKit/537.36 (KHTML, like Gecko) Chrome/143.0.7499.192 Mobile Safari/537.36 (compatible; GoogleOther)"
66.249.70.34 - - [22/Jan/2026:08:58:02 -0500] "GET /?pid=26304226231&channel=rise-Persian-festival&cate_id=2518&page=https://mail.idolatekno.com/remote.do?q-~109POQGZjtuus5kwzRy41hbeLQcbXwa7c34869/ HTTP/1.1" 200 85908 "-" "Mozilla/5.0 (Linux; Android 6.0.1; Nexus 5X Build/MMB29P) AppleWebKit/537.36 (KHTML, like Gecko) Chrome/143.0.7499.192 Mobile Safari/537.36 (compatible; Googlebot/2.1; +http://www.google.com/bot.html)"
66.249.64.128 - - [22/Jan/2026:08:58:02 -0500] "GET /?u=2699771933667&channel=132e36&from=https://idolatekno.com/remote.aspx?q-~40yni96izU69PKZE6nZX44EpHM50kUCM25130/ HTTP/1.1" 200 85808 "-" "Mozilla/5.0 (Linux; Android 6.0.1; Nexus 5X Build/MMB29P) AppleWebKit/537.36 (KHTML, like Gecko) Chrome/143.0.7499.192 Mobile Safari/537.36 (compatible; GoogleOther)"
74.7.241.58 - - [22/Jan/2026:08:58:02 -0500] "GET /q-~152yZv6wCAxDf9c2aBrXcnvAVZ3m1OyTA48968/ HTTP/1.1" 200 - "https://idolatekno.com/?sitemap503.xml" "Mozilla/5.0 AppleWebKit/537.36 (KHTML, like Gecko; compatible; GPTBot/1.3; +https://openai.com/gptbot)"
74.7.241.58 - - [22/Jan/2026:08:58:04 -0500] "GET /q-~233vYBFWEPhvuZ2e2WjIpje7nHN02QwYr8027/ HTTP/1.1" 200 - "https://idolatekno.com/?sitemap305.xml" "Mozilla/5.0 AppleWebKit/537.36 (KHTML, like Gecko; compatible; GPTBot/1.3; +https://openai.com/gptbot)"
114.119.142.126 - - [22/Jan/2026:08:58:05 -0500] "GET /q-~210nhx74NFd5WZLKDMbLGusku6JGrCiFO9650/ HTTP/1.1" 200 - "https://mail.idolatekno.com/sitemapb.xml" "Mozilla/5.0 (Linux; Android 7.0;) AppleWebKit/537.36 (KHTML, like Gecko) Mobile Safari/537.36 (compatible; PetalBot;+https://webmaster.petalsearch.com/site/petalbot)"
74.7.241.58 - - [22/Jan/2026:08:58:06 -0500] "GET /q-~251aS7y7ekCacWyJ4orWCOsMiTomYV57n33731/ HTTP/1.1" 200 - "https://idolatekno.com/sitemap86.xml" "Mozilla/5.0 AppleWebKit/537.36 (KHTML, like Gecko; compatible; GPTBot/1.3; +https://openai.com/gptbot)"
66.249.70.33 - - [22/Jan/2026:08:58:08 -0500] "GET /?pid=26304226231&channel=defendant-contributor-profession&cate_id=2518&page=https://mail.idolatekno.com/remote.do?q-~52QWhnv3Bszq1h7q7Se2hnFBEgiVP5ya7656/ HTTP/1.1" 200 85922 "-" "Mozilla/5.0 (Linux; Android 6.0.1; Nexus 5X Build/MMB29P) AppleWebKit/537.36 (KHTML, like Gecko) Chrome/143.0.7499.192 Mobile Safari/537.36 (compatible; Googlebot/2.1; +http://www.google.com/bot.html)"
74.7.241.58 - - [22/Jan/2026:08:58:09 -0500] "GET /q-~157aoDmKvIKG4gb6vE1yO2qphWgd4YanB26723/ HTTP/1.1" 200 - "https://idolatekno.com/sitemap1.xml" "Mozilla/5.0 AppleWebKit/537.36 (KHTML, like Gecko; compatible; GPTBot/1.3; +https://openai.com/gptbot)"
66.249.70.32 - - [22/Jan/2026:08:58:15 -0500] "GET /?pid=26304226231&channel=coach-survive-awareness&cate_id=2518&page=https://mail.idolatekno.com/remote.do?q-~276Ttdekjy7G8amFibvDPDwfDS8xpK95B4744/ HTTP/1.1" 200 87368 "-" "Mozilla/5.0 (Linux; Android 6.0.1; Nexus 5X Build/MMB29P) AppleWebKit/537.36 (KHTML, like Gecko) Chrome/143.0.7499.192 Mobile Safari/537.36 (compatible; Googlebot/2.1; +http://www.google.com/bot.html)"
74.7.241.58 - - [22/Jan/2026:08:58:16 -0500] "GET /q-~247tAaxM6ovKyx8t5o4BSTzPSr4RJqaFo17995/ HTTP/1.1" 200 - "https://idolatekno.com/sitemap14.xml" "Mozilla/5.0 AppleWebKit/537.36 (KHTML, like Gecko; compatible; GPTBot/1.3; +https://openai.com/gptbot)"
66.249.64.128 - - [22/Jan/2026:08:58:16 -0500] "GET /pcmypage?callback=/product%2Fdetail%2m13549862059 HTTP/1.1" 403 567542 "-" "Mozilla/5.0 (Linux; Android 6.0.1; Nexus 5X Build/MMB29P) AppleWebKit/537.36 (KHTML, like Gecko) Chrome/143.0.7499.192 Mobile Safari/537.36 (compatible; GoogleOther)"
74.7.241.58 - - [22/Jan/2026:08:58:17 -0500] "GET /q-~153aGz7axNWamQ0UUummim26qVJpIq0ql13857/ HTTP/1.1" 200 - "https://idolatekno.com/sitemap79.xml" "Mozilla/5.0 AppleWebKit/537.36 (KHTML, like Gecko; compatible; GPTBot/1.3; +https://openai.com/gptbot)"
66.249.64.132 - - [22/Jan/2026:08:58:18 -0500] "GET /pcmypage?callback=/product%2Fdetail%2m50820658904 HTTP/1.1" 403 572246 "-" "Mozilla/5.0 (Linux; Android 6.0.1; Nexus 5X Build/MMB29P) AppleWebKit/537.36 (KHTML, like Gecko) Chrome/143.0.7499.192 Mobile Safari/537.36 (compatible; GoogleOther)"
74.7.241.58 - - [22/Jan/2026:08:58:19 -0500] "GET /q-~276xmYmhMZRA4X4Nc39wkFKBYjHSp9QFg34942/ HTTP/1.1" 200 - "https://idolatekno.com/?sitemap1000.xml" "Mozilla/5.0 AppleWebKit/537.36 (KHTML, like Gecko; compatible; GPTBot/1.3; +https://openai.com/gptbot)"
74.7.241.58 - - [22/Jan/2026:08:58:22 -0500] "GET /q-~58bLHr5TKiLAVzmiXRvmJ8c17JbJyf8y12058/ HTTP/1.1" 200 - "https://idolatekno.com/?sitemap1000.xml" "Mozilla/5.0 AppleWebKit/537.36 (KHTML, like Gecko; compatible; GPTBot/1.3; +https://openai.com/gptbot)"
66.249.70.33 - - [22/Jan/2026:08:58:23 -0500] "GET /?pid=26304226231&channel=revolutionary-gathering-instead&cate_id=2518&page=https://mail.idolatekno.com/remote.do?q-~260CbNt6cpbK4q1pfE30phILbYDzBHRgI4550/ HTTP/1.1" 200 86018 "-" "Mozilla/5.0 (Linux; Android 6.0.1; Nexus 5X Build/MMB29P) AppleWebKit/537.36 (KHTML, like Gecko) Chrome/143.0.7499.192 Mobile Safari/537.36 (compatible; Googlebot/2.1; +http://www.google.com/bot.html)"
74.7.241.58 - - [22/Jan/2026:08:58:25 -0500] "GET /q-~11He0i9TnWmoHWiOiobzW5rcu64VXDLT48737/ HTTP/1.1" 200 - "https://idolatekno.com/?sitemap317.xml" "Mozilla/5.0 AppleWebKit/537.36 (KHTML, like Gecko; compatible; GPTBot/1.3; +https://openai.com/gptbot)"
74.7.241.58 - - [22/Jan/2026:08:58:29 -0500] "GET /q-~102yeEa7cN94K4lsHCaA4VHNGKRhuEjLC14192/ HTTP/1.1" 200 - "https://idolatekno.com/?sitemap305.xml" "Mozilla/5.0 AppleWebKit/537.36 (KHTML, like Gecko; compatible; GPTBot/1.3; +https://openai.com/gptbot)"
66.249.70.33 - - [22/Jan/2026:08:58:30 -0500] "GET /?pid=26304226231&channel=yet-typical-setting&cate_id=2518&page=https://mail.idolatekno.com/remote.do?items/052004139.htm HTTP/1.1" 200 85483 "-" "Mozilla/5.0 (Linux; Android 6.0.1; Nexus 5X Build/MMB29P) AppleWebKit/537.36 (KHTML, like Gecko) Chrome/143.0.7499.192 Mobile Safari/537.36 (compatible; Googlebot/2.1; +http://www.google.com/bot.html)"
66.249.64.132 - - [22/Jan/2026:08:58:30 -0500] "GET /q-~52q8oDqzwzngMwI9QiNz9j2TldmuLMJA47956/ HTTP/1.1" 200 85321 "-" "Mozilla/5.0 (Linux; Android 6.0.1; Nexus 5X Build/MMB29P) AppleWebKit/537.36 (KHTML, like Gecko) Chrome/143.0.7499.192 Mobile Safari/537.36 (compatible; GoogleOther)"
74.7.241.58 - - [22/Jan/2026:08:58:32 -0500] "GET /q-~186kZDKr608AmvYbDMVvOmWN5XYZC9UTq9988/ HTTP/1.1" 200 - "https://idolatekno.com/sitemap63.xml" "Mozilla/5.0 AppleWebKit/537.36 (KHTML, like Gecko; compatible; GPTBot/1.3; +https://openai.com/gptbot)"
114.119.153.93 - - [22/Jan/2026:08:58:33 -0500] "GET /q-~210nc3LPJQkyslTmIbW4dK5kFiVoOuZGq17010/ HTTP/1.1" 200 - "https://mail.idolatekno.com/sitemape.xml" "Mozilla/5.0 (Linux; Android 7.0;) AppleWebKit/537.36 (KHTML, like Gecko) Mobile Safari/537.36 (compatible; PetalBot;+https://webmaster.petalsearch.com/site/petalbot)"
66.249.64.109 - - [22/Jan/2026:08:58:33 -0500] "GET /q-~9MEn5NDbpnpklQWmfo2gi3KEMJ0gptZ19819/ HTTP/1.1" 200 86425 "-" "Mozilla/5.0 (Linux; Android 6.0.1; Nexus 5X Build/MMB29P) AppleWebKit/537.36 (KHTML, like Gecko) Chrome/143.0.7499.192 Mobile Safari/537.36 (compatible; GoogleOther)"
74.7.241.58 - - [22/Jan/2026:08:58:35 -0500] "GET /q-~293xtS0G3KWkJF0RIXdsmRIL0Wdk4ZpwM12245/ HTTP/1.1" 200 - "https://idolatekno.com/sitemap16.xml" "Mozilla/5.0 AppleWebKit/537.36 (KHTML, like Gecko; compatible; GPTBot/1.3; +https://openai.com/gptbot)"
66.249.70.32 - - [22/Jan/2026:08:58:35 -0500] "GET /?pid=26304226231&channel=heavily-talent-Canadian&cate_id=2518&page=https://mail.idolatekno.com/remote.do?items/151031102.htm HTTP/1.1" 200 86473 "-" "Mozilla/5.0 (Linux; Android 6.0.1; Nexus 5X Build/MMB29P) AppleWebKit/537.36 (KHTML, like Gecko) Chrome/143.0.7499.192 Mobile Safari/537.36 (compatible; GoogleOther)"
66.249.64.128 - - [22/Jan/2026:08:58:37 -0500] "GET /q-~93NmiD68k0xUO542jYGUvRnmvTttJyzb45233/ HTTP/1.1" 200 85396 "-" "Mozilla/5.0 (Linux; Android 6.0.1; Nexus 5X Build/MMB29P) AppleWebKit/537.36 (KHTML, like Gecko) Chrome/143.0.7499.192 Mobile Safari/537.36 (compatible; GoogleOther)"
74.7.241.58 - - [22/Jan/2026:08:58:38 -0500] "GET /q-~251lCDWk0f1leOROzTzyU0sdUp4Layyuo12057/ HTTP/1.1" 200 - "https://idolatekno.com/sitemap785.xml" "Mozilla/5.0 AppleWebKit/537.36 (KHTML, like Gecko; compatible; GPTBot/1.3; +https://openai.com/gptbot)"
66.249.70.33 - - [22/Jan/2026:08:58:38 -0500] "GET /?pid=26304226231&channel=golden-counsel-championship&cate_id=2518&page=https://mail.idolatekno.com/remote.do?q-~148fVfccmygZFBcMI2fi3oZOvyctF9flZ37172/ HTTP/1.1" 200 85105 "-" "Mozilla/5.0 (Linux; Android 6.0.1; Nexus 5X Build/MMB29P) AppleWebKit/537.36 (KHTML, like Gecko) Chrome/143.0.7499.192 Mobile Safari/537.36 (compatible; Googlebot/2.1; +http://www.google.com/bot.html)"
74.7.241.58 - - [22/Jan/2026:08:58:41 -0500] "GET /q-~185ySAwIysGgX6V83SbsZQjqzGjgDI9yt20369/ HTTP/1.1" 200 - "https://idolatekno.com/?sitemap305.xml" "Mozilla/5.0 AppleWebKit/537.36 (KHTML, like Gecko; compatible; GPTBot/1.3; +https://openai.com/gptbot)"
74.7.241.58 - - [22/Jan/2026:08:58:44 -0500] "GET /q-~208SmKlfc5TGGUD6Y4aI4AWlLvGmirYOl35688/ HTTP/1.1" 200 - "https://idolatekno.com/sitemap1.xml" "Mozilla/5.0 AppleWebKit/537.36 (KHTML, like Gecko; compatible; GPTBot/1.3; +https://openai.com/gptbot)"
66.249.64.109 - - [22/Jan/2026:08:58:45 -0500] "GET /q-~255yDfCJyRW72QiuR3c1DAifDlqEYe7lF45631/ HTTP/1.1" 200 85484 "-" "Mozilla/5.0 (Linux; Android 6.0.1; Nexus 5X Build/MMB29P) AppleWebKit/537.36 (KHTML, like Gecko) Chrome/143.0.7499.192 Mobile Safari/537.36 (compatible; GoogleOther)"
66.249.70.33 - - [22/Jan/2026:08:58:46 -0500] "GET /?pid=26304226231&channel=piano-station-left&cate_id=2518&page=https://mail.idolatekno.com/remote.do?items/108046899.htm HTTP/1.1" 200 86547 "-" "Mozilla/5.0 (Linux; Android 6.0.1; Nexus 5X Build/MMB29P) AppleWebKit/537.36 (KHTML, like Gecko) Chrome/143.0.7499.192 Mobile Safari/537.36 (compatible; Googlebot/2.1; +http://www.google.com/bot.html)"
74.7.241.58 - - [22/Jan/2026:08:58:47 -0500] "GET /q-~277NMrbos4vilHhOQHFp8wJz03wxozb4w21239/ HTTP/1.1" 200 - "https://idolatekno.com/sitemap78.xml" "Mozilla/5.0 AppleWebKit/537.36 (KHTML, like Gecko; compatible; GPTBot/1.3; +https://openai.com/gptbot)"
39.60.238.232 - - [22/Jan/2026:08:58:49 -0500] "GET /q-~194LfGnsnYEXrlh43cDoW6mgptwDWe0Ab39442/ HTTP/1.1" 200 - "-" "Mozilla/5.0 (Windows NT 6.1) AppleWebKit/535.1 (KHTML, like Gecko) Chrome/14.0.812.0 Safari/535.1"
74.7.241.58 - - [22/Jan/2026:08:58:50 -0500] "GET /q-~278Yg1wT4FwYeBTLu9rq1FwGnIKn0xbpf47886/ HTTP/1.1" 200 - "https://idolatekno.com/?sitemap503.xml" "Mozilla/5.0 AppleWebKit/537.36 (KHTML, like Gecko; compatible; GPTBot/1.3; +https://openai.com/gptbot)"
66.249.64.132 - - [22/Jan/2026:08:58:51 -0500] "GET /pcmypage?callback=/product%2Fdetail%2m74793300076 HTTP/1.1" 403 552977 "-" "Mozilla/5.0 (Linux; Android 6.0.1; Nexus 5X Build/MMB29P) AppleWebKit/537.36 (KHTML, like Gecko) Chrome/143.0.7499.192 Mobile Safari/537.36 (compatible; GoogleOther)"
74.7.241.58 - - [22/Jan/2026:08:58:53 -0500] "GET /q-~186JKkd64TUFDk6BjcTPeGTqwczBxJK6z13586/ HTTP/1.1" 200 - "https://idolatekno.com/?sitemap1000.xml" "Mozilla/5.0 AppleWebKit/537.36 (KHTML, like Gecko; compatible; GPTBot/1.3; +https://openai.com/gptbot)"
66.249.70.32 - - [22/Jan/2026:08:58:53 -0500] "GET /?pid=26304226231&channel=terrain-collaboration-invite&cate_id=2518&page=https://mail.idolatekno.com/remote.do?q-~257I8le04KDhDsLAUnmHcMsxEKqeDO1td28585/ HTTP/1.1" 200 86982 "-" "Mozilla/5.0 (Linux; Android 6.0.1; Nexus 5X Build/MMB29P) AppleWebKit/537.36 (KHTML, like Gecko) Chrome/143.0.7499.192 Mobile Safari/537.36 (compatible; Googlebot/2.1; +http://www.google.com/bot.html)"
74.7.241.58 - - [22/Jan/2026:08:58:57 -0500] "GET /q-~205j9bJUxsjqyt9EOM5OSOS5xSJyY4red14317/ HTTP/1.1" 200 - "https://idolatekno.com/sitemap27.xml" "Mozilla/5.0 AppleWebKit/537.36 (KHTML, like Gecko; compatible; GPTBot/1.3; +https://openai.com/gptbot)"
66.249.64.129 - - [22/Jan/2026:08:58:59 -0500] "GET /?x=2166640003788&channel=107e18&from=https://idolatekno.com/super.py?items/204045227.htm HTTP/1.1" 200 85790 "-" "Mozilla/5.0 (Linux; Android 6.0.1; Nexus 5X Build/MMB29P) AppleWebKit/537.36 (KHTML, like Gecko) Chrome/143.0.7499.192 Mobile Safari/537.36 (compatible; GoogleOther)"
74.7.241.58 - - [22/Jan/2026:08:59:00 -0500] "GET /q-~35z8pa0A6cKrqZUpzMYEhSD4SJ5MQdqS25075/ HTTP/1.1" 200 - "https://idolatekno.com/pages.php?sitemap849.xml" "Mozilla/5.0 AppleWebKit/537.36 (KHTML, like Gecko; compatible; GPTBot/1.3; +https://openai.com/gptbot)"
66.249.70.34 - - [22/Jan/2026:08:59:01 -0500] "GET /?pid=26304226231&channel=during-squad-these&cate_id=2518&page=https://mail.idolatekno.com/remote.do?items/061010340.htm HTTP/1.1" 200 85517 "-" "Mozilla/5.0 (Linux; Android 6.0.1; Nexus 5X Build/MMB29P) AppleWebKit/537.36 (KHTML, like Gecko) Chrome/143.0.7499.192 Mobile Safari/537.36 (compatible; Googlebot/2.1; +http://www.google.com/bot.html)"
74.7.241.58 - - [22/Jan/2026:08:59:03 -0500] "GET /q-~113A2on9y3mKi3bjjCjjFEGpKvEA7XFdx2799/ HTTP/1.1" 200 - "https://idolatekno.com/?sitemap1000.xml" "Mozilla/5.0 AppleWebKit/537.36 (KHTML, like Gecko; compatible; GPTBot/1.3; +https://openai.com/gptbot)"
114.119.135.195 - - [22/Jan/2026:08:59:04 -0500] "GET /q-~210kTnU1QRzYHc2ZDKFv11ANYNpPKaHuE34434/ HTTP/1.1" 200 - "https://mail.idolatekno.com/sitemapb.xml" "Mozilla/5.0 (Linux; Android 7.0;) AppleWebKit/537.36 (KHTML, like Gecko) Mobile Safari/537.36 (compatible; PetalBot;+https://webmaster.petalsearch.com/site/petalbot)"
74.7.241.58 - - [22/Jan/2026:08:59:06 -0500] "GET /q-~214WnRd8ixC4lijS3TOuWrRyESF73nUWF7946/ HTTP/1.1" 200 - "https://idolatekno.com/?sitemap305.xml" "Mozilla/5.0 AppleWebKit/537.36 (KHTML, like Gecko; compatible; GPTBot/1.3; +https://openai.com/gptbot)"
66.249.70.32 - - [22/Jan/2026:08:59:08 -0500] "GET /?pid=26304226231&channel=procedure-reluctant-treaty&cate_id=2518&page=https://mail.idolatekno.com/remote.do?items/108022487.htm HTTP/1.1" 200 86401 "-" "Mozilla/5.0 (Linux; Android 6.0.1; Nexus 5X Build/MMB29P) AppleWebKit/537.36 (KHTML, like Gecko) Chrome/143.0.7499.192 Mobile Safari/537.36 (compatible; Googlebot/2.1; +http://www.google.com/bot.html)"
74.7.241.58 - - [22/Jan/2026:08:59:09 -0500] "GET /q-~58xhD5cybfeVRML629lyZYm8MRcVujLS26896/ HTTP/1.1" 200 - "https://idolatekno.com/sitemap1.xml" "Mozilla/5.0 AppleWebKit/537.36 (KHTML, like Gecko; compatible; GPTBot/1.3; +https://openai.com/gptbot)"
66.249.64.132 - - [22/Jan/2026:08:59:10 -0500] "GET /pcmypage?callback=/product%2Fdetail%2m29419051848 HTTP/1.1" 403 563094 "-" "Mozilla/5.0 (Linux; Android 6.0.1; Nexus 5X Build/MMB29P) AppleWebKit/537.36 (KHTML, like Gecko) Chrome/143.0.7499.192 Mobile Safari/537.36 (compatible; GoogleOther)"
74.7.241.58 - - [22/Jan/2026:08:59:12 -0500] "GET /q-~86RbaXQ31xPtD9CLPVVJmWX0eqDhf9av11510/ HTTP/1.1" 200 - "https://idolatekno.com/?sitemap1000.xml" "Mozilla/5.0 AppleWebKit/537.36 (KHTML, like Gecko; compatible; GPTBot/1.3; +https://openai.com/gptbot)"
66.249.64.132 - - [22/Jan/2026:08:59:13 -0500] "GET /pcmypage?callback=/product%2Fdetail%2m14749299138 HTTP/1.1" 403 552909 "-" "Mozilla/5.0 (Linux; Android 6.0.1; Nexus 5X Build/MMB29P) AppleWebKit/537.36 (KHTML, like Gecko) Chrome/143.0.7499.192 Mobile Safari/537.36 (compatible; GoogleOther)"
74.7.241.58 - - [22/Jan/2026:08:59:15 -0500] "GET /q-~234louDSDbJZpRwioMrSO4FqU8Da7nR1d10732/ HTTP/1.1" 200 - "https://idolatekno.com/sitemap785.xml" "Mozilla/5.0 AppleWebKit/537.36 (KHTML, like Gecko; compatible; GPTBot/1.3; +https://openai.com/gptbot)"
66.249.70.32 - - [22/Jan/2026:08:59:16 -0500] "GET /?pid=26304226231&channel=ear-senior-cooperative&cate_id=2518&page=https://mail.idolatekno.com/remote.do?q-~95phuRYa0O8B5saUbsxQ5hn80BAqYemO10813/ HTTP/1.1" 200 86105 "-" "Mozilla/5.0 (Linux; Android 6.0.1; Nexus 5X Build/MMB29P) AppleWebKit/537.36 (KHTML, like Gecko) Chrome/143.0.7499.192 Mobile Safari/537.36 (compatible; Googlebot/2.1; +http://www.google.com/bot.html)"
74.7.241.58 - - [22/Jan/2026:08:59:19 -0500] "GET /q-~169u4CbNAkpwR40AxOqzhuzriVU4ywwmR37539/ HTTP/1.1" 200 - "https://idolatekno.com/sitemap63.xml" "Mozilla/5.0 AppleWebKit/537.36 (KHTML, like Gecko; compatible; GPTBot/1.3; +https://openai.com/gptbot)"
74.7.241.58 - - [22/Jan/2026:08:59:22 -0500] "GET /q-~168jk08HlcXeV6alRNckJTbXGaWD6Brln32818/ HTTP/1.1" 200 - "https://idolatekno.com/?sitemap1000.xml" "Mozilla/5.0 AppleWebKit/537.36 (KHTML, like Gecko; compatible; GPTBot/1.3; +https://openai.com/gptbot)"
66.249.70.32 - - [22/Jan/2026:08:59:24 -0500] "GET /?pid=26304226231&channel=clay-grace-comfortable&cate_id=2518&page=https://mail.idolatekno.com/remote.do?items/203021514.htm HTTP/1.1" 200 85047 "-" "Mozilla/5.0 (Linux; Android 6.0.1; Nexus 5X Build/MMB29P) AppleWebKit/537.36 (KHTML, like Gecko) Chrome/143.0.7499.192 Mobile Safari/537.36 (compatible; Googlebot/2.1; +http://www.google.com/bot.html)"
74.7.241.58 - - [22/Jan/2026:08:59:25 -0500] "GET /q-~205Z75KWTYRLLHONctjqzDRVH7F7GI3vf47525/ HTTP/1.1" 200 - "https://idolatekno.com/sitemap785.xml" "Mozilla/5.0 AppleWebKit/537.36 (KHTML, like Gecko; compatible; GPTBot/1.3; +https://openai.com/gptbot)"
66.249.70.32 - - [22/Jan/2026:08:59:25 -0500] "GET /q-~132kl7KerkYq0RJTF2pvxw0uFhRKWwLhg26856/ HTTP/1.1" 200 85901 "-" "Mozilla/5.0 (Linux; Android 6.0.1; Nexus 5X Build/MMB29P) AppleWebKit/537.36 (KHTML, like Gecko) Chrome/143.0.7499.192 Mobile Safari/537.36 (compatible; GoogleOther)"
114.119.132.76 - - [22/Jan/2026:08:59:27 -0500] "GET /q-~210hO3I0GmOd22ODNUrOCpFqfYdfDcpKF41106/ HTTP/1.1" 200 - "https://mail.idolatekno.com/sitemape.xml" "Mozilla/5.0 (Linux; Android 7.0;) AppleWebKit/537.36 (KHTML, like Gecko) Mobile Safari/537.36 (compatible; PetalBot;+https://webmaster.petalsearch.com/site/petalbot)"
74.7.241.58 - - [22/Jan/2026:08:59:28 -0500] "GET /q-~275g9JbI9N67wootjcIWzk4VShFmjddtz12145/ HTTP/1.1" 200 - "https://idolatekno.com/?sitemap503.xml" "Mozilla/5.0 AppleWebKit/537.36 (KHTML, like Gecko; compatible; GPTBot/1.3; +https://openai.com/gptbot)"
66.249.64.132 - - [22/Jan/2026:08:59:28 -0500] "GET /q-~54iEr80AVvCfmWf7404nolguX4UWPzqW45674/ HTTP/1.1" 200 86630 "-" "Mozilla/5.0 (Linux; Android 6.0.1; Nexus 5X Build/MMB29P) AppleWebKit/537.36 (KHTML, like Gecko) Chrome/143.0.7499.192 Mobile Safari/537.36 (compatible; GoogleOther)"
66.249.70.32 - - [22/Jan/2026:08:59:31 -0500] "GET /?pid=26304226231&channel=DNA-chairman-squad&cate_id=2518&page=https://mail.idolatekno.com/remote.do?items/151003796.htm HTTP/1.1" 200 84747 "-" "Mozilla/5.0 (Linux; Android 6.0.1; Nexus 5X Build/MMB29P) AppleWebKit/537.36 (KHTML, like Gecko) Chrome/143.0.7499.192 Mobile Safari/537.36 (compatible; Googlebot/2.1; +http://www.google.com/bot.html)"
74.7.241.58 - - [22/Jan/2026:08:59:32 -0500] "GET /q-~120EqolxYwU4y8urCzxEiKm6nl4laSeWr19412/ HTTP/1.1" 200 - "https://idolatekno.com/?sitemap317.xml" "Mozilla/5.0 AppleWebKit/537.36 (KHTML, like Gecko; compatible; GPTBot/1.3; +https://openai.com/gptbot)"
74.7.241.58 - - [22/Jan/2026:08:59:35 -0500] "GET /q-~14wIkV4P9YxH4PwRamQUlGX4IrY1ibPU19792/ HTTP/1.1" 200 - "https://idolatekno.com/sitemap73.xml" "Mozilla/5.0 AppleWebKit/537.36 (KHTML, like Gecko; compatible; GPTBot/1.3; +https://openai.com/gptbot)"
74.7.241.58 - - [22/Jan/2026:08:59:38 -0500] "GET /q-~266us9siq1kjh6JfGxkkMNF2bbTIMpqgL43148/ HTTP/1.1" 200 - "https://idolatekno.com/sitemap21.xml" "Mozilla/5.0 AppleWebKit/537.36 (KHTML, like Gecko; compatible; GPTBot/1.3; +https://openai.com/gptbot)"
66.249.70.33 - - [22/Jan/2026:08:59:39 -0500] "GET /?pid=26304226231&channel=key-literally-shooting&cate_id=2518&page=https://mail.idolatekno.com/remote.do?items/154045389.htm HTTP/1.1" 200 86419 "-" "Mozilla/5.0 (Linux; Android 6.0.1; Nexus 5X Build/MMB29P) AppleWebKit/537.36 (KHTML, like Gecko) Chrome/143.0.7499.192 Mobile Safari/537.36 (compatible; Googlebot/2.1; +http://www.google.com/bot.html)"
74.7.241.58 - - [22/Jan/2026:08:59:41 -0500] "GET /q-~13vjJB7r7JjyBn9JbwUkP9dSbUAO1BaW10605/ HTTP/1.1" 200 - "https://idolatekno.com/?sitemap317.xml" "Mozilla/5.0 AppleWebKit/537.36 (KHTML, like Gecko; compatible; GPTBot/1.3; +https://openai.com/gptbot)"
66.249.64.132 - - [22/Jan/2026:08:59:42 -0500] "GET /q-~155Eqn00P73KjOsCsgtA7vKHkRGE2N6ds16195/ HTTP/1.1" 200 86076 "-" "Mozilla/5.0 (Linux; Android 6.0.1; Nexus 5X Build/MMB29P) AppleWebKit/537.36 (KHTML, like Gecko) Chrome/143.0.7499.192 Mobile Safari/537.36 (compatible; GoogleOther)"
74.7.241.58 - - [22/Jan/2026:08:59:44 -0500] "GET /q-~186NG3kIjhtobMhhyeOmGUyuf1Gq3z0Iv16606/ HTTP/1.1" 200 - "https://idolatekno.com/?sitemap1000.xml" "Mozilla/5.0 AppleWebKit/537.36 (KHTML, like Gecko; compatible; GPTBot/1.3; +https://openai.com/gptbot)"
66.249.64.128 - - [22/Jan/2026:08:59:45 -0500] "GET /pcmypage?callback=/product%2Fdetail%2m61414364737 HTTP/1.1" 403 563487 "-" "Mozilla/5.0 (Linux; Android 6.0.1; Nexus 5X Build/MMB29P) AppleWebKit/537.36 (KHTML, like Gecko) Chrome/143.0.7499.192 Mobile Safari/537.36 (compatible; GoogleOther)"
66.249.70.34 - - [22/Jan/2026:08:59:46 -0500] "GET /?pid=26304226231&channel=little-burst-weave&cate_id=2518&page=https://mail.idolatekno.com/remote.do?items/101015284.htm HTTP/1.1" 200 86273 "-" "Mozilla/5.0 (Linux; Android 6.0.1; Nexus 5X Build/MMB29P) AppleWebKit/537.36 (KHTML, like Gecko) Chrome/143.0.7499.192 Mobile Safari/537.36 (compatible; Googlebot/2.1; +http://www.google.com/bot.html)"
74.7.241.58 - - [22/Jan/2026:08:59:47 -0500] "GET /q-~177dBgZBWTGbiRoJzAGv8A1WpwD6G2Fww30197/ HTTP/1.1" 200 - "https://idolatekno.com/?sitemap503.xml" "Mozilla/5.0 AppleWebKit/537.36 (KHTML, like Gecko; compatible; GPTBot/1.3; +https://openai.com/gptbot)"
74.7.241.58 - - [22/Jan/2026:08:59:51 -0500] "GET /q-~251zwVh6PypljYpJlxO98OpOxDnOVY21y20579/ HTTP/1.1" 200 - "https://idolatekno.com/?sitemap305.xml" "Mozilla/5.0 AppleWebKit/537.36 (KHTML, like Gecko; compatible; GPTBot/1.3; +https://openai.com/gptbot)"
74.7.241.58 - - [22/Jan/2026:08:59:54 -0500] "GET /q-~81Hz0mSzoti61Lwgst9RLMga7abCETiz22355/ HTTP/1.1" 200 - "https://idolatekno.com/?sitemap503.xml" "Mozilla/5.0 AppleWebKit/537.36 (KHTML, like Gecko; compatible; GPTBot/1.3; +https://openai.com/gptbot)"
66.249.70.32 - - [22/Jan/2026:08:59:54 -0500] "GET /?pid=26304226231&channel=provide-react-distinctive&cate_id=2518&page=https://mail.idolatekno.com/remote.do?q-~243etRKpGKXO8ntLKfC4uhRdiq9OlrvOM25591/ HTTP/1.1" 200 86905 "-" "Mozilla/5.0 (Linux; Android 6.0.1; Nexus 5X Build/MMB29P) AppleWebKit/537.36 (KHTML, like Gecko) Chrome/143.0.7499.192 Mobile Safari/537.36 (compatible; Googlebot/2.1; +http://www.google.com/bot.html)"
66.249.64.132 - - [22/Jan/2026:08:59:57 -0500] "GET /?x=2166640003788&channel=107e18&from=https://idolatekno.com/super.py?q-~74aosrLqjJSNUhGDrULHxLMCyv80XRYJ6496/ HTTP/1.1" 200 85530 "-" "Mozilla/5.0 (Linux; Android 6.0.1; Nexus 5X Build/MMB29P) AppleWebKit/537.36 (KHTML, like Gecko) Chrome/143.0.7499.192 Mobile Safari/537.36 (compatible; GoogleOther)"
74.7.241.58 - - [22/Jan/2026:08:59:57 -0500] "GET /q-~190FB6CLIADVYZp02hVLOYoeElgY9nw7C16080/ HTTP/1.1" 200 - "https://idolatekno.com/?sitemap442.xml" "Mozilla/5.0 AppleWebKit/537.36 (KHTML, like Gecko; compatible; GPTBot/1.3; +https://openai.com/gptbot)"
66.249.64.128 - - [22/Jan/2026:08:59:59 -0500] "GET /q-~81GKCIwXDxmB8EzoUn1PXQOJ4uwXVAdx38533/ HTTP/1.1" 200 85603 "-" "Mozilla/5.0 (Linux; Android 6.0.1; Nexus 5X Build/MMB29P) AppleWebKit/537.36 (KHTML, like Gecko) Chrome/143.0.7499.192 Mobile Safari/537.36 (compatible; GoogleOther)"
74.7.241.58 - - [22/Jan/2026:09:00:00 -0500] "GET /q-~236thshaB1dhC6SfNVle65i6NpdJGoGeN45142/ HTTP/1.1" 200 - "https://idolatekno.com/?sitemap1000.xml" "Mozilla/5.0 AppleWebKit/537.36 (KHTML, like Gecko; compatible; GPTBot/1.3; +https://openai.com/gptbot)"
66.249.70.32 - - [22/Jan/2026:09:00:02 -0500] "GET /?pid=26304226231&channel=weight-fade-spine&cate_id=2518&page=https://mail.idolatekno.com/remote.do?items/258024699.htm HTTP/1.1" 200 85628 "-" "Mozilla/5.0 (Linux; Android 6.0.1; Nexus 5X Build/MMB29P) AppleWebKit/537.36 (KHTML, like Gecko) Chrome/143.0.7499.192 Mobile Safari/537.36 (compatible; Googlebot/2.1; +http://www.google.com/bot.html)"
74.7.241.58 - - [22/Jan/2026:09:00:03 -0500] "GET /q-~31D9B7NW5Pble5VTGpT3IrNvgzxoqCoq10227/ HTTP/1.1" 200 - "https://idolatekno.com/sitemap73.xml" "Mozilla/5.0 AppleWebKit/537.36 (KHTML, like Gecko; compatible; GPTBot/1.3; +https://openai.com/gptbot)"
66.102.9.101 - - [22/Jan/2026:09:00:03 -0500] "HEAD /feed HTTP/1.1" 200 - "-" "FeedBurner/1.0 (http://www.FeedBurner.com)"
66.102.9.102 - - [22/Jan/2026:09:00:04 -0500] "GET /feed HTTP/1.1" 200 - "-" "FeedBurner/1.0 (http://www.FeedBurner.com)"
27.147.237.58 - - [22/Jan/2026:09:00:04 -0500] "GET /q-~95ERqJDbKMvSp7kXcbidEWd5H6NMTADh46123/ HTTP/1.1" 200 - "-" "Mozilla/5.0 (X11; U; Linux i686; en-US; rv:1.9.2.10pre) Gecko/20100902 Ubuntu/9.10 (karmic) Firefox/3.6.1pre"
74.7.241.58 - - [22/Jan/2026:09:00:06 -0500] "GET /q-~127awT8voJ1LnqMEU7mvJo8Sb2FYvhcQX28685/ HTTP/1.1" 200 - "https://idolatekno.com/?sitemap442.xml" "Mozilla/5.0 AppleWebKit/537.36 (KHTML, like Gecko; compatible; GPTBot/1.3; +https://openai.com/gptbot)"
37.237.130.60 - - [22/Jan/2026:09:00:08 -0500] "GET /q-~195anIiBCUlfOGAFiuxwPmZDDJigXwQVp14763/ HTTP/1.1" 200 - "-" "Mozilla/5.0 (Windows; U; Windows NT 6.1; en-US) AppleWebKit/534.3 (KHTML, like Gecko) Chrome/6.0.458.1 Safari/534.3"
66.249.70.32 - - [22/Jan/2026:09:00:09 -0500] "GET /?pid=26304226231&channel=anniversary-related-live&cate_id=2518&page=https://mail.idolatekno.com/remote.do?items/063029996.htm HTTP/1.1" 200 85568 "-" "Mozilla/5.0 (Linux; Android 6.0.1; Nexus 5X Build/MMB29P) AppleWebKit/537.36 (KHTML, like Gecko) Chrome/143.0.7499.192 Mobile Safari/537.36 (compatible; Googlebot/2.1; +http://www.google.com/bot.html)"
74.7.241.58 - - [22/Jan/2026:09:00:09 -0500] "GET /q-~118neNSN40Ai5tWyKGfRgKxtX8WRwbf3l41592/ HTTP/1.1" 200 - "https://idolatekno.com/?sitemap317.xml" "Mozilla/5.0 AppleWebKit/537.36 (KHTML, like Gecko; compatible; GPTBot/1.3; +https://openai.com/gptbot)"
66.249.64.132 - - [22/Jan/2026:09:00:11 -0500] "GET /q-~213McYcsOkkmXkXm30Yy8DfabpffQK6hX44889/ HTTP/1.1" 200 85808 "-" "Mozilla/5.0 (Linux; Android 6.0.1; Nexus 5X Build/MMB29P) AppleWebKit/537.36 (KHTML, like Gecko) Chrome/143.0.7499.192 Mobile Safari/537.36 (compatible; GoogleOther)"
74.7.241.58 - - [22/Jan/2026:09:00:13 -0500] "GET /q-~162H7h1vsetyRBmihR0hxKBpc7Aq4yEzH41086/ HTTP/1.1" 200 - "https://idolatekno.com/sitemap785.xml" "Mozilla/5.0 AppleWebKit/537.36 (KHTML, like Gecko; compatible; GPTBot/1.3; +https://openai.com/gptbot)"
74.7.241.58 - - [22/Jan/2026:09:00:15 -0500] "GET /q-~168vXkt894XVrzkB6qsBITMWYCoTaeq1q4980/ HTTP/1.1" 200 - "https://idolatekno.com/sitemap27.xml" "Mozilla/5.0 AppleWebKit/537.36 (KHTML, like Gecko; compatible; GPTBot/1.3; +https://openai.com/gptbot)"
66.249.70.32 - - [22/Jan/2026:09:00:17 -0500] "GET /?pid=26304226231&channel=violent-quietly-terribly&cate_id=2518&page=https://mail.idolatekno.com/remote.do?items/078029173.htm HTTP/1.1" 200 86738 "-" "Mozilla/5.0 (Linux; Android 6.0.1; Nexus 5X Build/MMB29P) AppleWebKit/537.36 (KHTML, like Gecko) Chrome/143.0.7499.192 Mobile Safari/537.36 (compatible; Googlebot/2.1; +http://www.google.com/bot.html)"
66.249.64.132 - - [22/Jan/2026:09:00:16 -0500] "GET /q-~284P2rMmpafDhhqL9ksuA2YjIc8csz0BN31998/ HTTP/1.1" 200 85896 "-" "Mozilla/5.0 (Linux; Android 6.0.1; Nexus 5X Build/MMB29P) AppleWebKit/537.36 (KHTML, like Gecko) Chrome/143.0.7499.192 Mobile Safari/537.36 (compatible; GoogleOther)"
74.7.241.58 - - [22/Jan/2026:09:00:19 -0500] "GET /q-~34CASWE5NpV9d4vTJIMNWIk3mxSe6nZW24094/ HTTP/1.1" 200 - "https://idolatekno.com/?sitemap317.xml" "Mozilla/5.0 AppleWebKit/537.36 (KHTML, like Gecko; compatible; GPTBot/1.3; +https://openai.com/gptbot)"
74.7.241.58 - - [22/Jan/2026:09:00:23 -0500] "GET /q-~186EtHffcJtdfLg7v2nH1MbtCn5aRs8Pw15754/ HTTP/1.1" 200 - "https://idolatekno.com/sitemap14.xml" "Mozilla/5.0 AppleWebKit/537.36 (KHTML, like Gecko; compatible; GPTBot/1.3; +https://openai.com/gptbot)"
114.119.142.126 - - [22/Jan/2026:09:00:24 -0500] "GET /q-~210gJHPZSlEoksyeg5BIquNBZ0xT3szyR2004/ HTTP/1.1" 200 - "https://mail.idolatekno.com/sitemapc.xml" "Mozilla/5.0 (Linux; Android 7.0;) AppleWebKit/537.36 (KHTML, like Gecko) Mobile Safari/537.36 (compatible; PetalBot;+https://webmaster.petalsearch.com/site/petalbot)"
66.249.70.32 - - [22/Jan/2026:09:00:24 -0500] "GET /?b=22866234e1jdc HTTP/1.1" 200 85582 "-" "Mozilla/5.0 (Linux; Android 6.0.1; Nexus 5X Build/MMB29P) AppleWebKit/537.36 (KHTML, like Gecko) Chrome/143.0.7499.192 Mobile Safari/537.36 (compatible; Googlebot/2.1; +http://www.google.com/bot.html)"
66.249.70.32 - - [22/Jan/2026:09:00:24 -0500] "GET /?pid=26304226231&channel=blessing-frustration-pile&cate_id=2518&page=https://mail.idolatekno.com/remote.do?items/089028472.htm HTTP/1.1" 200 86600 "-" "Mozilla/5.0 (Linux; Android 6.0.1; Nexus 5X Build/MMB29P) AppleWebKit/537.36 (KHTML, like Gecko) Chrome/143.0.7499.192 Mobile Safari/537.36 (compatible; Googlebot/2.1; +http://www.google.com/bot.html)"
74.7.241.58 - - [22/Jan/2026:09:00:25 -0500] "GET /q-~271u95zgvBUZF2WGfFQdseKXEghDF7rCC42251/ HTTP/1.1" 200 - "https://idolatekno.com/sitemap49.xml" "Mozilla/5.0 AppleWebKit/537.36 (KHTML, like Gecko; compatible; GPTBot/1.3; +https://openai.com/gptbot)"
66.249.64.132 - - [22/Jan/2026:09:00:25 -0500] "GET /pcmypage?callback=/product%2Fdetail%2m44303641981 HTTP/1.1" 403 559136 "-" "Mozilla/5.0 (Linux; Android 6.0.1; Nexus 5X Build/MMB29P) AppleWebKit/537.36 (KHTML, like Gecko) Chrome/143.0.7499.192 Mobile Safari/537.36 (compatible; GoogleOther)"
74.7.241.58 - - [22/Jan/2026:09:00:28 -0500] "GET /q-~200k5Jx0k6GK9KPan3HHPENhxsXQQikyP36386/ HTTP/1.1" 200 - "https://idolatekno.com/?sitemap442.xml" "Mozilla/5.0 AppleWebKit/537.36 (KHTML, like Gecko; compatible; GPTBot/1.3; +https://openai.com/gptbot)"
74.7.241.58 - - [22/Jan/2026:09:00:31 -0500] "GET /q-~56SppxbZMCbxS26eEgLC5jh15opcbWns47420/ HTTP/1.1" 200 - "https://idolatekno.com/?sitemap503.xml" "Mozilla/5.0 AppleWebKit/537.36 (KHTML, like Gecko; compatible; GPTBot/1.3; +https://openai.com/gptbot)"
66.249.70.33 - - [22/Jan/2026:09:00:32 -0500] "GET /?pid=26304226231&channel=shower-independence-with&cate_id=2518&page=https://mail.idolatekno.com/remote.do?items/094003719.htm HTTP/1.1" 200 86216 "-" "Mozilla/5.0 (Linux; Android 6.0.1; Nexus 5X Build/MMB29P) AppleWebKit/537.36 (KHTML, like Gecko) Chrome/143.0.7499.192 Mobile Safari/537.36 (compatible; Googlebot/2.1; +http://www.google.com/bot.html)"
66.249.64.132 - - [22/Jan/2026:09:00:34 -0500] "GET /pcmypage?callback=/product%2Fdetail%2m10166619919 HTTP/1.1" 403 555803 "-" "Mozilla/5.0 (Linux; Android 6.0.1; Nexus 5X Build/MMB29P) AppleWebKit/537.36 (KHTML, like Gecko) Chrome/143.0.7499.192 Mobile Safari/537.36 (compatible; GoogleOther)"
74.7.241.58 - - [22/Jan/2026:09:00:35 -0500] "GET /q-~130JiczGMiGOjdf96L8EN4QsjbsDDjbQy45710/ HTTP/1.1" 200 - "https://idolatekno.com/sitemap27.xml" "Mozilla/5.0 AppleWebKit/537.36 (KHTML, like Gecko; compatible; GPTBot/1.3; +https://openai.com/gptbot)"
74.7.241.58 - - [22/Jan/2026:09:00:38 -0500] "GET /q-~183tNZhkH6Et6iEC7AMgB8zLWZ9qNaVtw35169/ HTTP/1.1" 200 - "https://idolatekno.com/sitemap49.xml" "Mozilla/5.0 AppleWebKit/537.36 (KHTML, like Gecko; compatible; GPTBot/1.3; +https://openai.com/gptbot)"
66.249.70.33 - - [22/Jan/2026:09:00:40 -0500] "GET /?pid=26304226231&channel=uncertain-era-urban&cate_id=2518&page=https://mail.idolatekno.com/remote.do?items/215002286.htm HTTP/1.1" 200 86187 "-" "Mozilla/5.0 (Linux; Android 6.0.1; Nexus 5X Build/MMB29P) AppleWebKit/537.36 (KHTML, like Gecko) Chrome/143.0.7499.192 Mobile Safari/537.36 (compatible; Googlebot/2.1; +http://www.google.com/bot.html)"
66.249.64.132 - - [22/Jan/2026:09:00:40 -0500] "GET /q-~92NjCj2oh815ND3OvmCZHmn8G37V5Ctx43922/ HTTP/1.1" 200 87026 "-" "Mozilla/5.0 (Linux; Android 6.0.1; Nexus 5X Build/MMB29P) AppleWebKit/537.36 (KHTML, like Gecko) Chrome/143.0.7499.192 Mobile Safari/537.36 (compatible; GoogleOther)"
74.7.241.58 - - [22/Jan/2026:09:00:41 -0500] "GET /q-~114vPFgcvhbVCVqSc25Uz4eQrvNpQkN0C36356/ HTTP/1.1" 200 - "https://idolatekno.com/?sitemap305.xml" "Mozilla/5.0 AppleWebKit/537.36 (KHTML, like Gecko; compatible; GPTBot/1.3; +https://openai.com/gptbot)"
74.7.241.58 - - [22/Jan/2026:09:00:44 -0500] "GET /q-~147lCIF6tjC81KcwLPbZfb1HlsufiETiC46609/ HTTP/1.1" 200 - "https://idolatekno.com/sitemap79.xml" "Mozilla/5.0 AppleWebKit/537.36 (KHTML, like Gecko; compatible; GPTBot/1.3; +https://openai.com/gptbot)"
74.7.241.58 - - [22/Jan/2026:09:00:47 -0500] "GET /q-~10BWrWMXbk8mTkk7tK2uxg4ulZBwA7aF40550/ HTTP/1.1" 200 - "https://idolatekno.com/?sitemap1000.xml" "Mozilla/5.0 AppleWebKit/537.36 (KHTML, like Gecko; compatible; GPTBot/1.3; +https://openai.com/gptbot)"
66.249.70.32 - - [22/Jan/2026:09:00:47 -0500] "GET /?pid=26304226231&channel=container-participation-which&cate_id=2518&page=https://mail.idolatekno.com/remote.do?items/295019290.htm HTTP/1.1" 200 85430 "-" "Mozilla/5.0 (Linux; Android 6.0.1; Nexus 5X Build/MMB29P) AppleWebKit/537.36 (KHTML, like Gecko) Chrome/143.0.7499.192 Mobile Safari/537.36 (compatible; Googlebot/2.1; +http://www.google.com/bot.html)"
114.119.142.126 - - [22/Jan/2026:09:00:49 -0500] "GET /q-~210cwYU4D0QG3nbo9HQvoGS78zkIWs75J31902/ HTTP/1.1" 200 - "https://mail.idolatekno.com/sitemapd.xml" "Mozilla/5.0 (Linux; Android 7.0;) AppleWebKit/537.36 (KHTML, like Gecko) Mobile Safari/537.36 (compatible; PetalBot;+https://webmaster.petalsearch.com/site/petalbot)"
74.7.241.58 - - [22/Jan/2026:09:00:51 -0500] "GET /q-~98HO96HUwaCAcpKoOlmvhzO8cbW2V9iX30998/ HTTP/1.1" 200 - "https://idolatekno.com/?sitemap442.xml" "Mozilla/5.0 AppleWebKit/537.36 (KHTML, like Gecko; compatible; GPTBot/1.3; +https://openai.com/gptbot)"
66.249.70.34 - - [22/Jan/2026:09:00:51 -0500] "GET /q-~120s8u0PshAB6tycRdRHNaT3ED42E3QKG45854/ HTTP/1.1" 200 85729 "-" "Mozilla/5.0 (Linux; Android 6.0.1; Nexus 5X Build/MMB29P) AppleWebKit/537.36 (KHTML, like Gecko) Chrome/143.0.7499.192 Mobile Safari/537.36 (compatible; GoogleOther)"
74.7.241.58 - - [22/Jan/2026:09:00:54 -0500] "GET /q-~261hb2YL7bKa3MUKIlqiwKF9yLsQ9FEZg30679/ HTTP/1.1" 200 - "https://idolatekno.com/sitemap14.xml" "Mozilla/5.0 AppleWebKit/537.36 (KHTML, like Gecko; compatible; GPTBot/1.3; +https://openai.com/gptbot)"
2a03:2880:f80e:3e:: - - [22/Jan/2026:09:00:55 -0500] "GET /m/ceili52024820?id=2041078 HTTP/1.1" 200 - "-" "meta-externalagent/1.1 (+https://developers.facebook.com/docs/sharing/webmasters/crawler)"
66.249.64.128 - - [22/Jan/2026:09:00:54 -0500] "GET /pcmypage?callback=/product%2Fdetail%2m76075372339 HTTP/1.1" 403 554907 "-" "Mozilla/5.0 (Linux; Android 6.0.1; Nexus 5X Build/MMB29P) AppleWebKit/537.36 (KHTML, like Gecko) Chrome/143.0.7499.192 Mobile Safari/537.36 (compatible; GoogleOther)"
66.249.70.32 - - [22/Jan/2026:09:00:55 -0500] "GET /?pid=26304226231&channel=solid-residence-cheat&cate_id=2518&page=https://mail.idolatekno.com/remote.do?q-~276zb1uNAEATXKmevQnBBr3rNUawEi9vq38042/ HTTP/1.1" 200 85403 "-" "Mozilla/5.0 (Linux; Android 6.0.1; Nexus 5X Build/MMB29P) AppleWebKit/537.36 (KHTML, like Gecko) Chrome/143.0.7499.192 Mobile Safari/537.36 (compatible; Googlebot/2.1; +http://www.google.com/bot.html)"
2a03:2880:f80e:2b:: - - [22/Jan/2026:09:00:57 -0500] "GET /m/extre62802525?id=2818783 HTTP/1.1" 200 - "-" "meta-externalagent/1.1 (+https://developers.facebook.com/docs/sharing/webmasters/crawler)"
74.7.241.58 - - [22/Jan/2026:09:00:57 -0500] "GET /q-~231vCcHV3RosHmVouFpVF6qUwW3Nr5RQn45599/ HTTP/1.1" 200 - "https://idolatekno.com/sitemap86.xml" "Mozilla/5.0 AppleWebKit/537.36 (KHTML, like Gecko; compatible; GPTBot/1.3; +https://openai.com/gptbot)"
74.7.241.58 - - [22/Jan/2026:09:01:00 -0500] "GET /q-~241W7gsgK2j1GGKVRhWJXHHuQwkglsi0F36351/ HTTP/1.1" 200 - "https://idolatekno.com/?sitemap442.xml" "Mozilla/5.0 AppleWebKit/537.36 (KHTML, like Gecko; compatible; GPTBot/1.3; +https://openai.com/gptbot)"
66.249.70.32 - - [22/Jan/2026:09:01:02 -0500] "GET /?pid=26304226231&channel=motivation-gallery-drink&cate_id=2518&page=https://mail.idolatekno.com/remote.do?q-~62wPwkqhx43hkOweqLdVveZIRUOe2x2a14994/ HTTP/1.1" 200 86292 "-" "Mozilla/5.0 (Linux; Android 6.0.1; Nexus 5X Build/MMB29P) AppleWebKit/537.36 (KHTML, like Gecko) Chrome/143.0.7499.192 Mobile Safari/537.36 (compatible; Googlebot/2.1; +http://www.google.com/bot.html)"
74.7.241.58 - - [22/Jan/2026:09:01:03 -0500] "GET /q-~133C3g3HsraO28rRuj2BtkNtkXKFTtTCT49601/ HTTP/1.1" 200 - "https://idolatekno.com/sitemap49.xml" "Mozilla/5.0 AppleWebKit/537.36 (KHTML, like Gecko; compatible; GPTBot/1.3; +https://openai.com/gptbot)"
74.7.241.58 - - [22/Jan/2026:09:01:06 -0500] "GET /q-~217YXSmJf2cqIfmqASzdsIX5qsd0F3jHw37161/ HTTP/1.1" 200 - "https://idolatekno.com/sitemap29.xml" "Mozilla/5.0 AppleWebKit/537.36 (KHTML, like Gecko; compatible; GPTBot/1.3; +https://openai.com/gptbot)"
66.249.64.129 - - [22/Jan/2026:09:01:08 -0500] "GET /pcmypage?callback=/product%2Fdetail%2m70687452643 HTTP/1.1" 403 570634 "-" "Mozilla/5.0 (Linux; Android 6.0.1; Nexus 5X Build/MMB29P) AppleWebKit/537.36 (KHTML, like Gecko) Chrome/143.0.7499.192 Mobile Safari/537.36 (compatible; GoogleOther)"
74.7.241.58 - - [22/Jan/2026:09:01:10 -0500] "GET /q-~59wVeHAMHqXE70shsn9GzFKNdhw4Ow9X21393/ HTTP/1.1" 200 - "https://idolatekno.com/pages.php?sitemap849.xml" "Mozilla/5.0 AppleWebKit/537.36 (KHTML, like Gecko; compatible; GPTBot/1.3; +https://openai.com/gptbot)"
66.249.70.32 - - [22/Jan/2026:09:01:10 -0500] "GET /?pid=26304226231&channel=relief-substantial-frequent&cate_id=2518&page=https://mail.idolatekno.com/remote.do?items/148033469.htm HTTP/1.1" 200 85710 "-" "Mozilla/5.0 (Linux; Android 6.0.1; Nexus 5X Build/MMB29P) AppleWebKit/537.36 (KHTML, like Gecko) Chrome/143.0.7499.192 Mobile Safari/537.36 (compatible; Googlebot/2.1; +http://www.google.com/bot.html)"
66.249.64.128 - - [22/Jan/2026:09:01:10 -0500] "GET /?x=2166640003788&channel=107e18&from=https://idolatekno.com/super.py?q-~161UCmhxIfn9dGK7AF09kFqhuCO24bbAZ47509/ HTTP/1.1" 200 85248 "-" "Mozilla/5.0 (Linux; Android 6.0.1; Nexus 5X Build/MMB29P) AppleWebKit/537.36 (KHTML, like Gecko) Chrome/143.0.7499.192 Mobile Safari/537.36 (compatible; GoogleOther)"
74.7.241.58 - - [22/Jan/2026:09:01:13 -0500] "GET /q-~132S7DhHAOI7bixGm1xdzu2IB3TMVCtVF31318/ HTTP/1.1" 200 - "https://idolatekno.com/?sitemap442.xml" "Mozilla/5.0 AppleWebKit/537.36 (KHTML, like Gecko; compatible; GPTBot/1.3; +https://openai.com/gptbot)"
66.249.64.132 - - [22/Jan/2026:09:01:13 -0500] "GET /?x=2166640003788&channel=107e18&from=https://idolatekno.com/super.py?q-~142ou8MambYtPXcmTHhgtcQu1Uets0Cwk7756/ HTTP/1.1" 200 85620 "-" "Mozilla/5.0 (Linux; Android 6.0.1; Nexus 5X Build/MMB29P) AppleWebKit/537.36 (KHTML, like Gecko) Chrome/143.0.7499.192 Mobile Safari/537.36 (compatible; GoogleOther)"
2a03:2880:f80e:70:: - - [22/Jan/2026:09:01:15 -0500] "GET /m/lumbe81850639?id=1866897 HTTP/1.1" 200 - "-" "meta-externalagent/1.1 (+https://developers.facebook.com/docs/sharing/webmasters/crawler)"
74.7.241.58 - - [22/Jan/2026:09:01:16 -0500] "GET /q-~293szgvunqdnz0D4FJFue3KywV41bZMjw45097/ HTTP/1.1" 200 - "https://idolatekno.com/?sitemap1000.xml" "Mozilla/5.0 AppleWebKit/537.36 (KHTML, like Gecko; compatible; GPTBot/1.3; +https://openai.com/gptbot)"
66.249.70.32 - - [22/Jan/2026:09:01:18 -0500] "GET /?pid=26304226231&channel=fifty-thank-explicit&cate_id=2518&page=https://mail.idolatekno.com/remote.do?q-~230XTaL0doCFJJV0aNUbNtGQPvHLLdU4k44124/ HTTP/1.1" 200 85944 "-" "Mozilla/5.0 (Linux; Android 6.0.1; Nexus 5X Build/MMB29P) AppleWebKit/537.36 (KHTML, like Gecko) Chrome/143.0.7499.192 Mobile Safari/537.36 (compatible; Googlebot/2.1; +http://www.google.com/bot.html)"
74.7.241.58 - - [22/Jan/2026:09:01:19 -0500] "GET /q-~234vsJzxPfQvU6TtTPdyyLb3e73II1XpI47340/ HTTP/1.1" 200 - "https://idolatekno.com/?sitemap442.xml" "Mozilla/5.0 AppleWebKit/537.36 (KHTML, like Gecko; compatible; GPTBot/1.3; +https://openai.com/gptbot)"
114.119.135.195 - - [22/Jan/2026:09:01:19 -0500] "GET /q-~210aiOtZ7Hbdbj8AB4NWBtv2AUbW46jQQ23080/ HTTP/1.1" 200 - "https://mail.idolatekno.com/sitemapd.xml" "Mozilla/5.0 (Linux; Android 7.0;) AppleWebKit/537.36 (KHTML, like Gecko) Mobile Safari/537.36 (compatible; PetalBot;+https://webmaster.petalsearch.com/site/petalbot)"
2a03:2880:f80e:5d:: - - [22/Jan/2026:09:01:21 -0500] "GET /m/seque80215583?id=231841 HTTP/1.1" 200 - "-" "meta-externalagent/1.1 (+https://developers.facebook.com/docs/sharing/webmasters/crawler)"
74.7.241.58 - - [22/Jan/2026:09:01:22 -0500] "GET /q-~115Gq4cgWrhpn2AgIheeptD7uYPr6VU4J47241/ HTTP/1.1" 200 - "https://idolatekno.com/?sitemap1000.xml" "Mozilla/5.0 AppleWebKit/537.36 (KHTML, like Gecko; compatible; GPTBot/1.3; +https://openai.com/gptbot)"
146.174.183.238 - - [22/Jan/2026:09:01:23 -0500] "GET /q-~104G7sUfEd5oJ45bKV2cBRfrM5jw7daMD35382/ HTTP/1.1" 200 - "-" "Mozilla/5.0 (Windows; U; Windows NT 5.1; en-GB; rv:1.9.0.6) Gecko/2009011913  Firefox"
66.249.64.132 - - [22/Jan/2026:09:01:23 -0500] "GET /pcmypage?callback=/product%2Fdetail%2m22859449766 HTTP/1.1" 403 558851 "-" "Mozilla/5.0 (Linux; Android 6.0.1; Nexus 5X Build/MMB29P) AppleWebKit/537.36 (KHTML, like Gecko) Chrome/143.0.7499.192 Mobile Safari/537.36 (compatible; GoogleOther)"
74.7.241.58 - - [22/Jan/2026:09:01:25 -0500] "GET /q-~102FKN3Uqgsp7xs2BDBnGX2BAWBICzRcJ10384/ HTTP/1.1" 200 - "https://idolatekno.com/?sitemap442.xml" "Mozilla/5.0 AppleWebKit/537.36 (KHTML, like Gecko; compatible; GPTBot/1.3; +https://openai.com/gptbot)"
66.249.70.32 - - [22/Jan/2026:09:01:25 -0500] "GET /?pid=26304226231&channel=mild-protein-consent&cate_id=2518&page=https://mail.idolatekno.com/remote.do?q-~95brBU2SsJqqefRynUoxtV1u9r1g7gHw29245/ HTTP/1.1" 200 85466 "-" "Mozilla/5.0 (Linux; Android 6.0.1; Nexus 5X Build/MMB29P) AppleWebKit/537.36 (KHTML, like Gecko) Chrome/143.0.7499.192 Mobile Safari/537.36 (compatible; Googlebot/2.1; +http://www.google.com/bot.html)"
66.249.64.132 - - [22/Jan/2026:09:01:25 -0500] "GET /?x=2166640003788&channel=107e18&from=https://idolatekno.com/super.py?q-~119ub7MkvNS9YBRIAbgCQ6rxINl8S6F7B24535/ HTTP/1.1" 200 85376 "-" "Mozilla/5.0 (Linux; Android 6.0.1; Nexus 5X Build/MMB29P) AppleWebKit/537.36 (KHTML, like Gecko) Chrome/143.0.7499.192 Mobile Safari/537.36 (compatible; GoogleOther)"
74.7.241.58 - - [22/Jan/2026:09:01:29 -0500] "GET /q-~139gdiT8uOT3qVLRYchj1iHxO9hlfJEDE20431/ HTTP/1.1" 200 - "https://idolatekno.com/?sitemap1000.xml" "Mozilla/5.0 AppleWebKit/537.36 (KHTML, like Gecko; compatible; GPTBot/1.3; +https://openai.com/gptbot)"
74.7.241.58 - - [22/Jan/2026:09:01:32 -0500] "GET /q-~21ZoSB5iPW3nhzE2kknnqtESrt97MXft31741/ HTTP/1.1" 200 - "https://idolatekno.com/sitemap27.xml" "Mozilla/5.0 AppleWebKit/537.36 (KHTML, like Gecko; compatible; GPTBot/1.3; +https://openai.com/gptbot)"
