66.249.70.36 - - [22/Jan/2026:08:32:17 -0500] "GET /?pid=26304226231&channel=plus-tragic-university&cate_id=2518&page=https://mail.idolatekno.com/remote.do?q-~60t4DaRbH8c80bUBpxMbsTdbjyAEAhdC21738/ HTTP/1.1" 200 85529 "-" "Mozilla/5.0 (Linux; Android 6.0.1; Nexus 5X Build/MMB29P) AppleWebKit/537.36 (KHTML, like Gecko) Chrome/143.0.7499.192 Mobile Safari/537.36 (compatible; Googlebot/2.1; +http://www.google.com/bot.html)"
74.7.241.58 - - [22/Jan/2026:08:32:18 -0500] "GET /q-~300sEf6Hf3b5nJtsmosHjB3kc8KdOpdcX11446/ HTTP/1.1" 200 - "https://idolatekno.com/sitemap63.xml" "Mozilla/5.0 AppleWebKit/537.36 (KHTML, like Gecko; compatible; GPTBot/1.3; +https://openai.com/gptbot)"
66.249.64.129 - - [22/Jan/2026:08:32:20 -0500] "GET /?x=2166640003788&channel=107e18&from=https://idolatekno.com/super.py?q-~142H5VUx3WNGRQpFyiUJH6b2qHTVlLwDT23754/ HTTP/1.1" 200 85931 "-" "Mozilla/5.0 (Linux; Android 6.0.1; Nexus 5X Build/MMB29P) AppleWebKit/537.36 (KHTML, like Gecko) Chrome/143.0.7499.192 Mobile Safari/537.36 (compatible; GoogleOther)"
74.7.241.58 - - [22/Jan/2026:08:32:21 -0500] "GET /q-~10qNefhttHyVeG6wX6j20JYp9oUHVDAn48922/ HTTP/1.1" 200 - "https://idolatekno.com/sitemap73.xml" "Mozilla/5.0 AppleWebKit/537.36 (KHTML, like Gecko; compatible; GPTBot/1.3; +https://openai.com/gptbot)"
66.249.64.128 - - [22/Jan/2026:08:32:22 -0500] "GET /q-~120o1XETpbPTI3wXGqQHLwYlAURqRne0h30368/ HTTP/1.1" 200 85452 "-" "Mozilla/5.0 (Linux; Android 6.0.1; Nexus 5X Build/MMB29P) AppleWebKit/537.36 (KHTML, like Gecko) Chrome/143.0.7499.192 Mobile Safari/537.36 (compatible; GoogleOther)"
66.249.70.36 - - [22/Jan/2026:08:32:25 -0500] "GET /?pid=26304226231&channel=terrain-teaspoon-street&cate_id=2518&page=https://mail.idolatekno.com/remote.do?q-~102s9L3ok4QBVgR9YgBJZiFy6xdlha4jB26042/ HTTP/1.1" 200 85786 "-" "Mozilla/5.0 (Linux; Android 6.0.1; Nexus 5X Build/MMB29P) AppleWebKit/537.36 (KHTML, like Gecko) Chrome/143.0.7499.192 Mobile Safari/537.36 (compatible; Googlebot/2.1; +http://www.google.com/bot.html)"
66.249.64.128 - - [22/Jan/2026:08:32:26 -0500] "GET /?x=2166640003788&channel=107e18&from=https://idolatekno.com/super.py?q-~283ap054zSOrk7V2iVuLzxJbPbMNvezJu18809/ HTTP/1.1" 200 85289 "-" "Mozilla/5.0 (Linux; Android 6.0.1; Nexus 5X Build/MMB29P) AppleWebKit/537.36 (KHTML, like Gecko) Chrome/143.0.7499.192 Mobile Safari/537.36 (compatible; GoogleOther)"
74.7.241.58 - - [22/Jan/2026:08:32:26 -0500] "GET /q-~121SGamBEWL1O1mTH0zKKhTc2hXaD7vct46163/ HTTP/1.1" 200 - "https://idolatekno.com/?sitemap305.xml" "Mozilla/5.0 AppleWebKit/537.36 (KHTML, like Gecko; compatible; GPTBot/1.3; +https://openai.com/gptbot)"
74.7.241.58 - - [22/Jan/2026:08:32:28 -0500] "GET /q-~220Npqi5klkuRwpWj8Cym4Lmhbk0lLQpI29852/ HTTP/1.1" 200 - "https://idolatekno.com/pages.php?sitemap849.xml" "Mozilla/5.0 AppleWebKit/537.36 (KHTML, like Gecko; compatible; GPTBot/1.3; +https://openai.com/gptbot)"
74.7.241.58 - - [22/Jan/2026:08:32:31 -0500] "GET /q-~143syWf2m8ZYt9fEhs1EvUoWPfTJhOo1Z19107/ HTTP/1.1" 200 - "https://idolatekno.com/?sitemap317.xml" "Mozilla/5.0 AppleWebKit/537.36 (KHTML, like Gecko; compatible; GPTBot/1.3; +https://openai.com/gptbot)"
86.45.216.125 - - [22/Jan/2026:08:32:31 -0500] "GET /q-~76SXAlFSkD68eTJCBqmvRIg2frwgaEYe29888/ HTTP/1.1" 200 - "-" "Mozilla/5.0 (X11; Linux x86_64) AppleWebKit/535.1 (KHTML, like Gecko) Chrome/14.0.824.0 Safari/535.1"
66.249.64.96 - - [22/Jan/2026:08:32:32 -0500] "GET /product/edit/m69583806316 HTTP/1.1" 200 85137 "-" "Mozilla/5.0 (Linux; Android 6.0.1; Nexus 5X Build/MMB29P) AppleWebKit/537.36 (KHTML, like Gecko) Chrome/143.0.7499.192 Mobile Safari/537.36 (compatible; Googlebot/2.1; +http://www.google.com/bot.html)"
74.7.241.58 - - [22/Jan/2026:08:32:34 -0500] "GET /q-~185v9z3Rxpxi56QRyqn9HnzjwWSECYCeJ44315/ HTTP/1.1" 200 - "https://idolatekno.com/?sitemap1000.xml" "Mozilla/5.0 AppleWebKit/537.36 (KHTML, like Gecko; compatible; GPTBot/1.3; +https://openai.com/gptbot)"
66.249.64.129 - - [22/Jan/2026:08:32:35 -0500] "GET /?x=2166640003788&channel=107e18&from=https://idolatekno.com/super.py?items/249015322.htm HTTP/1.1" 200 85563 "-" "Mozilla/5.0 (Linux; Android 6.0.1; Nexus 5X Build/MMB29P) AppleWebKit/537.36 (KHTML, like Gecko) Chrome/143.0.7499.192 Mobile Safari/537.36 (compatible; GoogleOther)"
74.7.241.58 - - [22/Jan/2026:08:32:37 -0500] "GET /q-~286zbTNC8dg7JdELBFBV63htQxgKRFQeX33982/ HTTP/1.1" 200 - "https://idolatekno.com/?sitemap503.xml" "Mozilla/5.0 AppleWebKit/537.36 (KHTML, like Gecko; compatible; GPTBot/1.3; +https://openai.com/gptbot)"
66.249.64.129 - - [22/Jan/2026:08:32:37 -0500] "GET /?x=2166640003788&channel=107e18&from=https://idolatekno.com/super.py?q-~75hpE7OZRi1lHSUIMZ3zFVIxPgZnsgPz33693/ HTTP/1.1" 200 85063 "-" "Mozilla/5.0 (Linux; Android 6.0.1; Nexus 5X Build/MMB29P) AppleWebKit/537.36 (KHTML, like Gecko) Chrome/143.0.7499.192 Mobile Safari/537.36 (compatible; GoogleOther)"
66.249.64.128 - - [22/Jan/2026:08:32:40 -0500] "GET /items/120029361.htm HTTP/1.1" 200 86702 "-" "Mozilla/5.0 (Linux; Android 6.0.1; Nexus 5X Build/MMB29P) AppleWebKit/537.36 (KHTML, like Gecko) Chrome/143.0.7499.192 Mobile Safari/537.36 (compatible; Googlebot/2.1; +http://www.google.com/bot.html)"
114.119.142.126 - - [22/Jan/2026:08:32:42 -0500] "GET /q-~213rHG2NbMHyZev3z37IBHRUk6C0ZWnJS19141/ HTTP/1.1" 200 - "https://mail.idolatekno.com/sitemape.xml" "Mozilla/5.0 (Linux; Android 7.0;) AppleWebKit/537.36 (KHTML, like Gecko) Mobile Safari/537.36 (compatible; PetalBot;+https://webmaster.petalsearch.com/site/petalbot)"
74.7.241.58 - - [22/Jan/2026:08:32:44 -0500] "GET /q-~159ge7Dsob0hLLa4Iq3ArbihWQNdzzXLM37363/ HTTP/1.1" 200 - "https://idolatekno.com/?sitemap1000.xml" "Mozilla/5.0 AppleWebKit/537.36 (KHTML, like Gecko; compatible; GPTBot/1.3; +https://openai.com/gptbot)"
74.7.241.58 - - [22/Jan/2026:08:32:45 -0500] "GET /q-~140HJpdWmYIQnfU4am52rrJcvNX14BBXp12756/ HTTP/1.1" 200 - "https://idolatekno.com/?sitemap503.xml" "Mozilla/5.0 AppleWebKit/537.36 (KHTML, like Gecko; compatible; GPTBot/1.3; +https://openai.com/gptbot)"
66.249.64.130 - - [22/Jan/2026:08:32:48 -0500] "GET /q-~162kyk8yXDrVYgP1aEO0DyDwCJ8Wzrg6s44784/ HTTP/1.1" 200 85565 "-" "Mozilla/5.0 (Linux; Android 6.0.1; Nexus 5X Build/MMB29P) AppleWebKit/537.36 (KHTML, like Gecko) Chrome/143.0.7499.192 Mobile Safari/537.36 (compatible; Googlebot/2.1; +http://www.google.com/bot.html)"
74.7.241.58 - - [22/Jan/2026:08:32:48 -0500] "GET /q-~108HLzwHVAhinOmh6mlpi248CWBAjx0bd41142/ HTTP/1.1" 200 - "https://idolatekno.com/sitemap73.xml" "Mozilla/5.0 AppleWebKit/537.36 (KHTML, like Gecko; compatible; GPTBot/1.3; +https://openai.com/gptbot)"
66.249.64.130 - - [22/Jan/2026:08:32:50 -0500] "GET /?x=2166640003788&channel=107e18&from=https://idolatekno.com/super.py?items/084029417.htm HTTP/1.1" 200 85383 "-" "Mozilla/5.0 (Linux; Android 6.0.1; Nexus 5X Build/MMB29P) AppleWebKit/537.36 (KHTML, like Gecko) Chrome/143.0.7499.192 Mobile Safari/537.36 (compatible; GoogleOther)"
74.7.241.58 - - [22/Jan/2026:08:32:53 -0500] "GET /q-~268GGDiYE48QLUnghGqaCZcZ8NYD4TMfb17380/ HTTP/1.1" 200 - "https://idolatekno.com/sitemap21.xml" "Mozilla/5.0 AppleWebKit/537.36 (KHTML, like Gecko; compatible; GPTBot/1.3; +https://openai.com/gptbot)"
66.249.64.130 - - [22/Jan/2026:08:32:54 -0500] "GET /q-~262t2KR4CWCEMfzbuVR9S1MVARVrgWbkE28136/ HTTP/1.1" 200 85465 "-" "Mozilla/5.0 (Linux; Android 6.0.1; Nexus 5X Build/MMB29P) AppleWebKit/537.36 (KHTML, like Gecko) Chrome/143.0.7499.192 Mobile Safari/537.36 (compatible; GoogleOther)"
66.249.70.36 - - [22/Jan/2026:08:32:55 -0500] "GET /?pid=26304226231&channel=willingness-coup-insert&cate_id=2518&page=https://mail.idolatekno.com/remote.do?q-~211JmCTNgnMJNIXHTvBSfmeS5AcE1Gr5F28029/ HTTP/1.1" 200 85532 "-" "Mozilla/5.0 (Linux; Android 6.0.1; Nexus 5X Build/MMB29P) AppleWebKit/537.36 (KHTML, like Gecko) Chrome/143.0.7499.192 Mobile Safari/537.36 (compatible; Googlebot/2.1; +http://www.google.com/bot.html)"
74.7.241.58 - - [22/Jan/2026:08:32:57 -0500] "GET /q-~284Icr7uYBrUjkrPl4WbDDtiCiQp9Q0DD13862/ HTTP/1.1" 200 - "https://idolatekno.com/?sitemap317.xml" "Mozilla/5.0 AppleWebKit/537.36 (KHTML, like Gecko; compatible; GPTBot/1.3; +https://openai.com/gptbot)"
74.7.241.58 - - [22/Jan/2026:08:32:59 -0500] "GET /q-~152mkFPRok6BXRDojP1DcA9CN3jfKZqhF41516/ HTTP/1.1" 200 - "https://idolatekno.com/?sitemap1000.xml" "Mozilla/5.0 AppleWebKit/537.36 (KHTML, like Gecko; compatible; GPTBot/1.3; +https://openai.com/gptbot)"
74.7.241.58 - - [22/Jan/2026:08:33:02 -0500] "GET /q-~254JJ8lnRaIhdSHkF7JLcGWJFG2ki63Wf37114/ HTTP/1.1" 200 - "https://idolatekno.com/?sitemap503.xml" "Mozilla/5.0 AppleWebKit/537.36 (KHTML, like Gecko; compatible; GPTBot/1.3; +https://openai.com/gptbot)"
66.249.70.38 - - [22/Jan/2026:08:33:03 -0500] "GET /?pid=26304226231&channel=combine-sigh-remain&cate_id=2518&page=https://mail.idolatekno.com/remote.do?items/240040713.htm HTTP/1.1" 200 86972 "-" "Mozilla/5.0 (Linux; Android 6.0.1; Nexus 5X Build/MMB29P) AppleWebKit/537.36 (KHTML, like Gecko) Chrome/143.0.7499.192 Mobile Safari/537.36 (compatible; Googlebot/2.1; +http://www.google.com/bot.html)"
66.249.64.128 - - [22/Jan/2026:08:33:04 -0500] "GET /pcmypage?callback=/product%2Fdetail%2m53821012620 HTTP/1.1" 403 555523 "-" "Mozilla/5.0 (Linux; Android 6.0.1; Nexus 5X Build/MMB29P) AppleWebKit/537.36 (KHTML, like Gecko) Chrome/143.0.7499.192 Mobile Safari/537.36 (compatible; GoogleOther)"
74.7.241.58 - - [22/Jan/2026:08:33:08 -0500] "GET /q-~13f4ZHB5kTPtvEBY8VhUI9OhrrVC3RFj41485/ HTTP/1.1" 200 - "https://idolatekno.com/sitemap21.xml" "Mozilla/5.0 AppleWebKit/537.36 (KHTML, like Gecko; compatible; GPTBot/1.3; +https://openai.com/gptbot)"
74.7.241.58 - - [22/Jan/2026:08:33:09 -0500] "GET /q-~112rTVqIzwxwyUbalCDDv6uCc98B0Tl5E31366/ HTTP/1.1" 200 - "https://idolatekno.com/?sitemap1000.xml" "Mozilla/5.0 AppleWebKit/537.36 (KHTML, like Gecko; compatible; GPTBot/1.3; +https://openai.com/gptbot)"
66.249.70.36 - - [22/Jan/2026:08:33:10 -0500] "GET /?pid=26304226231&channel=outside-produce-afternoon&cate_id=2518&page=https://mail.idolatekno.com/remote.do?q-~187K7RJczy5mtaAw8vvRE2UuVzKSRTCWl34927/ HTTP/1.1" 200 85706 "-" "Mozilla/5.0 (Linux; Android 6.0.1; Nexus 5X Build/MMB29P) AppleWebKit/537.36 (KHTML, like Gecko) Chrome/143.0.7499.192 Mobile Safari/537.36 (compatible; Googlebot/2.1; +http://www.google.com/bot.html)"
114.119.133.190 - - [22/Jan/2026:08:33:11 -0500] "GET /q-~213oWsKNiurtf7tnPEqPb8WVNGk2gG4hC40069/ HTTP/1.1" 200 - "https://mail.idolatekno.com/sitemapb.xml" "Mozilla/5.0 (Linux; Android 7.0;) AppleWebKit/537.36 (KHTML, like Gecko) Mobile Safari/537.36 (compatible; PetalBot;+https://webmaster.petalsearch.com/site/petalbot)"
66.249.64.128 - - [22/Jan/2026:08:33:11 -0500] "GET /q-~207RF64ATqtUFSQtHzcpwI40zXiIfhkwK41659/ HTTP/1.1" 200 86073 "-" "Mozilla/5.0 (Linux; Android 6.0.1; Nexus 5X Build/MMB29P) AppleWebKit/537.36 (KHTML, like Gecko) Chrome/143.0.7499.192 Mobile Safari/537.36 (compatible; GoogleOther)"
74.7.241.58 - - [22/Jan/2026:08:33:12 -0500] "GET /q-~238tIyv54YBGTsggNqhsuGR377OsgoIPW30612/ HTTP/1.1" 200 - "https://idolatekno.com/?sitemap317.xml" "Mozilla/5.0 AppleWebKit/537.36 (KHTML, like Gecko; compatible; GPTBot/1.3; +https://openai.com/gptbot)"
66.249.70.36 - - [22/Jan/2026:08:33:18 -0500] "GET /?pid=26304226231&channel=enter-globe-widely&cate_id=2518&page=https://mail.idolatekno.com/remote.do?items/283011180.htm HTTP/1.1" 200 85726 "-" "Mozilla/5.0 (Linux; Android 6.0.1; Nexus 5X Build/MMB29P) AppleWebKit/537.36 (KHTML, like Gecko) Chrome/143.0.7499.192 Mobile Safari/537.36 (compatible; Googlebot/2.1; +http://www.google.com/bot.html)"
74.7.241.58 - - [22/Jan/2026:08:33:18 -0500] "GET /q-~185OlKrqI8PMK2rEjC3LY5enhmnvIqFTW12615/ HTTP/1.1" 200 - "https://idolatekno.com/sitemap27.xml" "Mozilla/5.0 AppleWebKit/537.36 (KHTML, like Gecko; compatible; GPTBot/1.3; +https://openai.com/gptbot)"
66.249.64.128 - - [22/Jan/2026:08:33:18 -0500] "GET /pcmypage?callback=/product%2Fdetail%2m24984646661 HTTP/1.1" 403 553463 "-" "Mozilla/5.0 (Linux; Android 6.0.1; Nexus 5X Build/MMB29P) AppleWebKit/537.36 (KHTML, like Gecko) Chrome/143.0.7499.192 Mobile Safari/537.36 (compatible; GoogleOther)"
74.7.241.58 - - [22/Jan/2026:08:33:19 -0500] "GET /q-~271z0ExDYk6fEuMlD1qoDZJl4uRNPEA2P13503/ HTTP/1.1" 200 - "https://idolatekno.com/sitemap785.xml" "Mozilla/5.0 AppleWebKit/537.36 (KHTML, like Gecko; compatible; GPTBot/1.3; +https://openai.com/gptbot)"
74.7.241.58 - - [22/Jan/2026:08:33:22 -0500] "GET /q-~227le3Si8EOFJ89qCRPMwhMrr1lOFHhMw23847/ HTTP/1.1" 200 - "https://idolatekno.com/?sitemap1000.xml" "Mozilla/5.0 AppleWebKit/537.36 (KHTML, like Gecko; compatible; GPTBot/1.3; +https://openai.com/gptbot)"
74.7.241.58 - - [22/Jan/2026:08:33:25 -0500] "GET /q-~14hmlFGUfbTq2kKXE3jF3cmJJ2dDf5xX13312/ HTTP/1.1" 200 - "https://idolatekno.com/?sitemap317.xml" "Mozilla/5.0 AppleWebKit/537.36 (KHTML, like Gecko; compatible; GPTBot/1.3; +https://openai.com/gptbot)"
66.249.70.36 - - [22/Jan/2026:08:33:25 -0500] "GET /?pid=26304226231&channel=detailed-distinction-ten&cate_id=2518&page=https://mail.idolatekno.com/remote.do?items/186001937.htm HTTP/1.1" 200 85517 "-" "Mozilla/5.0 (Linux; Android 6.0.1; Nexus 5X Build/MMB29P) AppleWebKit/537.36 (KHTML, like Gecko) Chrome/143.0.7499.192 Mobile Safari/537.36 (compatible; Googlebot/2.1; +http://www.google.com/bot.html)"
66.249.64.128 - - [22/Jan/2026:08:33:28 -0500] "GET /?x=2166640003788&channel=107e18&from=https://idolatekno.com/super.py?items/165023584.htm HTTP/1.1" 200 85722 "-" "Mozilla/5.0 (Linux; Android 6.0.1; Nexus 5X Build/MMB29P) AppleWebKit/537.36 (KHTML, like Gecko) Chrome/143.0.7499.192 Mobile Safari/537.36 (compatible; GoogleOther)"
66.249.64.129 - - [22/Jan/2026:08:33:33 -0500] "GET /?x=2166640003788&channel=107e18&from=https://idolatekno.com/super.py?items/231011510.htm HTTP/1.1" 200 85504 "-" "Mozilla/5.0 (Linux; Android 6.0.1; Nexus 5X Build/MMB29P) AppleWebKit/537.36 (KHTML, like Gecko) Chrome/143.0.7499.192 Mobile Safari/537.36 (compatible; GoogleOther)"
74.7.241.58 - - [22/Jan/2026:08:33:33 -0500] "GET /q-~179ARMucMPQPIGr8nxmhPnYG9Y4QW0OXl14077/ HTTP/1.1" 200 - "https://idolatekno.com/?sitemap305.xml" "Mozilla/5.0 AppleWebKit/537.36 (KHTML, like Gecko; compatible; GPTBot/1.3; +https://openai.com/gptbot)"
66.249.70.37 - - [22/Jan/2026:08:33:33 -0500] "GET /?pid=26304226231&channel=inside-sneak-supplier&cate_id=2518&page=https://mail.idolatekno.com/remote.do?items/015047520.htm HTTP/1.1" 200 85485 "-" "Mozilla/5.0 (Linux; Android 6.0.1; Nexus 5X Build/MMB29P) AppleWebKit/537.36 (KHTML, like Gecko) Chrome/143.0.7499.192 Mobile Safari/537.36 (compatible; Googlebot/2.1; +http://www.google.com/bot.html)"
74.7.241.58 - - [22/Jan/2026:08:33:37 -0500] "GET /q-~212rLYI7HEBfdoM1hYZk7NFA4cmWCEk1v29572/ HTTP/1.1" 200 - "https://idolatekno.com/?sitemap1000.xml" "Mozilla/5.0 AppleWebKit/537.36 (KHTML, like Gecko; compatible; GPTBot/1.3; +https://openai.com/gptbot)"
114.119.135.195 - - [22/Jan/2026:08:33:38 -0500] "GET /q-~213oLJXoM64JHJcvcjOhXFfKKLIyBDaAi40279/ HTTP/1.1" 200 - "https://mail.idolatekno.com/sitemape.xml" "Mozilla/5.0 (Linux; Android 7.0;) AppleWebKit/537.36 (KHTML, like Gecko) Mobile Safari/537.36 (compatible; PetalBot;+https://webmaster.petalsearch.com/site/petalbot)"
66.249.70.36 - - [22/Jan/2026:08:33:41 -0500] "GET /?pid=26304226231&channel=distinction-frequently-discourse&cate_id=2518&page=https://mail.idolatekno.com/remote.do?q-~205WV2F4ZkQmjKAFUgBGIJxlhIGYihsgc43751/ HTTP/1.1" 200 85653 "-" "Mozilla/5.0 (Linux; Android 6.0.1; Nexus 5X Build/MMB29P) AppleWebKit/537.36 (KHTML, like Gecko) Chrome/143.0.7499.192 Mobile Safari/537.36 (compatible; Googlebot/2.1; +http://www.google.com/bot.html)"
74.7.241.58 - - [22/Jan/2026:08:33:41 -0500] "GET /q-~148iY9aoboxxsnVepGFq8aLhn7dE6e9Bn5934/ HTTP/1.1" 200 - "https://idolatekno.com/?sitemap503.xml" "Mozilla/5.0 AppleWebKit/537.36 (KHTML, like Gecko; compatible; GPTBot/1.3; +https://openai.com/gptbot)"
66.249.64.128 - - [22/Jan/2026:08:33:45 -0500] "GET /pcmypage?callback=/product%2Fdetail%2m86668453673 HTTP/1.1" 403 559550 "-" "Mozilla/5.0 (Linux; Android 6.0.1; Nexus 5X Build/MMB29P) AppleWebKit/537.36 (KHTML, like Gecko) Chrome/143.0.7499.192 Mobile Safari/537.36 (compatible; GoogleOther)"
74.7.241.58 - - [22/Jan/2026:08:33:46 -0500] "GET /q-~122k9vxUwWaefkPHMWv2gupVmc2LVy2BQ47196/ HTTP/1.1" 200 - "https://idolatekno.com/?sitemap442.xml" "Mozilla/5.0 AppleWebKit/537.36 (KHTML, like Gecko; compatible; GPTBot/1.3; +https://openai.com/gptbot)"
66.249.64.128 - - [22/Jan/2026:08:33:47 -0500] "GET /pcmypage?callback=/product%2Fdetail%2m93309290246 HTTP/1.1" 403 553269 "-" "Mozilla/5.0 (Linux; Android 6.0.1; Nexus 5X Build/MMB29P) AppleWebKit/537.36 (KHTML, like Gecko) Chrome/143.0.7499.192 Mobile Safari/537.36 (compatible; GoogleOther)"
66.249.70.36 - - [22/Jan/2026:08:33:48 -0500] "GET /?pid=26304226231&channel=lab-marriage-apology&cate_id=2518&page=https://mail.idolatekno.com/remote.do?q-~64IhoNKBcOSV7wPHzhMsRxOWvrjX0HWP9164/ HTTP/1.1" 200 85681 "-" "Mozilla/5.0 (Linux; Android 6.0.1; Nexus 5X Build/MMB29P) AppleWebKit/537.36 (KHTML, like Gecko) Chrome/143.0.7499.192 Mobile Safari/537.36 (compatible; Googlebot/2.1; +http://www.google.com/bot.html)"
146.174.161.6 - - [22/Jan/2026:08:33:49 -0500] "GET /q-~91MuST6NWlfbCTRa5JD9E1xBDpPKCINF2241/ HTTP/1.1" 200 - "-" "Mozilla/5.0 (Macintosh; U; Intel Mac OS X 10_7_0; en-US) AppleWebKit/533.2 (KHTML, like Gecko) Chrome/5.0.342.7 Safari/533.2"
74.7.241.58 - - [22/Jan/2026:08:33:49 -0500] "GET /q-~120RIQiYnoKCoKjUDOV7SG0Udxc52eUFQ40508/ HTTP/1.1" 200 - "https://idolatekno.com/sitemap27.xml" "Mozilla/5.0 AppleWebKit/537.36 (KHTML, like Gecko; compatible; GPTBot/1.3; +https://openai.com/gptbot)"
74.7.241.58 - - [22/Jan/2026:08:33:50 -0500] "GET /q-~205lI52Jn1GuNxxLxuecqwRKG8Ns7dHlh29747/ HTTP/1.1" 200 - "https://idolatekno.com/?sitemap1000.xml" "Mozilla/5.0 AppleWebKit/537.36 (KHTML, like Gecko; compatible; GPTBot/1.3; +https://openai.com/gptbot)"
66.249.70.37 - - [22/Jan/2026:08:33:56 -0500] "GET /?pid=20214391161&channel=assume-structure-angel&cate_id=7944&page=https://mail.idolatekno.com/spark.xhtml?items/215010336.htm HTTP/1.1" 403 574006 "-" "Mozilla/5.0 (Linux; Android 6.0.1; Nexus 5X Build/MMB29P) AppleWebKit/537.36 (KHTML, like Gecko) Chrome/143.0.7499.192 Mobile Safari/537.36 (compatible; Googlebot/2.1; +http://www.google.com/bot.html)"
74.7.241.58 - - [22/Jan/2026:08:34:00 -0500] "GET /q-~168G0KkiFXCnLlMRwWnw36BZnRgHqH93W4564/ HTTP/1.1" 200 - "https://idolatekno.com/sitemap21.xml" "Mozilla/5.0 AppleWebKit/537.36 (KHTML, like Gecko; compatible; GPTBot/1.3; +https://openai.com/gptbot)"
74.7.241.58 - - [22/Jan/2026:08:34:01 -0500] "GET /q-~103IJFlRX8eqcAV2i4VyriPJ0SI8saDpq37399/ HTTP/1.1" 200 - "https://idolatekno.com/?sitemap442.xml" "Mozilla/5.0 AppleWebKit/537.36 (KHTML, like Gecko; compatible; GPTBot/1.3; +https://openai.com/gptbot)"
66.249.64.128 - - [22/Jan/2026:08:34:02 -0500] "GET /?x=2166640003788&channel=107e18&from=https://idolatekno.com/super.py?items/127001924.htm HTTP/1.1" 200 85371 "-" "Mozilla/5.0 (Linux; Android 6.0.1; Nexus 5X Build/MMB29P) AppleWebKit/537.36 (KHTML, like Gecko) Chrome/143.0.7499.192 Mobile Safari/537.36 (compatible; GoogleOther)"
74.7.241.58 - - [22/Jan/2026:08:34:03 -0500] "GET /q-~72LnYeeobGITtSfOWmO79A12SoDPMp6n36216/ HTTP/1.1" 200 - "https://idolatekno.com/sitemap1.xml" "Mozilla/5.0 AppleWebKit/537.36 (KHTML, like Gecko; compatible; GPTBot/1.3; +https://openai.com/gptbot)"
66.249.64.129 - - [22/Jan/2026:08:34:04 -0500] "GET /pcmypage?callback=/product%2Fdetail%2m84731597937 HTTP/1.1" 403 557848 "-" "Mozilla/5.0 (Linux; Android 6.0.1; Nexus 5X Build/MMB29P) AppleWebKit/537.36 (KHTML, like Gecko) Chrome/143.0.7499.192 Mobile Safari/537.36 (compatible; GoogleOther)"
114.119.153.93 - - [22/Jan/2026:08:34:05 -0500] "GET /q-~213nfntiqnhTKi17QhHY1QUR0v8tAXQBd5921/ HTTP/1.1" 200 - "https://mail.idolatekno.com/sitemape.xml" "Mozilla/5.0 (Linux; Android 7.0;) AppleWebKit/537.36 (KHTML, like Gecko) Mobile Safari/537.36 (compatible; PetalBot;+https://webmaster.petalsearch.com/site/petalbot)"
74.7.241.58 - - [22/Jan/2026:08:34:07 -0500] "GET /q-~209MdR0TtS1DDEYA4JNaz1dmbqbWLCybI45149/ HTTP/1.1" 200 - "https://idolatekno.com/sitemap1.xml" "Mozilla/5.0 AppleWebKit/537.36 (KHTML, like Gecko; compatible; GPTBot/1.3; +https://openai.com/gptbot)"
66.249.64.130 - - [22/Jan/2026:08:34:09 -0500] "GET /product/edit/804468 HTTP/1.1" 200 85429 "-" "Mozilla/5.0 (Linux; Android 6.0.1; Nexus 5X Build/MMB29P) AppleWebKit/537.36 (KHTML, like Gecko) Chrome/143.0.7499.192 Mobile Safari/537.36 (compatible; Googlebot/2.1; +http://www.google.com/bot.html)"
74.7.241.58 - - [22/Jan/2026:08:34:11 -0500] "GET /q-~83MUqALtxB1vvTnh7X9LAebPY08vnuuj37897/ HTTP/1.1" 200 - "https://idolatekno.com/sitemap1.xml" "Mozilla/5.0 AppleWebKit/537.36 (KHTML, like Gecko; compatible; GPTBot/1.3; +https://openai.com/gptbot)"
74.7.241.58 - - [22/Jan/2026:08:34:13 -0500] "GET /q-~87xRBewcjQunej5N7Vao9MyDn4Nz3nUV42949/ HTTP/1.1" 200 - "https://idolatekno.com/sitemap1.xml" "Mozilla/5.0 AppleWebKit/537.36 (KHTML, like Gecko; compatible; GPTBot/1.3; +https://openai.com/gptbot)"
66.249.64.129 - - [22/Jan/2026:08:34:16 -0500] "GET /?x=2166640003788&channel=107e18&from=https://idolatekno.com/super.py?q-~112OnOcV3og4DHR7wmln6i7arSMwd4Drw29746/ HTTP/1.1" 200 85469 "-" "Mozilla/5.0 (Linux; Android 6.0.1; Nexus 5X Build/MMB29P) AppleWebKit/537.36 (KHTML, like Gecko) Chrome/143.0.7499.192 Mobile Safari/537.36 (compatible; GoogleOther)"
66.249.64.128 - - [22/Jan/2026:08:34:16 -0500] "GET /product/edit/1472668 HTTP/1.1" 200 86289 "-" "Mozilla/5.0 (Linux; Android 6.0.1; Nexus 5X Build/MMB29P) AppleWebKit/537.36 (KHTML, like Gecko) Chrome/143.0.7499.192 Mobile Safari/537.36 (compatible; Googlebot/2.1; +http://www.google.com/bot.html)"
74.7.241.58 - - [22/Jan/2026:08:34:19 -0500] "GET /q-~249iGdqgFc0jTA3FeCJeP2Qiu9ZecrraG19067/ HTTP/1.1" 200 - "https://idolatekno.com/pages.php?sitemap849.xml" "Mozilla/5.0 AppleWebKit/537.36 (KHTML, like Gecko; compatible; GPTBot/1.3; +https://openai.com/gptbot)"
66.249.64.128 - - [22/Jan/2026:08:34:20 -0500] "GET /?x=2166640003788&channel=107e18&from=https://idolatekno.com/super.py?q-~62b2UWeJURVFi5H7iOAb1fLC5fCAaK5c16176/ HTTP/1.1" 200 85805 "-" "Mozilla/5.0 (Linux; Android 6.0.1; Nexus 5X Build/MMB29P) AppleWebKit/537.36 (KHTML, like Gecko) Chrome/143.0.7499.192 Mobile Safari/537.36 (compatible; GoogleOther)"
74.7.241.58 - - [22/Jan/2026:08:34:21 -0500] "GET /q-~73sNf5xku28NeECGPrYq4qxAlgvg6cuq15751/ HTTP/1.1" 200 - "https://idolatekno.com/sitemap14.xml" "Mozilla/5.0 AppleWebKit/537.36 (KHTML, like Gecko; compatible; GPTBot/1.3; +https://openai.com/gptbot)"
66.249.64.129 - - [22/Jan/2026:08:34:24 -0500] "GET /q-~13y5Jufg7k0McDD8ikF1q6aGKi5Sj2DG745/ HTTP/1.1" 200 85769 "-" "Mozilla/5.0 (Linux; Android 6.0.1; Nexus 5X Build/MMB29P) AppleWebKit/537.36 (KHTML, like Gecko) Chrome/143.0.7499.192 Mobile Safari/537.36 (compatible; Googlebot/2.1; +http://www.google.com/bot.html)"
74.7.241.58 - - [22/Jan/2026:08:34:25 -0500] "GET /q-~24e10Ho1f6QcHecUVMudAUP7uenpsKYz29346/ HTTP/1.1" 200 - "https://idolatekno.com/?sitemap503.xml" "Mozilla/5.0 AppleWebKit/537.36 (KHTML, like Gecko; compatible; GPTBot/1.3; +https://openai.com/gptbot)"
74.7.241.58 - - [22/Jan/2026:08:34:27 -0500] "GET /q-~206M16oLAUKQ6OCK4xNbJOLlqPOOJQfoo37986/ HTTP/1.1" 200 - "https://idolatekno.com/sitemap785.xml" "Mozilla/5.0 AppleWebKit/537.36 (KHTML, like Gecko; compatible; GPTBot/1.3; +https://openai.com/gptbot)"
66.249.64.128 - - [22/Jan/2026:08:34:30 -0500] "GET /q-~106BIBvrRrvYXrWebgQGRV19xWLfF6qbb32506/ HTTP/1.1" 200 85628 "-" "Mozilla/5.0 (Linux; Android 6.0.1; Nexus 5X Build/MMB29P) AppleWebKit/537.36 (KHTML, like Gecko) Chrome/143.0.7499.192 Mobile Safari/537.36 (compatible; GoogleOther)"
66.249.64.129 - - [22/Jan/2026:08:34:31 -0500] "GET /q-~133NwOjKAcYZeUmiAeuU4B3MsZOQpxfWZ28079/ HTTP/1.1" 200 85884 "-" "Mozilla/5.0 (Linux; Android 6.0.1; Nexus 5X Build/MMB29P) AppleWebKit/537.36 (KHTML, like Gecko) Chrome/143.0.7499.192 Mobile Safari/537.36 (compatible; Googlebot/2.1; +http://www.google.com/bot.html)"
66.249.70.37 - - [22/Jan/2026:08:34:31 -0500] "GET /?pid=26304226231&channel=alien-expedition-enforce&cate_id=2518&page=https://mail.idolatekno.com/remote.do?items/065016512.htm HTTP/1.1" 200 85406 "-" "Mozilla/5.0 (Linux; Android 6.0.1; Nexus 5X Build/MMB29P) AppleWebKit/537.36 (KHTML, like Gecko) Chrome/143.0.7499.192 Mobile Safari/537.36 (compatible; Googlebot/2.1; +http://www.google.com/bot.html)"
114.119.130.167 - - [22/Jan/2026:08:34:33 -0500] "GET /q-~213mxwWTcE5qFbsb5VhAVlKcIStZLajwk6273/ HTTP/1.1" 200 - "https://mail.idolatekno.com/sitemapd.xml" "Mozilla/5.0 (Linux; Android 7.0;) AppleWebKit/537.36 (KHTML, like Gecko) Mobile Safari/537.36 (compatible; PetalBot;+https://webmaster.petalsearch.com/site/petalbot)"
74.7.241.58 - - [22/Jan/2026:08:34:33 -0500] "GET /q-~158roxT4qjr5LtuJIGcY5AqQQa6uDIkyU25304/ HTTP/1.1" 200 - "https://idolatekno.com/?sitemap442.xml" "Mozilla/5.0 AppleWebKit/537.36 (KHTML, like Gecko; compatible; GPTBot/1.3; +https://openai.com/gptbot)"
74.7.241.58 - - [22/Jan/2026:08:34:36 -0500] "GET /q-~179RiHOZXOQPDeRPGOOwCFijzTP3645tz30497/ HTTP/1.1" 200 - "https://idolatekno.com/sitemap14.xml" "Mozilla/5.0 AppleWebKit/537.36 (KHTML, like Gecko; compatible; GPTBot/1.3; +https://openai.com/gptbot)"
66.249.64.130 - - [22/Jan/2026:08:34:37 -0500] "GET /q-~20ZAdVSyQ32Fbi1sv719NMmME1Up7kLh18198/ HTTP/1.1" 200 86056 "-" "Mozilla/5.0 (Linux; Android 6.0.1; Nexus 5X Build/MMB29P) AppleWebKit/537.36 (KHTML, like Gecko) Chrome/143.0.7499.192 Mobile Safari/537.36 (compatible; GoogleOther)"
66.249.70.37 - - [22/Jan/2026:08:34:39 -0500] "GET /?pid=26304226231&channel=relieve-sense-killing&cate_id=2518&page=https://mail.idolatekno.com/remote.do?items/233010356.htm HTTP/1.1" 200 85524 "-" "Mozilla/5.0 (Linux; Android 6.0.1; Nexus 5X Build/MMB29P) AppleWebKit/537.36 (KHTML, like Gecko) Chrome/143.0.7499.192 Mobile Safari/537.36 (compatible; Googlebot/2.1; +http://www.google.com/bot.html)"
74.7.241.58 - - [22/Jan/2026:08:34:39 -0500] "GET /q-~270g7bggMFuYc0DGzC3fJWlpMWVvZJ98V42872/ HTTP/1.1" 200 - "https://idolatekno.com/?sitemap442.xml" "Mozilla/5.0 AppleWebKit/537.36 (KHTML, like Gecko; compatible; GPTBot/1.3; +https://openai.com/gptbot)"
74.7.241.58 - - [22/Jan/2026:08:34:41 -0500] "GET /q-~248q9owzbzi8jkyLW46B6SUUzcFKcAfAf4870/ HTTP/1.1" 200 - "https://idolatekno.com/sitemap29.xml" "Mozilla/5.0 AppleWebKit/537.36 (KHTML, like Gecko; compatible; GPTBot/1.3; +https://openai.com/gptbot)"
74.7.241.58 - - [22/Jan/2026:08:34:43 -0500] "GET /q-~197fakyOPLZY8oTQdvwmxb440baUCCtZZ18071/ HTTP/1.1" 200 - "https://idolatekno.com/?sitemap503.xml" "Mozilla/5.0 AppleWebKit/537.36 (KHTML, like Gecko; compatible; GPTBot/1.3; +https://openai.com/gptbot)"
66.249.64.128 - - [22/Jan/2026:08:34:45 -0500] "GET /pcmypage?callback=/product%2Fdetail%2m73329199322 HTTP/1.1" 403 555034 "-" "Mozilla/5.0 (Linux; Android 6.0.1; Nexus 5X Build/MMB29P) AppleWebKit/537.36 (KHTML, like Gecko) Chrome/143.0.7499.192 Mobile Safari/537.36 (compatible; GoogleOther)"
66.249.70.36 - - [22/Jan/2026:08:34:46 -0500] "GET /?pid=26304226231&channel=carefully-set-depart&cate_id=2518&page=https://mail.idolatekno.com/remote.do?items/048013921.htm HTTP/1.1" 200 87046 "-" "Mozilla/5.0 (Linux; Android 6.0.1; Nexus 5X Build/MMB29P) AppleWebKit/537.36 (KHTML, like Gecko) Chrome/143.0.7499.192 Mobile Safari/537.36 (compatible; Googlebot/2.1; +http://www.google.com/bot.html)"
74.7.241.58 - - [22/Jan/2026:08:34:47 -0500] "GET /q-~259BlRbfLKcyaq1woKy79g0aKAOfGM6Ms8019/ HTTP/1.1" 200 - "https://idolatekno.com/sitemap73.xml" "Mozilla/5.0 AppleWebKit/537.36 (KHTML, like Gecko; compatible; GPTBot/1.3; +https://openai.com/gptbot)"
74.7.241.58 - - [22/Jan/2026:08:34:53 -0500] "GET /q-~229OYySrzRRwt1cGkHp9dHCo624XZRrLA15641/ HTTP/1.1" 200 - "https://idolatekno.com/sitemap21.xml" "Mozilla/5.0 AppleWebKit/537.36 (KHTML, like Gecko; compatible; GPTBot/1.3; +https://openai.com/gptbot)"
66.249.70.36 - - [22/Jan/2026:08:34:53 -0500] "GET /?pid=26304226231&channel=about-tune-mainstream&cate_id=2518&page=https://mail.idolatekno.com/remote.do?q-~288yiQtgtWymhBIDDI1ttPLBWSpvi0Naq24512/ HTTP/1.1" 200 85565 "-" "Mozilla/5.0 (Linux; Android 6.0.1; Nexus 5X Build/MMB29P) AppleWebKit/537.36 (KHTML, like Gecko) Chrome/143.0.7499.192 Mobile Safari/537.36 (compatible; Googlebot/2.1; +http://www.google.com/bot.html)"
66.249.70.36 - - [22/Jan/2026:08:34:53 -0500] "GET /?pid=26304226231&channel=Korean-family-cue&cate_id=2518&page=https://mail.idolatekno.com/remote.do?q-~169Q1pHbai023YTFGNojIELLdGOVbovKJ34221/ HTTP/1.1" 200 87548 "-" "Mozilla/5.0 (Linux; Android 6.0.1; Nexus 5X Build/MMB29P) AppleWebKit/537.36 (KHTML, like Gecko) Chrome/143.0.7499.192 Mobile Safari/537.36 (compatible; Googlebot/2.1; +http://www.google.com/bot.html)"
66.249.64.128 - - [22/Jan/2026:08:34:54 -0500] "GET /q-~52BMBYFEOVDUFoVHIwWpL1lKd9VOaj6e38300/ HTTP/1.1" 200 84995 "-" "Mozilla/5.0 (Linux; Android 6.0.1; Nexus 5X Build/MMB29P) AppleWebKit/537.36 (KHTML, like Gecko) Chrome/143.0.7499.192 Mobile Safari/537.36 (compatible; GoogleOther)"
74.7.241.58 - - [22/Jan/2026:08:34:56 -0500] "GET /q-~22f1CjCGNfcilST4xeC6qvQ1KOKFKy3i22710/ HTTP/1.1" 200 - "https://idolatekno.com/sitemap49.xml" "Mozilla/5.0 AppleWebKit/537.36 (KHTML, like Gecko; compatible; GPTBot/1.3; +https://openai.com/gptbot)"
74.7.241.58 - - [22/Jan/2026:08:34:57 -0500] "GET /q-~248eVhiXKL1SLlZS1dTvFSKvt88FXaHwr24918/ HTTP/1.1" 200 - "https://idolatekno.com/sitemap63.xml" "Mozilla/5.0 AppleWebKit/537.36 (KHTML, like Gecko; compatible; GPTBot/1.3; +https://openai.com/gptbot)"
66.249.70.36 - - [22/Jan/2026:08:34:57 -0500] "GET /?pid=26304226231&channel=equality-costly-accuse&cate_id=2518&page=https://mail.idolatekno.com/remote.do?items/088023069.htm HTTP/1.1" 200 85904 "-" "Mozilla/5.0 (Linux; Android 6.0.1; Nexus 5X Build/MMB29P) AppleWebKit/537.36 (KHTML, like Gecko) Chrome/143.0.7499.192 Mobile Safari/537.36 (compatible; Googlebot/2.1; +http://www.google.com/bot.html)"
66.249.64.129 - - [22/Jan/2026:08:34:59 -0500] "GET /?u=2699771933667&channel=132e36&from=https://idolatekno.com/remote.aspx?items/056003987.htm HTTP/1.1" 200 86635 "-" "Mozilla/5.0 (Linux; Android 6.0.1; Nexus 5X Build/MMB29P) AppleWebKit/537.36 (KHTML, like Gecko) Chrome/143.0.7499.192 Mobile Safari/537.36 (compatible; GoogleOther)"
74.7.241.58 - - [22/Jan/2026:08:35:00 -0500] "GET /q-~113frm6JLCjtL1WKT0QEVlpxhakq6qAYn32213/ HTTP/1.1" 200 - "https://idolatekno.com/sitemap63.xml" "Mozilla/5.0 AppleWebKit/537.36 (KHTML, like Gecko; compatible; GPTBot/1.3; +https://openai.com/gptbot)"
114.119.130.167 - - [22/Jan/2026:08:35:01 -0500] "GET /q-~213m3KERuH9cJRo9OrtIuSKimbW82X1To17581/ HTTP/1.1" 200 - "https://mail.idolatekno.com/sitemapd.xml" "Mozilla/5.0 (Linux; Android 7.0;) AppleWebKit/537.36 (KHTML, like Gecko) Mobile Safari/537.36 (compatible; PetalBot;+https://webmaster.petalsearch.com/site/petalbot)"
66.249.70.36 - - [22/Jan/2026:08:35:04 -0500] "GET /?pid=26304226231&channel=continuing-segment-suspect&cate_id=2518&page=https://mail.idolatekno.com/remote.do?q-~149pJv964HQDBQDWyksPXkuacmm0uuqud13851/ HTTP/1.1" 200 85981 "-" "Mozilla/5.0 (Linux; Android 6.0.1; Nexus 5X Build/MMB29P) AppleWebKit/537.36 (KHTML, like Gecko) Chrome/143.0.7499.192 Mobile Safari/537.36 (compatible; Googlebot/2.1; +http://www.google.com/bot.html)"
74.7.241.58 - - [22/Jan/2026:08:35:05 -0500] "GET /q-~226X9nwNzVA7CnUVNt34YWkVhwLXKWWlk26778/ HTTP/1.1" 200 - "https://idolatekno.com/sitemap14.xml" "Mozilla/5.0 AppleWebKit/537.36 (KHTML, like Gecko; compatible; GPTBot/1.3; +https://openai.com/gptbot)"
74.7.241.58 - - [22/Jan/2026:08:35:06 -0500] "GET /q-~144JHo8EvqFSjBZ0bH7N6H3GKDkUJSbbW25070/ HTTP/1.1" 200 - "https://idolatekno.com/sitemap27.xml" "Mozilla/5.0 AppleWebKit/537.36 (KHTML, like Gecko; compatible; GPTBot/1.3; +https://openai.com/gptbot)"
181.115.59.93 - - [22/Jan/2026:08:35:07 -0500] "GET /q-~91WALmceiYuVPc9e18J2BmbyRRZOYQRa43003/ HTTP/1.1" 200 - "-" "Mozilla/5.0 (Macintosh; Intel Mac OS X 10_6_8) AppleWebKit/535.1 (KHTML, like Gecko) Chrome/13.0.782.24 Safari/535.1"
74.7.241.58 - - [22/Jan/2026:08:35:09 -0500] "GET /q-~172TM0lF62BLZxPDTxSrXn4yThiU3vTtA47312/ HTTP/1.1" 200 - "https://idolatekno.com/?sitemap1000.xml" "Mozilla/5.0 AppleWebKit/537.36 (KHTML, like Gecko; compatible; GPTBot/1.3; +https://openai.com/gptbot)"
66.249.64.129 - - [22/Jan/2026:08:35:11 -0500] "GET /?x=2166640003788&channel=107e18&from=https://idolatekno.com/super.py?items/270032823.htm HTTP/1.1" 200 87130 "-" "Mozilla/5.0 (Linux; Android 6.0.1; Nexus 5X Build/MMB29P) AppleWebKit/537.36 (KHTML, like Gecko) Chrome/143.0.7499.192 Mobile Safari/537.36 (compatible; GoogleOther)"
74.7.241.58 - - [22/Jan/2026:08:35:12 -0500] "GET /q-~165e7TSICbUOoDDYAM9o6IrwjDLrD1z1H43089/ HTTP/1.1" 200 - "https://idolatekno.com/sitemap79.xml" "Mozilla/5.0 AppleWebKit/537.36 (KHTML, like Gecko; compatible; GPTBot/1.3; +https://openai.com/gptbot)"
66.249.70.36 - - [22/Jan/2026:08:35:12 -0500] "GET /?pid=26304226231&channel=security-religious-consensus&cate_id=2518&page=https://mail.idolatekno.com/remote.do?items/020037619.htm HTTP/1.1" 200 86061 "-" "Mozilla/5.0 (Linux; Android 6.0.1; Nexus 5X Build/MMB29P) AppleWebKit/537.36 (KHTML, like Gecko) Chrome/143.0.7499.192 Mobile Safari/537.36 (compatible; Googlebot/2.1; +http://www.google.com/bot.html)"
66.249.64.129 - - [22/Jan/2026:08:35:14 -0500] "GET /?u=2699771933667&channel=132e36&from=https://idolatekno.com/remote.aspx?q-~257UcjO2lhRGultSXRLD6hnZxQ0Eqrieg8099/ HTTP/1.1" 200 85914 "-" "Mozilla/5.0 (Linux; Android 6.0.1; Nexus 5X Build/MMB29P) AppleWebKit/537.36 (KHTML, like Gecko) Chrome/143.0.7499.192 Mobile Safari/537.36 (compatible; GoogleOther)"
74.7.241.58 - - [22/Jan/2026:08:35:16 -0500] "GET /q-~104tAaxM6ovKyx8t5o4BSTzPSr4RJqaFo18138/ HTTP/1.1" 200 - "https://idolatekno.com/?sitemap1000.xml" "Mozilla/5.0 AppleWebKit/537.36 (KHTML, like Gecko; compatible; GPTBot/1.3; +https://openai.com/gptbot)"
66.249.70.36 - - [22/Jan/2026:08:35:19 -0500] "GET /?pid=26304226231&channel=dominate-particular-proportion&cate_id=2518&page=https://mail.idolatekno.com/remote.do?items/118038373.htm HTTP/1.1" 200 86864 "-" "Mozilla/5.0 (Linux; Android 6.0.1; Nexus 5X Build/MMB29P) AppleWebKit/537.36 (KHTML, like Gecko) Chrome/143.0.7499.192 Mobile Safari/537.36 (compatible; Googlebot/2.1; +http://www.google.com/bot.html)"
74.7.241.58 - - [22/Jan/2026:08:35:20 -0500] "GET /q-~135jjWA4V9czOWLQS2imnVfM7diFMhOFE24917/ HTTP/1.1" 200 - "https://idolatekno.com/sitemap27.xml" "Mozilla/5.0 AppleWebKit/537.36 (KHTML, like Gecko; compatible; GPTBot/1.3; +https://openai.com/gptbot)"
2a03:2880:f80e:66:: - - [22/Jan/2026:08:35:21 -0500] "GET /m/gunpo61791117?id=1807375 HTTP/1.1" 200 - "-" "meta-externalagent/1.1 (+https://developers.facebook.com/docs/sharing/webmasters/crawler)"
74.7.241.58 - - [22/Jan/2026:08:35:21 -0500] "GET /q-~263qWCGD4nIZF19C6taMKPNHkVPWDDOLW28323/ HTTP/1.1" 200 - "https://idolatekno.com/pages.php?sitemap849.xml" "Mozilla/5.0 AppleWebKit/537.36 (KHTML, like Gecko; compatible; GPTBot/1.3; +https://openai.com/gptbot)"
74.7.241.58 - - [22/Jan/2026:08:35:24 -0500] "GET /q-~274YIGoWh2NN5Z9JYycLXFvi7I9lDdzXX39328/ HTTP/1.1" 200 - "https://idolatekno.com/sitemap78.xml" "Mozilla/5.0 AppleWebKit/537.36 (KHTML, like Gecko; compatible; GPTBot/1.3; +https://openai.com/gptbot)"
66.249.70.36 - - [22/Jan/2026:08:35:27 -0500] "GET /?pid=26304226231&channel=relationship-expedition-on&cate_id=2518&page=https://mail.idolatekno.com/remote.do?items/221021666.htm HTTP/1.1" 200 86159 "-" "Mozilla/5.0 (Linux; Android 6.0.1; Nexus 5X Build/MMB29P) AppleWebKit/537.36 (KHTML, like Gecko) Chrome/143.0.7499.192 Mobile Safari/537.36 (compatible; Googlebot/2.1; +http://www.google.com/bot.html)"
114.119.132.76 - - [22/Jan/2026:08:35:28 -0500] "GET /q-~213lgIlpBxcGCwFgTRw332qDyTDEG7COB43771/ HTTP/1.1" 200 - "https://mail.idolatekno.com/sitemapd.xml" "Mozilla/5.0 (Linux; Android 7.0;) AppleWebKit/537.36 (KHTML, like Gecko) Mobile Safari/537.36 (compatible; PetalBot;+https://webmaster.petalsearch.com/site/petalbot)"
66.249.64.128 - - [22/Jan/2026:08:35:28 -0500] "GET /pcmypage?callback=/product%2Fdetail%2m85480041222 HTTP/1.1" 403 558391 "-" "Mozilla/5.0 (Linux; Android 6.0.1; Nexus 5X Build/MMB29P) AppleWebKit/537.36 (KHTML, like Gecko) Chrome/143.0.7499.192 Mobile Safari/537.36 (compatible; GoogleOther)"
74.7.241.58 - - [22/Jan/2026:08:35:29 -0500] "GET /q-~236ypib3PioM96pHsvoh9DNfuDbCvYMiE17626/ HTTP/1.1" 200 - "https://idolatekno.com/sitemap49.xml" "Mozilla/5.0 AppleWebKit/537.36 (KHTML, like Gecko; compatible; GPTBot/1.3; +https://openai.com/gptbot)"
66.249.64.128 - - [22/Jan/2026:08:35:30 -0500] "GET /?x=2166640003788&channel=107e18&from=https://idolatekno.com/super.py?items/218008367.htm HTTP/1.1" 200 85833 "-" "Mozilla/5.0 (Linux; Android 6.0.1; Nexus 5X Build/MMB29P) AppleWebKit/537.36 (KHTML, like Gecko) Chrome/143.0.7499.192 Mobile Safari/537.36 (compatible; GoogleOther)"
74.7.241.58 - - [22/Jan/2026:08:35:32 -0500] "GET /q-~108Aw5vPnJdGyClROHc6uqqWb03KCUVWH48838/ HTTP/1.1" 200 - "https://idolatekno.com/sitemap79.xml" "Mozilla/5.0 AppleWebKit/537.36 (KHTML, like Gecko; compatible; GPTBot/1.3; +https://openai.com/gptbot)"
66.249.70.37 - - [22/Jan/2026:08:35:35 -0500] "GET /?pid=26304226231&channel=understand-violation-prefer&cate_id=2518&page=https://mail.idolatekno.com/remote.do?items/130013357.htm HTTP/1.1" 200 85769 "-" "Mozilla/5.0 (Linux; Android 6.0.1; Nexus 5X Build/MMB29P) AppleWebKit/537.36 (KHTML, like Gecko) Chrome/143.0.7499.192 Mobile Safari/537.36 (compatible; Googlebot/2.1; +http://www.google.com/bot.html)"
74.7.241.58 - - [22/Jan/2026:08:35:35 -0500] "GET /q-~25bRo1dFUcBc7KoUkB676VjmoyIJkHjz30721/ HTTP/1.1" 200 - "https://idolatekno.com/?sitemap1000.xml" "Mozilla/5.0 AppleWebKit/537.36 (KHTML, like Gecko; compatible; GPTBot/1.3; +https://openai.com/gptbot)"
74.7.241.58 - - [22/Jan/2026:08:35:40 -0500] "GET /q-~217gb1ojtj9otGLnqBFbrubGrO06lHFTu19663/ HTTP/1.1" 200 - "https://idolatekno.com/sitemap16.xml" "Mozilla/5.0 AppleWebKit/537.36 (KHTML, like Gecko; compatible; GPTBot/1.3; +https://openai.com/gptbot)"
74.7.241.58 - - [22/Jan/2026:08:35:41 -0500] "GET /q-~198y9hLr9p7ODC5iWx9eYAgSNxkYVVAdH47148/ HTTP/1.1" 200 - "https://idolatekno.com/?sitemap305.xml" "Mozilla/5.0 AppleWebKit/537.36 (KHTML, like Gecko; compatible; GPTBot/1.3; +https://openai.com/gptbot)"
66.249.64.129 - - [22/Jan/2026:08:35:42 -0500] "GET /q-~35D4va0EP2KZNfYx26IU8xBtY0gTHmzC41787/ HTTP/1.1" 200 85872 "-" "Mozilla/5.0 (Linux; Android 6.0.1; Nexus 5X Build/MMB29P) AppleWebKit/537.36 (KHTML, like Gecko) Chrome/143.0.7499.192 Mobile Safari/537.36 (compatible; GoogleOther)"
66.249.70.36 - - [22/Jan/2026:08:35:44 -0500] "GET /?pid=26304226231&channel=mom-cheese-ah&cate_id=2518&page=https://mail.idolatekno.com/remote.do?q-~228KKdHDqa8ZhTzBlGY7oerq8fSIx2xrn6840/ HTTP/1.1" 200 86104 "-" "Mozilla/5.0 (Linux; Android 6.0.1; Nexus 5X Build/MMB29P) AppleWebKit/537.36 (KHTML, like Gecko) Chrome/143.0.7499.192 Mobile Safari/537.36 (compatible; Googlebot/2.1; +http://www.google.com/bot.html)"
66.249.70.37 - - [22/Jan/2026:08:35:45 -0500] "GET /q-~292ZyrkX2FCZOmX7vtYmzXWvozimv1KIs47256/ HTTP/1.1" 200 86517 "-" "Mozilla/5.0 (Linux; Android 6.0.1; Nexus 5X Build/MMB29P) AppleWebKit/537.36 (KHTML, like Gecko) Chrome/143.0.7499.192 Mobile Safari/537.36 (compatible; GoogleOther)"
74.7.241.58 - - [22/Jan/2026:08:35:49 -0500] "GET /q-~231hFqZ0zczjvth2JNMTMGXDvE7Rq5qie16599/ HTTP/1.1" 200 - "https://idolatekno.com/?sitemap503.xml" "Mozilla/5.0 AppleWebKit/537.36 (KHTML, like Gecko; compatible; GPTBot/1.3; +https://openai.com/gptbot)"
74.7.241.58 - - [22/Jan/2026:08:35:50 -0500] "GET /q-~60SQVvpRVQl7yOvOVA1vXW0f6ElHmB8J32526/ HTTP/1.1" 200 - "https://idolatekno.com/sitemap78.xml" "Mozilla/5.0 AppleWebKit/537.36 (KHTML, like Gecko; compatible; GPTBot/1.3; +https://openai.com/gptbot)"
66.249.70.37 - - [22/Jan/2026:08:35:50 -0500] "GET /?pid=26304226231&channel=peak-theme-central&cate_id=2518&page=https://mail.idolatekno.com/remote.do?items/087000314.htm HTTP/1.1" 200 85305 "-" "Mozilla/5.0 (Linux; Android 6.0.1; Nexus 5X Build/MMB29P) AppleWebKit/537.36 (KHTML, like Gecko) Chrome/143.0.7499.192 Mobile Safari/537.36 (compatible; Googlebot/2.1; +http://www.google.com/bot.html)"
74.7.241.58 - - [22/Jan/2026:08:35:53 -0500] "GET /q-~240FAnbuw5MU20txkOBxOt4gbXJN1nUWq10132/ HTTP/1.1" 200 - "https://idolatekno.com/sitemap79.xml" "Mozilla/5.0 AppleWebKit/537.36 (KHTML, like Gecko; compatible; GPTBot/1.3; +https://openai.com/gptbot)"
114.119.142.186 - - [22/Jan/2026:08:35:56 -0500] "GET /q-~213js2OVe2TnprGXCV1uOVOIdsDf9vCjX43185/ HTTP/1.1" 200 - "https://mail.idolatekno.com/sitemapc.xml" "Mozilla/5.0 (Linux; Android 7.0;) AppleWebKit/537.36 (KHTML, like Gecko) Mobile Safari/537.36 (compatible; PetalBot;+https://webmaster.petalsearch.com/site/petalbot)"
66.249.64.129 - - [22/Jan/2026:08:35:57 -0500] "GET /q-~55aX6zxi4jvrULCwnHC3XPAh3RZB6HxX37607/ HTTP/1.1" 200 86445 "-" "Mozilla/5.0 (Linux; Android 6.0.1; Nexus 5X Build/MMB29P) AppleWebKit/537.36 (KHTML, like Gecko) Chrome/143.0.7499.192 Mobile Safari/537.36 (compatible; GoogleOther)"
74.7.241.58 - - [22/Jan/2026:08:36:00 -0500] "GET /q-~226tFItDr31HBREDwpcy1MWTIBGp2KNri20320/ HTTP/1.1" 200 - "https://idolatekno.com/sitemap1.xml" "Mozilla/5.0 AppleWebKit/537.36 (KHTML, like Gecko; compatible; GPTBot/1.3; +https://openai.com/gptbot)"
74.7.241.58 - - [22/Jan/2026:08:36:01 -0500] "GET /q-~280mvGTKTwxCqz550XxUji8cCWFcIqORe20140/ HTTP/1.1" 200 - "https://idolatekno.com/sitemap73.xml" "Mozilla/5.0 AppleWebKit/537.36 (KHTML, like Gecko; compatible; GPTBot/1.3; +https://openai.com/gptbot)"
66.249.64.129 - - [22/Jan/2026:08:36:02 -0500] "GET /q-~233kQD1fEdjcEEUlDTkwBdUyUt6OP9S4n42959/ HTTP/1.1" 200 86660 "-" "Mozilla/5.0 (Linux; Android 6.0.1; Nexus 5X Build/MMB29P) AppleWebKit/537.36 (KHTML, like Gecko) Chrome/143.0.7499.192 Mobile Safari/537.36 (compatible; GoogleOther)"
66.249.70.38 - - [22/Jan/2026:08:36:03 -0500] "GET /?pid=26304226231&channel=loyal-spread-justify&cate_id=2518&page=https://mail.idolatekno.com/remote.do?q-~12Fsf8z5Zb7vWI0ooAruiKOU8S0af68k36808/ HTTP/1.1" 200 85981 "-" "Mozilla/5.0 (Linux; Android 6.0.1; Nexus 5X Build/MMB29P) AppleWebKit/537.36 (KHTML, like Gecko) Chrome/143.0.7499.192 Mobile Safari/537.36 (compatible; Googlebot/2.1; +http://www.google.com/bot.html)"
74.7.241.58 - - [22/Jan/2026:08:36:04 -0500] "GET /q-~141miplsP0maFm0vPlVCh13diJwLw1jmK12943/ HTTP/1.1" 200 - "https://idolatekno.com/?sitemap442.xml" "Mozilla/5.0 AppleWebKit/537.36 (KHTML, like Gecko; compatible; GPTBot/1.3; +https://openai.com/gptbot)"
66.249.70.36 - - [22/Jan/2026:08:36:10 -0500] "GET /?pid=26304226231&channel=politically-available-attraction&cate_id=2518&page=https://mail.idolatekno.com/remote.do?q-~169kzf0uaJmHRFWyQ1SrdLEZR1o1tGM9i32559/ HTTP/1.1" 200 85657 "-" "Mozilla/5.0 (Linux; Android 6.0.1; Nexus 5X Build/MMB29P) AppleWebKit/537.36 (KHTML, like Gecko) Chrome/143.0.7499.192 Mobile Safari/537.36 (compatible; Googlebot/2.1; +http://www.google.com/bot.html)"
74.7.241.58 - - [22/Jan/2026:08:36:12 -0500] "GET /q-~299yx7x5Jar1OPaaVNrpVto5tzDZmG6Ul18487/ HTTP/1.1" 200 - "https://idolatekno.com/?sitemap305.xml" "Mozilla/5.0 AppleWebKit/537.36 (KHTML, like Gecko; compatible; GPTBot/1.3; +https://openai.com/gptbot)"
66.249.64.128 - - [22/Jan/2026:08:36:11 -0500] "GET /pcmypage?callback=/product%2Fdetail%2m79043067270 HTTP/1.1" 403 553129 "-" "Mozilla/5.0 (Linux; Android 6.0.1; Nexus 5X Build/MMB29P) AppleWebKit/537.36 (KHTML, like Gecko) Chrome/143.0.7499.192 Mobile Safari/537.36 (compatible; GoogleOther)"
74.7.241.58 - - [22/Jan/2026:08:36:14 -0500] "GET /q-~249UQ8iuEYCv54nmWeonuvj8gq3sAaaOg27205/ HTTP/1.1" 200 - "https://idolatekno.com/sitemap14.xml" "Mozilla/5.0 AppleWebKit/537.36 (KHTML, like Gecko; compatible; GPTBot/1.3; +https://openai.com/gptbot)"
66.249.70.36 - - [22/Jan/2026:08:36:18 -0500] "GET /?pid=26304226231&channel=wrap-son-twentieth&cate_id=2518&page=https://mail.idolatekno.com/remote.do?q-~76uVZdlU7tHaI9PlzEPEy4MPEbzCquBt48164/ HTTP/1.1" 200 87043 "-" "Mozilla/5.0 (Linux; Android 6.0.1; Nexus 5X Build/MMB29P) AppleWebKit/537.36 (KHTML, like Gecko) Chrome/143.0.7499.192 Mobile Safari/537.36 (compatible; Googlebot/2.1; +http://www.google.com/bot.html)"
74.7.241.58 - - [22/Jan/2026:08:36:19 -0500] "GET /q-~235IzcfHlsQ8prFc8JHF2GX5SFJ0cWYSJ5937/ HTTP/1.1" 200 - "https://idolatekno.com/?sitemap317.xml" "Mozilla/5.0 AppleWebKit/537.36 (KHTML, like Gecko; compatible; GPTBot/1.3; +https://openai.com/gptbot)"
74.7.241.58 - - [22/Jan/2026:08:36:19 -0500] "GET /q-~299Ct5tT9HNpjKA3jiQOYOT1cePOrleEJ22077/ HTTP/1.1" 200 - "https://idolatekno.com/?sitemap442.xml" "Mozilla/5.0 AppleWebKit/537.36 (KHTML, like Gecko; compatible; GPTBot/1.3; +https://openai.com/gptbot)"
66.249.64.128 - - [22/Jan/2026:08:36:19 -0500] "GET /pcmypage?callback=/product%2Fdetail%2m35714007755 HTTP/1.1" 403 555759 "-" "Mozilla/5.0 (Linux; Android 6.0.1; Nexus 5X Build/MMB29P) AppleWebKit/537.36 (KHTML, like Gecko) Chrome/143.0.7499.192 Mobile Safari/537.36 (compatible; GoogleOther)"
2a03:2880:f80e:59:: - - [22/Jan/2026:08:36:22 -0500] "GET /m/cauti10850032?id=866290 HTTP/1.1" 200 - "-" "meta-externalagent/1.1 (+https://developers.facebook.com/docs/sharing/webmasters/crawler)"
74.7.241.58 - - [22/Jan/2026:08:36:23 -0500] "GET /q-~220GHIsbJ2ZKOzMG28auzFKUkpJ41ayMm40422/ HTTP/1.1" 200 - "https://idolatekno.com/?sitemap305.xml" "Mozilla/5.0 AppleWebKit/537.36 (KHTML, like Gecko; compatible; GPTBot/1.3; +https://openai.com/gptbot)"
114.119.132.76 - - [22/Jan/2026:08:36:24 -0500] "GET /q-~213ieNALWKhoI1S6YgolzqY3BTbZo4c6T14295/ HTTP/1.1" 200 - "https://mail.idolatekno.com/sitemapc.xml" "Mozilla/5.0 (Linux; Android 7.0;) AppleWebKit/537.36 (KHTML, like Gecko) Mobile Safari/537.36 (compatible; PetalBot;+https://webmaster.petalsearch.com/site/petalbot)"
2a03:2880:f80e:8:: - - [22/Jan/2026:08:36:24 -0500] "GET /m/consi12565432?id=2581690 HTTP/1.1" 200 - "-" "meta-externalagent/1.1 (+https://developers.facebook.com/docs/sharing/webmasters/crawler)"
66.249.70.36 - - [22/Jan/2026:08:36:25 -0500] "GET /?pid=26304226231&channel=yet-ethical-female&cate_id=2518&page=https://mail.idolatekno.com/remote.do?q-~3CPZKKM7yF0pXs4hKUOwyKnBvlAkF6M25411/ HTTP/1.1" 200 86624 "-" "Mozilla/5.0 (Linux; Android 6.0.1; Nexus 5X Build/MMB29P) AppleWebKit/537.36 (KHTML, like Gecko) Chrome/143.0.7499.192 Mobile Safari/537.36 (compatible; Googlebot/2.1; +http://www.google.com/bot.html)"
66.249.64.128 - - [22/Jan/2026:08:36:25 -0500] "GET /items/099017248.htm HTTP/1.1" 200 85103 "-" "Mozilla/5.0 (Linux; Android 6.0.1; Nexus 5X Build/MMB29P) AppleWebKit/537.36 (KHTML, like Gecko) Chrome/143.0.7499.192 Mobile Safari/537.36 (compatible; Googlebot/2.1; +http://www.google.com/bot.html)"
186.96.145.64 - - [22/Jan/2026:08:36:25 -0500] "GET /q-~92WBeZnLVkf235B9X8Kx6srkndW5zMQI37920/ HTTP/1.1" 200 - "-" "Mozilla/5.0 (Windows NT 6.0) yi; AppleWebKit/345667.12221 (KHTML, like Gecko) Chrome/23.0.1271.26 Safari/453667.1221"
66.249.64.128 - - [22/Jan/2026:08:36:26 -0500] "GET /pcmypage?callback=/product%2Fdetail%2m55395448335 HTTP/1.1" 403 561045 "-" "Mozilla/5.0 (Linux; Android 6.0.1; Nexus 5X Build/MMB29P) AppleWebKit/537.36 (KHTML, like Gecko) Chrome/143.0.7499.192 Mobile Safari/537.36 (compatible; GoogleOther)"
74.7.241.58 - - [22/Jan/2026:08:36:28 -0500] "GET /q-~85hjCJfI76ONKl91YZYjrPHqnML5QhHi28527/ HTTP/1.1" 200 - "https://idolatekno.com/sitemap29.xml" "Mozilla/5.0 AppleWebKit/537.36 (KHTML, like Gecko; compatible; GPTBot/1.3; +https://openai.com/gptbot)"
74.7.241.58 - - [22/Jan/2026:08:36:30 -0500] "GET /q-~240hYVpS3FeWBe6aY0sJEJq2iMYsyVIYZ18856/ HTTP/1.1" 200 - "https://idolatekno.com/?sitemap503.xml" "Mozilla/5.0 AppleWebKit/537.36 (KHTML, like Gecko; compatible; GPTBot/1.3; +https://openai.com/gptbot)"
2a03:2880:f80e:64:: - - [22/Jan/2026:08:36:32 -0500] "GET /m/picni41129299?id=1145557 HTTP/1.1" 200 - "-" "meta-externalagent/1.1 (+https://developers.facebook.com/docs/sharing/webmasters/crawler)"
66.249.70.37 - - [22/Jan/2026:08:36:33 -0500] "GET /?pid=26304226231&channel=happen-ever-status&cate_id=2518&page=https://mail.idolatekno.com/remote.do?q-~206ko0OF6xESeTPLiSQHUiztBkzjpEQZB13020/ HTTP/1.1" 200 85728 "-" "Mozilla/5.0 (Linux; Android 6.0.1; Nexus 5X Build/MMB29P) AppleWebKit/537.36 (KHTML, like Gecko) Chrome/143.0.7499.192 Mobile Safari/537.36 (compatible; Googlebot/2.1; +http://www.google.com/bot.html)"
66.249.70.36 - - [22/Jan/2026:08:36:33 -0500] "GET /?pid=26304226231&channel=clinical-surprised-two-thirds&cate_id=2518&page=https://mail.idolatekno.com/remote.do?q-~56V4jZUb6p19uUWzY5E388y6JP9HDx4P25448/ HTTP/1.1" 200 85614 "-" "Mozilla/5.0 (Linux; Android 6.0.1; Nexus 5X Build/MMB29P) AppleWebKit/537.36 (KHTML, like Gecko) Chrome/143.0.7499.192 Mobile Safari/537.36 (compatible; Googlebot/2.1; +http://www.google.com/bot.html)"
66.249.70.36 - - [22/Jan/2026:08:36:34 -0500] "GET /q-~70hAHxU3bOahnzQ6sGVfSkwehqVd1r2P23250/ HTTP/1.1" 200 85605 "-" "Mozilla/5.0 (Linux; Android 6.0.1; Nexus 5X Build/MMB29P) AppleWebKit/537.36 (KHTML, like Gecko) Chrome/143.0.7499.192 Mobile Safari/537.36 (compatible; Googlebot/2.1; +http://www.google.com/bot.html)"
74.7.241.58 - - [22/Jan/2026:08:36:35 -0500] "GET /q-~168Tturbaa5GD8qbvvGZP5BtxfifH73dP37946/ HTTP/1.1" 200 - "https://idolatekno.com/sitemap785.xml" "Mozilla/5.0 AppleWebKit/537.36 (KHTML, like Gecko; compatible; GPTBot/1.3; +https://openai.com/gptbot)"
74.7.241.58 - - [22/Jan/2026:08:36:35 -0500] "GET /q-~300r9VmwTRdRhjUigI0pjVqEoEh8LYo8S21610/ HTTP/1.1" 200 - "https://idolatekno.com/?sitemap503.xml" "Mozilla/5.0 AppleWebKit/537.36 (KHTML, like Gecko; compatible; GPTBot/1.3; +https://openai.com/gptbot)"
