66.249.70.36 - - [22/Jan/2026:08:04:38 -0500] "GET /?pid=26304226231&channel=eliminate-collar-filter&cate_id=2518&page=https://mail.idolatekno.com/remote.do?q-~1SBG8sRfjfeKbgiC6s2y7Z07d5r6DNW431/ HTTP/1.1" 200 85773 "-" "Mozilla/5.0 (Linux; Android 6.0.1; Nexus 5X Build/MMB29P) AppleWebKit/537.36 (KHTML, like Gecko) Chrome/143.0.7499.192 Mobile Safari/537.36 (compatible; Googlebot/2.1; +http://www.google.com/bot.html)"
74.7.241.58 - - [22/Jan/2026:08:04:38 -0500] "GET /q-~244vfX32zP5aEZ4rnIUqaYpXsYmEwMMKU14968/ HTTP/1.1" 200 - "https://idolatekno.com/sitemap49.xml" "Mozilla/5.0 AppleWebKit/537.36 (KHTML, like Gecko; compatible; GPTBot/1.3; +https://openai.com/gptbot)"
66.249.64.132 - - [22/Jan/2026:08:04:40 -0500] "GET /pcmypage?callback=/product%2Fdetail%2m29862052377 HTTP/1.1" 403 556717 "-" "Mozilla/5.0 (Linux; Android 6.0.1; Nexus 5X Build/MMB29P) AppleWebKit/537.36 (KHTML, like Gecko) Chrome/143.0.7499.192 Mobile Safari/537.36 (compatible; GoogleOther)"
74.7.241.58 - - [22/Jan/2026:08:04:41 -0500] "GET /q-~163LFsbzyVSTeSgneodJN4EDa243JPVxM11623/ HTTP/1.1" 200 - "https://idolatekno.com/sitemap86.xml" "Mozilla/5.0 AppleWebKit/537.36 (KHTML, like Gecko; compatible; GPTBot/1.3; +https://openai.com/gptbot)"
2a03:2880:f80e:1:: - - [22/Jan/2026:08:04:44 -0500] "GET /m/vary32738298?id=2754556 HTTP/1.1" 200 - "-" "meta-externalagent/1.1 (+https://developers.facebook.com/docs/sharing/webmasters/crawler)"
74.7.241.58 - - [22/Jan/2026:08:04:45 -0500] "GET /q-~215zfLnpMNaKwuqv5t8G6JNQmxfPK3LQm28641/ HTTP/1.1" 200 - "https://idolatekno.com/?sitemap305.xml" "Mozilla/5.0 AppleWebKit/537.36 (KHTML, like Gecko; compatible; GPTBot/1.3; +https://openai.com/gptbot)"
66.249.64.132 - - [22/Jan/2026:08:04:45 -0500] "GET /pcmypage?callback=/product%2Fdetail%2m38027554586 HTTP/1.1" 403 557839 "-" "Mozilla/5.0 (Linux; Android 6.0.1; Nexus 5X Build/MMB29P) AppleWebKit/537.36 (KHTML, like Gecko) Chrome/143.0.7499.192 Mobile Safari/537.36 (compatible; GoogleOther)"
66.249.70.37 - - [22/Jan/2026:08:04:45 -0500] "GET /?b=714024c3ec9i HTTP/1.1" 200 85915 "-" "Mozilla/5.0 (Linux; Android 6.0.1; Nexus 5X Build/MMB29P) AppleWebKit/537.36 (KHTML, like Gecko) Chrome/143.0.7499.192 Mobile Safari/537.36 (compatible; Googlebot/2.1; +http://www.google.com/bot.html)"
66.249.70.36 - - [22/Jan/2026:08:04:46 -0500] "GET /?pid=26304226231&channel=needle-defend-policy&cate_id=2518&page=https://mail.idolatekno.com/remote.do?items/243027908.htm HTTP/1.1" 200 85442 "-" "Mozilla/5.0 (Linux; Android 6.0.1; Nexus 5X Build/MMB29P) AppleWebKit/537.36 (KHTML, like Gecko) Chrome/143.0.7499.192 Mobile Safari/537.36 (compatible; Googlebot/2.1; +http://www.google.com/bot.html)"
66.249.70.37 - - [22/Jan/2026:08:04:47 -0500] "GET /?pid=26304226231&channel=however-sheet-Mr&cate_id=2518&page=https://mail.idolatekno.com/remote.do?items/249022664.htm HTTP/1.1" 200 86151 "-" "Mozilla/5.0 (Linux; Android 6.0.1; Nexus 5X Build/MMB29P) AppleWebKit/537.36 (KHTML, like Gecko) Chrome/143.0.7499.192 Mobile Safari/537.36 (compatible; Googlebot/2.1; +http://www.google.com/bot.html)"
74.7.241.58 - - [22/Jan/2026:08:04:48 -0500] "GET /q-~225Zs2MEkQ7vykz4jwZbPi3OR0msFtjEo25025/ HTTP/1.1" 200 - "https://idolatekno.com/sitemap16.xml" "Mozilla/5.0 AppleWebKit/537.36 (KHTML, like Gecko; compatible; GPTBot/1.3; +https://openai.com/gptbot)"
74.7.241.58 - - [22/Jan/2026:08:04:51 -0500] "GET /q-~142r4MCnwJdkAFeQX1rVAri0iBr6GkEuu15026/ HTTP/1.1" 200 - "https://idolatekno.com/?sitemap305.xml" "Mozilla/5.0 AppleWebKit/537.36 (KHTML, like Gecko; compatible; GPTBot/1.3; +https://openai.com/gptbot)"
66.249.70.37 - - [22/Jan/2026:08:04:54 -0500] "GET /?pid=26304226231&channel=withdrawal-palm-not&cate_id=2518&page=https://mail.idolatekno.com/remote.do?q-~247TvKMfCcGkikuQ5qXlVGAy4H3GuLepZ40061/ HTTP/1.1" 200 85466 "-" "Mozilla/5.0 (Linux; Android 6.0.1; Nexus 5X Build/MMB29P) AppleWebKit/537.36 (KHTML, like Gecko) Chrome/143.0.7499.192 Mobile Safari/537.36 (compatible; Googlebot/2.1; +http://www.google.com/bot.html)"
74.7.241.58 - - [22/Jan/2026:08:04:54 -0500] "GET /q-~35Argnou3mQ3KyvzrUz8rVHbDP8jx1vM23731/ HTTP/1.1" 200 - "https://idolatekno.com/?sitemap503.xml" "Mozilla/5.0 AppleWebKit/537.36 (KHTML, like Gecko; compatible; GPTBot/1.3; +https://openai.com/gptbot)"
74.7.241.58 - - [22/Jan/2026:08:04:57 -0500] "GET /q-~47whjraxe6EYA9qujCqwGaCCo737ufmU14739/ HTTP/1.1" 200 - "https://idolatekno.com/sitemap78.xml" "Mozilla/5.0 AppleWebKit/537.36 (KHTML, like Gecko; compatible; GPTBot/1.3; +https://openai.com/gptbot)"
66.249.64.132 - - [22/Jan/2026:08:04:57 -0500] "GET /pcmypage?callback=/product%2Fdetail%2m88893218922 HTTP/1.1" 403 560370 "-" "Mozilla/5.0 (Linux; Android 6.0.1; Nexus 5X Build/MMB29P) AppleWebKit/537.36 (KHTML, like Gecko) Chrome/143.0.7499.192 Mobile Safari/537.36 (compatible; GoogleOther)"
66.249.64.128 - - [22/Jan/2026:08:05:00 -0500] "GET /pcmypage?callback=/product%2Fdetail%2m75070663846 HTTP/1.1" 403 556438 "-" "Mozilla/5.0 (Linux; Android 6.0.1; Nexus 5X Build/MMB29P) AppleWebKit/537.36 (KHTML, like Gecko) Chrome/143.0.7499.192 Mobile Safari/537.36 (compatible; GoogleOther)"
74.7.241.58 - - [22/Jan/2026:08:05:00 -0500] "GET /q-~219cgAx8Aym2GQKFKaTjj7gjg7iBFkW1p44873/ HTTP/1.1" 200 - "https://idolatekno.com/sitemap785.xml" "Mozilla/5.0 AppleWebKit/537.36 (KHTML, like Gecko; compatible; GPTBot/1.3; +https://openai.com/gptbot)"
66.249.70.37 - - [22/Jan/2026:08:05:01 -0500] "GET /?pid=26304226231&channel=Chinese-prediction-whip&cate_id=2518&page=https://mail.idolatekno.com/remote.do?items/197036142.htm HTTP/1.1" 200 85475 "-" "Mozilla/5.0 (Linux; Android 6.0.1; Nexus 5X Build/MMB29P) AppleWebKit/537.36 (KHTML, like Gecko) Chrome/143.0.7499.192 Mobile Safari/537.36 (compatible; Googlebot/2.1; +http://www.google.com/bot.html)"
114.119.133.190 - - [22/Jan/2026:08:05:02 -0500] "GET /q-~217C5gpu7omsw79O69sVTvu85mQe3U22e8617/ HTTP/1.1" 200 - "https://mail.idolatekno.com/sitemapc.xml" "Mozilla/5.0 (Linux; Android 7.0;) AppleWebKit/537.36 (KHTML, like Gecko) Mobile Safari/537.36 (compatible; PetalBot;+https://webmaster.petalsearch.com/site/petalbot)"
74.7.241.58 - - [22/Jan/2026:08:05:04 -0500] "GET /q-~137WMCewR3RrTsSOfFPfwQs706h3CBhxw36901/ HTTP/1.1" 200 - "https://idolatekno.com/sitemap79.xml" "Mozilla/5.0 AppleWebKit/537.36 (KHTML, like Gecko; compatible; GPTBot/1.3; +https://openai.com/gptbot)"
74.7.241.58 - - [22/Jan/2026:08:05:07 -0500] "GET /q-~39AefFZndOw4ZMZF4rNEwxag9Whg6F1Q24251/ HTTP/1.1" 200 - "https://idolatekno.com/?sitemap503.xml" "Mozilla/5.0 AppleWebKit/537.36 (KHTML, like Gecko; compatible; GPTBot/1.3; +https://openai.com/gptbot)"
66.249.70.36 - - [22/Jan/2026:08:05:08 -0500] "GET /?pid=26304226231&channel=down-future-journey&cate_id=2518&page=https://mail.idolatekno.com/remote.do?items/295010028.htm HTTP/1.1" 200 85158 "-" "Mozilla/5.0 (Linux; Android 6.0.1; Nexus 5X Build/MMB29P) AppleWebKit/537.36 (KHTML, like Gecko) Chrome/143.0.7499.192 Mobile Safari/537.36 (compatible; Googlebot/2.1; +http://www.google.com/bot.html)"
66.249.64.132 - - [22/Jan/2026:08:05:08 -0500] "GET /items/106003071.htm HTTP/1.1" 200 85613 "-" "Mozilla/5.0 (Linux; Android 6.0.1; Nexus 5X Build/MMB29P) AppleWebKit/537.36 (KHTML, like Gecko) Chrome/143.0.7499.192 Mobile Safari/537.36 (compatible; Googlebot/2.1; +http://www.google.com/bot.html)"
74.7.241.58 - - [22/Jan/2026:08:05:10 -0500] "GET /q-~192wsUv4TGB9JB1iG9PjeMOAhQnD6sOFO26576/ HTTP/1.1" 200 - "https://idolatekno.com/sitemap14.xml" "Mozilla/5.0 AppleWebKit/537.36 (KHTML, like Gecko; compatible; GPTBot/1.3; +https://openai.com/gptbot)"
66.249.70.36 - - [22/Jan/2026:08:05:12 -0500] "GET /?pid=26304226231&channel=drill-slight-visit&cate_id=2518&page=https://mail.idolatekno.com/remote.do?q-~146WWZk9SgfSiS9T1SeapifXZMnSnAK3i10856/ HTTP/1.1" 200 85610 "-" "Mozilla/5.0 (Linux; Android 6.0.1; Nexus 5X Build/MMB29P) AppleWebKit/537.36 (KHTML, like Gecko) Chrome/143.0.7499.192 Mobile Safari/537.36 (compatible; Googlebot/2.1; +http://www.google.com/bot.html)"
74.7.241.58 - - [22/Jan/2026:08:05:13 -0500] "GET /q-~297x1MCGNMo05opcGDLQf5okpmcSIvG5Z43173/ HTTP/1.1" 200 - "https://idolatekno.com/sitemap63.xml" "Mozilla/5.0 AppleWebKit/537.36 (KHTML, like Gecko; compatible; GPTBot/1.3; +https://openai.com/gptbot)"
59.153.16.40 - - [22/Jan/2026:08:05:14 -0500] "GET /q-~224YiTbzPWqOIxkUZsWpSoK40BXGsgVLk25440/ HTTP/1.1" 200 - "-" "Mozilla/5.0 (X11; Ubuntu; Linux x86_64; rv:21.0) Gecko/20130331 Firefox/21.0"
66.249.64.132 - - [22/Jan/2026:08:05:14 -0500] "GET /?x=2166640003788&channel=107e18&from=https://idolatekno.com/super.py?items/176021771.htm HTTP/1.1" 200 86455 "-" "Mozilla/5.0 (Linux; Android 6.0.1; Nexus 5X Build/MMB29P) AppleWebKit/537.36 (KHTML, like Gecko) Chrome/143.0.7499.192 Mobile Safari/537.36 (compatible; GoogleOther)"
74.7.241.58 - - [22/Jan/2026:08:05:16 -0500] "GET /q-~40LNmD0bAYNhvQv63jOens3GAhxdIJ8Z28220/ HTTP/1.1" 200 - "https://idolatekno.com/sitemap16.xml" "Mozilla/5.0 AppleWebKit/537.36 (KHTML, like Gecko; compatible; GPTBot/1.3; +https://openai.com/gptbot)"
66.249.64.132 - - [22/Jan/2026:08:05:16 -0500] "GET /q-~99T5isyR1ErUzK7ik9m6AjG8VFLL4Nmv4171/ HTTP/1.1" 200 86425 "-" "Mozilla/5.0 (Linux; Android 6.0.1; Nexus 5X Build/MMB29P) AppleWebKit/537.36 (KHTML, like Gecko) Chrome/143.0.7499.192 Mobile Safari/537.36 (compatible; GoogleOther)"
66.249.70.36 - - [22/Jan/2026:08:05:18 -0500] "GET /?pid=26304226231&channel=meter-particularly-need&cate_id=2518&page=https://mail.idolatekno.com/remote.do?q-~93RE6lbddf3X7OL5MhjLA7IxgHp0QFvN6179/ HTTP/1.1" 200 86031 "-" "Mozilla/5.0 (Linux; Android 6.0.1; Nexus 5X Build/MMB29P) AppleWebKit/537.36 (KHTML, like Gecko) Chrome/143.0.7499.192 Mobile Safari/537.36 (compatible; Googlebot/2.1; +http://www.google.com/bot.html)"
74.7.241.58 - - [22/Jan/2026:08:05:19 -0500] "GET /q-~175s7NBGjJH1ayFGYJ8Gd7EuFyWj0WjJC24381/ HTTP/1.1" 200 - "https://idolatekno.com/sitemap63.xml" "Mozilla/5.0 AppleWebKit/537.36 (KHTML, like Gecko; compatible; GPTBot/1.3; +https://openai.com/gptbot)"
74.7.241.58 - - [22/Jan/2026:08:05:22 -0500] "GET /q-~109wZyfr9AUs8gJ1an0OulCnWHynFK2Wb4189/ HTTP/1.1" 200 - "https://idolatekno.com/sitemap63.xml" "Mozilla/5.0 AppleWebKit/537.36 (KHTML, like Gecko; compatible; GPTBot/1.3; +https://openai.com/gptbot)"
74.7.241.58 - - [22/Jan/2026:08:05:25 -0500] "GET /q-~209pdofs2IjsFPnvAJK986xHC7dhJuDIr2607/ HTTP/1.1" 200 - "https://idolatekno.com/sitemap86.xml" "Mozilla/5.0 AppleWebKit/537.36 (KHTML, like Gecko; compatible; GPTBot/1.3; +https://openai.com/gptbot)"
66.249.70.36 - - [22/Jan/2026:08:05:26 -0500] "GET /?pid=26304226231&channel=cookie-shock-frame&cate_id=2518&page=https://mail.idolatekno.com/remote.do?q-~135LCj49GaLje83qIBHlGQuKvoDwQo5Xn27847/ HTTP/1.1" 200 85450 "-" "Mozilla/5.0 (Linux; Android 6.0.1; Nexus 5X Build/MMB29P) AppleWebKit/537.36 (KHTML, like Gecko) Chrome/143.0.7499.192 Mobile Safari/537.36 (compatible; Googlebot/2.1; +http://www.google.com/bot.html)"
66.249.64.128 - - [22/Jan/2026:08:05:28 -0500] "GET /q-~244zj51gPi3GIC7nVYuqrjX71G5NXfcDQ7218/ HTTP/1.1" 200 85622 "-" "Mozilla/5.0 (Linux; Android 6.0.1; Nexus 5X Build/MMB29P) AppleWebKit/537.36 (KHTML, like Gecko) Chrome/143.0.7499.192 Mobile Safari/537.36 (compatible; GoogleOther)"
74.7.241.58 - - [22/Jan/2026:08:05:29 -0500] "GET /q-~75ZgZAgMg4GQIicjIylG3ar75RM7dPkF14935/ HTTP/1.1" 200 - "https://idolatekno.com/sitemap29.xml" "Mozilla/5.0 AppleWebKit/537.36 (KHTML, like Gecko; compatible; GPTBot/1.3; +https://openai.com/gptbot)"
114.119.130.167 - - [22/Jan/2026:08:05:29 -0500] "GET /q-~216zXmmMufZXSngK5mpgmi7i8BNXG5ydZ43046/ HTTP/1.1" 200 - "https://mail.idolatekno.com/sitemapb.xml" "Mozilla/5.0 (Linux; Android 7.0;) AppleWebKit/537.36 (KHTML, like Gecko) Mobile Safari/537.36 (compatible; PetalBot;+https://webmaster.petalsearch.com/site/petalbot)"
74.7.241.58 - - [22/Jan/2026:08:05:32 -0500] "GET /q-~140tZ8KTwxDqKtz4HXqLj3avsOXNd2ajb10404/ HTTP/1.1" 200 - "https://idolatekno.com/sitemap14.xml" "Mozilla/5.0 AppleWebKit/537.36 (KHTML, like Gecko; compatible; GPTBot/1.3; +https://openai.com/gptbot)"
66.249.64.128 - - [22/Jan/2026:08:05:32 -0500] "GET /pcmypage?callback=/product%2Fdetail%2m67656866134 HTTP/1.1" 403 556786 "-" "Mozilla/5.0 (Linux; Android 6.0.1; Nexus 5X Build/MMB29P) AppleWebKit/537.36 (KHTML, like Gecko) Chrome/143.0.7499.192 Mobile Safari/537.36 (compatible; GoogleOther)"
74.7.241.58 - - [22/Jan/2026:08:05:35 -0500] "GET /q-~23FOgERbAg9qZqc01SzSimrXjpY79kYe43307/ HTTP/1.1" 200 - "https://idolatekno.com/?sitemap442.xml" "Mozilla/5.0 AppleWebKit/537.36 (KHTML, like Gecko; compatible; GPTBot/1.3; +https://openai.com/gptbot)"
74.7.241.58 - - [22/Jan/2026:08:05:38 -0500] "GET /q-~170DYTW38sNxK1nimSuIfNuDOV5bqS1ZE43874/ HTTP/1.1" 200 - "https://idolatekno.com/sitemap79.xml" "Mozilla/5.0 AppleWebKit/537.36 (KHTML, like Gecko; compatible; GPTBot/1.3; +https://openai.com/gptbot)"
66.249.70.32 - - [22/Jan/2026:08:05:40 -0500] "GET /?pid=26304226231&channel=award-re-Internet&cate_id=2518&page=https://mail.idolatekno.com/remote.do?q-~211DbrEQKmWKbKQ3YK1vnFcU1lrwq3uLg20629/ HTTP/1.1" 200 86810 "-" "Mozilla/5.0 (Linux; Android 6.0.1; Nexus 5X Build/MMB29P) AppleWebKit/537.36 (KHTML, like Gecko) Chrome/143.0.7499.192 Mobile Safari/537.36 (compatible; Googlebot/2.1; +http://www.google.com/bot.html)"
74.7.241.58 - - [22/Jan/2026:08:05:41 -0500] "GET /q-~280l4RVhqPoHkGmABmg81gBn8aEHUv3hi36240/ HTTP/1.1" 200 - "https://idolatekno.com/?sitemap305.xml" "Mozilla/5.0 AppleWebKit/537.36 (KHTML, like Gecko; compatible; GPTBot/1.3; +https://openai.com/gptbot)"
66.249.64.128 - - [22/Jan/2026:08:05:43 -0500] "GET /?x=2166640003788&channel=107e18&from=https://idolatekno.com/super.py?items/169042634.htm HTTP/1.1" 200 85675 "-" "Mozilla/5.0 (Linux; Android 6.0.1; Nexus 5X Build/MMB29P) AppleWebKit/537.36 (KHTML, like Gecko) Chrome/143.0.7499.192 Mobile Safari/537.36 (compatible; GoogleOther)"
74.7.241.58 - - [22/Jan/2026:08:05:44 -0500] "GET /q-~126mhMLodORQDfBF1NFo1kA2MpjnS8mQP35220/ HTTP/1.1" 200 - "https://idolatekno.com/sitemap785.xml" "Mozilla/5.0 AppleWebKit/537.36 (KHTML, like Gecko; compatible; GPTBot/1.3; +https://openai.com/gptbot)"
74.7.241.58 - - [22/Jan/2026:08:05:48 -0500] "GET /q-~298qLVSZnbQcU1OWbU2Kb28tehDBLqHcx33532/ HTTP/1.1" 200 - "https://idolatekno.com/?sitemap503.xml" "Mozilla/5.0 AppleWebKit/537.36 (KHTML, like Gecko; compatible; GPTBot/1.3; +https://openai.com/gptbot)"
66.249.70.33 - - [22/Jan/2026:08:05:48 -0500] "GET /?pid=26304226231&channel=mechanical-famous-even&cate_id=2518&page=https://mail.idolatekno.com/remote.do?items/024000639.htm HTTP/1.1" 200 86334 "-" "Mozilla/5.0 (Linux; Android 6.0.1; Nexus 5X Build/MMB29P) AppleWebKit/537.36 (KHTML, like Gecko) Chrome/143.0.7499.192 Mobile Safari/537.36 (compatible; Googlebot/2.1; +http://www.google.com/bot.html)"
66.249.64.132 - - [22/Jan/2026:08:05:49 -0500] "GET /q-~245zcKuYUa5HI0OasZlHLiZ5wTqoAeL6H30145/ HTTP/1.1" 200 85990 "-" "Mozilla/5.0 (Linux; Android 6.0.1; Nexus 5X Build/MMB29P) AppleWebKit/537.36 (KHTML, like Gecko) Chrome/143.0.7499.192 Mobile Safari/537.36 (compatible; GoogleOther)"
74.7.241.58 - - [22/Jan/2026:08:05:51 -0500] "GET /q-~262Cj9tgoqj8fCYsxepX26dxGZukemoKv18810/ HTTP/1.1" 200 - "https://idolatekno.com/?sitemap305.xml" "Mozilla/5.0 AppleWebKit/537.36 (KHTML, like Gecko; compatible; GPTBot/1.3; +https://openai.com/gptbot)"
74.7.241.58 - - [22/Jan/2026:08:05:54 -0500] "GET /q-~104oKnM5V4mKaP4nYv8SpsLi6gMbInYKW6900/ HTTP/1.1" 200 - "https://idolatekno.com/?sitemap1000.xml" "Mozilla/5.0 AppleWebKit/537.36 (KHTML, like Gecko; compatible; GPTBot/1.3; +https://openai.com/gptbot)"
66.249.70.32 - - [22/Jan/2026:08:05:55 -0500] "GET /?pid=26304226231&channel=suspicious-independence-flip&cate_id=2518&page=https://mail.idolatekno.com/remote.do?q-~50J2CCoiu7AOt8akd4UqaDBFGHNhmMFh204/ HTTP/1.1" 200 85854 "-" "Mozilla/5.0 (Linux; Android 6.0.1; Nexus 5X Build/MMB29P) AppleWebKit/537.36 (KHTML, like Gecko) Chrome/143.0.7499.192 Mobile Safari/537.36 (compatible; Googlebot/2.1; +http://www.google.com/bot.html)"
37.236.165.42 - - [22/Jan/2026:08:05:56 -0500] "GET /wp-admin/install.php HTTP/1.1" 200 - "-" "Mozilla/5.0 (Macintosh; U; Intel Mac OS X 10_11_3 rv:4.0; or-IN) AppleWebKit/531.42.5 (KHTML, like Gecko) Version/4.0.5 Safari/531.42.5"
2a03:2880:f80e:12:: - - [22/Jan/2026:08:05:56 -0500] "GET /m/round10696584?id=712842 HTTP/1.1" 200 - "-" "meta-externalagent/1.1 (+https://developers.facebook.com/docs/sharing/webmasters/crawler)"
74.7.241.58 - - [22/Jan/2026:08:05:57 -0500] "GET /q-~145akGNUpqBg7dAuH1V1tNK4nRXQojgIB41851/ HTTP/1.1" 200 - "https://idolatekno.com/?sitemap317.xml" "Mozilla/5.0 AppleWebKit/537.36 (KHTML, like Gecko; compatible; GPTBot/1.3; +https://openai.com/gptbot)"
66.249.64.132 - - [22/Jan/2026:08:05:57 -0500] "GET /pcmypage?callback=/product%2Fdetail%2m52338390647 HTTP/1.1" 403 561491 "-" "Mozilla/5.0 (Linux; Android 6.0.1; Nexus 5X Build/MMB29P) AppleWebKit/537.36 (KHTML, like Gecko) Chrome/143.0.7499.192 Mobile Safari/537.36 (compatible; GoogleOther)"
114.119.130.167 - - [22/Jan/2026:08:05:57 -0500] "GET /q-~216xYAJBPKjWOCP5bAmEewozVifaRfKTW36984/ HTTP/1.1" 200 - "https://mail.idolatekno.com/sitemapb.xml" "Mozilla/5.0 (Linux; Android 7.0;) AppleWebKit/537.36 (KHTML, like Gecko) Mobile Safari/537.36 (compatible; PetalBot;+https://webmaster.petalsearch.com/site/petalbot)"
74.7.241.58 - - [22/Jan/2026:08:06:00 -0500] "GET /q-~102oVJ6FyvIF4Oo2VlCUl4MkZyOn9iXJF35090/ HTTP/1.1" 200 - "https://idolatekno.com/?sitemap503.xml" "Mozilla/5.0 AppleWebKit/537.36 (KHTML, like Gecko; compatible; GPTBot/1.3; +https://openai.com/gptbot)"
66.249.70.33 - - [22/Jan/2026:08:06:02 -0500] "GET /?pid=26304226231&channel=unknown-bottle-merchant&cate_id=2518&page=https://mail.idolatekno.com/remote.do?items/160033131.htm HTTP/1.1" 200 86362 "-" "Mozilla/5.0 (Linux; Android 6.0.1; Nexus 5X Build/MMB29P) AppleWebKit/537.36 (KHTML, like Gecko) Chrome/143.0.7499.192 Mobile Safari/537.36 (compatible; Googlebot/2.1; +http://www.google.com/bot.html)"
74.7.241.58 - - [22/Jan/2026:08:06:03 -0500] "GET /q-~124Y3jEDsuDnhQjjhv6FKDKaGEg9YQ0iz12656/ HTTP/1.1" 200 - "https://idolatekno.com/sitemap49.xml" "Mozilla/5.0 AppleWebKit/537.36 (KHTML, like Gecko; compatible; GPTBot/1.3; +https://openai.com/gptbot)"
66.249.64.132 - - [22/Jan/2026:08:06:06 -0500] "GET /pcmypage?callback=/product%2Fdetail%2m35314869767 HTTP/1.1" 403 561196 "-" "Mozilla/5.0 (Linux; Android 6.0.1; Nexus 5X Build/MMB29P) AppleWebKit/537.36 (KHTML, like Gecko) Chrome/143.0.7499.192 Mobile Safari/537.36 (compatible; GoogleOther)"
74.7.241.58 - - [22/Jan/2026:08:06:06 -0500] "GET /q-~148G9KlgoBZwN3xy15bDNA5RlAwtQngUD24910/ HTTP/1.1" 200 - "https://idolatekno.com/sitemap14.xml" "Mozilla/5.0 AppleWebKit/537.36 (KHTML, like Gecko; compatible; GPTBot/1.3; +https://openai.com/gptbot)"
66.249.70.33 - - [22/Jan/2026:08:06:09 -0500] "GET /?pid=26304226231&channel=nation-nurse-placement&cate_id=2518&page=https://mail.idolatekno.com/remote.do?items/157041790.htm HTTP/1.1" 200 86332 "-" "Mozilla/5.0 (Linux; Android 6.0.1; Nexus 5X Build/MMB29P) AppleWebKit/537.36 (KHTML, like Gecko) Chrome/143.0.7499.192 Mobile Safari/537.36 (compatible; Googlebot/2.1; +http://www.google.com/bot.html)"
74.7.241.58 - - [22/Jan/2026:08:06:10 -0500] "GET /q-~245se33x8dqOuJnpxKVgUEXNeV1xONZSZ34881/ HTTP/1.1" 200 - "https://idolatekno.com/?sitemap503.xml" "Mozilla/5.0 AppleWebKit/537.36 (KHTML, like Gecko; compatible; GPTBot/1.3; +https://openai.com/gptbot)"
66.249.64.132 - - [22/Jan/2026:08:06:11 -0500] "GET /pcmypage?callback=/product%2Fdetail%2m92211264479 HTTP/1.1" 403 565844 "-" "Mozilla/5.0 (Linux; Android 6.0.1; Nexus 5X Build/MMB29P) AppleWebKit/537.36 (KHTML, like Gecko) Chrome/143.0.7499.192 Mobile Safari/537.36 (compatible; GoogleOther)"
74.7.241.58 - - [22/Jan/2026:08:06:13 -0500] "GET /q-~179lt8edgrF4yrkoU4kSrRjGTlbYzMV0H49911/ HTTP/1.1" 200 - "https://idolatekno.com/?sitemap1000.xml" "Mozilla/5.0 AppleWebKit/537.36 (KHTML, like Gecko; compatible; GPTBot/1.3; +https://openai.com/gptbot)"
74.7.241.58 - - [22/Jan/2026:08:06:16 -0500] "GET /q-~121G9Bgau8Wrd25OqlGVHIfAQjv0OXEru17311/ HTTP/1.1" 200 - "https://idolatekno.com/sitemap73.xml" "Mozilla/5.0 AppleWebKit/537.36 (KHTML, like Gecko; compatible; GPTBot/1.3; +https://openai.com/gptbot)"
66.249.70.32 - - [22/Jan/2026:08:06:17 -0500] "GET /?pid=26304226231&channel=dot-reaction-garden&cate_id=2518&page=https://mail.idolatekno.com/remote.do?q-~49UgcjGQIF00q1PKKd1IsEDn35zaDzgt47705/ HTTP/1.1" 200 85524 "-" "Mozilla/5.0 (Linux; Android 6.0.1; Nexus 5X Build/MMB29P) AppleWebKit/537.36 (KHTML, like Gecko) Chrome/143.0.7499.192 Mobile Safari/537.36 (compatible; Googlebot/2.1; +http://www.google.com/bot.html)"
74.7.241.58 - - [22/Jan/2026:08:06:19 -0500] "GET /q-~204gLjxbJC1VogTd0L8AvtfWB4KTPJmaW44070/ HTTP/1.1" 200 - "https://idolatekno.com/?sitemap442.xml" "Mozilla/5.0 AppleWebKit/537.36 (KHTML, like Gecko; compatible; GPTBot/1.3; +https://openai.com/gptbot)"
2a03:2880:f80e:13:: - - [22/Jan/2026:08:06:20 -0500] "GET /m/chara52161508?id=2177766 HTTP/1.1" 200 - "-" "meta-externalagent/1.1 (+https://developers.facebook.com/docs/sharing/webmasters/crawler)"
74.7.241.58 - - [22/Jan/2026:08:06:22 -0500] "GET /q-~252G6xruKBL08IHIr5a4yIhegPdRcKFhk32042/ HTTP/1.1" 200 - "https://idolatekno.com/sitemap86.xml" "Mozilla/5.0 AppleWebKit/537.36 (KHTML, like Gecko; compatible; GPTBot/1.3; +https://openai.com/gptbot)"
66.249.64.132 - - [22/Jan/2026:08:06:23 -0500] "GET /?x=2166640003788&channel=107e18&from=https://idolatekno.com/super.py?items/265011142.htm HTTP/1.1" 200 86529 "-" "Mozilla/5.0 (Linux; Android 6.0.1; Nexus 5X Build/MMB29P) AppleWebKit/537.36 (KHTML, like Gecko) Chrome/143.0.7499.192 Mobile Safari/537.36 (compatible; GoogleOther)"
66.249.70.32 - - [22/Jan/2026:08:06:24 -0500] "GET /?pid=26304226231&channel=forum-squad-material&cate_id=2518&page=https://mail.idolatekno.com/remote.do?q-~48tPix1DYiuR03EmEngTpYCmzC2WOSnT21544/ HTTP/1.1" 200 85837 "-" "Mozilla/5.0 (Linux; Android 6.0.1; Nexus 5X Build/MMB29P) AppleWebKit/537.36 (KHTML, like Gecko) Chrome/143.0.7499.192 Mobile Safari/537.36 (compatible; Googlebot/2.1; +http://www.google.com/bot.html)"
66.249.70.32 - - [22/Jan/2026:08:06:24 -0500] "GET /?b=232126952269f HTTP/1.1" 200 85703 "-" "Mozilla/5.0 (Linux; Android 6.0.1; Nexus 5X Build/MMB29P) AppleWebKit/537.36 (KHTML, like Gecko) Chrome/143.0.7499.192 Mobile Safari/537.36 (compatible; Googlebot/2.1; +http://www.google.com/bot.html)"
114.119.142.126 - - [22/Jan/2026:08:06:25 -0500] "GET /q-~216wNKinHLgde3Umy7tWW9Ry78DFwUlZI1344/ HTTP/1.1" 200 - "https://mail.idolatekno.com/sitemapb.xml" "Mozilla/5.0 (Linux; Android 7.0;) AppleWebKit/537.36 (KHTML, like Gecko) Mobile Safari/537.36 (compatible; PetalBot;+https://webmaster.petalsearch.com/site/petalbot)"
74.7.241.58 - - [22/Jan/2026:08:06:25 -0500] "GET /q-~227FfDlc8RHt7pCC3H3HLLKlZFJDQXGWB40481/ HTTP/1.1" 200 - "https://idolatekno.com/sitemap49.xml" "Mozilla/5.0 AppleWebKit/537.36 (KHTML, like Gecko; compatible; GPTBot/1.3; +https://openai.com/gptbot)"
66.249.64.132 - - [22/Jan/2026:08:06:26 -0500] "GET /pcmypage?callback=/product%2Fdetail%2m26519483370 HTTP/1.1" 403 565955 "-" "Mozilla/5.0 (Linux; Android 6.0.1; Nexus 5X Build/MMB29P) AppleWebKit/537.36 (KHTML, like Gecko) Chrome/143.0.7499.192 Mobile Safari/537.36 (compatible; GoogleOther)"
2a03:2880:f80e:43:: - - [22/Jan/2026:08:06:27 -0500] "GET /m/safe70969278?id=985536 HTTP/1.1" 200 - "-" "meta-externalagent/1.1 (+https://developers.facebook.com/docs/sharing/webmasters/crawler)"
74.7.241.58 - - [22/Jan/2026:08:06:29 -0500] "GET /q-~232EeBhD9ANQM3tj3WhdxXdjruuA6wfIw37538/ HTTP/1.1" 200 - "https://idolatekno.com/?sitemap317.xml" "Mozilla/5.0 AppleWebKit/537.36 (KHTML, like Gecko; compatible; GPTBot/1.3; +https://openai.com/gptbot)"
202.76.138.2 - - [22/Jan/2026:08:06:30 -0500] "GET /q-~245thaE1vErtuOpc8cmeYzupxdSuukrio18855/ HTTP/1.1" 200 - "-" "Mozilla/5.0 (X11; U; Linux x86_64; en-US) AppleWebKit/534.16 (KHTML, like Gecko) Chrome/10.0.648.127 Safari/534.16"
74.7.241.58 - - [22/Jan/2026:08:06:32 -0500] "GET /q-~84S6OC2duNtFoCmtPGYZsSUytAh27Y7c11978/ HTTP/1.1" 200 - "https://idolatekno.com/sitemap63.xml" "Mozilla/5.0 AppleWebKit/537.36 (KHTML, like Gecko; compatible; GPTBot/1.3; +https://openai.com/gptbot)"
66.249.70.34 - - [22/Jan/2026:08:06:32 -0500] "GET /?pid=26304226231&channel=elderly-hide-entirely&cate_id=2518&page=https://mail.idolatekno.com/remote.do?items/189038422.htm HTTP/1.1" 200 85161 "-" "Mozilla/5.0 (Linux; Android 6.0.1; Nexus 5X Build/MMB29P) AppleWebKit/537.36 (KHTML, like Gecko) Chrome/143.0.7499.192 Mobile Safari/537.36 (compatible; Googlebot/2.1; +http://www.google.com/bot.html)"
66.249.70.32 - - [22/Jan/2026:08:06:32 -0500] "GET /q-~20d8Ad0gdE2nadDpaw87jBtOfaDIgwqt5610/ HTTP/1.1" 200 85632 "-" "Mozilla/5.0 (Linux; Android 6.0.1; Nexus 5X Build/MMB29P) AppleWebKit/537.36 (KHTML, like Gecko) Chrome/143.0.7499.192 Mobile Safari/537.36 (compatible; Googlebot/2.1; +http://www.google.com/bot.html)"
66.249.70.34 - - [22/Jan/2026:08:06:32 -0500] "GET /?pid=26304226231&channel=flavor-effectiveness-ask&cate_id=2518&page=https://mail.idolatekno.com/remote.do?q-~297KBwLmvRDbAg64iTfmKgNnCA5kf46Lm32513/ HTTP/1.1" 200 85579 "-" "Mozilla/5.0 (Linux; Android 6.0.1; Nexus 5X Build/MMB29P) AppleWebKit/537.36 (KHTML, like Gecko) Chrome/143.0.7499.192 Mobile Safari/537.36 (compatible; Googlebot/2.1; +http://www.google.com/bot.html)"
74.7.241.58 - - [22/Jan/2026:08:06:35 -0500] "GET /q-~241oLGmOy3XXC10gVGmFvpSmM4oLqfQ5O31565/ HTTP/1.1" 200 - "https://idolatekno.com/?sitemap442.xml" "Mozilla/5.0 AppleWebKit/537.36 (KHTML, like Gecko; compatible; GPTBot/1.3; +https://openai.com/gptbot)"
66.249.70.32 - - [22/Jan/2026:08:06:35 -0500] "GET /?pid=26304226231&channel=must-legend-suspect&cate_id=2518&page=https://mail.idolatekno.com/remote.do?q-~55HOOZwd3bGxayvuWUEKC9uMUnWvsNvp15321/ HTTP/1.1" 200 85648 "-" "Mozilla/5.0 (Linux; Android 6.0.1; Nexus 5X Build/MMB29P) AppleWebKit/537.36 (KHTML, like Gecko) Chrome/143.0.7499.192 Mobile Safari/537.36 (compatible; Googlebot/2.1; +http://www.google.com/bot.html)"
74.7.241.58 - - [22/Jan/2026:08:06:38 -0500] "GET /q-~186TBTyilI7HBEcnrsVXy3ipMjKbl63TT11810/ HTTP/1.1" 200 - "https://idolatekno.com/sitemap73.xml" "Mozilla/5.0 AppleWebKit/537.36 (KHTML, like Gecko; compatible; GPTBot/1.3; +https://openai.com/gptbot)"
66.249.64.129 - - [22/Jan/2026:08:06:40 -0500] "GET /pcmypage?callback=/product%2Fdetail%2m55571048537 HTTP/1.1" 403 556564 "-" "Mozilla/5.0 (Linux; Android 6.0.1; Nexus 5X Build/MMB29P) AppleWebKit/537.36 (KHTML, like Gecko) Chrome/143.0.7499.192 Mobile Safari/537.36 (compatible; GoogleOther)"
74.7.241.58 - - [22/Jan/2026:08:06:41 -0500] "GET /q-~152tJql1dO5WDQONR33vqExbcKsDMBiqj18872/ HTTP/1.1" 200 - "https://idolatekno.com/sitemap27.xml" "Mozilla/5.0 AppleWebKit/537.36 (KHTML, like Gecko; compatible; GPTBot/1.3; +https://openai.com/gptbot)"
66.249.70.33 - - [22/Jan/2026:08:06:42 -0500] "GET /?pid=26304226231&channel=answer-amazing-marketing&cate_id=2518&page=https://mail.idolatekno.com/remote.do?items/233002224.htm HTTP/1.1" 200 86026 "-" "Mozilla/5.0 (Linux; Android 6.0.1; Nexus 5X Build/MMB29P) AppleWebKit/537.36 (KHTML, like Gecko) Chrome/143.0.7499.192 Mobile Safari/537.36 (compatible; Googlebot/2.1; +http://www.google.com/bot.html)"
66.249.64.129 - - [22/Jan/2026:08:06:42 -0500] "GET /pcmypage?callback=/product%2Fdetail%2m88088698073 HTTP/1.1" 403 556247 "-" "Mozilla/5.0 (Linux; Android 6.0.1; Nexus 5X Build/MMB29P) AppleWebKit/537.36 (KHTML, like Gecko) Chrome/143.0.7499.192 Mobile Safari/537.36 (compatible; GoogleOther)"
74.7.241.58 - - [22/Jan/2026:08:06:44 -0500] "GET /q-~47aiBOs7G0DEj3diQf9Bctq5twGsSgeg49869/ HTTP/1.1" 200 - "https://idolatekno.com/sitemap14.xml" "Mozilla/5.0 AppleWebKit/537.36 (KHTML, like Gecko; compatible; GPTBot/1.3; +https://openai.com/gptbot)"
74.7.241.58 - - [22/Jan/2026:08:06:48 -0500] "GET /q-~73sI1i5P9cPBKVZT91NQhYXihkoKwJAN38473/ HTTP/1.1" 200 - "https://idolatekno.com/sitemap14.xml" "Mozilla/5.0 AppleWebKit/537.36 (KHTML, like Gecko; compatible; GPTBot/1.3; +https://openai.com/gptbot)"
66.249.70.32 - - [22/Jan/2026:08:06:49 -0500] "GET /?pid=26304226231&channel=diet-though-wound&cate_id=2518&page=https://mail.idolatekno.com/remote.do?q-~298zIFssfsm8FjhagvMspNItfSQdqmwit30960/ HTTP/1.1" 200 85524 "-" "Mozilla/5.0 (Linux; Android 6.0.1; Nexus 5X Build/MMB29P) AppleWebKit/537.36 (KHTML, like Gecko) Chrome/143.0.7499.192 Mobile Safari/537.36 (compatible; Googlebot/2.1; +http://www.google.com/bot.html)"
74.7.241.58 - - [22/Jan/2026:08:06:51 -0500] "GET /q-~96BarYGlhTd764sI9A2QmjTJQMooITJi25046/ HTTP/1.1" 200 - "https://idolatekno.com/?sitemap1000.xml" "Mozilla/5.0 AppleWebKit/537.36 (KHTML, like Gecko; compatible; GPTBot/1.3; +https://openai.com/gptbot)"
66.249.70.33 - - [22/Jan/2026:08:06:53 -0500] "GET /q-~36MyGR6aw1PSGniZe1pdfGbkIehnxU3x8838/ HTTP/1.1" 200 85550 "-" "Mozilla/5.0 (Linux; Android 6.0.1; Nexus 5X Build/MMB29P) AppleWebKit/537.36 (KHTML, like Gecko) Chrome/143.0.7499.192 Mobile Safari/537.36 (compatible; GoogleOther)"
114.119.133.190 - - [22/Jan/2026:08:06:54 -0500] "GET /q-~216v6r9xuUE8DQ6OIJ4KFrVQ4zKkRPqCd48332/ HTTP/1.1" 200 - "https://mail.idolatekno.com/sitemape.xml" "Mozilla/5.0 (Linux; Android 7.0;) AppleWebKit/537.36 (KHTML, like Gecko) Mobile Safari/537.36 (compatible; PetalBot;+https://webmaster.petalsearch.com/site/petalbot)"
74.7.241.58 - - [22/Jan/2026:08:06:54 -0500] "GET /q-~237iH1bIqkl0HitzL8UXDLqXQs1ZPR8dZ16279/ HTTP/1.1" 200 - "https://idolatekno.com/?sitemap317.xml" "Mozilla/5.0 AppleWebKit/537.36 (KHTML, like Gecko; compatible; GPTBot/1.3; +https://openai.com/gptbot)"
66.249.64.128 - - [22/Jan/2026:08:06:56 -0500] "GET /q-~177Grk9F4rj0apATT7ici83Q8BQecnthP331/ HTTP/1.1" 200 85786 "-" "Mozilla/5.0 (Linux; Android 6.0.1; Nexus 5X Build/MMB29P) AppleWebKit/537.36 (KHTML, like Gecko) Chrome/143.0.7499.192 Mobile Safari/537.36 (compatible; GoogleOther)"
74.7.241.58 - - [22/Jan/2026:08:06:57 -0500] "GET /q-~223C9ImjGNa4bQ8QWBlyDupbe2dJCbWMT40083/ HTTP/1.1" 200 - "https://idolatekno.com/pages.php?sitemap849.xml" "Mozilla/5.0 AppleWebKit/537.36 (KHTML, like Gecko; compatible; GPTBot/1.3; +https://openai.com/gptbot)"
66.249.70.32 - - [22/Jan/2026:08:06:57 -0500] "GET /?pid=26304226231&channel=impose-fairly-hour&cate_id=2518&page=https://mail.idolatekno.com/remote.do?q-~264shI0VbtUdJVCB6kPWHmVnLNqPIv8Xl32108/ HTTP/1.1" 200 85648 "-" "Mozilla/5.0 (Linux; Android 6.0.1; Nexus 5X Build/MMB29P) AppleWebKit/537.36 (KHTML, like Gecko) Chrome/143.0.7499.192 Mobile Safari/537.36 (compatible; Googlebot/2.1; +http://www.google.com/bot.html)"
66.249.64.129 - - [22/Jan/2026:08:06:58 -0500] "GET /?u=2699771933667&channel=132e36&from=https://idolatekno.com/remote.aspx?items/128048271.htm HTTP/1.1" 200 86793 "-" "Mozilla/5.0 (Linux; Android 6.0.1; Nexus 5X Build/MMB29P) AppleWebKit/537.36 (KHTML, like Gecko) Chrome/143.0.7499.192 Mobile Safari/537.36 (compatible; GoogleOther)"
74.7.241.58 - - [22/Jan/2026:08:07:00 -0500] "GET /q-~296Auah7An6Nkf8XP9J8cWHHrDdtuGmrq19146/ HTTP/1.1" 200 - "https://idolatekno.com/sitemap79.xml" "Mozilla/5.0 AppleWebKit/537.36 (KHTML, like Gecko; compatible; GPTBot/1.3; +https://openai.com/gptbot)"
74.7.241.58 - - [22/Jan/2026:08:07:03 -0500] "GET /q-~36dz9S23oCJzqjx4voL2PHLkVuTztNAh30292/ HTTP/1.1" 200 - "https://idolatekno.com/sitemap73.xml" "Mozilla/5.0 AppleWebKit/537.36 (KHTML, like Gecko; compatible; GPTBot/1.3; +https://openai.com/gptbot)"
66.249.70.34 - - [22/Jan/2026:08:07:04 -0500] "GET /?b=2950415h67jhb HTTP/1.1" 200 85573 "-" "Mozilla/5.0 (Linux; Android 6.0.1; Nexus 5X Build/MMB29P) AppleWebKit/537.36 (KHTML, like Gecko) Chrome/143.0.7499.192 Mobile Safari/537.36 (compatible; Googlebot/2.1; +http://www.google.com/bot.html)"
66.249.70.33 - - [22/Jan/2026:08:07:05 -0500] "GET /?pid=26304226231&channel=reserve-Muslim-sue&cate_id=2518&page=https://mail.idolatekno.com/remote.do?items/143036936.htm HTTP/1.1" 200 85901 "-" "Mozilla/5.0 (Linux; Android 6.0.1; Nexus 5X Build/MMB29P) AppleWebKit/537.36 (KHTML, like Gecko) Chrome/143.0.7499.192 Mobile Safari/537.36 (compatible; Googlebot/2.1; +http://www.google.com/bot.html)"
74.7.241.58 - - [22/Jan/2026:08:07:07 -0500] "GET /q-~197jaKXjwN3eQkPFW8ULv9q3maKK8WjYh32071/ HTTP/1.1" 200 - "https://idolatekno.com/?sitemap503.xml" "Mozilla/5.0 AppleWebKit/537.36 (KHTML, like Gecko; compatible; GPTBot/1.3; +https://openai.com/gptbot)"
66.249.64.130 - - [22/Jan/2026:08:07:09 -0500] "GET /pcmypage?callback=/product%2Fdetail%2m28049391548 HTTP/1.1" 403 555360 "-" "Mozilla/5.0 (Linux; Android 6.0.1; Nexus 5X Build/MMB29P) AppleWebKit/537.36 (KHTML, like Gecko) Chrome/143.0.7499.192 Mobile Safari/537.36 (compatible; GoogleOther)"
74.7.241.58 - - [22/Jan/2026:08:07:10 -0500] "GET /q-~116R7QwHf14EWX4qIrpAPPbdByDqA1dHh16252/ HTTP/1.1" 200 - "https://idolatekno.com/sitemap78.xml" "Mozilla/5.0 AppleWebKit/537.36 (KHTML, like Gecko; compatible; GPTBot/1.3; +https://openai.com/gptbot)"
66.249.70.32 - - [22/Jan/2026:08:07:12 -0500] "GET /?pid=26304226231&channel=half-contemporary-instruct&cate_id=2518&page=https://mail.idolatekno.com/remote.do?items/070045793.htm HTTP/1.1" 200 86361 "-" "Mozilla/5.0 (Linux; Android 6.0.1; Nexus 5X Build/MMB29P) AppleWebKit/537.36 (KHTML, like Gecko) Chrome/143.0.7499.192 Mobile Safari/537.36 (compatible; Googlebot/2.1; +http://www.google.com/bot.html)"
74.7.241.58 - - [22/Jan/2026:08:07:13 -0500] "GET /q-~113zCj5rM2vC8jMDBz5QpVuGRBhgBtLLU39249/ HTTP/1.1" 200 - "https://idolatekno.com/?sitemap442.xml" "Mozilla/5.0 AppleWebKit/537.36 (KHTML, like Gecko; compatible; GPTBot/1.3; +https://openai.com/gptbot)"
66.249.70.33 - - [22/Jan/2026:08:07:14 -0500] "GET /?pid=26304226231&channel=example-regarding-especially&cate_id=2518&page=https://mail.idolatekno.com/remote.do?q-~51UvacOs4haw6nCxJZLXzDtbbABWopnN39691/ HTTP/1.1" 200 85470 "-" "Mozilla/5.0 (Linux; Android 6.0.1; Nexus 5X Build/MMB29P) AppleWebKit/537.36 (KHTML, like Gecko) Chrome/143.0.7499.192 Mobile Safari/537.36 (compatible; GoogleOther)"
74.7.241.58 - - [22/Jan/2026:08:07:16 -0500] "GET /q-~254wZyfr9AUs8gJ1an0OulCnWHynFK2Wb4044/ HTTP/1.1" 200 - "https://idolatekno.com/?sitemap305.xml" "Mozilla/5.0 AppleWebKit/537.36 (KHTML, like Gecko; compatible; GPTBot/1.3; +https://openai.com/gptbot)"
13.70.106.199 - - [22/Jan/2026:08:07:18 -0500] "GET /wp-good.php HTTP/1.1" 403 - "-" "Mozilla/5.0 (Windows NT 10.0; Win64; x64) AppleWebKit/537.36 (KHTML, like Gecko) Chrome/120.0.0.0 Safari/537.36"
13.70.106.199 - - [22/Jan/2026:08:07:18 -0500] "GET /file.php HTTP/1.1" 403 - "-" "Mozilla/5.0 (Windows NT 10.0; Win64; x64) AppleWebKit/537.36 (KHTML, like Gecko) Chrome/120.0.0.0 Safari/537.36"
13.70.106.199 - - [22/Jan/2026:08:07:19 -0500] "GET /bless.php HTTP/1.1" 403 - "-" "Mozilla/5.0 (Windows NT 10.0; Win64; x64) AppleWebKit/537.36 (KHTML, like Gecko) Chrome/120.0.0.0 Safari/537.36"
74.7.241.58 - - [22/Jan/2026:08:07:19 -0500] "GET /q-~225PWP9CyKKxQa9BLN8e9JmCHziyojOLk42729/ HTTP/1.1" 200 - "https://idolatekno.com/?sitemap317.xml" "Mozilla/5.0 AppleWebKit/537.36 (KHTML, like Gecko; compatible; GPTBot/1.3; +https://openai.com/gptbot)"
13.70.106.199 - - [22/Jan/2026:08:07:19 -0500] "GET /admin.php HTTP/1.1" 200 - "-" "Mozilla/5.0 (Windows NT 10.0; Win64; x64) AppleWebKit/537.36 (KHTML, like Gecko) Chrome/120.0.0.0 Safari/537.36"
13.70.106.199 - - [22/Jan/2026:08:07:20 -0500] "GET /ioxi-o.php HTTP/1.1" 403 - "-" "Mozilla/5.0 (Windows NT 10.0; Win64; x64) AppleWebKit/537.36 (KHTML, like Gecko) Chrome/120.0.0.0 Safari/537.36"
66.249.70.33 - - [22/Jan/2026:08:07:20 -0500] "GET /?pid=26304226231&channel=traveler-destroy-morning&cate_id=2518&page=https://mail.idolatekno.com/remote.do?items/249031388.htm HTTP/1.1" 200 85905 "-" "Mozilla/5.0 (Linux; Android 6.0.1; Nexus 5X Build/MMB29P) AppleWebKit/537.36 (KHTML, like Gecko) Chrome/143.0.7499.192 Mobile Safari/537.36 (compatible; Googlebot/2.1; +http://www.google.com/bot.html)"
13.70.106.199 - - [22/Jan/2026:08:07:20 -0500] "GET /adminfuns.php HTTP/1.1" 403 - "-" "Mozilla/5.0 (Windows NT 10.0; Win64; x64) AppleWebKit/537.36 (KHTML, like Gecko) Chrome/120.0.0.0 Safari/537.36"
13.70.106.199 - - [22/Jan/2026:08:07:21 -0500] "GET /wp-content/admin.php HTTP/1.1" 200 - "-" "Mozilla/5.0 (Windows NT 10.0; Win64; x64) AppleWebKit/537.36 (KHTML, like Gecko) Chrome/120.0.0.0 Safari/537.36"
13.70.106.199 - - [22/Jan/2026:08:07:21 -0500] "GET /aa.php HTTP/1.1" 403 - "-" "Mozilla/5.0 (Windows NT 10.0; Win64; x64) AppleWebKit/537.36 (KHTML, like Gecko) Chrome/120.0.0.0 Safari/537.36"
114.119.130.167 - - [22/Jan/2026:08:07:22 -0500] "GET /q-~216uoGd88llRbNj52LkwTvk1HQLQKZ6st26398/ HTTP/1.1" 200 - "https://mail.idolatekno.com/sitemape.xml" "Mozilla/5.0 (Linux; Android 7.0;) AppleWebKit/537.36 (KHTML, like Gecko) Mobile Safari/537.36 (compatible; PetalBot;+https://webmaster.petalsearch.com/site/petalbot)"
13.70.106.199 - - [22/Jan/2026:08:07:22 -0500] "GET /akcc.php HTTP/1.1" 403 - "-" "Mozilla/5.0 (Windows NT 10.0; Win64; x64) AppleWebKit/537.36 (KHTML, like Gecko) Chrome/120.0.0.0 Safari/537.36"
74.7.241.58 - - [22/Jan/2026:08:07:22 -0500] "GET /q-~213tp2dsmStrQAsGLxLFT4gKvfOF9kH4k31915/ HTTP/1.1" 200 - "https://idolatekno.com/sitemap785.xml" "Mozilla/5.0 AppleWebKit/537.36 (KHTML, like Gecko; compatible; GPTBot/1.3; +https://openai.com/gptbot)"
13.70.106.199 - - [22/Jan/2026:08:07:22 -0500] "GET /xmrlpc.php HTTP/1.1" 403 - "-" "Mozilla/5.0 (Windows NT 10.0; Win64; x64) AppleWebKit/537.36 (KHTML, like Gecko) Chrome/120.0.0.0 Safari/537.36"
13.70.106.199 - - [22/Jan/2026:08:07:23 -0500] "GET /xmlrpc.php HTTP/1.1" 403 - "-" "Mozilla/5.0 (Windows NT 10.0; Win64; x64) AppleWebKit/537.36 (KHTML, like Gecko) Chrome/120.0.0.0 Safari/537.36"
13.70.106.199 - - [22/Jan/2026:08:07:23 -0500] "GET /class.php HTTP/1.1" 403 - "-" "Mozilla/5.0 (Windows NT 10.0; Win64; x64) AppleWebKit/537.36 (KHTML, like Gecko) Chrome/120.0.0.0 Safari/537.36"
66.249.64.128 - - [22/Jan/2026:08:07:23 -0500] "GET /pcmypage?callback=/product%2Fdetail%2m50224759921 HTTP/1.1" 403 559326 "-" "Mozilla/5.0 (Linux; Android 6.0.1; Nexus 5X Build/MMB29P) AppleWebKit/537.36 (KHTML, like Gecko) Chrome/143.0.7499.192 Mobile Safari/537.36 (compatible; GoogleOther)"
13.70.106.199 - - [22/Jan/2026:08:07:24 -0500] "GET /goods.php HTTP/1.1" 200 - "-" "Mozilla/5.0 (Windows NT 10.0; Win64; x64) AppleWebKit/537.36 (KHTML, like Gecko) Chrome/120.0.0.0 Safari/537.36"
13.70.106.199 - - [22/Jan/2026:08:07:25 -0500] "GET /info.php HTTP/1.1" 403 - "-" "Mozilla/5.0 (Windows NT 10.0; Win64; x64) AppleWebKit/537.36 (KHTML, like Gecko) Chrome/120.0.0.0 Safari/537.36"
13.70.106.199 - - [22/Jan/2026:08:07:25 -0500] "GET /num.php HTTP/1.1" 403 - "-" "Mozilla/5.0 (Windows NT 10.0; Win64; x64) AppleWebKit/537.36 (KHTML, like Gecko) Chrome/120.0.0.0 Safari/537.36"
74.7.241.58 - - [22/Jan/2026:08:07:25 -0500] "GET /q-~173UhrolI8Lm8nOx54xuwgOWIqffT3HiE3107/ HTTP/1.1" 200 - "https://idolatekno.com/sitemap73.xml" "Mozilla/5.0 AppleWebKit/537.36 (KHTML, like Gecko; compatible; GPTBot/1.3; +https://openai.com/gptbot)"
13.70.106.199 - - [22/Jan/2026:08:07:26 -0500] "GET /txets.php HTTP/1.1" 403 - "-" "Mozilla/5.0 (Windows NT 10.0; Win64; x64) AppleWebKit/537.36 (KHTML, like Gecko) Chrome/120.0.0.0 Safari/537.36"
13.70.106.199 - - [22/Jan/2026:08:07:26 -0500] "GET /defaults.php HTTP/1.1" 200 - "-" "Mozilla/5.0 (Windows NT 10.0; Win64; x64) AppleWebKit/537.36 (KHTML, like Gecko) Chrome/120.0.0.0 Safari/537.36"
13.70.106.199 - - [22/Jan/2026:08:07:27 -0500] "GET /php.php HTTP/1.1" 403 - "-" "Mozilla/5.0 (Windows NT 10.0; Win64; x64) AppleWebKit/537.36 (KHTML, like Gecko) Chrome/120.0.0.0 Safari/537.36"
13.70.106.199 - - [22/Jan/2026:08:07:27 -0500] "GET /wp-xml.php HTTP/1.1" 403 - "-" "Mozilla/5.0 (Windows NT 10.0; Win64; x64) AppleWebKit/537.36 (KHTML, like Gecko) Chrome/120.0.0.0 Safari/537.36"
13.70.106.199 - - [22/Jan/2026:08:07:28 -0500] "GET /wp-admin/ HTTP/1.1" 200 - "-" "Mozilla/5.0 (Windows NT 10.0; Win64; x64) AppleWebKit/537.36 (KHTML, like Gecko) Chrome/120.0.0.0 Safari/537.36"
66.249.64.128 - - [22/Jan/2026:08:07:27 -0500] "GET /items/034007069.htm HTTP/1.1" 200 86371 "-" "Mozilla/5.0 (Linux; Android 6.0.1; Nexus 5X Build/MMB29P) AppleWebKit/537.36 (KHTML, like Gecko) Chrome/143.0.7499.192 Mobile Safari/537.36 (compatible; Googlebot/2.1; +http://www.google.com/bot.html)"
13.70.106.199 - - [22/Jan/2026:08:07:28 -0500] "GET /wp-admin/alfa.php HTTP/1.1" 200 - "-" "Mozilla/5.0 (Windows NT 10.0; Win64; x64) AppleWebKit/537.36 (KHTML, like Gecko) Chrome/120.0.0.0 Safari/537.36"
74.7.241.58 - - [22/Jan/2026:08:07:29 -0500] "GET /q-~14qGDeTjXuSe6vIwlH4lQAkl8rk0oz5R16550/ HTTP/1.1" 200 - "https://idolatekno.com/sitemap1.xml" "Mozilla/5.0 AppleWebKit/537.36 (KHTML, like Gecko; compatible; GPTBot/1.3; +https://openai.com/gptbot)"
13.70.106.199 - - [22/Jan/2026:08:07:29 -0500] "GET /wp-admin/images/admin.php HTTP/1.1" 200 - "-" "Mozilla/5.0 (Windows NT 10.0; Win64; x64) AppleWebKit/537.36 (KHTML, like Gecko) Chrome/120.0.0.0 Safari/537.36"
13.70.106.199 - - [22/Jan/2026:08:07:29 -0500] "GET /wp-admin/js/widgets/ HTTP/1.1" 200 - "-" "Mozilla/5.0 (Windows NT 10.0; Win64; x64) AppleWebKit/537.36 (KHTML, like Gecko) Chrome/120.0.0.0 Safari/537.36"
2a03:2880:f80e:15:: - - [22/Jan/2026:08:07:29 -0500] "GET /?t=2359682b5d6f0 HTTP/1.1" 200 - "-" "meta-externalagent/1.1 (+https://developers.facebook.com/docs/sharing/webmasters/crawler)"
13.70.106.199 - - [22/Jan/2026:08:07:30 -0500] "GET /wp-blog.php HTTP/1.1" 403 - "-" "Mozilla/5.0 (Windows NT 10.0; Win64; x64) AppleWebKit/537.36 (KHTML, like Gecko) Chrome/120.0.0.0 Safari/537.36"
13.70.106.199 - - [22/Jan/2026:08:07:30 -0500] "GET /wp-includes/block-bindings/ HTTP/1.1" 200 - "-" "Mozilla/5.0 (Windows NT 10.0; Win64; x64) AppleWebKit/537.36 (KHTML, like Gecko) Chrome/120.0.0.0 Safari/537.36"
13.70.106.199 - - [22/Jan/2026:08:07:31 -0500] "GET /13.php HTTP/1.1" 403 - "-" "Mozilla/5.0 (Windows NT 10.0; Win64; x64) AppleWebKit/537.36 (KHTML, like Gecko) Chrome/120.0.0.0 Safari/537.36"
66.249.64.128 - - [22/Jan/2026:08:07:31 -0500] "GET /?x=2166640003788&channel=107e18&from=https://idolatekno.com/super.py?q-~299XxNCftJbpc2cFMo4rknWmg9JisfivK13133/ HTTP/1.1" 200 84486 "-" "Mozilla/5.0 (Linux; Android 6.0.1; Nexus 5X Build/MMB29P) AppleWebKit/537.36 (KHTML, like Gecko) Chrome/143.0.7499.192 Mobile Safari/537.36 (compatible; GoogleOther)"
13.70.106.199 - - [22/Jan/2026:08:07:31 -0500] "GET /administrator/templates/hathor/error.php HTTP/1.1" 200 - "-" "Mozilla/5.0 (Windows NT 10.0; Win64; x64) AppleWebKit/537.36 (KHTML, like Gecko) Chrome/120.0.0.0 Safari/537.36"
74.7.241.58 - - [22/Jan/2026:08:07:32 -0500] "GET /q-~256nVVOlxpPaIEXa5xa8AO57xkHOH4JgB45180/ HTTP/1.1" 200 - "https://idolatekno.com/sitemap16.xml" "Mozilla/5.0 AppleWebKit/537.36 (KHTML, like Gecko; compatible; GPTBot/1.3; +https://openai.com/gptbot)"
13.70.106.199 - - [22/Jan/2026:08:07:32 -0500] "GET /alfa.php HTTP/1.1" 403 - "-" "Mozilla/5.0 (Windows NT 10.0; Win64; x64) AppleWebKit/537.36 (KHTML, like Gecko) Chrome/120.0.0.0 Safari/537.36"
13.70.106.199 - - [22/Jan/2026:08:07:32 -0500] "GET /classwithtostring.php HTTP/1.1" 403 - "-" "Mozilla/5.0 (Windows NT 10.0; Win64; x64) AppleWebKit/537.36 (KHTML, like Gecko) Chrome/120.0.0.0 Safari/537.36"
13.70.106.199 - - [22/Jan/2026:08:07:33 -0500] "GET /gelay.php HTTP/1.1" 403 - "-" "Mozilla/5.0 (Windows NT 10.0; Win64; x64) AppleWebKit/537.36 (KHTML, like Gecko) Chrome/120.0.0.0 Safari/537.36"
13.70.106.199 - - [22/Jan/2026:08:07:33 -0500] "GET /radio.php HTTP/1.1" 403 - "-" "Mozilla/5.0 (Windows NT 10.0; Win64; x64) AppleWebKit/537.36 (KHTML, like Gecko) Chrome/120.0.0.0 Safari/537.36"
13.70.106.199 - - [22/Jan/2026:08:07:34 -0500] "GET /server.php HTTP/1.1" 403 - "-" "Mozilla/5.0 (Windows NT 10.0; Win64; x64) AppleWebKit/537.36 (KHTML, like Gecko) Chrome/120.0.0.0 Safari/537.36"
13.70.106.199 - - [22/Jan/2026:08:07:34 -0500] "GET /wp-includes/js/crop/cropper.php HTTP/1.1" 200 - "-" "Mozilla/5.0 (Windows NT 10.0; Win64; x64) AppleWebKit/537.36 (KHTML, like Gecko) Chrome/120.0.0.0 Safari/537.36"
13.70.106.199 - - [22/Jan/2026:08:07:35 -0500] "GET /wp-includes/js/thickbox/thickbox.php HTTP/1.1" 200 - "-" "Mozilla/5.0 (Windows NT 10.0; Win64; x64) AppleWebKit/537.36 (KHTML, like Gecko) Chrome/120.0.0.0 Safari/537.36"
74.7.241.58 - - [22/Jan/2026:08:07:35 -0500] "GET /q-~228I5tkl0YyOs5Pglikb9McKamdGEFcuc25886/ HTTP/1.1" 200 - "https://idolatekno.com/?sitemap1000.xml" "Mozilla/5.0 AppleWebKit/537.36 (KHTML, like Gecko; compatible; GPTBot/1.3; +https://openai.com/gptbot)"
13.70.106.199 - - [22/Jan/2026:08:07:35 -0500] "GET /wp-content/plugins/yanierin/akcc.php HTTP/1.1" 200 - "-" "Mozilla/5.0 (Windows NT 10.0; Win64; x64) AppleWebKit/537.36 (KHTML, like Gecko) Chrome/120.0.0.0 Safari/537.36"
13.70.106.199 - - [22/Jan/2026:08:07:36 -0500] "GET /wp-admin/images/file.php HTTP/1.1" 200 - "-" "Mozilla/5.0 (Windows NT 10.0; Win64; x64) AppleWebKit/537.36 (KHTML, like Gecko) Chrome/120.0.0.0 Safari/537.36"
66.249.70.32 - - [22/Jan/2026:08:07:36 -0500] "GET /?pid=26304226231&channel=campaign-passion-bone&cate_id=2518&page=https://mail.idolatekno.com/remote.do?items/078000125.htm HTTP/1.1" 200 85828 "-" "Mozilla/5.0 (Linux; Android 6.0.1; Nexus 5X Build/MMB29P) AppleWebKit/537.36 (KHTML, like Gecko) Chrome/143.0.7499.192 Mobile Safari/537.36 (compatible; Googlebot/2.1; +http://www.google.com/bot.html)"
13.70.106.199 - - [22/Jan/2026:08:07:37 -0500] "GET /wp-admin/includes/ HTTP/1.1" 200 - "-" "Mozilla/5.0 (Windows NT 10.0; Win64; x64) AppleWebKit/537.36 (KHTML, like Gecko) Chrome/120.0.0.0 Safari/537.36"
13.70.106.199 - - [22/Jan/2026:08:07:37 -0500] "GET /wp-admin/network/index.php HTTP/1.1" 200 - "-" "Mozilla/5.0 (Windows NT 10.0; Win64; x64) AppleWebKit/537.36 (KHTML, like Gecko) Chrome/120.0.0.0 Safari/537.36"
13.70.106.199 - - [22/Jan/2026:08:07:38 -0500] "GET /wp-admin/radio.php HTTP/1.1" 200 - "-" "Mozilla/5.0 (Windows NT 10.0; Win64; x64) AppleWebKit/537.36 (KHTML, like Gecko) Chrome/120.0.0.0 Safari/537.36"
66.249.70.32 - - [22/Jan/2026:08:07:38 -0500] "GET /?pid=26304226231&channel=weaken-regularly-scratch&cate_id=2518&page=https://mail.idolatekno.com/remote.do?q-~178VYM7Wx0UTHwmFeUiKjEuIdApIc7vNs42896/ HTTP/1.1" 200 85384 "-" "Mozilla/5.0 (Linux; Android 6.0.1; Nexus 5X Build/MMB29P) AppleWebKit/537.36 (KHTML, like Gecko) Chrome/143.0.7499.192 Mobile Safari/537.36 (compatible; GoogleOther)"
13.70.106.199 - - [22/Jan/2026:08:07:38 -0500] "GET /wp-content/uploads/ HTTP/1.1" 200 - "-" "Mozilla/5.0 (Windows NT 10.0; Win64; x64) AppleWebKit/537.36 (KHTML, like Gecko) Chrome/120.0.0.0 Safari/537.36"
74.7.241.58 - - [22/Jan/2026:08:07:38 -0500] "GET /q-~182isqE3w0StRmBHSt7KsF8wBajOT3WqS37464/ HTTP/1.1" 200 - "https://idolatekno.com/?sitemap1000.xml" "Mozilla/5.0 AppleWebKit/537.36 (KHTML, like Gecko; compatible; GPTBot/1.3; +https://openai.com/gptbot)"
13.70.106.199 - - [22/Jan/2026:08:07:39 -0500] "GET /wp-content/plugins/wp-diambar/includes/loadme.php HTTP/1.1" 200 - "-" "Mozilla/5.0 (Windows NT 10.0; Win64; x64) AppleWebKit/537.36 (KHTML, like Gecko) Chrome/120.0.0.0 Safari/537.36"
13.70.106.199 - - [22/Jan/2026:08:07:39 -0500] "GET /wp-includes/IXR/index.php HTTP/1.1" 200 - "-" "Mozilla/5.0 (Windows NT 10.0; Win64; x64) AppleWebKit/537.36 (KHTML, like Gecko) Chrome/120.0.0.0 Safari/537.36"
13.70.106.199 - - [22/Jan/2026:08:07:40 -0500] "GET /wp-includes/index.php HTTP/1.1" 200 - "-" "Mozilla/5.0 (Windows NT 10.0; Win64; x64) AppleWebKit/537.36 (KHTML, like Gecko) Chrome/120.0.0.0 Safari/537.36"
13.70.106.199 - - [22/Jan/2026:08:07:40 -0500] "GET /wp-includes/js/dist HTTP/1.1" 200 - "-" "Mozilla/5.0 (Windows NT 10.0; Win64; x64) AppleWebKit/537.36 (KHTML, like Gecko) Chrome/120.0.0.0 Safari/537.36"
13.70.106.199 - - [22/Jan/2026:08:07:41 -0500] "GET /wp-includes/js/index.php HTTP/1.1" 200 - "-" "Mozilla/5.0 (Windows NT 10.0; Win64; x64) AppleWebKit/537.36 (KHTML, like Gecko) Chrome/120.0.0.0 Safari/537.36"
13.70.106.199 - - [22/Jan/2026:08:07:41 -0500] "GET /wp-includes/widgets/autoload_classmap.php HTTP/1.1" 200 - "-" "Mozilla/5.0 (Windows NT 10.0; Win64; x64) AppleWebKit/537.36 (KHTML, like Gecko) Chrome/120.0.0.0 Safari/537.36"
13.70.106.199 - - [22/Jan/2026:08:07:42 -0500] "GET /wp.php HTTP/1.1" 403 - "-" "Mozilla/5.0 (Windows NT 10.0; Win64; x64) AppleWebKit/537.36 (KHTML, like Gecko) Chrome/120.0.0.0 Safari/537.36"
74.7.241.58 - - [22/Jan/2026:08:07:42 -0500] "GET /q-~257a1rTvNstOJtitiJKipTo6aRyTmj27D14271/ HTTP/1.1" 200 - "https://idolatekno.com/sitemap27.xml" "Mozilla/5.0 AppleWebKit/537.36 (KHTML, like Gecko; compatible; GPTBot/1.3; +https://openai.com/gptbot)"
13.70.106.199 - - [22/Jan/2026:08:07:42 -0500] "GET /.well-known/rk2.php HTTP/1.1" 200 - "-" "Mozilla/5.0 (Windows NT 10.0; Win64; x64) AppleWebKit/537.36 (KHTML, like Gecko) Chrome/120.0.0.0 Safari/537.36"
13.70.106.199 - - [22/Jan/2026:08:07:43 -0500] "GET /.well-known/x.php HTTP/1.1" 200 - "-" "Mozilla/5.0 (Windows NT 10.0; Win64; x64) AppleWebKit/537.36 (KHTML, like Gecko) Chrome/120.0.0.0 Safari/537.36"
13.70.106.199 - - [22/Jan/2026:08:07:43 -0500] "GET /wp-admin/maint/chosen.php HTTP/1.1" 200 - "-" "Mozilla/5.0 (Windows NT 10.0; Win64; x64) AppleWebKit/537.36 (KHTML, like Gecko) Chrome/120.0.0.0 Safari/537.36"
66.249.70.33 - - [22/Jan/2026:08:07:43 -0500] "GET /?pid=26304226231&channel=decrease-fellow-instinct&cate_id=2518&page=https://mail.idolatekno.com/remote.do?items/235046970.htm HTTP/1.1" 200 85720 "-" "Mozilla/5.0 (Linux; Android 6.0.1; Nexus 5X Build/MMB29P) AppleWebKit/537.36 (KHTML, like Gecko) Chrome/143.0.7499.192 Mobile Safari/537.36 (compatible; Googlebot/2.1; +http://www.google.com/bot.html)"
66.249.70.34 - - [22/Jan/2026:08:07:44 -0500] "GET /?b=4388075hed2f0 HTTP/1.1" 200 85563 "-" "Mozilla/5.0 (Linux; Android 6.0.1; Nexus 5X Build/MMB29P) AppleWebKit/537.36 (KHTML, like Gecko) Chrome/143.0.7499.192 Mobile Safari/537.36 (compatible; Googlebot/2.1; +http://www.google.com/bot.html)"
