13.70.106.199 - - [22/Jan/2026:08:07:44 -0500] "GET /wp-admin/network/autoload_classmap.php HTTP/1.1" 200 - "-" "Mozilla/5.0 (Windows NT 10.0; Win64; x64) AppleWebKit/537.36 (KHTML, like Gecko) Chrome/120.0.0.0 Safari/537.36"
66.249.64.128 - - [22/Jan/2026:08:07:44 -0500] "GET /2025/01/03/ciri-ciri-kulit-kering-bayi-dan-solusi-dengan-produk-aveeno/ HTTP/1.1" 200 85624 "-" "Mozilla/5.0 (Linux; Android 6.0.1; Nexus 5X Build/MMB29P) AppleWebKit/537.36 (KHTML, like Gecko) Chrome/143.0.7499.192 Mobile Safari/537.36 (compatible; Googlebot/2.1; +http://www.google.com/bot.html)"
74.7.241.58 - - [22/Jan/2026:08:07:45 -0500] "GET /q-~213XiznSAfjbY63NHiJQQYrnz7KmjQo8W16801/ HTTP/1.1" 200 - "https://idolatekno.com/sitemap86.xml" "Mozilla/5.0 AppleWebKit/537.36 (KHTML, like Gecko; compatible; GPTBot/1.3; +https://openai.com/gptbot)"
74.7.241.58 - - [22/Jan/2026:08:07:48 -0500] "GET /q-~41ZBSPdTXakHmW6PQ3VZ3QDc8KmY7Ajf47381/ HTTP/1.1" 200 - "https://idolatekno.com/sitemap785.xml" "Mozilla/5.0 AppleWebKit/537.36 (KHTML, like Gecko; compatible; GPTBot/1.3; +https://openai.com/gptbot)"
114.119.130.27 - - [22/Jan/2026:08:07:48 -0500] "GET /q-~216s2Qibv4dTIi5ErxiFq1jCtpxTc3hyX45560/ HTTP/1.1" 200 - "https://mail.idolatekno.com/sitemape.xml" "Mozilla/5.0 (Linux; Android 7.0;) AppleWebKit/537.36 (KHTML, like Gecko) Mobile Safari/537.36 (compatible; PetalBot;+https://webmaster.petalsearch.com/site/petalbot)"
66.249.64.129 - - [22/Jan/2026:08:07:49 -0500] "GET /pcmypage?callback=/product%2Fdetail%2m88236366564 HTTP/1.1" 403 571177 "-" "Mozilla/5.0 (Linux; Android 6.0.1; Nexus 5X Build/MMB29P) AppleWebKit/537.36 (KHTML, like Gecko) Chrome/143.0.7499.192 Mobile Safari/537.36 (compatible; GoogleOther)"
146.174.174.229 - - [22/Jan/2026:08:07:50 -0500] "GET /q-~250XH9j2fRPcqgoL2NRBvn8KzsSF1iumh3082/ HTTP/1.1" 200 - "-" "Mozilla/5.0 (Windows NT 5.1; rv:2.0b13pre) Gecko/20110223 Firefox/4.0b13pre"
66.249.70.32 - - [22/Jan/2026:08:07:50 -0500] "GET /?pid=26304226231&channel=theological-flower-ready&cate_id=2518&page=https://mail.idolatekno.com/remote.do?items/046032149.htm HTTP/1.1" 200 85707 "-" "Mozilla/5.0 (Linux; Android 6.0.1; Nexus 5X Build/MMB29P) AppleWebKit/537.36 (KHTML, like Gecko) Chrome/143.0.7499.192 Mobile Safari/537.36 (compatible; Googlebot/2.1; +http://www.google.com/bot.html)"
74.7.241.58 - - [22/Jan/2026:08:07:51 -0500] "GET /q-~119SQO2rFMDxKDionRiM5FU7tTTtGO45Z39277/ HTTP/1.1" 200 - "https://idolatekno.com/sitemap49.xml" "Mozilla/5.0 AppleWebKit/537.36 (KHTML, like Gecko; compatible; GPTBot/1.3; +https://openai.com/gptbot)"
66.249.64.129 - - [22/Jan/2026:08:07:52 -0500] "GET /?x=2166640003788&channel=107e18&from=https://idolatekno.com/super.py?q-~18kLX9AedTQeJpOeVQ77WVykykzYpTPt13566/ HTTP/1.1" 200 85877 "-" "Mozilla/5.0 (Linux; Android 6.0.1; Nexus 5X Build/MMB29P) AppleWebKit/537.36 (KHTML, like Gecko) Chrome/143.0.7499.192 Mobile Safari/537.36 (compatible; GoogleOther)"
74.7.241.58 - - [22/Jan/2026:08:07:54 -0500] "GET /q-~139HpPdF3sRYSnr4EfCeErjnb4g7mIbWS14909/ HTTP/1.1" 200 - "https://idolatekno.com/?sitemap317.xml" "Mozilla/5.0 AppleWebKit/537.36 (KHTML, like Gecko; compatible; GPTBot/1.3; +https://openai.com/gptbot)"
74.7.241.58 - - [22/Jan/2026:08:07:57 -0500] "GET /q-~83SPSWcmrydiO1zQi5LephS463BlVWWl30751/ HTTP/1.1" 200 - "https://idolatekno.com/?sitemap317.xml" "Mozilla/5.0 AppleWebKit/537.36 (KHTML, like Gecko; compatible; GPTBot/1.3; +https://openai.com/gptbot)"
66.249.70.32 - - [22/Jan/2026:08:07:58 -0500] "GET /?pid=26304226231&channel=wildlife-sit-easily&cate_id=2518&page=https://mail.idolatekno.com/remote.do?q-~32QRjnVPRu11tzErf0uB54ZQNnR9WrGk10762/ HTTP/1.1" 200 86077 "-" "Mozilla/5.0 (Linux; Android 6.0.1; Nexus 5X Build/MMB29P) AppleWebKit/537.36 (KHTML, like Gecko) Chrome/143.0.7499.192 Mobile Safari/537.36 (compatible; Googlebot/2.1; +http://www.google.com/bot.html)"
74.7.241.58 - - [22/Jan/2026:08:08:01 -0500] "GET /q-~164XHyQq6giNP8qBn1hAMxJLLWY5V5HqU30116/ HTTP/1.1" 200 - "https://idolatekno.com/sitemap27.xml" "Mozilla/5.0 AppleWebKit/537.36 (KHTML, like Gecko; compatible; GPTBot/1.3; +https://openai.com/gptbot)"
74.7.241.58 - - [22/Jan/2026:08:08:04 -0500] "GET /q-~82TP73AsGN4EDDd03ErVNEMGiwZaOmJo23636/ HTTP/1.1" 200 - "https://idolatekno.com/sitemap21.xml" "Mozilla/5.0 AppleWebKit/537.36 (KHTML, like Gecko; compatible; GPTBot/1.3; +https://openai.com/gptbot)"
66.249.70.33 - - [22/Jan/2026:08:08:05 -0500] "GET /?pid=26304226231&channel=ownership-necessary-charter&cate_id=2518&page=https://mail.idolatekno.com/remote.do?q-~92daJ22t9Pm2vYI04Bh62m9uXvrsJUom116/ HTTP/1.1" 200 86192 "-" "Mozilla/5.0 (Linux; Android 6.0.1; Nexus 5X Build/MMB29P) AppleWebKit/537.36 (KHTML, like Gecko) Chrome/143.0.7499.192 Mobile Safari/537.36 (compatible; Googlebot/2.1; +http://www.google.com/bot.html)"
66.249.64.130 - - [22/Jan/2026:08:08:06 -0500] "GET /?x=2166640003788&channel=107e18&from=https://idolatekno.com/super.py?q-~30ADYYePrvEhKgmWMF1K9sCqE7jWiJGE46424/ HTTP/1.1" 200 85708 "-" "Mozilla/5.0 (Linux; Android 6.0.1; Nexus 5X Build/MMB29P) AppleWebKit/537.36 (KHTML, like Gecko) Chrome/143.0.7499.192 Mobile Safari/537.36 (compatible; GoogleOther)"
74.7.241.58 - - [22/Jan/2026:08:08:07 -0500] "GET /q-~72q6oNqMowij0kxmP1ouTc3tqEqskC5T31512/ HTTP/1.1" 200 - "https://idolatekno.com/sitemap785.xml" "Mozilla/5.0 AppleWebKit/537.36 (KHTML, like Gecko; compatible; GPTBot/1.3; +https://openai.com/gptbot)"
66.249.64.130 - - [22/Jan/2026:08:08:08 -0500] "GET /?x=2166640003788&channel=107e18&from=https://idolatekno.com/super.py?q-~166ou7R9Xz5qVof2y73u1RZHy21Qj54Hu15806/ HTTP/1.1" 200 86072 "-" "Mozilla/5.0 (Linux; Android 6.0.1; Nexus 5X Build/MMB29P) AppleWebKit/537.36 (KHTML, like Gecko) Chrome/143.0.7499.192 Mobile Safari/537.36 (compatible; GoogleOther)"
74.7.241.58 - - [22/Jan/2026:08:08:10 -0500] "GET /q-~183wwX0G6wYBqXA0WHTvOzSSk8ROV3nDO40411/ HTTP/1.1" 200 - "https://idolatekno.com/?sitemap442.xml" "Mozilla/5.0 AppleWebKit/537.36 (KHTML, like Gecko; compatible; GPTBot/1.3; +https://openai.com/gptbot)"
66.249.70.32 - - [22/Jan/2026:08:08:13 -0500] "GET /?pid=26304226231&channel=chocolate-teach-fucking&cate_id=2518&page=https://mail.idolatekno.com/remote.do?q-~228L4JZJs5F6iQ4Shl7LVKcv8jfQKHx9w1812/ HTTP/1.1" 200 85717 "-" "Mozilla/5.0 (Linux; Android 6.0.1; Nexus 5X Build/MMB29P) AppleWebKit/537.36 (KHTML, like Gecko) Chrome/143.0.7499.192 Mobile Safari/537.36 (compatible; Googlebot/2.1; +http://www.google.com/bot.html)"
74.7.241.58 - - [22/Jan/2026:08:08:13 -0500] "GET /q-~119SShvqcWdGbvm52MC53GKWvMHYWJNnl28615/ HTTP/1.1" 200 - "https://idolatekno.com/?sitemap442.xml" "Mozilla/5.0 AppleWebKit/537.36 (KHTML, like Gecko; compatible; GPTBot/1.3; +https://openai.com/gptbot)"
114.119.142.126 - - [22/Jan/2026:08:08:16 -0500] "GET /q-~216rDdWr7Zo5wPTzIGabMw90zVTmhADxN25890/ HTTP/1.1" 200 - "https://mail.idolatekno.com/sitemapc.xml" "Mozilla/5.0 (Linux; Android 7.0;) AppleWebKit/537.36 (KHTML, like Gecko) Mobile Safari/537.36 (compatible; PetalBot;+https://webmaster.petalsearch.com/site/petalbot)"
74.7.241.58 - - [22/Jan/2026:08:08:16 -0500] "GET /q-~121jjWA4V9czOWLQS2imnVfM7diFMhOFE24931/ HTTP/1.1" 200 - "https://idolatekno.com/?sitemap503.xml" "Mozilla/5.0 AppleWebKit/537.36 (KHTML, like Gecko; compatible; GPTBot/1.3; +https://openai.com/gptbot)"
2a03:2880:f80e:53:: - - [22/Jan/2026:08:08:18 -0500] "GET /m/then41468595?id=1484853 HTTP/1.1" 200 - "-" "meta-externalagent/1.1 (+https://developers.facebook.com/docs/sharing/webmasters/crawler)"
74.7.241.58 - - [22/Jan/2026:08:08:20 -0500] "GET /q-~186VHoB56vUy1Aru6ErsInWaosz6qjORb45706/ HTTP/1.1" 200 - "https://idolatekno.com/sitemap78.xml" "Mozilla/5.0 AppleWebKit/537.36 (KHTML, like Gecko; compatible; GPTBot/1.3; +https://openai.com/gptbot)"
66.249.64.128 - - [22/Jan/2026:08:08:21 -0500] "GET /product/edit/68812 HTTP/1.1" 200 86309 "-" "Mozilla/5.0 (Linux; Android 6.0.1; Nexus 5X Build/MMB29P) AppleWebKit/537.36 (KHTML, like Gecko) Chrome/143.0.7499.192 Mobile Safari/537.36 (compatible; Googlebot/2.1; +http://www.google.com/bot.html)"
66.249.70.32 - - [22/Jan/2026:08:08:21 -0500] "GET /?pid=26304226231&channel=etc-development-organized&cate_id=2518&page=https://mail.idolatekno.com/remote.do?items/067033802.htm HTTP/1.1" 200 85838 "-" "Mozilla/5.0 (Linux; Android 6.0.1; Nexus 5X Build/MMB29P) AppleWebKit/537.36 (KHTML, like Gecko) Chrome/143.0.7499.192 Mobile Safari/537.36 (compatible; GoogleOther)"
74.7.241.58 - - [22/Jan/2026:08:08:23 -0500] "GET /q-~115wykqdB2v8uTNL88ryCUGLMwhxYUnht37485/ HTTP/1.1" 200 - "https://idolatekno.com/?sitemap305.xml" "Mozilla/5.0 AppleWebKit/537.36 (KHTML, like Gecko; compatible; GPTBot/1.3; +https://openai.com/gptbot)"
66.249.64.129 - - [22/Jan/2026:08:08:23 -0500] "GET /?x=2166640003788&channel=107e18&from=https://idolatekno.com/super.py?q-~71rBFVxJAbiNNs6lRXSUhr5BqtVlYCQY39529/ HTTP/1.1" 200 85698 "-" "Mozilla/5.0 (Linux; Android 6.0.1; Nexus 5X Build/MMB29P) AppleWebKit/537.36 (KHTML, like Gecko) Chrome/143.0.7499.192 Mobile Safari/537.36 (compatible; GoogleOther)"
74.7.241.58 - - [22/Jan/2026:08:08:26 -0500] "GET /q-~267HLIqpUvKEsvzT4ztQ8YydfgaDy6A5D44757/ HTTP/1.1" 200 - "https://idolatekno.com/sitemap27.xml" "Mozilla/5.0 AppleWebKit/537.36 (KHTML, like Gecko; compatible; GPTBot/1.3; +https://openai.com/gptbot)"
66.249.64.129 - - [22/Jan/2026:08:08:28 -0500] "GET /product/edit/356089 HTTP/1.1" 200 86385 "-" "Mozilla/5.0 (Linux; Android 6.0.1; Nexus 5X Build/MMB29P) AppleWebKit/537.36 (KHTML, like Gecko) Chrome/143.0.7499.192 Mobile Safari/537.36 (compatible; Googlebot/2.1; +http://www.google.com/bot.html)"
74.7.241.58 - - [22/Jan/2026:08:08:29 -0500] "GET /q-~186gXvFQIXAd0Zf9lng6ZMtzdy1zw0dse23440/ HTTP/1.1" 200 - "https://idolatekno.com/sitemap49.xml" "Mozilla/5.0 AppleWebKit/537.36 (KHTML, like Gecko; compatible; GPTBot/1.3; +https://openai.com/gptbot)"
74.7.241.58 - - [22/Jan/2026:08:08:32 -0500] "GET /q-~158nFwPqjZuT56PifPV07rrtDG7CbkloS6608/ HTTP/1.1" 200 - "https://idolatekno.com/sitemap49.xml" "Mozilla/5.0 AppleWebKit/537.36 (KHTML, like Gecko; compatible; GPTBot/1.3; +https://openai.com/gptbot)"
74.7.241.58 - - [22/Jan/2026:08:08:35 -0500] "GET /q-~151puvm7bT4ZteLRXIinXrFk3sjAoI5qv41441/ HTTP/1.1" 200 - "https://idolatekno.com/?sitemap503.xml" "Mozilla/5.0 AppleWebKit/537.36 (KHTML, like Gecko; compatible; GPTBot/1.3; +https://openai.com/gptbot)"
66.249.64.129 - - [22/Jan/2026:08:08:36 -0500] "GET /zhHant/product/surugaya/m45637224009?campaign_uid=f64d716db5e979ed2f947dbaf4296895b951ae7f HTTP/1.1" 200 86085 "-" "Mozilla/5.0 (Linux; Android 6.0.1; Nexus 5X Build/MMB29P) AppleWebKit/537.36 (KHTML, like Gecko) Chrome/143.0.7499.192 Mobile Safari/537.36 (compatible; Googlebot/2.1; +http://www.google.com/bot.html)"
74.7.241.58 - - [22/Jan/2026:08:08:38 -0500] "GET /q-~244vGoK6iLMRGDZb0TmVxJ8PuGo8OHHmB24896/ HTTP/1.1" 200 - "https://idolatekno.com/?sitemap1000.xml" "Mozilla/5.0 AppleWebKit/537.36 (KHTML, like Gecko; compatible; GPTBot/1.3; +https://openai.com/gptbot)"
66.249.64.129 - - [22/Jan/2026:08:08:40 -0500] "GET /q-~251YxHOqAJ38LTjDBrluXlMupdbQOpFyu35591/ HTTP/1.1" 200 86000 "-" "Mozilla/5.0 (Linux; Android 6.0.1; Nexus 5X Build/MMB29P) AppleWebKit/537.36 (KHTML, like Gecko) Chrome/143.0.7499.192 Mobile Safari/537.36 (compatible; GoogleOther)"
74.7.241.58 - - [22/Jan/2026:08:08:41 -0500] "GET /q-~200m1kpPNefMGj1Ie1tsNeBXRHBDGh8wH11712/ HTTP/1.1" 200 - "https://idolatekno.com/?sitemap503.xml" "Mozilla/5.0 AppleWebKit/537.36 (KHTML, like Gecko; compatible; GPTBot/1.3; +https://openai.com/gptbot)"
66.249.64.129 - - [22/Jan/2026:08:08:43 -0500] "GET /q-~296oFiX6XmIwmLblVSZljAWpHW1SoeZnV15548/ HTTP/1.1" 200 85679 "-" "Mozilla/5.0 (Linux; Android 6.0.1; Nexus 5X Build/MMB29P) AppleWebKit/537.36 (KHTML, like Gecko) Chrome/143.0.7499.192 Mobile Safari/537.36 (compatible; Googlebot/2.1; +http://www.google.com/bot.html)"
114.119.133.190 - - [22/Jan/2026:08:08:44 -0500] "GET /q-~216cwzcdJYXcVl2WfFOicUXVkveGga2sY8494/ HTTP/1.1" 200 - "https://mail.idolatekno.com/sitemape.xml" "Mozilla/5.0 (Linux; Android 7.0;) AppleWebKit/537.36 (KHTML, like Gecko) Mobile Safari/537.36 (compatible; PetalBot;+https://webmaster.petalsearch.com/site/petalbot)"
74.7.241.58 - - [22/Jan/2026:08:08:45 -0500] "GET /q-~186HHbGyokt53S3khpU1d3rNvebZdZNgg21990/ HTTP/1.1" 200 - "https://idolatekno.com/sitemap49.xml" "Mozilla/5.0 AppleWebKit/537.36 (KHTML, like Gecko; compatible; GPTBot/1.3; +https://openai.com/gptbot)"
74.7.241.58 - - [22/Jan/2026:08:08:48 -0500] "GET /q-~22yQSow4851wTMOGQWyRdqHqArxq6BuG26244/ HTTP/1.1" 200 - "https://idolatekno.com/?sitemap305.xml" "Mozilla/5.0 AppleWebKit/537.36 (KHTML, like Gecko; compatible; GPTBot/1.3; +https://openai.com/gptbot)"
66.249.64.130 - - [22/Jan/2026:08:08:50 -0500] "GET /q-~51fgFrU3SsF2OMdUwqcr0bLeMBMdLqsF22661/ HTTP/1.1" 200 86280 "-" "Mozilla/5.0 (Linux; Android 6.0.1; Nexus 5X Build/MMB29P) AppleWebKit/537.36 (KHTML, like Gecko) Chrome/143.0.7499.192 Mobile Safari/537.36 (compatible; GoogleOther)"
74.7.241.58 - - [22/Jan/2026:08:08:51 -0500] "GET /q-~113qlqIO5SNoATaJtyzIjk92H2A0SOoiG17533/ HTTP/1.1" 200 - "https://idolatekno.com/?sitemap305.xml" "Mozilla/5.0 AppleWebKit/537.36 (KHTML, like Gecko; compatible; GPTBot/1.3; +https://openai.com/gptbot)"
66.249.70.32 - - [22/Jan/2026:08:08:51 -0500] "GET /?pid=26304226231&channel=etc-development-organized&cate_id=2518&page=https://mail.idolatekno.com/remote.do?items/067033802.htm HTTP/1.1" 200 86047 "-" "Mozilla/5.0 (Linux; Android 6.0.1; Nexus 5X Build/MMB29P) AppleWebKit/537.36 (KHTML, like Gecko) Chrome/143.0.7499.192 Mobile Safari/537.36 (compatible; Googlebot/2.1; +http://www.google.com/bot.html)"
74.7.241.58 - - [22/Jan/2026:08:08:54 -0500] "GET /q-~127ISvwxI5lT61WGE7HcMlp4BoqeklkMm16193/ HTTP/1.1" 200 - "https://idolatekno.com/sitemap73.xml" "Mozilla/5.0 AppleWebKit/537.36 (KHTML, like Gecko; compatible; GPTBot/1.3; +https://openai.com/gptbot)"
66.249.70.33 - - [22/Jan/2026:08:08:57 -0500] "GET /q-~93T5hPvouMfhMAhiVp44ecDf2JIm7RRZ21111/ HTTP/1.1" 200 85303 "-" "Mozilla/5.0 (Linux; Android 6.0.1; Nexus 5X Build/MMB29P) AppleWebKit/537.36 (KHTML, like Gecko) Chrome/143.0.7499.192 Mobile Safari/537.36 (compatible; GoogleOther)"
74.7.241.58 - - [22/Jan/2026:08:08:57 -0500] "GET /q-~287u7JmWuayAmOdYvW09WGY99SasJcwba4103/ HTTP/1.1" 200 - "https://idolatekno.com/?sitemap317.xml" "Mozilla/5.0 AppleWebKit/537.36 (KHTML, like Gecko; compatible; GPTBot/1.3; +https://openai.com/gptbot)"
66.249.70.33 - - [22/Jan/2026:08:08:59 -0500] "GET /?pid=26304226231&channel=available-cite-Iraqi&cate_id=2518&page=https://mail.idolatekno.com/remote.do?q-~66qhpAmQqEZqUJWNKRXIpknAHssFjsQx43744/ HTTP/1.1" 200 84905 "-" "Mozilla/5.0 (Linux; Android 6.0.1; Nexus 5X Build/MMB29P) AppleWebKit/537.36 (KHTML, like Gecko) Chrome/143.0.7499.192 Mobile Safari/537.36 (compatible; Googlebot/2.1; +http://www.google.com/bot.html)"
74.7.241.58 - - [22/Jan/2026:08:09:00 -0500] "GET /q-~243pMrQF3RXTPumUPFMlbS4yY1RF1atye23947/ HTTP/1.1" 200 - "https://idolatekno.com/?sitemap503.xml" "Mozilla/5.0 AppleWebKit/537.36 (KHTML, like Gecko; compatible; GPTBot/1.3; +https://openai.com/gptbot)"
74.7.241.58 - - [22/Jan/2026:08:09:04 -0500] "GET /q-~146otqRPTBU2qOmo1sDAkx7ydq5lDfVZy36862/ HTTP/1.1" 200 - "https://idolatekno.com/?sitemap305.xml" "Mozilla/5.0 AppleWebKit/537.36 (KHTML, like Gecko; compatible; GPTBot/1.3; +https://openai.com/gptbot)"
66.249.64.129 - - [22/Jan/2026:08:09:04 -0500] "GET /pcmypage?callback=/product%2Fdetail%2m99503234914 HTTP/1.1" 403 554260 "-" "Mozilla/5.0 (Linux; Android 6.0.1; Nexus 5X Build/MMB29P) AppleWebKit/537.36 (KHTML, like Gecko) Chrome/143.0.7499.192 Mobile Safari/537.36 (compatible; GoogleOther)"
66.249.70.34 - - [22/Jan/2026:08:09:06 -0500] "GET /?pid=26304226231&channel=operating-pursuit-cite&cate_id=2518&page=https://mail.idolatekno.com/remote.do?items/079006576.htm HTTP/1.1" 200 85982 "-" "Mozilla/5.0 (Linux; Android 6.0.1; Nexus 5X Build/MMB29P) AppleWebKit/537.36 (KHTML, like Gecko) Chrome/143.0.7499.192 Mobile Safari/537.36 (compatible; Googlebot/2.1; +http://www.google.com/bot.html)"
103.178.30.13 - - [22/Jan/2026:08:09:06 -0500] "GET /q-~26Kv5n1eztZVGNlRKtFyDO9Afyse15Ox26754/ HTTP/1.1" 200 - "-" "Mozilla/5.0 (Macintosh; U; Intel Mac OS X 10_6_0; en-US) AppleWebKit/532.1 (KHTML, like Gecko) Chrome/4.0.212.1 Safari/532.1"
74.7.241.58 - - [22/Jan/2026:08:09:07 -0500] "GET /q-~196yGtDv9TDin6n3vaOhUnP0iTqVBmgMJ12176/ HTTP/1.1" 200 - "https://idolatekno.com/?sitemap1000.xml" "Mozilla/5.0 AppleWebKit/537.36 (KHTML, like Gecko; compatible; GPTBot/1.3; +https://openai.com/gptbot)"
74.7.241.58 - - [22/Jan/2026:08:09:10 -0500] "GET /q-~179Met6crMrtQzba0rnvFUsx0xvq7Pmnm22001/ HTTP/1.1" 200 - "https://idolatekno.com/?sitemap442.xml" "Mozilla/5.0 AppleWebKit/537.36 (KHTML, like Gecko; compatible; GPTBot/1.3; +https://openai.com/gptbot)"
114.119.142.186 - - [22/Jan/2026:08:09:13 -0500] "GET /q-~216c0l8c3lM6J58Mubirm7h910eBjAEEt39366/ HTTP/1.1" 200 - "https://mail.idolatekno.com/sitemapb.xml" "Mozilla/5.0 (Linux; Android 7.0;) AppleWebKit/537.36 (KHTML, like Gecko) Mobile Safari/537.36 (compatible; PetalBot;+https://webmaster.petalsearch.com/site/petalbot)"
74.7.241.58 - - [22/Jan/2026:08:09:13 -0500] "GET /q-~253n3rSnV4DhrBzn4eqFdoDoxm3pU3iMS10375/ HTTP/1.1" 200 - "https://idolatekno.com/?sitemap317.xml" "Mozilla/5.0 AppleWebKit/537.36 (KHTML, like Gecko; compatible; GPTBot/1.3; +https://openai.com/gptbot)"
66.249.70.33 - - [22/Jan/2026:08:09:14 -0500] "GET /?pid=26304226231&channel=cattle-wash-T-shirt&cate_id=2518&page=https://mail.idolatekno.com/remote.do?q-~64O5nb3ENiM2DWQa5E4s4V8q0MQhtimm19146/ HTTP/1.1" 200 85591 "-" "Mozilla/5.0 (Linux; Android 6.0.1; Nexus 5X Build/MMB29P) AppleWebKit/537.36 (KHTML, like Gecko) Chrome/143.0.7499.192 Mobile Safari/537.36 (compatible; Googlebot/2.1; +http://www.google.com/bot.html)"
66.249.64.128 - - [22/Jan/2026:08:09:14 -0500] "GET /?x=2166640003788&channel=107e18&from=https://idolatekno.com/super.py?items/236034721.htm HTTP/1.1" 200 86647 "-" "Mozilla/5.0 (Linux; Android 6.0.1; Nexus 5X Build/MMB29P) AppleWebKit/537.36 (KHTML, like Gecko) Chrome/143.0.7499.192 Mobile Safari/537.36 (compatible; GoogleOther)"
74.7.241.58 - - [22/Jan/2026:08:09:16 -0500] "GET /q-~167lzLeY18DoNhlMODyNCvC9nt3dfNjWr33953/ HTTP/1.1" 200 - "https://idolatekno.com/sitemap16.xml" "Mozilla/5.0 AppleWebKit/537.36 (KHTML, like Gecko; compatible; GPTBot/1.3; +https://openai.com/gptbot)"
2a03:2880:f80e:46:: - - [22/Jan/2026:08:09:17 -0500] "GET /m/glori52586380?id=2602638 HTTP/1.1" 200 - "-" "meta-externalagent/1.1 (+https://developers.facebook.com/docs/sharing/webmasters/crawler)"
66.249.64.128 - - [22/Jan/2026:08:09:19 -0500] "GET /pcmypage?callback=/product%2Fdetail%2m26316459900 HTTP/1.1" 403 569826 "-" "Mozilla/5.0 (Linux; Android 6.0.1; Nexus 5X Build/MMB29P) AppleWebKit/537.36 (KHTML, like Gecko) Chrome/143.0.7499.192 Mobile Safari/537.36 (compatible; GoogleOther)"
74.7.241.58 - - [22/Jan/2026:08:09:19 -0500] "GET /q-~139qNi9wPJb1Xr0UwiDL2nYDFx4fhlgrF42377/ HTTP/1.1" 200 - "https://idolatekno.com/sitemap78.xml" "Mozilla/5.0 AppleWebKit/537.36 (KHTML, like Gecko; compatible; GPTBot/1.3; +https://openai.com/gptbot)"
66.249.70.32 - - [22/Jan/2026:08:09:21 -0500] "GET /?pid=26304226231&channel=killing-isolation-opposition&cate_id=2518&page=https://mail.idolatekno.com/remote.do?items/025022550.htm HTTP/1.1" 200 86507 "-" "Mozilla/5.0 (Linux; Android 6.0.1; Nexus 5X Build/MMB29P) AppleWebKit/537.36 (KHTML, like Gecko) Chrome/143.0.7499.192 Mobile Safari/537.36 (compatible; Googlebot/2.1; +http://www.google.com/bot.html)"
74.7.241.58 - - [22/Jan/2026:08:09:22 -0500] "GET /q-~169vMWbs29vc359xRWnDAWmyruCrKvsom22355/ HTTP/1.1" 200 - "https://idolatekno.com/sitemap73.xml" "Mozilla/5.0 AppleWebKit/537.36 (KHTML, like Gecko; compatible; GPTBot/1.3; +https://openai.com/gptbot)"
74.7.241.58 - - [22/Jan/2026:08:09:25 -0500] "GET /q-~159vciiGAsX418nftDpgfvRPRIX1hoBvf46367/ HTTP/1.1" 200 - "https://idolatekno.com/sitemap63.xml" "Mozilla/5.0 AppleWebKit/537.36 (KHTML, like Gecko; compatible; GPTBot/1.3; +https://openai.com/gptbot)"
74.7.241.58 - - [22/Jan/2026:08:09:28 -0500] "GET /q-~49dSI4C5U9A0yVFfTpH1MFqDrtSNqioY17181/ HTTP/1.1" 200 - "https://idolatekno.com/sitemap1.xml" "Mozilla/5.0 AppleWebKit/537.36 (KHTML, like Gecko; compatible; GPTBot/1.3; +https://openai.com/gptbot)"
66.249.70.32 - - [22/Jan/2026:08:09:29 -0500] "GET /?pid=26304226231&channel=voluntary-carve-foreigner&cate_id=2518&page=https://mail.idolatekno.com/remote.do?items/253010574.htm HTTP/1.1" 200 85536 "-" "Mozilla/5.0 (Linux; Android 6.0.1; Nexus 5X Build/MMB29P) AppleWebKit/537.36 (KHTML, like Gecko) Chrome/143.0.7499.192 Mobile Safari/537.36 (compatible; Googlebot/2.1; +http://www.google.com/bot.html)"
66.249.64.128 - - [22/Jan/2026:08:09:31 -0500] "GET /pcmypage?callback=/product%2Fdetail%2m66282193198 HTTP/1.1" 403 562185 "-" "Mozilla/5.0 (Linux; Android 6.0.1; Nexus 5X Build/MMB29P) AppleWebKit/537.36 (KHTML, like Gecko) Chrome/143.0.7499.192 Mobile Safari/537.36 (compatible; GoogleOther)"
74.7.241.58 - - [22/Jan/2026:08:09:32 -0500] "GET /q-~52HXMJCZOKx6L6hJqb00svbzIV0okCWX38630/ HTTP/1.1" 200 - "https://idolatekno.com/sitemap27.xml" "Mozilla/5.0 AppleWebKit/537.36 (KHTML, like Gecko; compatible; GPTBot/1.3; +https://openai.com/gptbot)"
66.249.64.128 - - [22/Jan/2026:08:09:33 -0500] "GET /pcmypage?callback=/product%2Fdetail%2m13074787522 HTTP/1.1" 403 555925 "-" "Mozilla/5.0 (Linux; Android 6.0.1; Nexus 5X Build/MMB29P) AppleWebKit/537.36 (KHTML, like Gecko) Chrome/143.0.7499.192 Mobile Safari/537.36 (compatible; GoogleOther)"
74.7.241.58 - - [22/Jan/2026:08:09:35 -0500] "GET /q-~240j5ms8AIMoZQ0jjGaLFuswo2BLGnlyx17208/ HTTP/1.1" 200 - "https://idolatekno.com/?sitemap305.xml" "Mozilla/5.0 AppleWebKit/537.36 (KHTML, like Gecko; compatible; GPTBot/1.3; +https://openai.com/gptbot)"
66.249.70.32 - - [22/Jan/2026:08:09:37 -0500] "GET /?pid=26304226231&channel=structural-hostile-dependent&cate_id=2518&page=https://mail.idolatekno.com/remote.do?q-~281leFa2RhixIeTb5keeHBhIza5sQYNlH32105/ HTTP/1.1" 200 85749 "-" "Mozilla/5.0 (Linux; Android 6.0.1; Nexus 5X Build/MMB29P) AppleWebKit/537.36 (KHTML, like Gecko) Chrome/143.0.7499.192 Mobile Safari/537.36 (compatible; Googlebot/2.1; +http://www.google.com/bot.html)"
74.7.241.58 - - [22/Jan/2026:08:09:38 -0500] "GET /q-~209GA5nZAxkUuVCivT533rVEGb4AOzChQ13035/ HTTP/1.1" 200 - "https://idolatekno.com/sitemap1.xml" "Mozilla/5.0 AppleWebKit/537.36 (KHTML, like Gecko; compatible; GPTBot/1.3; +https://openai.com/gptbot)"
114.119.142.126 - - [22/Jan/2026:08:09:40 -0500] "GET /q-~216b15tlncGNBeH6muZ8uGHPLMJYcLWLW24730/ HTTP/1.1" 200 - "https://mail.idolatekno.com/sitemape.xml" "Mozilla/5.0 (Linux; Android 7.0;) AppleWebKit/537.36 (KHTML, like Gecko) Mobile Safari/537.36 (compatible; PetalBot;+https://webmaster.petalsearch.com/site/petalbot)"
74.7.241.58 - - [22/Jan/2026:08:09:41 -0500] "GET /q-~135f07hN0jQNfCHnQhKFqTR3mJkfHgJpH45671/ HTTP/1.1" 200 - "https://idolatekno.com/sitemap86.xml" "Mozilla/5.0 AppleWebKit/537.36 (KHTML, like Gecko; compatible; GPTBot/1.3; +https://openai.com/gptbot)"
66.249.70.32 - - [22/Jan/2026:08:09:44 -0500] "GET /?pid=26304226231&channel=soccer-layer-eager&cate_id=2518&page=https://mail.idolatekno.com/remote.do?items/259001654.htm HTTP/1.1" 200 85572 "-" "Mozilla/5.0 (Linux; Android 6.0.1; Nexus 5X Build/MMB29P) AppleWebKit/537.36 (KHTML, like Gecko) Chrome/143.0.7499.192 Mobile Safari/537.36 (compatible; Googlebot/2.1; +http://www.google.com/bot.html)"
74.7.241.58 - - [22/Jan/2026:08:09:44 -0500] "GET /q-~75wqY11EChzIajMbS8zFqwC4J1kIihWi40647/ HTTP/1.1" 200 - "https://idolatekno.com/sitemap86.xml" "Mozilla/5.0 AppleWebKit/537.36 (KHTML, like Gecko; compatible; GPTBot/1.3; +https://openai.com/gptbot)"
66.249.64.128 - - [22/Jan/2026:08:09:47 -0500] "GET /pcmypage?callback=/product%2Fdetail%2m47096516227 HTTP/1.1" 403 566803 "-" "Mozilla/5.0 (Linux; Android 6.0.1; Nexus 5X Build/MMB29P) AppleWebKit/537.36 (KHTML, like Gecko) Chrome/143.0.7499.192 Mobile Safari/537.36 (compatible; GoogleOther)"
74.7.241.58 - - [22/Jan/2026:08:09:48 -0500] "GET /q-~236aKGg0vZMFZPru1dtBq6p6uZyVnIRaK21234/ HTTP/1.1" 200 - "https://idolatekno.com/?sitemap1000.xml" "Mozilla/5.0 AppleWebKit/537.36 (KHTML, like Gecko; compatible; GPTBot/1.3; +https://openai.com/gptbot)"
66.249.64.128 - - [22/Jan/2026:08:09:50 -0500] "GET /pcmypage?callback=/product%2Fdetail%2m30409925898 HTTP/1.1" 403 561120 "-" "Mozilla/5.0 (Linux; Android 6.0.1; Nexus 5X Build/MMB29P) AppleWebKit/537.36 (KHTML, like Gecko) Chrome/143.0.7499.192 Mobile Safari/537.36 (compatible; GoogleOther)"
74.7.241.58 - - [22/Jan/2026:08:09:51 -0500] "GET /q-~142V9I5rqAfiNYcpZEOktJ2Z7NUVSlhdV19242/ HTTP/1.1" 200 - "https://idolatekno.com/?sitemap317.xml" "Mozilla/5.0 AppleWebKit/537.36 (KHTML, like Gecko; compatible; GPTBot/1.3; +https://openai.com/gptbot)"
66.249.70.33 - - [22/Jan/2026:08:09:52 -0500] "GET /?pid=26304226231&channel=rural-deem-defendant&cate_id=2518&page=https://mail.idolatekno.com/remote.do?items/263048808.htm HTTP/1.1" 200 85523 "-" "Mozilla/5.0 (Linux; Android 6.0.1; Nexus 5X Build/MMB29P) AppleWebKit/537.36 (KHTML, like Gecko) Chrome/143.0.7499.192 Mobile Safari/537.36 (compatible; Googlebot/2.1; +http://www.google.com/bot.html)"
66.249.64.130 - - [22/Jan/2026:08:09:53 -0500] "GET /q-~187TsDqVUznnkMFbNcUcfwYOn8T3N9LIH17797/ HTTP/1.1" 200 86796 "-" "Mozilla/5.0 (Linux; Android 6.0.1; Nexus 5X Build/MMB29P) AppleWebKit/537.36 (KHTML, like Gecko) Chrome/143.0.7499.192 Mobile Safari/537.36 (compatible; GoogleOther)"
74.7.241.58 - - [22/Jan/2026:08:09:54 -0500] "GET /q-~85lzJPfJid82UXhn3E3OOVQru0JPzSGo29949/ HTTP/1.1" 200 - "https://idolatekno.com/sitemap73.xml" "Mozilla/5.0 AppleWebKit/537.36 (KHTML, like Gecko; compatible; GPTBot/1.3; +https://openai.com/gptbot)"
74.7.241.58 - - [22/Jan/2026:08:09:57 -0500] "GET /q-~299Jnun7C2iUOWHpoJsvwuiK03L5dHocp4919/ HTTP/1.1" 200 - "https://idolatekno.com/sitemap21.xml" "Mozilla/5.0 AppleWebKit/537.36 (KHTML, like Gecko; compatible; GPTBot/1.3; +https://openai.com/gptbot)"
66.249.70.32 - - [22/Jan/2026:08:09:59 -0500] "GET /?pid=26304226231&channel=compose-option-catalog&cate_id=2518&page=https://mail.idolatekno.com/remote.do?items/037016450.htm HTTP/1.1" 200 86023 "-" "Mozilla/5.0 (Linux; Android 6.0.1; Nexus 5X Build/MMB29P) AppleWebKit/537.36 (KHTML, like Gecko) Chrome/143.0.7499.192 Mobile Safari/537.36 (compatible; Googlebot/2.1; +http://www.google.com/bot.html)"
74.7.241.58 - - [22/Jan/2026:08:10:00 -0500] "GET /q-~291RH0O5tnNVodXRuNGOLrigUJg1T9iRG19099/ HTTP/1.1" 200 - "https://idolatekno.com/?sitemap305.xml" "Mozilla/5.0 AppleWebKit/537.36 (KHTML, like Gecko; compatible; GPTBot/1.3; +https://openai.com/gptbot)"
66.249.64.130 - - [22/Jan/2026:08:10:02 -0500] "GET /?x=2166640003788&channel=107e18&from=https://idolatekno.com/super.py?items/257038222.htm HTTP/1.1" 200 85758 "-" "Mozilla/5.0 (Linux; Android 6.0.1; Nexus 5X Build/MMB29P) AppleWebKit/537.36 (KHTML, like Gecko) Chrome/143.0.7499.192 Mobile Safari/537.36 (compatible; GoogleOther)"
74.7.241.58 - - [22/Jan/2026:08:10:03 -0500] "GET /q-~52rZSarw6xREOnvl1n98RTZaCTb8Lnuy22742/ HTTP/1.1" 200 - "https://idolatekno.com/sitemap16.xml" "Mozilla/5.0 AppleWebKit/537.36 (KHTML, like Gecko; compatible; GPTBot/1.3; +https://openai.com/gptbot)"
2a03:2880:f80e:2d:: - - [22/Jan/2026:08:10:03 -0500] "GET /m/brist51358708?id=1374966 HTTP/1.1" 200 - "-" "meta-externalagent/1.1 (+https://developers.facebook.com/docs/sharing/webmasters/crawler)"
66.249.64.129 - - [22/Jan/2026:08:10:05 -0500] "GET /q-~161sHsD9yNdY0uARHOs6i4FTqlyno5iPK37173/ HTTP/1.1" 200 85551 "-" "Mozilla/5.0 (Linux; Android 6.0.1; Nexus 5X Build/MMB29P) AppleWebKit/537.36 (KHTML, like Gecko) Chrome/143.0.7499.192 Mobile Safari/537.36 (compatible; GoogleOther)"
74.7.241.58 - - [22/Jan/2026:08:10:06 -0500] "GET /q-~235eUeGwDoW40ClLyo5U67PPmotBAdLTG20843/ HTTP/1.1" 200 - "https://idolatekno.com/?sitemap1000.xml" "Mozilla/5.0 AppleWebKit/537.36 (KHTML, like Gecko; compatible; GPTBot/1.3; +https://openai.com/gptbot)"
66.249.70.32 - - [22/Jan/2026:08:10:07 -0500] "GET /?pid=26304226231&channel=brand-gym-example&cate_id=2518&page=https://mail.idolatekno.com/remote.do?items/059035860.htm HTTP/1.1" 200 85369 "-" "Mozilla/5.0 (Linux; Android 6.0.1; Nexus 5X Build/MMB29P) AppleWebKit/537.36 (KHTML, like Gecko) Chrome/143.0.7499.192 Mobile Safari/537.36 (compatible; Googlebot/2.1; +http://www.google.com/bot.html)"
114.119.153.93 - - [22/Jan/2026:08:10:09 -0500] "GET /q-~216YkLwzSsd47nAZPwpw9xrw5rPqxtOeN46460/ HTTP/1.1" 200 - "https://mail.idolatekno.com/sitemapd.xml" "Mozilla/5.0 (Linux; Android 7.0;) AppleWebKit/537.36 (KHTML, like Gecko) Mobile Safari/537.36 (compatible; PetalBot;+https://webmaster.petalsearch.com/site/petalbot)"
74.7.241.58 - - [22/Jan/2026:08:10:10 -0500] "GET /q-~155P7DVfsBA6cMhZcJa6bBt2xsFnKkbZw13623/ HTTP/1.1" 200 - "https://idolatekno.com/?sitemap317.xml" "Mozilla/5.0 AppleWebKit/537.36 (KHTML, like Gecko; compatible; GPTBot/1.3; +https://openai.com/gptbot)"
74.7.241.58 - - [22/Jan/2026:08:10:13 -0500] "GET /q-~199BN5jvVTSoCjMNn3j1l4qKBTIoX1IAG47945/ HTTP/1.1" 200 - "https://idolatekno.com/?sitemap503.xml" "Mozilla/5.0 AppleWebKit/537.36 (KHTML, like Gecko; compatible; GPTBot/1.3; +https://openai.com/gptbot)"
66.249.70.32 - - [22/Jan/2026:08:10:15 -0500] "GET /?pid=26304226231&channel=artist-implication-master&cate_id=2518&page=https://mail.idolatekno.com/remote.do?items/115022438.htm HTTP/1.1" 200 85681 "-" "Mozilla/5.0 (Linux; Android 6.0.1; Nexus 5X Build/MMB29P) AppleWebKit/537.36 (KHTML, like Gecko) Chrome/143.0.7499.192 Mobile Safari/537.36 (compatible; Googlebot/2.1; +http://www.google.com/bot.html)"
74.7.241.58 - - [22/Jan/2026:08:10:16 -0500] "GET /q-~123Xs6IpMNPx1SpxYUGj9On4xVUlSj9BO16743/ HTTP/1.1" 200 - "https://idolatekno.com/sitemap21.xml" "Mozilla/5.0 AppleWebKit/537.36 (KHTML, like Gecko; compatible; GPTBot/1.3; +https://openai.com/gptbot)"
66.249.64.129 - - [22/Jan/2026:08:10:16 -0500] "GET /pcmypage?callback=/product%2Fdetail%2m99737987937 HTTP/1.1" 403 568961 "-" "Mozilla/5.0 (Linux; Android 6.0.1; Nexus 5X Build/MMB29P) AppleWebKit/537.36 (KHTML, like Gecko) Chrome/143.0.7499.192 Mobile Safari/537.36 (compatible; GoogleOther)"
74.7.241.58 - - [22/Jan/2026:08:10:19 -0500] "GET /q-~235Yd0yyGD4ImmoEGwKNzrDoi8nXsO0sm43191/ HTTP/1.1" 200 - "https://idolatekno.com/sitemap29.xml" "Mozilla/5.0 AppleWebKit/537.36 (KHTML, like Gecko; compatible; GPTBot/1.3; +https://openai.com/gptbot)"
74.7.241.58 - - [22/Jan/2026:08:10:22 -0500] "GET /q-~65g71df1T75LSQpfJxWwvsNLXsaNzKSJ16923/ HTTP/1.1" 200 - "https://idolatekno.com/sitemap73.xml" "Mozilla/5.0 AppleWebKit/537.36 (KHTML, like Gecko; compatible; GPTBot/1.3; +https://openai.com/gptbot)"
66.249.70.32 - - [22/Jan/2026:08:10:22 -0500] "GET /?pid=26304226231&channel=biological-convention-vaccine&cate_id=2518&page=https://mail.idolatekno.com/remote.do?items/214021613.htm HTTP/1.1" 200 85681 "-" "Mozilla/5.0 (Linux; Android 6.0.1; Nexus 5X Build/MMB29P) AppleWebKit/537.36 (KHTML, like Gecko) Chrome/143.0.7499.192 Mobile Safari/537.36 (compatible; Googlebot/2.1; +http://www.google.com/bot.html)"
66.249.64.128 - - [22/Jan/2026:08:10:23 -0500] "GET /pcmypage?callback=/product%2Fdetail%2m45685925783 HTTP/1.1" 403 556513 "-" "Mozilla/5.0 (Linux; Android 6.0.1; Nexus 5X Build/MMB29P) AppleWebKit/537.36 (KHTML, like Gecko) Chrome/143.0.7499.192 Mobile Safari/537.36 (compatible; GoogleOther)"
74.7.241.58 - - [22/Jan/2026:08:10:25 -0500] "GET /q-~284w98TkrCUceMvuNZOFS4LruRrfNyn2x47322/ HTTP/1.1" 200 - "https://idolatekno.com/?sitemap305.xml" "Mozilla/5.0 AppleWebKit/537.36 (KHTML, like Gecko; compatible; GPTBot/1.3; +https://openai.com/gptbot)"
72.50.5.179 - - [22/Jan/2026:08:10:26 -0500] "GET /q-~277zSiboICPExTjUNYXDvgKXrLaInzqEa23371/ HTTP/1.1" 200 - "-" "Mozilla/5.0 (X11; U; Linux i686; en-US) AppleWebKit/534.16 (KHTML, like Gecko) Ubuntu/10.10 Chromium/10.0.648.0 Chrome/10.0.648.0 Safari/534.16"
74.7.241.58 - - [22/Jan/2026:08:10:28 -0500] "GET /q-~67mfZZjbIB2Xd43ZpM1XZTpytRPj3Iax28141/ HTTP/1.1" 200 - "https://idolatekno.com/?sitemap442.xml" "Mozilla/5.0 AppleWebKit/537.36 (KHTML, like Gecko; compatible; GPTBot/1.3; +https://openai.com/gptbot)"
66.249.70.32 - - [22/Jan/2026:08:10:30 -0500] "GET /?pid=26304226231&channel=meantime-self-esteem-era&cate_id=2518&page=https://mail.idolatekno.com/remote.do?items/251025678.htm HTTP/1.1" 200 85640 "-" "Mozilla/5.0 (Linux; Android 6.0.1; Nexus 5X Build/MMB29P) AppleWebKit/537.36 (KHTML, like Gecko) Chrome/143.0.7499.192 Mobile Safari/537.36 (compatible; Googlebot/2.1; +http://www.google.com/bot.html)"
66.249.64.129 - - [22/Jan/2026:08:10:31 -0500] "GET /q-~55fakyOPLZY8oTQdvwmxb440baUCCtZZ18213/ HTTP/1.1" 200 85785 "-" "Mozilla/5.0 (Linux; Android 6.0.1; Nexus 5X Build/MMB29P) AppleWebKit/537.36 (KHTML, like Gecko) Chrome/143.0.7499.192 Mobile Safari/537.36 (compatible; GoogleOther)"
74.7.241.58 - - [22/Jan/2026:08:10:32 -0500] "GET /q-~204HafNHGY9FepNps3h82fyuY6vrdwOFF34798/ HTTP/1.1" 200 - "https://idolatekno.com/sitemap29.xml" "Mozilla/5.0 AppleWebKit/537.36 (KHTML, like Gecko; compatible; GPTBot/1.3; +https://openai.com/gptbot)"
114.119.133.190 - - [22/Jan/2026:08:10:34 -0500] "GET /q-~216OtFFdab9smN63tDdvfvZzMx70Jww1K47520/ HTTP/1.1" 200 - "https://mail.idolatekno.com/sitemapd.xml" "Mozilla/5.0 (Linux; Android 7.0;) AppleWebKit/537.36 (KHTML, like Gecko) Mobile Safari/537.36 (compatible; PetalBot;+https://webmaster.petalsearch.com/site/petalbot)"
74.7.241.58 - - [22/Jan/2026:08:10:35 -0500] "GET /q-~78BJc8WDpREsQ0eiSPrcz1pcgD1nR7WO37418/ HTTP/1.1" 200 - "https://idolatekno.com/sitemap1.xml" "Mozilla/5.0 AppleWebKit/537.36 (KHTML, like Gecko; compatible; GPTBot/1.3; +https://openai.com/gptbot)"
66.249.70.32 - - [22/Jan/2026:08:10:37 -0500] "GET /?pid=26304226231&channel=icon-fellow-robot&cate_id=2518&page=https://mail.idolatekno.com/remote.do?q-~112xZeihrq1nXXJEwg64VKBZDlalGAL0E5154/ HTTP/1.1" 200 85252 "-" "Mozilla/5.0 (Linux; Android 6.0.1; Nexus 5X Build/MMB29P) AppleWebKit/537.36 (KHTML, like Gecko) Chrome/143.0.7499.192 Mobile Safari/537.36 (compatible; Googlebot/2.1; +http://www.google.com/bot.html)"
74.7.241.58 - - [22/Jan/2026:08:10:38 -0500] "GET /q-~233BnJFQr71DeEKN3AcoLqEQeXGoL90Pv38805/ HTTP/1.1" 200 - "https://idolatekno.com/sitemap73.xml" "Mozilla/5.0 AppleWebKit/537.36 (KHTML, like Gecko; compatible; GPTBot/1.3; +https://openai.com/gptbot)"
2a03:2880:f80e:5d:: - - [22/Jan/2026:08:10:39 -0500] "GET /m/becau72756742?id=2773000 HTTP/1.1" 200 - "-" "meta-externalagent/1.1 (+https://developers.facebook.com/docs/sharing/webmasters/crawler)"
66.249.64.129 - - [22/Jan/2026:08:10:40 -0500] "GET /q-~252tgzEjpgwmqmNDYPQiZdvDPRYQGPZFj5502/ HTTP/1.1" 200 85766 "-" "Mozilla/5.0 (Linux; Android 6.0.1; Nexus 5X Build/MMB29P) AppleWebKit/537.36 (KHTML, like Gecko) Chrome/143.0.7499.192 Mobile Safari/537.36 (compatible; GoogleOther)"
74.7.241.58 - - [22/Jan/2026:08:10:41 -0500] "GET /q-~121KMH4k2FphREab88FzsAfpAWGALWetG20465/ HTTP/1.1" 200 - "https://idolatekno.com/?sitemap317.xml" "Mozilla/5.0 AppleWebKit/537.36 (KHTML, like Gecko; compatible; GPTBot/1.3; +https://openai.com/gptbot)"
74.7.241.58 - - [22/Jan/2026:08:10:44 -0500] "GET /q-~261J9iixhMm1hrCaFnzdF6DPCY1pJm6uc45255/ HTTP/1.1" 200 - "https://idolatekno.com/?sitemap503.xml" "Mozilla/5.0 AppleWebKit/537.36 (KHTML, like Gecko; compatible; GPTBot/1.3; +https://openai.com/gptbot)"
66.249.64.128 - - [22/Jan/2026:08:10:45 -0500] "GET /q-~176o8Hl3nzkhKChfcZjH0AvMclJtwuWUl48400/ HTTP/1.1" 200 86200 "-" "Mozilla/5.0 (Linux; Android 6.0.1; Nexus 5X Build/MMB29P) AppleWebKit/537.36 (KHTML, like Gecko) Chrome/143.0.7499.192 Mobile Safari/537.36 (compatible; GoogleOther)"
66.249.70.32 - - [22/Jan/2026:08:10:45 -0500] "GET /?pid=26304226231&channel=green-cell-useful&cate_id=2518&page=https://mail.idolatekno.com/remote.do?q-~205kcRu0CILAWodB9KD0UyyYujNqY1rYb34321/ HTTP/1.1" 200 85971 "-" "Mozilla/5.0 (Linux; Android 6.0.1; Nexus 5X Build/MMB29P) AppleWebKit/537.36 (KHTML, like Gecko) Chrome/143.0.7499.192 Mobile Safari/537.36 (compatible; Googlebot/2.1; +http://www.google.com/bot.html)"
2a03:2880:f80e:57:: - - [22/Jan/2026:08:10:46 -0500] "GET /?t=1231545j4gbbh HTTP/1.1" 200 - "-" "meta-externalagent/1.1 (+https://developers.facebook.com/docs/sharing/webmasters/crawler)"
74.7.241.58 - - [22/Jan/2026:08:10:47 -0500] "GET /q-~145yF9J3RxUOFZRitpIy6aUj5MFw6mzrM35671/ HTTP/1.1" 200 - "https://idolatekno.com/?sitemap1000.xml" "Mozilla/5.0 AppleWebKit/537.36 (KHTML, like Gecko; compatible; GPTBot/1.3; +https://openai.com/gptbot)"
74.7.241.58 - - [22/Jan/2026:08:10:51 -0500] "GET /q-~215obXFgFgrgDegveo0aB1wnN6TMIOW2Y36519/ HTTP/1.1" 200 - "https://idolatekno.com/?sitemap1000.xml" "Mozilla/5.0 AppleWebKit/537.36 (KHTML, like Gecko; compatible; GPTBot/1.3; +https://openai.com/gptbot)"
66.249.70.33 - - [22/Jan/2026:08:10:53 -0500] "GET /?pid=26304226231&channel=sustain-shot-spokesman&cate_id=2518&page=https://mail.idolatekno.com/remote.do?q-~29qNohCW0NeCfASJzliydUgHD3wBtf1C7153/ HTTP/1.1" 200 86085 "-" "Mozilla/5.0 (Linux; Android 6.0.1; Nexus 5X Build/MMB29P) AppleWebKit/537.36 (KHTML, like Gecko) Chrome/143.0.7499.192 Mobile Safari/537.36 (compatible; Googlebot/2.1; +http://www.google.com/bot.html)"
74.7.241.58 - - [22/Jan/2026:08:10:54 -0500] "GET /q-~245vfX32zP5aEZ4rnIUqaYpXsYmEwMMKU14967/ HTTP/1.1" 200 - "https://idolatekno.com/sitemap27.xml" "Mozilla/5.0 AppleWebKit/537.36 (KHTML, like Gecko; compatible; GPTBot/1.3; +https://openai.com/gptbot)"
66.249.64.128 - - [22/Jan/2026:08:10:57 -0500] "GET /pcmypage?callback=/product%2Fdetail%2m14189735046 HTTP/1.1" 403 553618 "-" "Mozilla/5.0 (Linux; Android 6.0.1; Nexus 5X Build/MMB29P) AppleWebKit/537.36 (KHTML, like Gecko) Chrome/143.0.7499.192 Mobile Safari/537.36 (compatible; GoogleOther)"
74.7.241.58 - - [22/Jan/2026:08:10:57 -0500] "GET /q-~53UDjytH5Ef9rLVSfCfwg37Wn0vXgwWG38027/ HTTP/1.1" 200 - "https://idolatekno.com/?sitemap1000.xml" "Mozilla/5.0 AppleWebKit/537.36 (KHTML, like Gecko; compatible; GPTBot/1.3; +https://openai.com/gptbot)"
66.249.64.129 - - [22/Jan/2026:08:10:59 -0500] "GET /pcmypage?callback=/product%2Fdetail%2m95620497094 HTTP/1.1" 403 553999 "-" "Mozilla/5.0 (Linux; Android 6.0.1; Nexus 5X Build/MMB29P) AppleWebKit/537.36 (KHTML, like Gecko) Chrome/143.0.7499.192 Mobile Safari/537.36 (compatible; GoogleOther)"
74.7.241.58 - - [22/Jan/2026:08:11:00 -0500] "GET /q-~187yeEa7cN94K4lsHCaA4VHNGKRhuEjLC14107/ HTTP/1.1" 200 - "https://idolatekno.com/sitemap1.xml" "Mozilla/5.0 AppleWebKit/537.36 (KHTML, like Gecko; compatible; GPTBot/1.3; +https://openai.com/gptbot)"
114.119.133.190 - - [22/Jan/2026:08:11:02 -0500] "GET /q-~216NO19BWGQVZwZY1TsfldD76zXM5MW1Z41770/ HTTP/1.1" 200 - "https://mail.idolatekno.com/sitemapd.xml" "Mozilla/5.0 (Linux; Android 7.0;) AppleWebKit/537.36 (KHTML, like Gecko) Mobile Safari/537.36 (compatible; PetalBot;+https://webmaster.petalsearch.com/site/petalbot)"
74.7.241.58 - - [22/Jan/2026:08:11:03 -0500] "GET /q-~267m3Ref17qHeRfwf0qHGts6hqNwxqocY41019/ HTTP/1.1" 200 - "https://idolatekno.com/?sitemap503.xml" "Mozilla/5.0 AppleWebKit/537.36 (KHTML, like Gecko; compatible; GPTBot/1.3; +https://openai.com/gptbot)"
66.249.70.34 - - [22/Jan/2026:08:11:04 -0500] "GET /?pid=26304226231&channel=plea-determine-lawsuit&cate_id=2518&page=https://mail.idolatekno.com/remote.do?q-~169Jlewh19gr7cr0XHJAvFkWrAckA22xM26547/ HTTP/1.1" 200 86700 "-" "Mozilla/5.0 (Linux; Android 6.0.1; Nexus 5X Build/MMB29P) AppleWebKit/537.36 (KHTML, like Gecko) Chrome/143.0.7499.192 Mobile Safari/537.36 (compatible; Googlebot/2.1; +http://www.google.com/bot.html)"
2a02:c207:3018:3704::1 - - [22/Jan/2026:08:11:05 -0500] "GET /robots.txt HTTP/1.1" 200 95 "-" "Mozilla/5.0 (compatible; MJ12bot/v1.4.8; http://mj12bot.com/)"
74.7.241.58 - - [22/Jan/2026:08:11:07 -0500] "GET /q-~39q6oNqMowij0kxmP1ouTc3tqEqskC5T31545/ HTTP/1.1" 200 - "https://idolatekno.com/?sitemap317.xml" "Mozilla/5.0 AppleWebKit/537.36 (KHTML, like Gecko; compatible; GPTBot/1.3; +https://openai.com/gptbot)"
2a02:c207:3018:3704::1 - - [22/Jan/2026:08:11:09 -0500] "GET /2025/08/09/%CE%BC%CF%80%CF%8C%CE%BD%CE%BF%CF%85%CF%82-%CE%B4%CE%B9%CE%B1%CE%BA%CE%BF%CF%80%CF%8E%CE%BD/ HTTP/1.1" 200 - "-" "Mozilla/5.0 (compatible; MJ12bot/v1.4.8; http://mj12bot.com/)"
74.7.241.58 - - [22/Jan/2026:08:11:10 -0500] "GET /q-~143fefc2K9JsKNMc2hNPd4ObQpVXHLaid34299/ HTTP/1.1" 200 - "https://idolatekno.com/?sitemap503.xml" "Mozilla/5.0 AppleWebKit/537.36 (KHTML, like Gecko; compatible; GPTBot/1.3; +https://openai.com/gptbot)"
66.249.70.32 - - [22/Jan/2026:08:11:11 -0500] "GET /?pid=26304226231&channel=trading-courtroom-powder&cate_id=2518&page=https://mail.idolatekno.com/remote.do?items/281011628.htm HTTP/1.1" 200 86245 "-" "Mozilla/5.0 (Linux; Android 6.0.1; Nexus 5X Build/MMB29P) AppleWebKit/537.36 (KHTML, like Gecko) Chrome/143.0.7499.192 Mobile Safari/537.36 (compatible; Googlebot/2.1; +http://www.google.com/bot.html)"
66.249.70.33 - - [22/Jan/2026:08:11:12 -0500] "GET /?pid=26304226231&channel=shade-minimize-price&cate_id=2518&page=https://mail.idolatekno.com/remote.do?q-~16VDW8wJGX3tzRL0xNuFhVwQLQqkegHD25584/ HTTP/1.1" 200 86174 "-" "Mozilla/5.0 (Linux; Android 6.0.1; Nexus 5X Build/MMB29P) AppleWebKit/537.36 (KHTML, like Gecko) Chrome/143.0.7499.192 Mobile Safari/537.36 (compatible; Googlebot/2.1; +http://www.google.com/bot.html)"
2a02:c207:3018:3704::1 - - [22/Jan/2026:08:11:13 -0500] "GET /2025/11/13/casino-wildfortune-%E2%9D%80-territoire-francais-%F0%9F%9B%8E%EF%B8%8F/ HTTP/1.1" 200 - "-" "Mozilla/5.0 (compatible; MJ12bot/v1.4.8; http://mj12bot.com/)"
74.7.241.58 - - [22/Jan/2026:08:11:13 -0500] "GET /q-~195maocZ6dgFWdLag5pPYAEc6x8HlPdWa39241/ HTTP/1.1" 200 - "https://idolatekno.com/?sitemap1000.xml" "Mozilla/5.0 AppleWebKit/537.36 (KHTML, like Gecko; compatible; GPTBot/1.3; +https://openai.com/gptbot)"
66.249.64.129 - - [22/Jan/2026:08:11:14 -0500] "GET /q-~18mo1ZN90DR3vBKNeWohrnFy3HXHVdQx11334/ HTTP/1.1" 200 86039 "-" "Mozilla/5.0 (Linux; Android 6.0.1; Nexus 5X Build/MMB29P) AppleWebKit/537.36 (KHTML, like Gecko) Chrome/143.0.7499.192 Mobile Safari/537.36 (compatible; GoogleOther)"
66.249.64.129 - - [22/Jan/2026:08:11:16 -0500] "GET /q-~170h4TOuolfsfKn67oy9DkQ5smOt3ORpu45544/ HTTP/1.1" 200 85578 "-" "Mozilla/5.0 (Linux; Android 6.0.1; Nexus 5X Build/MMB29P) AppleWebKit/537.36 (KHTML, like Gecko) Chrome/143.0.7499.192 Mobile Safari/537.36 (compatible; GoogleOther)"
74.7.241.58 - - [22/Jan/2026:08:11:16 -0500] "GET /q-~208FbtHmo0DmFM5Olr8jRzbjL3FUjtaCr41686/ HTTP/1.1" 200 - "https://idolatekno.com/?sitemap442.xml" "Mozilla/5.0 AppleWebKit/537.36 (KHTML, like Gecko; compatible; GPTBot/1.3; +https://openai.com/gptbot)"
66.249.70.32 - - [22/Jan/2026:08:11:19 -0500] "GET /?pid=26304226231&channel=administration-fairly-spokesman&cate_id=2518&page=https://mail.idolatekno.com/remote.do?q-~199lftNULqTDPnxfgI89inzhWBPty4Xvb6471/ HTTP/1.1" 200 87040 "-" "Mozilla/5.0 (Linux; Android 6.0.1; Nexus 5X Build/MMB29P) AppleWebKit/537.36 (KHTML, like Gecko) Chrome/143.0.7499.192 Mobile Safari/537.36 (compatible; Googlebot/2.1; +http://www.google.com/bot.html)"
74.7.241.58 - - [22/Jan/2026:08:11:19 -0500] "GET /q-~100XxKnihIIqOS83hN6hg6vltcOVyB5pI28036/ HTTP/1.1" 200 - "https://idolatekno.com/?sitemap1000.xml" "Mozilla/5.0 AppleWebKit/537.36 (KHTML, like Gecko; compatible; GPTBot/1.3; +https://openai.com/gptbot)"
74.7.241.58 - - [22/Jan/2026:08:11:22 -0500] "GET /q-~149UDjytH5Ef9rLVSfCfwg37Wn0vXgwWG37931/ HTTP/1.1" 200 - "https://idolatekno.com/?sitemap317.xml" "Mozilla/5.0 AppleWebKit/537.36 (KHTML, like Gecko; compatible; GPTBot/1.3; +https://openai.com/gptbot)"
74.7.241.58 - - [22/Jan/2026:08:11:26 -0500] "GET /q-~216MTeVz0kqQFYvOTMbjvTr4A4J5k8rPv37012/ HTTP/1.1" 200 - "https://idolatekno.com/sitemap49.xml" "Mozilla/5.0 AppleWebKit/537.36 (KHTML, like Gecko; compatible; GPTBot/1.3; +https://openai.com/gptbot)"
66.249.70.32 - - [22/Jan/2026:08:11:26 -0500] "GET /?pid=26304226231&channel=personality-unique-pretend&cate_id=2518&page=https://mail.idolatekno.com/remote.do?q-~87wp2vXdWBlzYKCMpaRDPKLROdLYmUnG24969/ HTTP/1.1" 200 85481 "-" "Mozilla/5.0 (Linux; Android 6.0.1; Nexus 5X Build/MMB29P) AppleWebKit/537.36 (KHTML, like Gecko) Chrome/143.0.7499.192 Mobile Safari/537.36 (compatible; Googlebot/2.1; +http://www.google.com/bot.html)"
66.249.64.132 - - [22/Jan/2026:08:11:28 -0500] "GET /pcmypage?callback=/product%2Fdetail%2m32011070202 HTTP/1.1" 403 553894 "-" "Mozilla/5.0 (Linux; Android 6.0.1; Nexus 5X Build/MMB29P) AppleWebKit/537.36 (KHTML, like Gecko) Chrome/143.0.7499.192 Mobile Safari/537.36 (compatible; GoogleOther)"
74.7.241.58 - - [22/Jan/2026:08:11:29 -0500] "GET /q-~49T4xgKZge3FdszGNqTEqeX84iuD1Bge10219/ HTTP/1.1" 200 - "https://idolatekno.com/?sitemap442.xml" "Mozilla/5.0 AppleWebKit/537.36 (KHTML, like Gecko; compatible; GPTBot/1.3; +https://openai.com/gptbot)"
114.119.130.27 - - [22/Jan/2026:08:11:29 -0500] "GET /q-~216KlvqnArAT1AAOlFS8LqTiIRqTf2f0B4692/ HTTP/1.1" 200 - "https://mail.idolatekno.com/sitemapc.xml" "Mozilla/5.0 (Linux; Android 7.0;) AppleWebKit/537.36 (KHTML, like Gecko) Mobile Safari/537.36 (compatible; PetalBot;+https://webmaster.petalsearch.com/site/petalbot)"
66.249.64.132 - - [22/Jan/2026:08:11:31 -0500] "GET /?x=2166640003788&channel=107e18&from=https://idolatekno.com/super.py?items/072001581.htm HTTP/1.1" 200 86638 "-" "Mozilla/5.0 (Linux; Android 6.0.1; Nexus 5X Build/MMB29P) AppleWebKit/537.36 (KHTML, like Gecko) Chrome/143.0.7499.192 Mobile Safari/537.36 (compatible; GoogleOther)"
74.7.241.58 - - [22/Jan/2026:08:11:32 -0500] "GET /q-~196zfLnpMNaKwuqv5t8G6JNQmxfPK3LQm28660/ HTTP/1.1" 200 - "https://idolatekno.com/sitemap78.xml" "Mozilla/5.0 AppleWebKit/537.36 (KHTML, like Gecko; compatible; GPTBot/1.3; +https://openai.com/gptbot)"
66.249.70.33 - - [22/Jan/2026:08:11:34 -0500] "GET /?pid=26304226231&channel=million-philosophy-rebuild&cate_id=2518&page=https://mail.idolatekno.com/remote.do?q-~115NkYYn2g0hfjyET0YoJqsuFWYc7mhYZ44489/ HTTP/1.1" 200 86599 "-" "Mozilla/5.0 (Linux; Android 6.0.1; Nexus 5X Build/MMB29P) AppleWebKit/537.36 (KHTML, like Gecko) Chrome/143.0.7499.192 Mobile Safari/537.36 (compatible; Googlebot/2.1; +http://www.google.com/bot.html)"
74.7.241.58 - - [22/Jan/2026:08:11:35 -0500] "GET /q-~256UNrMfK13rVxKxNOqqQt7GZP3OfzsLb23898/ HTTP/1.1" 200 - "https://idolatekno.com/?sitemap305.xml" "Mozilla/5.0 AppleWebKit/537.36 (KHTML, like Gecko; compatible; GPTBot/1.3; +https://openai.com/gptbot)"
74.7.241.58 - - [22/Jan/2026:08:11:38 -0500] "GET /q-~296gsHay0XvNnDT6VqKQwnNvN4k2Sws1X45406/ HTTP/1.1" 200 - "https://idolatekno.com/?sitemap317.xml" "Mozilla/5.0 AppleWebKit/537.36 (KHTML, like Gecko; compatible; GPTBot/1.3; +https://openai.com/gptbot)"
66.249.70.33 - - [22/Jan/2026:08:11:41 -0500] "GET /?pid=26304226231&channel=deck-fighting-capture&cate_id=2518&page=https://mail.idolatekno.com/remote.do?items/021043712.htm HTTP/1.1" 200 85814 "-" "Mozilla/5.0 (Linux; Android 6.0.1; Nexus 5X Build/MMB29P) AppleWebKit/537.36 (KHTML, like Gecko) Chrome/143.0.7499.192 Mobile Safari/537.36 (compatible; Googlebot/2.1; +http://www.google.com/bot.html)"
74.7.241.58 - - [22/Jan/2026:08:11:41 -0500] "GET /q-~272UYq7vz4RIrT5rITjfkOCXtgN2SR4GQ6536/ HTTP/1.1" 200 - "https://idolatekno.com/?sitemap317.xml" "Mozilla/5.0 AppleWebKit/537.36 (KHTML, like Gecko; compatible; GPTBot/1.3; +https://openai.com/gptbot)"
103.10.194.37 - - [22/Jan/2026:08:11:42 -0500] "GET /q-~286uu3IllHdHqlKwF5VU3x1NOGI6n8ckA49282/ HTTP/1.1" 200 - "-" "Mozilla/5.0 (Windows NT 6.1; rv:12.0) Gecko/20120403211507 Firefox/14.0.1"
66.249.64.132 - - [22/Jan/2026:08:11:43 -0500] "GET /?x=2166640003788&channel=107e18&from=https://idolatekno.com/super.py?items/146021585.htm HTTP/1.1" 200 85556 "-" "Mozilla/5.0 (Linux; Android 6.0.1; Nexus 5X Build/MMB29P) AppleWebKit/537.36 (KHTML, like Gecko) Chrome/143.0.7499.192 Mobile Safari/537.36 (compatible; GoogleOther)"
74.7.241.58 - - [22/Jan/2026:08:11:44 -0500] "GET /q-~200uXlGuMuBqeAI9SxZM764ZvzzG3jAvC36510/ HTTP/1.1" 200 - "https://idolatekno.com/sitemap63.xml" "Mozilla/5.0 AppleWebKit/537.36 (KHTML, like Gecko; compatible; GPTBot/1.3; +https://openai.com/gptbot)"
74.7.241.58 - - [22/Jan/2026:08:11:48 -0500] "GET /q-~187bkRwSRbsp3TEkkQYIK6y0ZPTUe99Vq30611/ HTTP/1.1" 200 - "https://idolatekno.com/?sitemap305.xml" "Mozilla/5.0 AppleWebKit/537.36 (KHTML, like Gecko; compatible; GPTBot/1.3; +https://openai.com/gptbot)"
66.249.70.32 - - [22/Jan/2026:08:11:48 -0500] "GET /?pid=26304226231&channel=gifted-inherent-raise&cate_id=2518&page=https://mail.idolatekno.com/remote.do?q-~237Unz3gWdMszfYcCb7IKASVYN57xbbyJ29217/ HTTP/1.1" 200 86015 "-" "Mozilla/5.0 (Linux; Android 6.0.1; Nexus 5X Build/MMB29P) AppleWebKit/537.36 (KHTML, like Gecko) Chrome/143.0.7499.192 Mobile Safari/537.36 (compatible; Googlebot/2.1; +http://www.google.com/bot.html)"
66.249.64.132 - - [22/Jan/2026:08:11:48 -0500] "GET /pcmypage?callback=/product%2Fdetail%2m93760700564 HTTP/1.1" 403 553702 "-" "Mozilla/5.0 (Linux; Android 6.0.1; Nexus 5X Build/MMB29P) AppleWebKit/537.36 (KHTML, like Gecko) Chrome/143.0.7499.192 Mobile Safari/537.36 (compatible; GoogleOther)"
74.7.241.58 - - [22/Jan/2026:08:11:51 -0500] "GET /q-~211WALmceiYuVPc9e18J2BmbyRRZOYQRa42883/ HTTP/1.1" 200 - "https://idolatekno.com/sitemap1.xml" "Mozilla/5.0 AppleWebKit/537.36 (KHTML, like Gecko; compatible; GPTBot/1.3; +https://openai.com/gptbot)"
74.7.241.58 - - [22/Jan/2026:08:11:54 -0500] "GET /q-~241DFc4JDEqlWSdDddD06ZfBMl4O2wFrk39567/ HTTP/1.1" 200 - "https://idolatekno.com/sitemap21.xml" "Mozilla/5.0 AppleWebKit/537.36 (KHTML, like Gecko; compatible; GPTBot/1.3; +https://openai.com/gptbot)"
