66.249.70.37 - - [22/Jan/2026:07:43:57 -0500] "GET /?pid=26304226231&channel=grape-belief-diagnosis&cate_id=2518&page=https://mail.idolatekno.com/remote.do?items/070029165.htm HTTP/1.1" 200 85374 "-" "Mozilla/5.0 (Linux; Android 6.0.1; Nexus 5X Build/MMB29P) AppleWebKit/537.36 (KHTML, like Gecko) Chrome/143.0.7499.192 Mobile Safari/537.36 (compatible; Googlebot/2.1; +http://www.google.com/bot.html)"
74.7.241.58 - - [22/Jan/2026:07:43:59 -0500] "GET /q-~58vbinGrKPxbb9Oq8uupU9TeS4ROp1Dn43362/ HTTP/1.1" 200 - "https://idolatekno.com/?sitemap317.xml" "Mozilla/5.0 AppleWebKit/537.36 (KHTML, like Gecko; compatible; GPTBot/1.3; +https://openai.com/gptbot)"
74.7.241.58 - - [22/Jan/2026:07:44:01 -0500] "GET /q-~93yr354NLsjSendfLqFwZU5O4DLkyVqS24573/ HTTP/1.1" 200 - "https://idolatekno.com/sitemap16.xml" "Mozilla/5.0 AppleWebKit/537.36 (KHTML, like Gecko; compatible; GPTBot/1.3; +https://openai.com/gptbot)"
74.7.241.58 - - [22/Jan/2026:07:44:05 -0500] "GET /q-~247YuIk45MHo3zCtfSLYwFDBjzYZJL43s34217/ HTTP/1.1" 200 - "https://idolatekno.com/?sitemap442.xml" "Mozilla/5.0 AppleWebKit/537.36 (KHTML, like Gecko; compatible; GPTBot/1.3; +https://openai.com/gptbot)"
66.249.70.37 - - [22/Jan/2026:07:44:05 -0500] "GET /?pid=26304226231&channel=import-nine-tremendous&cate_id=2518&page=https://mail.idolatekno.com/remote.do?items/150021515.htm HTTP/1.1" 200 85514 "-" "Mozilla/5.0 (Linux; Android 6.0.1; Nexus 5X Build/MMB29P) AppleWebKit/537.36 (KHTML, like Gecko) Chrome/143.0.7499.192 Mobile Safari/537.36 (compatible; Googlebot/2.1; +http://www.google.com/bot.html)"
66.249.64.129 - - [22/Jan/2026:07:44:07 -0500] "GET /?x=2166640003788&channel=107e18&from=https://idolatekno.com/super.py?q-~138xqXmsvprfPDBflUWJMR2a5fFY7OSDb31440/ HTTP/1.1" 200 86813 "-" "Mozilla/5.0 (Linux; Android 6.0.1; Nexus 5X Build/MMB29P) AppleWebKit/537.36 (KHTML, like Gecko) Chrome/143.0.7499.192 Mobile Safari/537.36 (compatible; GoogleOther)"
74.7.241.58 - - [22/Jan/2026:07:44:10 -0500] "GET /q-~283GJ1L47wWy1zLgQxBgPlwASQAvFaToP48731/ HTTP/1.1" 200 - "https://idolatekno.com/sitemap79.xml" "Mozilla/5.0 AppleWebKit/537.36 (KHTML, like Gecko; compatible; GPTBot/1.3; +https://openai.com/gptbot)"
66.249.64.129 - - [22/Jan/2026:07:44:10 -0500] "GET /?x=2166640003788&channel=107e18&from=https://idolatekno.com/super.py?items/157002180.htm HTTP/1.1" 200 85451 "-" "Mozilla/5.0 (Linux; Android 6.0.1; Nexus 5X Build/MMB29P) AppleWebKit/537.36 (KHTML, like Gecko) Chrome/143.0.7499.192 Mobile Safari/537.36 (compatible; GoogleOther)"
74.7.241.58 - - [22/Jan/2026:07:44:11 -0500] "GET /q-~37H6ldHPgfnVCzrPc9A3n8zxVv2HOAba15063/ HTTP/1.1" 200 - "https://idolatekno.com/sitemap79.xml" "Mozilla/5.0 AppleWebKit/537.36 (KHTML, like Gecko; compatible; GPTBot/1.3; +https://openai.com/gptbot)"
66.249.70.37 - - [22/Jan/2026:07:44:12 -0500] "GET /?pid=26304226231&channel=hike-occasional-period&cate_id=2518&page=https://mail.idolatekno.com/remote.do?items/092023437.htm HTTP/1.1" 200 86116 "-" "Mozilla/5.0 (Linux; Android 6.0.1; Nexus 5X Build/MMB29P) AppleWebKit/537.36 (KHTML, like Gecko) Chrome/143.0.7499.192 Mobile Safari/537.36 (compatible; Googlebot/2.1; +http://www.google.com/bot.html)"
66.249.64.132 - - [22/Jan/2026:07:44:13 -0500] "GET /q-~150fAy6hvLYgwgJCfWkPot9edTB6O25VT2460/ HTTP/1.1" 200 86220 "-" "Mozilla/5.0 (Linux; Android 6.0.1; Nexus 5X Build/MMB29P) AppleWebKit/537.36 (KHTML, like Gecko) Chrome/143.0.7499.192 Mobile Safari/537.36 (compatible; Googlebot/2.1; +http://www.google.com/bot.html)"
74.7.241.58 - - [22/Jan/2026:07:44:15 -0500] "GET /q-~90aiBhS6y73rXhHEFbyUrA7NtBgFss0D15012/ HTTP/1.1" 200 - "https://idolatekno.com/?sitemap305.xml" "Mozilla/5.0 AppleWebKit/537.36 (KHTML, like Gecko; compatible; GPTBot/1.3; +https://openai.com/gptbot)"
66.249.70.37 - - [22/Jan/2026:07:44:16 -0500] "GET /?pid=26304226231&channel=bulk-consequently-plead&cate_id=2518&page=https://mail.idolatekno.com/remote.do?items/251019158.htm HTTP/1.1" 200 87294 "-" "Mozilla/5.0 (Linux; Android 6.0.1; Nexus 5X Build/MMB29P) AppleWebKit/537.36 (KHTML, like Gecko) Chrome/143.0.7499.192 Mobile Safari/537.36 (compatible; Googlebot/2.1; +http://www.google.com/bot.html)"
74.7.241.58 - - [22/Jan/2026:07:44:17 -0500] "GET /q-~261tHdTvCcVAzscNQTYpaC0hCp46Sk59Y5293/ HTTP/1.1" 200 - "https://idolatekno.com/?sitemap503.xml" "Mozilla/5.0 AppleWebKit/537.36 (KHTML, like Gecko; compatible; GPTBot/1.3; +https://openai.com/gptbot)"
114.119.142.186 - - [22/Jan/2026:07:44:18 -0500] "GET /q-~219TQsJ0MJ7cWI4Y2qvu2hAk62T2d0VTh36829/ HTTP/1.1" 200 - "https://mail.idolatekno.com/sitemapc.xml" "Mozilla/5.0 (Linux; Android 7.0;) AppleWebKit/537.36 (KHTML, like Gecko) Mobile Safari/537.36 (compatible; PetalBot;+https://webmaster.petalsearch.com/site/petalbot)"
74.7.241.58 - - [22/Jan/2026:07:44:21 -0500] "GET /q-~144RE8oWole4OTMDAeSnaNC85FL4IGMzk25342/ HTTP/1.1" 200 - "https://idolatekno.com/?sitemap305.xml" "Mozilla/5.0 AppleWebKit/537.36 (KHTML, like Gecko; compatible; GPTBot/1.3; +https://openai.com/gptbot)"
66.249.64.132 - - [22/Jan/2026:07:44:21 -0500] "GET /pcmypage?callback=/product%2Fdetail%2m43260313820 HTTP/1.1" 403 557225 "-" "Mozilla/5.0 (Linux; Android 6.0.1; Nexus 5X Build/MMB29P) AppleWebKit/537.36 (KHTML, like Gecko) Chrome/143.0.7499.192 Mobile Safari/537.36 (compatible; GoogleOther)"
66.249.64.128 - - [22/Jan/2026:07:44:26 -0500] "GET /pcmypage?callback=/product%2Fdetail%2m72673048189 HTTP/1.1" 403 555080 "-" "Mozilla/5.0 (Linux; Android 6.0.1; Nexus 5X Build/MMB29P) AppleWebKit/537.36 (KHTML, like Gecko) Chrome/143.0.7499.192 Mobile Safari/537.36 (compatible; GoogleOther)"
74.7.241.58 - - [22/Jan/2026:07:44:26 -0500] "GET /q-~245d7u2KoXo9puToSgO5P6bBhwukHyzfs9657/ HTTP/1.1" 200 - "https://idolatekno.com/?sitemap503.xml" "Mozilla/5.0 AppleWebKit/537.36 (KHTML, like Gecko; compatible; GPTBot/1.3; +https://openai.com/gptbot)"
74.7.241.58 - - [22/Jan/2026:07:44:27 -0500] "GET /q-~216ev2EhFU6LdmW5Ue4kuWFuGzDZMGuWT32660/ HTTP/1.1" 200 - "https://idolatekno.com/?sitemap1000.xml" "Mozilla/5.0 AppleWebKit/537.36 (KHTML, like Gecko; compatible; GPTBot/1.3; +https://openai.com/gptbot)"
66.249.70.36 - - [22/Jan/2026:07:44:30 -0500] "GET /?pid=26304226231&channel=swell-conference-virtually&cate_id=2518&page=https://mail.idolatekno.com/remote.do?items/092023551.htm HTTP/1.1" 200 85237 "-" "Mozilla/5.0 (Linux; Android 6.0.1; Nexus 5X Build/MMB29P) AppleWebKit/537.36 (KHTML, like Gecko) Chrome/143.0.7499.192 Mobile Safari/537.36 (compatible; Googlebot/2.1; +http://www.google.com/bot.html)"
74.7.241.58 - - [22/Jan/2026:07:44:35 -0500] "GET /q-~175lZVGxzb7eM17kHXl7epJmoComK1waD17383/ HTTP/1.1" 200 - "https://idolatekno.com/sitemap73.xml" "Mozilla/5.0 AppleWebKit/537.36 (KHTML, like Gecko; compatible; GPTBot/1.3; +https://openai.com/gptbot)"
66.249.64.128 - - [22/Jan/2026:07:44:35 -0500] "GET /q-~112dXHfrYCUfV46Vl1FB8Rf2wMr7o4i8x3898/ HTTP/1.1" 200 85524 "-" "Mozilla/5.0 (Linux; Android 6.0.1; Nexus 5X Build/MMB29P) AppleWebKit/537.36 (KHTML, like Gecko) Chrome/143.0.7499.192 Mobile Safari/537.36 (compatible; GoogleOther)"
74.7.241.58 - - [22/Jan/2026:07:44:36 -0500] "GET /q-~245BarYGlhTd764sI9A2QmjTJQMooITJi24897/ HTTP/1.1" 200 - "https://idolatekno.com/sitemap1.xml" "Mozilla/5.0 AppleWebKit/537.36 (KHTML, like Gecko; compatible; GPTBot/1.3; +https://openai.com/gptbot)"
66.249.70.36 - - [22/Jan/2026:07:44:38 -0500] "GET /?pid=26304226231&channel=balance-participate-instead&cate_id=2518&page=https://mail.idolatekno.com/remote.do?q-~201Urc5Qp090qTjUf9TNGPkwSfPYkFwWv20765/ HTTP/1.1" 200 86714 "-" "Mozilla/5.0 (Linux; Android 6.0.1; Nexus 5X Build/MMB29P) AppleWebKit/537.36 (KHTML, like Gecko) Chrome/143.0.7499.192 Mobile Safari/537.36 (compatible; Googlebot/2.1; +http://www.google.com/bot.html)"
66.249.70.36 - - [22/Jan/2026:07:44:38 -0500] "GET /?b=164237464h5g8 HTTP/1.1" 200 85936 "-" "Mozilla/5.0 (Linux; Android 6.0.1; Nexus 5X Build/MMB29P) AppleWebKit/537.36 (KHTML, like Gecko) Chrome/143.0.7499.192 Mobile Safari/537.36 (compatible; Googlebot/2.1; +http://www.google.com/bot.html)"
74.7.241.58 - - [22/Jan/2026:07:44:39 -0500] "GET /q-~189WjWB98LNyyc6Se4TogvOhdTWYwIR8a48511/ HTTP/1.1" 200 - "https://idolatekno.com/?sitemap317.xml" "Mozilla/5.0 AppleWebKit/537.36 (KHTML, like Gecko; compatible; GPTBot/1.3; +https://openai.com/gptbot)"
74.7.241.58 - - [22/Jan/2026:07:44:41 -0500] "GET /q-~252P3cBkKIbGY1W1ncRGI9thZ5qvSVltW3688/ HTTP/1.1" 200 - "https://idolatekno.com/?sitemap442.xml" "Mozilla/5.0 AppleWebKit/537.36 (KHTML, like Gecko; compatible; GPTBot/1.3; +https://openai.com/gptbot)"
66.249.64.132 - - [22/Jan/2026:07:44:43 -0500] "GET /pcmypage?callback=/product%2Fdetail%2m45143608519 HTTP/1.1" 403 560476 "-" "Mozilla/5.0 (Linux; Android 6.0.1; Nexus 5X Build/MMB29P) AppleWebKit/537.36 (KHTML, like Gecko) Chrome/143.0.7499.192 Mobile Safari/537.36 (compatible; GoogleOther)"
74.7.241.58 - - [22/Jan/2026:07:44:45 -0500] "GET /q-~141bOn8kFZXvD1nYGPRZ8C9WqJZxMD8Ye42527/ HTTP/1.1" 200 - "https://idolatekno.com/?sitemap442.xml" "Mozilla/5.0 AppleWebKit/537.36 (KHTML, like Gecko; compatible; GPTBot/1.3; +https://openai.com/gptbot)"
114.119.130.167 - - [22/Jan/2026:07:44:45 -0500] "GET /q-~219PHmYFKcEJukqr8cQOeJlaeR78imMAx35735/ HTTP/1.1" 200 - "https://mail.idolatekno.com/sitemapd.xml" "Mozilla/5.0 (Linux; Android 7.0;) AppleWebKit/537.36 (KHTML, like Gecko) Mobile Safari/537.36 (compatible; PetalBot;+https://webmaster.petalsearch.com/site/petalbot)"
66.249.79.137 - - [22/Jan/2026:07:44:45 -0500] "GET /?pid=26304226231&channel=hook-wonderful-humor&cate_id=2518&page=https://mail.idolatekno.com/remote.do?items/174028521.htm HTTP/1.1" 200 86839 "-" "Mozilla/5.0 (Linux; Android 6.0.1; Nexus 5X Build/MMB29P) AppleWebKit/537.36 (KHTML, like Gecko) Chrome/143.0.7499.192 Mobile Safari/537.36 (compatible; Googlebot/2.1; +http://www.google.com/bot.html)"
74.7.241.58 - - [22/Jan/2026:07:44:49 -0500] "GET /q-~153ptmeOcdcNvEOclJc3nqk1gPp47kWmw10341/ HTTP/1.1" 200 - "https://idolatekno.com/?sitemap442.xml" "Mozilla/5.0 AppleWebKit/537.36 (KHTML, like Gecko; compatible; GPTBot/1.3; +https://openai.com/gptbot)"
66.249.64.129 - - [22/Jan/2026:07:44:50 -0500] "GET /pcmypage?callback=/product%2Fdetail%2m91879397333 HTTP/1.1" 403 562726 "-" "Mozilla/5.0 (Linux; Android 6.0.1; Nexus 5X Build/MMB29P) AppleWebKit/537.36 (KHTML, like Gecko) Chrome/143.0.7499.192 Mobile Safari/537.36 (compatible; GoogleOther)"
45.228.172.92 - - [22/Jan/2026:07:44:52 -0500] "GET /q-~225nusoiIcnkL8Q0mmJrRmNm9DiWbhK9g12727/ HTTP/1.1" 200 - "-" "Mozilla/5.0 (Windows NT 6.0; WOW64) AppleWebKit/535.19 (KHTML, like Gecko) Chrome/18.0.1025.45 Safari/535.19"
74.7.241.58 - - [22/Jan/2026:07:44:52 -0500] "GET /q-~216qWTQmxHEHoh7aoLSmwj5oeEkwu3j0U40230/ HTTP/1.1" 200 - "https://idolatekno.com/?sitemap442.xml" "Mozilla/5.0 AppleWebKit/537.36 (KHTML, like Gecko; compatible; GPTBot/1.3; +https://openai.com/gptbot)"
66.249.70.36 - - [22/Jan/2026:07:44:52 -0500] "GET /?pid=26304226231&channel=obstacle-enact-rate&cate_id=2518&page=https://mail.idolatekno.com/remote.do?items/153009594.htm HTTP/1.1" 200 85468 "-" "Mozilla/5.0 (Linux; Android 6.0.1; Nexus 5X Build/MMB29P) AppleWebKit/537.36 (KHTML, like Gecko) Chrome/143.0.7499.192 Mobile Safari/537.36 (compatible; Googlebot/2.1; +http://www.google.com/bot.html)"
74.7.241.58 - - [22/Jan/2026:07:44:54 -0500] "GET /q-~254AAPf08BuxsuEWteUyh14DfNkxNILWc13120/ HTTP/1.1" 200 - "https://idolatekno.com/?sitemap317.xml" "Mozilla/5.0 AppleWebKit/537.36 (KHTML, like Gecko; compatible; GPTBot/1.3; +https://openai.com/gptbot)"
111.225.149.14 - - [22/Jan/2026:07:44:56 -0500] "GET / HTTP/1.1" 200 - "-" "Mozilla/5.0 (Linux; Android 5.0) AppleWebKit/537.36 (KHTML, like Gecko) Mobile Safari/537.36 (compatible; Bytespider; https://zhanzhang.toutiao.com/)"
110.249.201.160 - - [22/Jan/2026:07:44:57 -0500] "GET /index.php0 HTTP/1.1" 200 - "-" "Mozilla/5.0 (Linux; Android 5.0) AppleWebKit/537.36 (KHTML, like Gecko) Mobile Safari/537.36 (compatible; Bytespider; https://zhanzhang.toutiao.com/)"
74.7.241.58 - - [22/Jan/2026:07:44:57 -0500] "GET /q-~208N0PTp9JviV9eUWIQVHNhqKDXdNW6BK44694/ HTTP/1.1" 200 - "https://idolatekno.com/sitemap1.xml" "Mozilla/5.0 AppleWebKit/537.36 (KHTML, like Gecko; compatible; GPTBot/1.3; +https://openai.com/gptbot)"
66.249.70.36 - - [22/Jan/2026:07:45:00 -0500] "GET /?pid=26304226231&channel=hint-aim-smile&cate_id=2518&page=https://mail.idolatekno.com/remote.do?items/069012012.htm HTTP/1.1" 200 86344 "-" "Mozilla/5.0 (Linux; Android 6.0.1; Nexus 5X Build/MMB29P) AppleWebKit/537.36 (KHTML, like Gecko) Chrome/143.0.7499.192 Mobile Safari/537.36 (compatible; Googlebot/2.1; +http://www.google.com/bot.html)"
66.249.64.132 - - [22/Jan/2026:07:45:00 -0500] "GET /pcmypage?callback=/product%2Fdetail%2m38100634762 HTTP/1.1" 403 556219 "-" "Mozilla/5.0 (Linux; Android 6.0.1; Nexus 5X Build/MMB29P) AppleWebKit/537.36 (KHTML, like Gecko) Chrome/143.0.7499.192 Mobile Safari/537.36 (compatible; GoogleOther)"
74.7.241.58 - - [22/Jan/2026:07:45:01 -0500] "GET /q-~273yrszfQqOcJMwQeW4O3n4WtaYICHr0N33503/ HTTP/1.1" 200 - "https://idolatekno.com/?sitemap503.xml" "Mozilla/5.0 AppleWebKit/537.36 (KHTML, like Gecko; compatible; GPTBot/1.3; +https://openai.com/gptbot)"
74.7.241.58 - - [22/Jan/2026:07:45:04 -0500] "GET /q-~216esPmTq7mYg7xiAGgqKW6FfvC5SxAQf45588/ HTTP/1.1" 200 - "https://idolatekno.com/sitemap79.xml" "Mozilla/5.0 AppleWebKit/537.36 (KHTML, like Gecko; compatible; GPTBot/1.3; +https://openai.com/gptbot)"
66.249.64.132 - - [22/Jan/2026:07:45:04 -0500] "GET /pcmypage?callback=/product%2Fdetail%2m98402284245 HTTP/1.1" 403 558779 "-" "Mozilla/5.0 (Linux; Android 6.0.1; Nexus 5X Build/MMB29P) AppleWebKit/537.36 (KHTML, like Gecko) Chrome/143.0.7499.192 Mobile Safari/537.36 (compatible; GoogleOther)"
66.249.70.36 - - [22/Jan/2026:07:45:07 -0500] "GET /?pid=26304226231&channel=jail-finally-performer&cate_id=2518&page=https://mail.idolatekno.com/remote.do?items/074024327.htm HTTP/1.1" 200 87002 "-" "Mozilla/5.0 (Linux; Android 6.0.1; Nexus 5X Build/MMB29P) AppleWebKit/537.36 (KHTML, like Gecko) Chrome/143.0.7499.192 Mobile Safari/537.36 (compatible; Googlebot/2.1; +http://www.google.com/bot.html)"
74.7.241.58 - - [22/Jan/2026:07:45:08 -0500] "GET /q-~212z9l5l0kvHmV8ep0VuvigSsjbziQaBH20420/ HTTP/1.1" 200 - "https://idolatekno.com/?sitemap317.xml" "Mozilla/5.0 AppleWebKit/537.36 (KHTML, like Gecko; compatible; GPTBot/1.3; +https://openai.com/gptbot)"
74.7.241.58 - - [22/Jan/2026:07:45:10 -0500] "GET /q-~253Frhy47jFuPWzn3tLr3wocBggdq4iUH23183/ HTTP/1.1" 200 - "https://idolatekno.com/sitemap1.xml" "Mozilla/5.0 AppleWebKit/537.36 (KHTML, like Gecko; compatible; GPTBot/1.3; +https://openai.com/gptbot)"
114.119.142.126 - - [22/Jan/2026:07:45:13 -0500] "GET /q-~219P4nyLUkDDNClTqxRE6Zia9Yt5CXcIG29603/ HTTP/1.1" 200 - "https://mail.idolatekno.com/sitemapb.xml" "Mozilla/5.0 (Linux; Android 7.0;) AppleWebKit/537.36 (KHTML, like Gecko) Mobile Safari/537.36 (compatible; PetalBot;+https://webmaster.petalsearch.com/site/petalbot)"
74.7.241.58 - - [22/Jan/2026:07:45:13 -0500] "GET /q-~98csHDN4eqkqZp1lWlKsaB93vzrF8cfm21316/ HTTP/1.1" 200 - "https://idolatekno.com/?sitemap305.xml" "Mozilla/5.0 AppleWebKit/537.36 (KHTML, like Gecko; compatible; GPTBot/1.3; +https://openai.com/gptbot)"
66.249.70.36 - - [22/Jan/2026:07:45:14 -0500] "GET /robots.txt HTTP/1.1" 200 85922 "-" "Mozilla/5.0 (compatible; Googlebot/2.1; +http://www.google.com/bot.html)"
66.249.70.36 - - [22/Jan/2026:07:45:14 -0500] "GET /?pid=26304226231&channel=mirror-British-see&cate_id=2518&page=https://mail.idolatekno.com/remote.do?q-~151ZhP4Bhaaws9JWRd0wnyhsg4qAVv07f4717/ HTTP/1.1" 200 86440 "-" "Mozilla/5.0 (Linux; Android 6.0.1; Nexus 5X Build/MMB29P) AppleWebKit/537.36 (KHTML, like Gecko) Chrome/143.0.7499.192 Mobile Safari/537.36 (compatible; Googlebot/2.1; +http://www.google.com/bot.html)"
66.249.64.132 - - [22/Jan/2026:07:45:17 -0500] "GET /?x=2166640003788&channel=107e18&from=https://idolatekno.com/super.py?items/160038817.htm HTTP/1.1" 200 85668 "-" "Mozilla/5.0 (Linux; Android 6.0.1; Nexus 5X Build/MMB29P) AppleWebKit/537.36 (KHTML, like Gecko) Chrome/143.0.7499.192 Mobile Safari/537.36 (compatible; GoogleOther)"
74.7.241.58 - - [22/Jan/2026:07:45:17 -0500] "GET /q-~113sUv6WcPhT7KbgTdR2qO5QgnBesVc1z23281/ HTTP/1.1" 200 - "https://idolatekno.com/sitemap14.xml" "Mozilla/5.0 AppleWebKit/537.36 (KHTML, like Gecko; compatible; GPTBot/1.3; +https://openai.com/gptbot)"
66.249.70.36 - - [22/Jan/2026:07:45:15 -0500] "GET /?b=51890309cgh61 HTTP/1.1" 200 86900 "-" "Mozilla/5.0 (Linux; Android 6.0.1; Nexus 5X Build/MMB29P) AppleWebKit/537.36 (KHTML, like Gecko) Chrome/143.0.7499.192 Mobile Safari/537.36 (compatible; Googlebot/2.1; +http://www.google.com/bot.html)"
66.249.64.132 - - [22/Jan/2026:07:45:19 -0500] "GET /pcmypage?callback=/product%2Fdetail%2m60192553245 HTTP/1.1" 403 564009 "-" "Mozilla/5.0 (Linux; Android 6.0.1; Nexus 5X Build/MMB29P) AppleWebKit/537.36 (KHTML, like Gecko) Chrome/143.0.7499.192 Mobile Safari/537.36 (compatible; GoogleOther)"
74.7.241.58 - - [22/Jan/2026:07:45:20 -0500] "GET /q-~33tQQieckl0f0wzIOsuOF2zqavP0oX3e24855/ HTTP/1.1" 200 - "https://idolatekno.com/sitemap73.xml" "Mozilla/5.0 AppleWebKit/537.36 (KHTML, like Gecko; compatible; GPTBot/1.3; +https://openai.com/gptbot)"
2a03:2880:f80e:56:: - - [22/Jan/2026:07:45:20 -0500] "GET /m/abrup30030442?id=46700 HTTP/1.1" 200 - "-" "meta-externalagent/1.1 (+https://developers.facebook.com/docs/sharing/webmasters/crawler)"
74.7.241.58 - - [22/Jan/2026:07:45:23 -0500] "GET /q-~224pugeEzSwrSTX4vKEemTuglA7HV22zm11606/ HTTP/1.1" 200 - "https://idolatekno.com/sitemap63.xml" "Mozilla/5.0 AppleWebKit/537.36 (KHTML, like Gecko; compatible; GPTBot/1.3; +https://openai.com/gptbot)"
66.249.70.37 - - [22/Jan/2026:07:45:24 -0500] "GET /?b=1277074ejje3g HTTP/1.1" 200 86678 "-" "Mozilla/5.0 (Linux; Android 6.0.1; Nexus 5X Build/MMB29P) AppleWebKit/537.36 (KHTML, like Gecko) Chrome/143.0.7499.192 Mobile Safari/537.36 (compatible; Googlebot/2.1; +http://www.google.com/bot.html)"
66.249.70.37 - - [22/Jan/2026:07:45:24 -0500] "GET /?pid=26304226231&channel=trap-routinely-favorite&cate_id=2518&page=https://mail.idolatekno.com/remote.do?q-~131hssLszxCmakoakwMM5Ys6XXxYqO2WI19933/ HTTP/1.1" 200 86076 "-" "Mozilla/5.0 (Linux; Android 6.0.1; Nexus 5X Build/MMB29P) AppleWebKit/537.36 (KHTML, like Gecko) Chrome/143.0.7499.192 Mobile Safari/537.36 (compatible; Googlebot/2.1; +http://www.google.com/bot.html)"
66.249.70.36 - - [22/Jan/2026:07:45:25 -0500] "GET /?pid=26304226231&channel=neat-organizational-sole&cate_id=2518&page=https://mail.idolatekno.com/remote.do?items/050021713.htm HTTP/1.1" 200 85920 "-" "Mozilla/5.0 (Linux; Android 6.0.1; Nexus 5X Build/MMB29P) AppleWebKit/537.36 (KHTML, like Gecko) Chrome/143.0.7499.192 Mobile Safari/537.36 (compatible; Googlebot/2.1; +http://www.google.com/bot.html)"
74.7.241.58 - - [22/Jan/2026:07:45:26 -0500] "GET /q-~281dWMrnbDEVM0G8Kc2hD8Wn3nPbNzjcc36043/ HTTP/1.1" 200 - "https://idolatekno.com/sitemap21.xml" "Mozilla/5.0 AppleWebKit/537.36 (KHTML, like Gecko; compatible; GPTBot/1.3; +https://openai.com/gptbot)"
66.249.70.36 - - [22/Jan/2026:07:45:28 -0500] "GET /?pid=26304226231&channel=compelling-tide-operator&cate_id=2518&page=https://mail.idolatekno.com/remote.do?q-~168tNCmXcpFKbV84Wshp81CeK5dvCzKzK13780/ HTTP/1.1" 200 85692 "-" "Mozilla/5.0 (Linux; Android 6.0.1; Nexus 5X Build/MMB29P) AppleWebKit/537.36 (KHTML, like Gecko) Chrome/143.0.7499.192 Mobile Safari/537.36 (compatible; Googlebot/2.1; +http://www.google.com/bot.html)"
74.7.241.58 - - [22/Jan/2026:07:45:29 -0500] "GET /q-~282sy8YlWyw2JQuHWTseWVz3IDzucP4fd18060/ HTTP/1.1" 200 - "https://idolatekno.com/?sitemap317.xml" "Mozilla/5.0 AppleWebKit/537.36 (KHTML, like Gecko; compatible; GPTBot/1.3; +https://openai.com/gptbot)"
74.7.241.58 - - [22/Jan/2026:07:45:32 -0500] "GET /q-~227ojyzTfyha64BqjySvHIt7n74BPeUBy44305/ HTTP/1.1" 200 - "https://idolatekno.com/?sitemap503.xml" "Mozilla/5.0 AppleWebKit/537.36 (KHTML, like Gecko; compatible; GPTBot/1.3; +https://openai.com/gptbot)"
66.249.70.37 - - [22/Jan/2026:07:45:32 -0500] "GET /?pid=26304226231&channel=hour-automatic-occasion&cate_id=2518&page=https://mail.idolatekno.com/remote.do?items/236015755.htm HTTP/1.1" 200 85596 "-" "Mozilla/5.0 (Linux; Android 6.0.1; Nexus 5X Build/MMB29P) AppleWebKit/537.36 (KHTML, like Gecko) Chrome/143.0.7499.192 Mobile Safari/537.36 (compatible; Googlebot/2.1; +http://www.google.com/bot.html)"
66.249.64.130 - - [22/Jan/2026:07:45:33 -0500] "GET /pcmypage?callback=/product%2Fdetail%2m14332645850 HTTP/1.1" 403 561466 "-" "Mozilla/5.0 (Linux; Android 6.0.1; Nexus 5X Build/MMB29P) AppleWebKit/537.36 (KHTML, like Gecko) Chrome/143.0.7499.192 Mobile Safari/537.36 (compatible; GoogleOther)"
74.7.241.58 - - [22/Jan/2026:07:45:35 -0500] "GET /q-~78oNVSSakjAf6NBUkHSxu1NbY82h9neU27456/ HTTP/1.1" 200 - "https://idolatekno.com/sitemap49.xml" "Mozilla/5.0 AppleWebKit/537.36 (KHTML, like Gecko; compatible; GPTBot/1.3; +https://openai.com/gptbot)"
66.249.64.129 - - [22/Jan/2026:07:45:36 -0500] "GET /?x=2166640003788&channel=107e18&from=https://idolatekno.com/super.py?items/179031852.htm HTTP/1.1" 200 84899 "-" "Mozilla/5.0 (Linux; Android 6.0.1; Nexus 5X Build/MMB29P) AppleWebKit/537.36 (KHTML, like Gecko) Chrome/143.0.7499.192 Mobile Safari/537.36 (compatible; GoogleOther)"
74.7.241.58 - - [22/Jan/2026:07:45:39 -0500] "GET /q-~139cF1tlsHrIaesF7TQsPyGcwpn0lu7fl31007/ HTTP/1.1" 200 - "https://idolatekno.com/sitemap27.xml" "Mozilla/5.0 AppleWebKit/537.36 (KHTML, like Gecko; compatible; GPTBot/1.3; +https://openai.com/gptbot)"
66.249.70.36 - - [22/Jan/2026:07:45:40 -0500] "GET /?pid=26304226231&channel=temple-enhance-cheat&cate_id=2518&page=https://mail.idolatekno.com/remote.do?q-~140orscjFLspCPT2pWpVECmU6YSalO5xE11986/ HTTP/1.1" 200 86249 "-" "Mozilla/5.0 (Linux; Android 6.0.1; Nexus 5X Build/MMB29P) AppleWebKit/537.36 (KHTML, like Gecko) Chrome/143.0.7499.192 Mobile Safari/537.36 (compatible; Googlebot/2.1; +http://www.google.com/bot.html)"
114.119.142.186 - - [22/Jan/2026:07:45:41 -0500] "GET /q-~219MLF9IdLePs24JIT6M5rQANOtMnGNPx37063/ HTTP/1.1" 200 - "https://mail.idolatekno.com/sitemapd.xml" "Mozilla/5.0 (Linux; Android 7.0;) AppleWebKit/537.36 (KHTML, like Gecko) Mobile Safari/537.36 (compatible; PetalBot;+https://webmaster.petalsearch.com/site/petalbot)"
74.7.241.58 - - [22/Jan/2026:07:45:42 -0500] "GET /q-~191XkU3C7zMpFodTXJZILHF6L5LeQFDIc41071/ HTTP/1.1" 200 - "https://idolatekno.com/sitemap27.xml" "Mozilla/5.0 AppleWebKit/537.36 (KHTML, like Gecko; compatible; GPTBot/1.3; +https://openai.com/gptbot)"
74.7.241.58 - - [22/Jan/2026:07:45:45 -0500] "GET /q-~158KdQN3q0weJoiNdX3CjVboxWxdux00z16988/ HTTP/1.1" 200 - "https://idolatekno.com/sitemap16.xml" "Mozilla/5.0 AppleWebKit/537.36 (KHTML, like Gecko; compatible; GPTBot/1.3; +https://openai.com/gptbot)"
66.249.64.132 - - [22/Jan/2026:07:45:47 -0500] "GET /q-~6eDJfJJjnavZ7Nm2lI9cMQiuhXJfgwC29394/ HTTP/1.1" 200 86347 "-" "Mozilla/5.0 (Linux; Android 6.0.1; Nexus 5X Build/MMB29P) AppleWebKit/537.36 (KHTML, like Gecko) Chrome/143.0.7499.192 Mobile Safari/537.36 (compatible; GoogleOther)"
74.7.241.58 - - [22/Jan/2026:07:45:48 -0500] "GET /q-~91aPiVkm7gWdQgExVm96EMAOl6xJiW6I31043/ HTTP/1.1" 200 - "https://idolatekno.com/sitemap1.xml" "Mozilla/5.0 AppleWebKit/537.36 (KHTML, like Gecko; compatible; GPTBot/1.3; +https://openai.com/gptbot)"
66.249.70.36 - - [22/Jan/2026:07:45:48 -0500] "GET /?pid=26304226231&channel=bush-firmly-various&cate_id=2518&page=https://mail.idolatekno.com/remote.do?items/249040068.htm HTTP/1.1" 200 86280 "-" "Mozilla/5.0 (Linux; Android 6.0.1; Nexus 5X Build/MMB29P) AppleWebKit/537.36 (KHTML, like Gecko) Chrome/143.0.7499.192 Mobile Safari/537.36 (compatible; Googlebot/2.1; +http://www.google.com/bot.html)"
200.80.180.3 - - [22/Jan/2026:07:45:48 -0500] "GET /q-~226k1DKHG2iukMHDpdw1wDKcbh3o9AhMs28562/ HTTP/1.1" 200 - "-" "Mozilla/5.0 (X11; U; Linux x86_64; en-US; rv:1.9.1.15) Gecko/20101027 Mozilla/5.0 (Windows; U; Windows NT 5.2; en-US) AppleWebKit/534.10 (KHTML, like Gecko) Chrome/7.0.540.0 Safari/534.10"
74.7.241.58 - - [22/Jan/2026:07:45:51 -0500] "GET /q-~252ZjVp9nLkF2wdBrY1xWV7OXtrp9QSVF17358/ HTTP/1.1" 200 - "https://idolatekno.com/?sitemap503.xml" "Mozilla/5.0 AppleWebKit/537.36 (KHTML, like Gecko; compatible; GPTBot/1.3; +https://openai.com/gptbot)"
66.249.64.132 - - [22/Jan/2026:07:45:51 -0500] "GET /pcmypage?callback=/product%2Fdetail%2m37938615408 HTTP/1.1" 403 559580 "-" "Mozilla/5.0 (Linux; Android 6.0.1; Nexus 5X Build/MMB29P) AppleWebKit/537.36 (KHTML, like Gecko) Chrome/143.0.7499.192 Mobile Safari/537.36 (compatible; GoogleOther)"
205.169.39.21 - - [22/Jan/2026:07:45:54 -0500] "GET /wp-content/uploads/2014/05/office-for-ipad-195x110.jpg HTTP/1.1" 200 - "http://idolatekno.com/wp-content/uploads/2014/05/office-for-ipad-195x110.jpg" "Mozilla/5.0 (Windows NT 10.0) AppleWebKit/537.36 (KHTML, like Gecko) Chrome/106.0.0.0 Safari/537.36"
74.7.241.58 - - [22/Jan/2026:07:45:55 -0500] "GET /q-~52Osr068Dr1SxvDWu2DezlhDcyDNIRhY37572/ HTTP/1.1" 200 - "https://idolatekno.com/?sitemap317.xml" "Mozilla/5.0 AppleWebKit/537.36 (KHTML, like Gecko; compatible; GPTBot/1.3; +https://openai.com/gptbot)"
66.249.70.36 - - [22/Jan/2026:07:45:55 -0500] "GET /?pid=26304226231&channel=radar-shared-jewelry&cate_id=2518&page=https://mail.idolatekno.com/remote.do?q-~298CapEoZyDY1JVWRGLduPhaM5mjf3tyV30966/ HTTP/1.1" 200 86247 "-" "Mozilla/5.0 (Linux; Android 6.0.1; Nexus 5X Build/MMB29P) AppleWebKit/537.36 (KHTML, like Gecko) Chrome/143.0.7499.192 Mobile Safari/537.36 (compatible; Googlebot/2.1; +http://www.google.com/bot.html)"
74.7.241.58 - - [22/Jan/2026:07:45:58 -0500] "GET /q-~192LgA4sH7EGgILfdSABOpo6LjE80QHsU14390/ HTTP/1.1" 200 - "https://idolatekno.com/sitemap78.xml" "Mozilla/5.0 AppleWebKit/537.36 (KHTML, like Gecko; compatible; GPTBot/1.3; +https://openai.com/gptbot)"
74.7.241.58 - - [22/Jan/2026:07:46:01 -0500] "GET /q-~154xGnV2pUnQBBXYdURqtJ3O9Pv0B0XAg28448/ HTTP/1.1" 200 - "https://idolatekno.com/sitemap21.xml" "Mozilla/5.0 AppleWebKit/537.36 (KHTML, like Gecko; compatible; GPTBot/1.3; +https://openai.com/gptbot)"
66.249.64.129 - - [22/Jan/2026:07:46:02 -0500] "GET /?x=2166640003788&channel=107e18&from=https://idolatekno.com/super.py?items/102046351.htm HTTP/1.1" 200 85825 "-" "Mozilla/5.0 (Linux; Android 6.0.1; Nexus 5X Build/MMB29P) AppleWebKit/537.36 (KHTML, like Gecko) Chrome/143.0.7499.192 Mobile Safari/537.36 (compatible; GoogleOther)"
66.249.70.38 - - [22/Jan/2026:07:46:03 -0500] "GET /?pid=26304226231&channel=simple-drunk-think&cate_id=2518&page=https://mail.idolatekno.com/remote.do?q-~106ORHpTOuKhraUF0U6ccbLzQlBq6ec9T41956/ HTTP/1.1" 200 85819 "-" "Mozilla/5.0 (Linux; Android 6.0.1; Nexus 5X Build/MMB29P) AppleWebKit/537.36 (KHTML, like Gecko) Chrome/143.0.7499.192 Mobile Safari/537.36 (compatible; Googlebot/2.1; +http://www.google.com/bot.html)"
74.7.241.58 - - [22/Jan/2026:07:46:04 -0500] "GET /q-~200pGh7HqLF6gZjPbNBncvrM3fUjO3cqc22358/ HTTP/1.1" 200 - "https://idolatekno.com/sitemap49.xml" "Mozilla/5.0 AppleWebKit/537.36 (KHTML, like Gecko; compatible; GPTBot/1.3; +https://openai.com/gptbot)"
74.7.241.58 - - [22/Jan/2026:07:46:07 -0500] "GET /q-~183clgnTP6zkugoHG3ZOyIN9OT0lPETez28691/ HTTP/1.1" 200 - "https://idolatekno.com/?sitemap1000.xml" "Mozilla/5.0 AppleWebKit/537.36 (KHTML, like Gecko; compatible; GPTBot/1.3; +https://openai.com/gptbot)"
66.249.64.128 - - [22/Jan/2026:07:46:08 -0500] "GET /pcmypage?callback=/product%2Fdetail%2m57063698791 HTTP/1.1" 403 552088 "-" "Mozilla/5.0 (Linux; Android 6.0.1; Nexus 5X Build/MMB29P) AppleWebKit/537.36 (KHTML, like Gecko) Chrome/143.0.7499.192 Mobile Safari/537.36 (compatible; GoogleOther)"
114.119.130.167 - - [22/Jan/2026:07:46:09 -0500] "GET /q-~219LhY12IcNsZyono7uOn4uNFpWCT58nl20437/ HTTP/1.1" 200 - "https://mail.idolatekno.com/sitemapb.xml" "Mozilla/5.0 (Linux; Android 7.0;) AppleWebKit/537.36 (KHTML, like Gecko) Mobile Safari/537.36 (compatible; PetalBot;+https://webmaster.petalsearch.com/site/petalbot)"
74.7.241.58 - - [22/Jan/2026:07:46:10 -0500] "GET /q-~186rIAJiulXZS3uvse2X08OEqZ6TfMZcr35834/ HTTP/1.1" 200 - "https://idolatekno.com/?sitemap317.xml" "Mozilla/5.0 AppleWebKit/537.36 (KHTML, like Gecko; compatible; GPTBot/1.3; +https://openai.com/gptbot)"
74.7.241.58 - - [22/Jan/2026:07:46:13 -0500] "GET /q-~58bol2kSH2JxaaCO5ttFbGkTbdhAy54V14334/ HTTP/1.1" 200 - "https://idolatekno.com/?sitemap317.xml" "Mozilla/5.0 AppleWebKit/537.36 (KHTML, like Gecko; compatible; GPTBot/1.3; +https://openai.com/gptbot)"
66.249.64.132 - - [22/Jan/2026:07:46:16 -0500] "GET /pcmypage?callback=/product%2Fdetail%2m83817364368 HTTP/1.1" 403 560295 "-" "Mozilla/5.0 (Linux; Android 6.0.1; Nexus 5X Build/MMB29P) AppleWebKit/537.36 (KHTML, like Gecko) Chrome/143.0.7499.192 Mobile Safari/537.36 (compatible; GoogleOther)"
74.7.241.58 - - [22/Jan/2026:07:46:17 -0500] "GET /q-~218rFTdg8mA9xJIy4mMIjB2yXKJw9vbld44764/ HTTP/1.1" 200 - "https://idolatekno.com/?sitemap442.xml" "Mozilla/5.0 AppleWebKit/537.36 (KHTML, like Gecko; compatible; GPTBot/1.3; +https://openai.com/gptbot)"
66.249.70.37 - - [22/Jan/2026:07:46:17 -0500] "GET /?pid=26304226231&channel=finance-almost-booth&cate_id=2518&page=https://mail.idolatekno.com/remote.do?q-~102am90bDWJ7tnuDBK4I5Wg4b1Ksz7P1f13776/ HTTP/1.1" 200 86826 "-" "Mozilla/5.0 (Linux; Android 6.0.1; Nexus 5X Build/MMB29P) AppleWebKit/537.36 (KHTML, like Gecko) Chrome/143.0.7499.192 Mobile Safari/537.36 (compatible; Googlebot/2.1; +http://www.google.com/bot.html)"
74.7.241.58 - - [22/Jan/2026:07:46:20 -0500] "GET /q-~216F92F9pzfVjrSRrfLlRIDde57zruXXS34358/ HTTP/1.1" 200 - "https://idolatekno.com/?sitemap1000.xml" "Mozilla/5.0 AppleWebKit/537.36 (KHTML, like Gecko; compatible; GPTBot/1.3; +https://openai.com/gptbot)"
74.7.241.58 - - [22/Jan/2026:07:46:23 -0500] "GET /q-~266vPFgcvhbVCVqSc25Uz4eQrvNpQkN0C36204/ HTTP/1.1" 200 - "https://idolatekno.com/?sitemap442.xml" "Mozilla/5.0 AppleWebKit/537.36 (KHTML, like Gecko; compatible; GPTBot/1.3; +https://openai.com/gptbot)"
66.249.70.36 - - [22/Jan/2026:07:46:24 -0500] "GET /?pid=26304226231&channel=Korean-warmth-legislation&cate_id=2518&page=https://mail.idolatekno.com/remote.do?q-~106oZOxlBpkC1RyEHmOGPC9Mpl4jNxoKQ41940/ HTTP/1.1" 200 85799 "-" "Mozilla/5.0 (Linux; Android 6.0.1; Nexus 5X Build/MMB29P) AppleWebKit/537.36 (KHTML, like Gecko) Chrome/143.0.7499.192 Mobile Safari/537.36 (compatible; Googlebot/2.1; +http://www.google.com/bot.html)"
66.249.64.132 - - [22/Jan/2026:07:46:25 -0500] "GET /pcmypage?callback=/product%2Fdetail%2m24222987620 HTTP/1.1" 403 552963 "-" "Mozilla/5.0 (Linux; Android 6.0.1; Nexus 5X Build/MMB29P) AppleWebKit/537.36 (KHTML, like Gecko) Chrome/143.0.7499.192 Mobile Safari/537.36 (compatible; GoogleOther)"
74.7.241.58 - - [22/Jan/2026:07:46:26 -0500] "GET /q-~154vL8yj4Ufz9SHyfDX6OlRifUha6FhmK34542/ HTTP/1.1" 200 - "https://idolatekno.com/?sitemap317.xml" "Mozilla/5.0 AppleWebKit/537.36 (KHTML, like Gecko; compatible; GPTBot/1.3; +https://openai.com/gptbot)"
74.7.241.58 - - [22/Jan/2026:07:46:29 -0500] "GET /q-~196gPDo25g2NjDgbJBB6phHOdUJFQOXeM24012/ HTTP/1.1" 200 - "https://idolatekno.com/sitemap86.xml" "Mozilla/5.0 AppleWebKit/537.36 (KHTML, like Gecko; compatible; GPTBot/1.3; +https://openai.com/gptbot)"
66.249.64.128 - - [22/Jan/2026:07:46:31 -0500] "GET /pcmypage?callback=/product%2Fdetail%2m17193101782 HTTP/1.1" 403 552743 "-" "Mozilla/5.0 (Linux; Android 6.0.1; Nexus 5X Build/MMB29P) AppleWebKit/537.36 (KHTML, like Gecko) Chrome/143.0.7499.192 Mobile Safari/537.36 (compatible; GoogleOther)"
66.249.70.36 - - [22/Jan/2026:07:46:31 -0500] "GET /?pid=26304226231&channel=various-portray-framework&cate_id=2518&page=https://mail.idolatekno.com/remote.do?items/141028148.htm HTTP/1.1" 200 85626 "-" "Mozilla/5.0 (Linux; Android 6.0.1; Nexus 5X Build/MMB29P) AppleWebKit/537.36 (KHTML, like Gecko) Chrome/143.0.7499.192 Mobile Safari/537.36 (compatible; Googlebot/2.1; +http://www.google.com/bot.html)"
74.7.241.58 - - [22/Jan/2026:07:46:32 -0500] "GET /q-~266ZGssy71PI2ejnmeIeT6LYSKtyimvDX49270/ HTTP/1.1" 200 - "https://idolatekno.com/pages.php?sitemap849.xml" "Mozilla/5.0 AppleWebKit/537.36 (KHTML, like Gecko; compatible; GPTBot/1.3; +https://openai.com/gptbot)"
74.7.241.58 - - [22/Jan/2026:07:46:36 -0500] "GET /q-~66VOEr0yGPD6jNsbIHtxt3xRxZi6Q7NP46554/ HTTP/1.1" 200 - "https://idolatekno.com/?sitemap305.xml" "Mozilla/5.0 AppleWebKit/537.36 (KHTML, like Gecko; compatible; GPTBot/1.3; +https://openai.com/gptbot)"
114.119.130.167 - - [22/Jan/2026:07:46:37 -0500] "GET /q-~219KL7oIWfuYIG1ownlx7yqMK2EjIXdQO4547/ HTTP/1.1" 200 - "https://mail.idolatekno.com/sitemapd.xml" "Mozilla/5.0 (Linux; Android 7.0;) AppleWebKit/537.36 (KHTML, like Gecko) Mobile Safari/537.36 (compatible; PetalBot;+https://webmaster.petalsearch.com/site/petalbot)"
66.249.70.37 - - [22/Jan/2026:07:46:39 -0500] "GET /?pid=26304226231&channel=foster-traffic-railroad&cate_id=2518&page=https://mail.idolatekno.com/remote.do?q-~109Y1PggEruOgItZPAEotvxl0mQj4iIxf2585/ HTTP/1.1" 200 86270 "-" "Mozilla/5.0 (Linux; Android 6.0.1; Nexus 5X Build/MMB29P) AppleWebKit/537.36 (KHTML, like Gecko) Chrome/143.0.7499.192 Mobile Safari/537.36 (compatible; Googlebot/2.1; +http://www.google.com/bot.html)"
74.7.241.58 - - [22/Jan/2026:07:46:39 -0500] "GET /q-~178Xmt53S9IoRSWyonxhiypBdyP0J1yTJ37440/ HTTP/1.1" 200 - "https://idolatekno.com/sitemap1.xml" "Mozilla/5.0 AppleWebKit/537.36 (KHTML, like Gecko; compatible; GPTBot/1.3; +https://openai.com/gptbot)"
74.7.241.58 - - [22/Jan/2026:07:46:42 -0500] "GET /q-~185brgdDKEu4UDA05ozY5FyohHYUoKGNx34957/ HTTP/1.1" 200 - "https://idolatekno.com/?sitemap1000.xml" "Mozilla/5.0 AppleWebKit/537.36 (KHTML, like Gecko; compatible; GPTBot/1.3; +https://openai.com/gptbot)"
66.249.64.132 - - [22/Jan/2026:07:46:42 -0500] "GET /?x=2166640003788&channel=107e18&from=https://idolatekno.com/super.py?q-~222iPmlkkT99qFQruSW5YDqqgrTpMdgzN8450/ HTTP/1.1" 200 85487 "-" "Mozilla/5.0 (Linux; Android 6.0.1; Nexus 5X Build/MMB29P) AppleWebKit/537.36 (KHTML, like Gecko) Chrome/143.0.7499.192 Mobile Safari/537.36 (compatible; GoogleOther)"
66.249.64.132 - - [22/Jan/2026:07:46:45 -0500] "GET /pcmypage?callback=/product%2Fdetail%2m63736039471 HTTP/1.1" 403 559324 "-" "Mozilla/5.0 (Linux; Android 6.0.1; Nexus 5X Build/MMB29P) AppleWebKit/537.36 (KHTML, like Gecko) Chrome/143.0.7499.192 Mobile Safari/537.36 (compatible; GoogleOther)"
74.7.241.58 - - [22/Jan/2026:07:46:45 -0500] "GET /q-~265bifLMkU3W8zDBTbXe36AIroMWker7v48277/ HTTP/1.1" 200 - "https://idolatekno.com/?sitemap442.xml" "Mozilla/5.0 AppleWebKit/537.36 (KHTML, like Gecko; compatible; GPTBot/1.3; +https://openai.com/gptbot)"
202.76.143.200 - - [22/Jan/2026:07:46:45 -0500] "GET /q-~229ydGOfd8dXG5oKy3ObfxGFme7UsdhKS18145/ HTTP/1.1" 200 - "-" "Mozilla/5.0 (Windows NT 6.0; WOW64) AppleWebKit/535.19 (KHTML, like Gecko) Chrome/18.0.1025.45 Safari/535.19"
66.249.70.36 - - [22/Jan/2026:07:46:46 -0500] "GET /?b=11498624646dg HTTP/1.1" 200 85242 "-" "Mozilla/5.0 (Linux; Android 6.0.1; Nexus 5X Build/MMB29P) AppleWebKit/537.36 (KHTML, like Gecko) Chrome/143.0.7499.192 Mobile Safari/537.36 (compatible; Googlebot/2.1; +http://www.google.com/bot.html)"
66.249.70.36 - - [22/Jan/2026:07:46:46 -0500] "GET /?pid=26304226231&channel=accurate-habit-call&cate_id=2518&page=https://mail.idolatekno.com/remote.do?q-~256liu3UJku1tVWregyOlpIjo1tUdmeuz6752/ HTTP/1.1" 200 86969 "-" "Mozilla/5.0 (Linux; Android 6.0.1; Nexus 5X Build/MMB29P) AppleWebKit/537.36 (KHTML, like Gecko) Chrome/143.0.7499.192 Mobile Safari/537.36 (compatible; Googlebot/2.1; +http://www.google.com/bot.html)"
66.249.70.37 - - [22/Jan/2026:07:46:46 -0500] "GET /?pid=26304226231&channel=sail-conscience-venture&cate_id=2518&page=https://mail.idolatekno.com/remote.do?q-~25BBXRm4Nys2EEV91ArIuVz0pfeKmM2v4477/ HTTP/1.1" 200 86073 "-" "Mozilla/5.0 (Linux; Android 6.0.1; Nexus 5X Build/MMB29P) AppleWebKit/537.36 (KHTML, like Gecko) Chrome/143.0.7499.192 Mobile Safari/537.36 (compatible; Googlebot/2.1; +http://www.google.com/bot.html)"
66.249.70.37 - - [22/Jan/2026:07:46:47 -0500] "GET /?pid=26304226231&channel=shop-alone-technique&cate_id=2518&page=https://mail.idolatekno.com/remote.do?items/014030279.htm HTTP/1.1" 200 85494 "-" "Mozilla/5.0 (Linux; Android 6.0.1; Nexus 5X Build/MMB29P) AppleWebKit/537.36 (KHTML, like Gecko) Chrome/143.0.7499.192 Mobile Safari/537.36 (compatible; Googlebot/2.1; +http://www.google.com/bot.html)"
74.7.241.58 - - [22/Jan/2026:07:46:48 -0500] "GET /q-~202rL3JJIWIPUcyLDaJk0a9VHnYNwtt0Z39302/ HTTP/1.1" 200 - "https://idolatekno.com/sitemap1.xml" "Mozilla/5.0 AppleWebKit/537.36 (KHTML, like Gecko; compatible; GPTBot/1.3; +https://openai.com/gptbot)"
66.249.70.37 - - [22/Jan/2026:07:46:49 -0500] "GET /?pid=26304226231&channel=want-tendency-saving&cate_id=2518&page=https://mail.idolatekno.com/remote.do?q-~73Y9RPaojhsdnSLDY5pSu3hF51MKZN7Y30169/ HTTP/1.1" 200 86271 "-" "Mozilla/5.0 (Linux; Android 6.0.1; Nexus 5X Build/MMB29P) AppleWebKit/537.36 (KHTML, like Gecko) Chrome/143.0.7499.192 Mobile Safari/537.36 (compatible; Googlebot/2.1; +http://www.google.com/bot.html)"
74.7.241.58 - - [22/Jan/2026:07:46:51 -0500] "GET /q-~213rIImgqtf2o4i47MqDdZhE6vTxgOjZj47001/ HTTP/1.1" 200 - "https://idolatekno.com/pages.php?sitemap849.xml" "Mozilla/5.0 AppleWebKit/537.36 (KHTML, like Gecko; compatible; GPTBot/1.3; +https://openai.com/gptbot)"
74.7.241.58 - - [22/Jan/2026:07:46:55 -0500] "GET /q-~180fEKdOL3btfQ55ZWxwtIizzO4LFzDVx18750/ HTTP/1.1" 200 - "https://idolatekno.com/?sitemap1000.xml" "Mozilla/5.0 AppleWebKit/537.36 (KHTML, like Gecko; compatible; GPTBot/1.3; +https://openai.com/gptbot)"
66.249.70.36 - - [22/Jan/2026:07:46:56 -0500] "GET /?pid=26304226231&channel=craft-announce-seek&cate_id=2518&page=https://mail.idolatekno.com/remote.do?q-~50YiziC3GaYq8SztOw7W5hGcwLucPI5j3432/ HTTP/1.1" 200 85570 "-" "Mozilla/5.0 (Linux; Android 6.0.1; Nexus 5X Build/MMB29P) AppleWebKit/537.36 (KHTML, like Gecko) Chrome/143.0.7499.192 Mobile Safari/537.36 (compatible; Googlebot/2.1; +http://www.google.com/bot.html)"
74.7.241.58 - - [22/Jan/2026:07:46:58 -0500] "GET /q-~250rkC2RkI4Ot5cSWPorGgWjQD8FxJayu22080/ HTTP/1.1" 200 - "https://idolatekno.com/sitemap49.xml" "Mozilla/5.0 AppleWebKit/537.36 (KHTML, like Gecko; compatible; GPTBot/1.3; +https://openai.com/gptbot)"
66.249.64.128 - - [22/Jan/2026:07:47:00 -0500] "GET /pcmypage?callback=/product%2Fdetail%2m73630749350 HTTP/1.1" 403 555905 "-" "Mozilla/5.0 (Linux; Android 6.0.1; Nexus 5X Build/MMB29P) AppleWebKit/537.36 (KHTML, like Gecko) Chrome/143.0.7499.192 Mobile Safari/537.36 (compatible; GoogleOther)"
74.7.241.58 - - [22/Jan/2026:07:47:01 -0500] "GET /q-~119yQyvrT59VzsdzsXG6nZh6DJxKKSDDp13879/ HTTP/1.1" 200 - "https://idolatekno.com/sitemap79.xml" "Mozilla/5.0 AppleWebKit/537.36 (KHTML, like Gecko; compatible; GPTBot/1.3; +https://openai.com/gptbot)"
66.249.64.132 - - [22/Jan/2026:07:47:02 -0500] "GET /pcmypage?callback=/product%2Fdetail%2m82116991400 HTTP/1.1" 403 561969 "-" "Mozilla/5.0 (Linux; Android 6.0.1; Nexus 5X Build/MMB29P) AppleWebKit/537.36 (KHTML, like Gecko) Chrome/143.0.7499.192 Mobile Safari/537.36 (compatible; GoogleOther)"
114.119.130.27 - - [22/Jan/2026:07:47:04 -0500] "GET /q-~219J7vrzBymRA6WaB2o5u7wbmgSD8GNTs33419/ HTTP/1.1" 200 - "https://mail.idolatekno.com/sitemape.xml" "Mozilla/5.0 (Linux; Android 7.0;) AppleWebKit/537.36 (KHTML, like Gecko) Mobile Safari/537.36 (compatible; PetalBot;+https://webmaster.petalsearch.com/site/petalbot)"
66.249.70.37 - - [22/Jan/2026:07:47:04 -0500] "GET /?pid=26304226231&channel=governor-restaurant-sight&cate_id=2518&page=https://mail.idolatekno.com/remote.do?q-~21LXQEBlX5M2x51mPg35pAriVpLCdnxD11903/ HTTP/1.1" 200 85552 "-" "Mozilla/5.0 (Linux; Android 6.0.1; Nexus 5X Build/MMB29P) AppleWebKit/537.36 (KHTML, like Gecko) Chrome/143.0.7499.192 Mobile Safari/537.36 (compatible; Googlebot/2.1; +http://www.google.com/bot.html)"
74.7.241.58 - - [22/Jan/2026:07:47:04 -0500] "GET /q-~171GPSIMRgDTQ1m6BIHmXfGAox2phd7Mn17313/ HTTP/1.1" 200 - "https://idolatekno.com/sitemap49.xml" "Mozilla/5.0 AppleWebKit/537.36 (KHTML, like Gecko; compatible; GPTBot/1.3; +https://openai.com/gptbot)"
74.7.241.58 - - [22/Jan/2026:07:47:07 -0500] "GET /q-~77rPN2pG7Rm2r3lxFMStXwGMB8RoelgT42885/ HTTP/1.1" 200 - "https://idolatekno.com/sitemap86.xml" "Mozilla/5.0 AppleWebKit/537.36 (KHTML, like Gecko; compatible; GPTBot/1.3; +https://openai.com/gptbot)"
74.7.241.58 - - [22/Jan/2026:07:47:11 -0500] "GET /q-~42GasKAt33eDcHXEp92euYMfTW0jDXoi38220/ HTTP/1.1" 200 - "https://idolatekno.com/?sitemap317.xml" "Mozilla/5.0 AppleWebKit/537.36 (KHTML, like Gecko; compatible; GPTBot/1.3; +https://openai.com/gptbot)"
66.249.70.37 - - [22/Jan/2026:07:47:11 -0500] "GET /?pid=26304226231&channel=tile-generous-coastal&cate_id=2518&page=https://mail.idolatekno.com/remote.do?q-~156v3DTPem2i6iQmmtB6RWlMo2V3rhghd4512/ HTTP/1.1" 200 85368 "-" "Mozilla/5.0 (Linux; Android 6.0.1; Nexus 5X Build/MMB29P) AppleWebKit/537.36 (KHTML, like Gecko) Chrome/143.0.7499.192 Mobile Safari/537.36 (compatible; Googlebot/2.1; +http://www.google.com/bot.html)"
74.7.241.58 - - [22/Jan/2026:07:47:14 -0500] "GET /q-~115ct6ZAllLnnC0CQLwH4mg4xeIlWFvks26811/ HTTP/1.1" 200 - "https://idolatekno.com/sitemap21.xml" "Mozilla/5.0 AppleWebKit/537.36 (KHTML, like Gecko; compatible; GPTBot/1.3; +https://openai.com/gptbot)"
66.249.64.132 - - [22/Jan/2026:07:47:14 -0500] "GET /pcmypage?callback=/product%2Fdetail%2m92081764851 HTTP/1.1" 403 549204 "-" "Mozilla/5.0 (Linux; Android 6.0.1; Nexus 5X Build/MMB29P) AppleWebKit/537.36 (KHTML, like Gecko) Chrome/143.0.7499.192 Mobile Safari/537.36 (compatible; GoogleOther)"
74.7.241.58 - - [22/Jan/2026:07:47:17 -0500] "GET /q-~119PReRMlAdEP0PED9bfuS0EFnDn9ch8b7827/ HTTP/1.1" 200 - "https://idolatekno.com/?sitemap1000.xml" "Mozilla/5.0 AppleWebKit/537.36 (KHTML, like Gecko; compatible; GPTBot/1.3; +https://openai.com/gptbot)"
66.249.64.128 - - [22/Jan/2026:07:47:17 -0500] "GET /pcmypage?callback=/product%2Fdetail%2m76778335457 HTTP/1.1" 403 555730 "-" "Mozilla/5.0 (Linux; Android 6.0.1; Nexus 5X Build/MMB29P) AppleWebKit/537.36 (KHTML, like Gecko) Chrome/143.0.7499.192 Mobile Safari/537.36 (compatible; GoogleOther)"
66.249.70.36 - - [22/Jan/2026:07:47:19 -0500] "GET /?pid=26304226231&channel=information-overall-tend&cate_id=2518&page=https://mail.idolatekno.com/remote.do?items/043045844.htm HTTP/1.1" 200 86188 "-" "Mozilla/5.0 (Linux; Android 6.0.1; Nexus 5X Build/MMB29P) AppleWebKit/537.36 (KHTML, like Gecko) Chrome/143.0.7499.192 Mobile Safari/537.36 (compatible; Googlebot/2.1; +http://www.google.com/bot.html)"
74.7.241.58 - - [22/Jan/2026:07:47:20 -0500] "GET /q-~252nHwGVfA7gksTVE7coVg4DW5awyM9Lj6746/ HTTP/1.1" 200 - "https://idolatekno.com/?sitemap305.xml" "Mozilla/5.0 AppleWebKit/537.36 (KHTML, like Gecko; compatible; GPTBot/1.3; +https://openai.com/gptbot)"
74.7.241.58 - - [22/Jan/2026:07:47:23 -0500] "GET /q-~252VkXDjhMr7oTuHXE3jnHIT0XEY7dj9I2494/ HTTP/1.1" 200 - "https://idolatekno.com/sitemap21.xml" "Mozilla/5.0 AppleWebKit/537.36 (KHTML, like Gecko; compatible; GPTBot/1.3; +https://openai.com/gptbot)"
74.7.241.58 - - [22/Jan/2026:07:47:26 -0500] "GET /q-~263Q8MoE2lwMKM8wBnml4kLWOqLf8aNiV24029/ HTTP/1.1" 200 - "https://idolatekno.com/?sitemap1000.xml" "Mozilla/5.0 AppleWebKit/537.36 (KHTML, like Gecko; compatible; GPTBot/1.3; +https://openai.com/gptbot)"
66.249.70.36 - - [22/Jan/2026:07:47:27 -0500] "GET /?pid=26304226231&channel=seller-drag-permanent&cate_id=2518&page=https://mail.idolatekno.com/remote.do?items/087017608.htm HTTP/1.1" 200 86613 "-" "Mozilla/5.0 (Linux; Android 6.0.1; Nexus 5X Build/MMB29P) AppleWebKit/537.36 (KHTML, like Gecko) Chrome/143.0.7499.192 Mobile Safari/537.36 (compatible; Googlebot/2.1; +http://www.google.com/bot.html)"
66.249.64.128 - - [22/Jan/2026:07:47:28 -0500] "GET /q-~186KcFzkccUMWR5IwFUpUAedTogESvYBo43010/ HTTP/1.1" 200 86249 "-" "Mozilla/5.0 (Linux; Android 6.0.1; Nexus 5X Build/MMB29P) AppleWebKit/537.36 (KHTML, like Gecko) Chrome/143.0.7499.192 Mobile Safari/537.36 (compatible; GoogleOther)"
74.7.241.58 - - [22/Jan/2026:07:47:29 -0500] "GET /q-~163G37KCJSCT7Gd2xvnOmUsNcysmbO9Uq14879/ HTTP/1.1" 200 - "https://idolatekno.com/?sitemap305.xml" "Mozilla/5.0 AppleWebKit/537.36 (KHTML, like Gecko; compatible; GPTBot/1.3; +https://openai.com/gptbot)"
74.7.241.58 - - [22/Jan/2026:07:47:32 -0500] "GET /q-~39TeQf8maa1reATYswftJ3Gjzque8W4g46349/ HTTP/1.1" 200 - "https://idolatekno.com/?sitemap305.xml" "Mozilla/5.0 AppleWebKit/537.36 (KHTML, like Gecko; compatible; GPTBot/1.3; +https://openai.com/gptbot)"
114.119.130.27 - - [22/Jan/2026:07:47:33 -0500] "GET /q-~219GumJbbVuVbnd7zkJokzqzRxWaKQoyO111/ HTTP/1.1" 200 - "https://mail.idolatekno.com/sitemape.xml" "Mozilla/5.0 (Linux; Android 7.0;) AppleWebKit/537.36 (KHTML, like Gecko) Mobile Safari/537.36 (compatible; PetalBot;+https://webmaster.petalsearch.com/site/petalbot)"
66.249.64.128 - - [22/Jan/2026:07:47:34 -0500] "GET /pcmypage?callback=/product%2Fdetail%2m83214160947 HTTP/1.1" 403 562944 "-" "Mozilla/5.0 (Linux; Android 6.0.1; Nexus 5X Build/MMB29P) AppleWebKit/537.36 (KHTML, like Gecko) Chrome/143.0.7499.192 Mobile Safari/537.36 (compatible; GoogleOther)"
66.249.70.37 - - [22/Jan/2026:07:47:34 -0500] "GET /?pid=26304226231&channel=wheelchair-restrict-string&cate_id=2518&page=https://mail.idolatekno.com/remote.do?items/134030857.htm HTTP/1.1" 200 86238 "-" "Mozilla/5.0 (Linux; Android 6.0.1; Nexus 5X Build/MMB29P) AppleWebKit/537.36 (KHTML, like Gecko) Chrome/143.0.7499.192 Mobile Safari/537.36 (compatible; Googlebot/2.1; +http://www.google.com/bot.html)"
74.7.241.58 - - [22/Jan/2026:07:47:36 -0500] "GET /q-~171R1pNDdIcJqsETxtoWiYyiwQ699OJ8I41749/ HTTP/1.1" 200 - "https://idolatekno.com/sitemap63.xml" "Mozilla/5.0 AppleWebKit/537.36 (KHTML, like Gecko; compatible; GPTBot/1.3; +https://openai.com/gptbot)"
74.7.241.58 - - [22/Jan/2026:07:47:39 -0500] "GET /q-~221Zz4PuuLnfK2XpfLL7P2NxghV4CaWXf26153/ HTTP/1.1" 200 - "https://idolatekno.com/?sitemap317.xml" "Mozilla/5.0 AppleWebKit/537.36 (KHTML, like Gecko; compatible; GPTBot/1.3; +https://openai.com/gptbot)"
2a03:2880:f80e:16:: - - [22/Jan/2026:07:47:40 -0500] "GET /m/confr12746104?id=2762362 HTTP/1.1" 200 - "-" "meta-externalagent/1.1 (+https://developers.facebook.com/docs/sharing/webmasters/crawler)"
74.7.241.58 - - [22/Jan/2026:07:47:42 -0500] "GET /q-~99ooztspK4nXHu47eeo1hA1qMDBFDaki46307/ HTTP/1.1" 200 - "https://idolatekno.com/sitemap63.xml" "Mozilla/5.0 AppleWebKit/537.36 (KHTML, like Gecko; compatible; GPTBot/1.3; +https://openai.com/gptbot)"
66.249.64.128 - - [22/Jan/2026:07:47:43 -0500] "GET /?x=2166640003788&channel=107e18&from=https://idolatekno.com/super.py?items/095021796.htm HTTP/1.1" 200 86980 "-" "Mozilla/5.0 (Linux; Android 6.0.1; Nexus 5X Build/MMB29P) AppleWebKit/537.36 (KHTML, like Gecko) Chrome/143.0.7499.192 Mobile Safari/537.36 (compatible; GoogleOther)"
66.249.70.37 - - [22/Jan/2026:07:47:44 -0500] "GET /?pid=26304226231&channel=field-necessity-clear&cate_id=2518&page=https://mail.idolatekno.com/remote.do?items/042023715.htm HTTP/1.1" 200 86615 "-" "Mozilla/5.0 (Linux; Android 6.0.1; Nexus 5X Build/MMB29P) AppleWebKit/537.36 (KHTML, like Gecko) Chrome/143.0.7499.192 Mobile Safari/537.36 (compatible; Googlebot/2.1; +http://www.google.com/bot.html)"
202.76.186.13 - - [22/Jan/2026:07:47:45 -0500] "GET /q-~231bCOU7FjuFIuaYcdqM3Zj4236GlSFel36931/ HTTP/1.1" 200 - "-" "Mozilla/5.0 (X11; Linux i686; rv:2.0.1) Gecko/20110518 Firefox/4.0.1"
74.7.241.58 - - [22/Jan/2026:07:47:45 -0500] "GET /q-~264xnyqgQLPKSdkEZ2Z9ssf8qZJq6yBMw33960/ HTTP/1.1" 200 - "https://idolatekno.com/?sitemap317.xml" "Mozilla/5.0 AppleWebKit/537.36 (KHTML, like Gecko; compatible; GPTBot/1.3; +https://openai.com/gptbot)"
2a03:2880:f80e:d:: - - [22/Jan/2026:07:47:48 -0500] "GET /?t=38745749egja2 HTTP/1.1" 200 - "-" "meta-externalagent/1.1 (+https://developers.facebook.com/docs/sharing/webmasters/crawler)"
74.7.241.58 - - [22/Jan/2026:07:47:48 -0500] "GET /q-~165j2xS6MMv7qrOuEvacUSfpaP9oaRgyv23823/ HTTP/1.1" 200 - "https://idolatekno.com/?sitemap442.xml" "Mozilla/5.0 AppleWebKit/537.36 (KHTML, like Gecko; compatible; GPTBot/1.3; +https://openai.com/gptbot)"
66.249.70.37 - - [22/Jan/2026:07:47:51 -0500] "GET /?pid=26304226231&channel=tube-interaction-ladder&cate_id=2518&page=https://mail.idolatekno.com/remote.do?items/031014422.htm HTTP/1.1" 200 86098 "-" "Mozilla/5.0 (Linux; Android 6.0.1; Nexus 5X Build/MMB29P) AppleWebKit/537.36 (KHTML, like Gecko) Chrome/143.0.7499.192 Mobile Safari/537.36 (compatible; GoogleOther)"
66.249.70.36 - - [22/Jan/2026:07:47:51 -0500] "GET /?pid=26304226231&channel=frustrate-exactly-royal&cate_id=2518&page=https://mail.idolatekno.com/remote.do?q-~14y7axBNMSWWfzuFWe4gCyP57ZrZOJOp8380/ HTTP/1.1" 200 87152 "-" "Mozilla/5.0 (Linux; Android 6.0.1; Nexus 5X Build/MMB29P) AppleWebKit/537.36 (KHTML, like Gecko) Chrome/143.0.7499.192 Mobile Safari/537.36 (compatible; Googlebot/2.1; +http://www.google.com/bot.html)"
74.7.241.58 - - [22/Jan/2026:07:47:51 -0500] "GET /q-~199xq0lh0eTTcns1FjaxNRBTbERdBm7GT19483/ HTTP/1.1" 200 - "https://idolatekno.com/sitemap27.xml" "Mozilla/5.0 AppleWebKit/537.36 (KHTML, like Gecko; compatible; GPTBot/1.3; +https://openai.com/gptbot)"
74.7.241.58 - - [22/Jan/2026:07:47:55 -0500] "GET /q-~250Z9aLyVx4JeoLJIHfe72Wmw2dWExyKZ49574/ HTTP/1.1" 200 - "https://idolatekno.com/sitemap78.xml" "Mozilla/5.0 AppleWebKit/537.36 (KHTML, like Gecko; compatible; GPTBot/1.3; +https://openai.com/gptbot)"
66.249.64.132 - - [22/Jan/2026:07:47:57 -0500] "GET /?x=2166640003788&channel=107e18&from=https://idolatekno.com/super.py?items/162040475.htm HTTP/1.1" 200 85694 "-" "Mozilla/5.0 (Linux; Android 6.0.1; Nexus 5X Build/MMB29P) AppleWebKit/537.36 (KHTML, like Gecko) Chrome/143.0.7499.192 Mobile Safari/537.36 (compatible; GoogleOther)"
74.7.241.58 - - [22/Jan/2026:07:47:58 -0500] "GET /q-~166TA4NHH13nmFf6mLXhEFKJ9mXmhCuqL29972/ HTTP/1.1" 200 - "https://idolatekno.com/?sitemap503.xml" "Mozilla/5.0 AppleWebKit/537.36 (KHTML, like Gecko; compatible; GPTBot/1.3; +https://openai.com/gptbot)"
