157.15.40.93 - - [22/Jan/2026:08:28:10 -0500] "GET /wp-admin/postnews.php HTTP/1.1" 200 - "http://idolatekno.com/wp-admin/postnews.php" "Go-http-client/2.0"
157.15.40.93 - - [22/Jan/2026:08:28:11 -0500] "GET /wp-includes/postnews.php HTTP/1.1" 403 - "http://idolatekno.com/wp-includes/postnews.php" "Go-http-client/2.0"
74.7.241.58 - - [22/Jan/2026:08:28:12 -0500] "GET /q-~268TZ1b1gEHtObEw0nMSGOn9MJSYWXlam20702/ HTTP/1.1" 200 - "https://idolatekno.com/sitemap49.xml" "Mozilla/5.0 AppleWebKit/537.36 (KHTML, like Gecko; compatible; GPTBot/1.3; +https://openai.com/gptbot)"
66.249.70.37 - - [22/Jan/2026:08:28:14 -0500] "GET /?pid=26304226231&channel=game-never-whenever&cate_id=2518&page=https://mail.idolatekno.com/remote.do?q-~3BelNdVvMLrbiqIE8oyvElMAdussBHw35015/ HTTP/1.1" 200 85206 "-" "Mozilla/5.0 (Linux; Android 6.0.1; Nexus 5X Build/MMB29P) AppleWebKit/537.36 (KHTML, like Gecko) Chrome/143.0.7499.192 Mobile Safari/537.36 (compatible; Googlebot/2.1; +http://www.google.com/bot.html)"
74.7.241.58 - - [22/Jan/2026:08:28:15 -0500] "GET /q-~288HbPEkKEExmUBKU2PoKYsmu6SE0E8CN45730/ HTTP/1.1" 200 - "https://idolatekno.com/?sitemap503.xml" "Mozilla/5.0 AppleWebKit/537.36 (KHTML, like Gecko; compatible; GPTBot/1.3; +https://openai.com/gptbot)"
66.249.64.128 - - [22/Jan/2026:08:28:16 -0500] "GET /pcmypage?callback=/product%2Fdetail%2m35468012681 HTTP/1.1" 403 561985 "-" "Mozilla/5.0 (Linux; Android 6.0.1; Nexus 5X Build/MMB29P) AppleWebKit/537.36 (KHTML, like Gecko) Chrome/143.0.7499.192 Mobile Safari/537.36 (compatible; GoogleOther)"
2a03:2880:f80e:44:: - - [22/Jan/2026:08:28:18 -0500] "GET /m/navy71279462?id=1295720 HTTP/1.1" 200 - "-" "meta-externalagent/1.1 (+https://developers.facebook.com/docs/sharing/webmasters/crawler)"
74.7.241.58 - - [22/Jan/2026:08:28:18 -0500] "GET /q-~235u9QbGHQhjmfi3tmD8CERldE5Wd9WMZ25799/ HTTP/1.1" 200 - "https://idolatekno.com/sitemap79.xml" "Mozilla/5.0 AppleWebKit/537.36 (KHTML, like Gecko; compatible; GPTBot/1.3; +https://openai.com/gptbot)"
66.249.64.132 - - [22/Jan/2026:08:28:20 -0500] "GET /q-~131l9id9WqfpnDHkAYIMvt8X2YPCXOAPG28235/ HTTP/1.1" 200 85662 "-" "Mozilla/5.0 (Linux; Android 6.0.1; Nexus 5X Build/MMB29P) AppleWebKit/537.36 (KHTML, like Gecko) Chrome/143.0.7499.192 Mobile Safari/537.36 (compatible; GoogleOther)"
74.7.241.58 - - [22/Jan/2026:08:28:21 -0500] "GET /q-~300Wv95fQRYWJkxZhhCFDxmu36RQiGzTu44396/ HTTP/1.1" 200 - "https://idolatekno.com/?sitemap503.xml" "Mozilla/5.0 AppleWebKit/537.36 (KHTML, like Gecko; compatible; GPTBot/1.3; +https://openai.com/gptbot)"
66.249.70.36 - - [22/Jan/2026:08:28:22 -0500] "GET /?pid=26304226231&channel=condition-goodscode-destruction&cate_id=2518&page=https://mail.idolatekno.com/remote.do?items/277030962.htm HTTP/1.1" 200 85426 "-" "Mozilla/5.0 (Linux; Android 6.0.1; Nexus 5X Build/MMB29P) AppleWebKit/537.36 (KHTML, like Gecko) Chrome/143.0.7499.192 Mobile Safari/537.36 (compatible; Googlebot/2.1; +http://www.google.com/bot.html)"
74.7.241.58 - - [22/Jan/2026:08:28:25 -0500] "GET /q-~254auQcC7iw4KD4U0aZYKCVDTCeh3rhCT11252/ HTTP/1.1" 200 - "https://idolatekno.com/sitemap63.xml" "Mozilla/5.0 AppleWebKit/537.36 (KHTML, like Gecko; compatible; GPTBot/1.3; +https://openai.com/gptbot)"
74.7.241.58 - - [22/Jan/2026:08:28:28 -0500] "GET /q-~272G5Z9YYkNMMgPTa5C4NkPEjiCB4Pdpm36140/ HTTP/1.1" 200 - "https://idolatekno.com/?sitemap1000.xml" "Mozilla/5.0 AppleWebKit/537.36 (KHTML, like Gecko; compatible; GPTBot/1.3; +https://openai.com/gptbot)"
66.249.70.36 - - [22/Jan/2026:08:28:29 -0500] "GET /?pid=26304226231&channel=sovereignty-former-musical&cate_id=2518&page=https://mail.idolatekno.com/remote.do?items/154046115.htm HTTP/1.1" 200 85998 "-" "Mozilla/5.0 (Linux; Android 6.0.1; Nexus 5X Build/MMB29P) AppleWebKit/537.36 (KHTML, like Gecko) Chrome/143.0.7499.192 Mobile Safari/537.36 (compatible; Googlebot/2.1; +http://www.google.com/bot.html)"
66.249.64.132 - - [22/Jan/2026:08:28:30 -0500] "GET /?x=2166640003788&channel=107e18&from=https://idolatekno.com/super.py?items/196007141.htm HTTP/1.1" 200 85648 "-" "Mozilla/5.0 (Linux; Android 6.0.1; Nexus 5X Build/MMB29P) AppleWebKit/537.36 (KHTML, like Gecko) Chrome/143.0.7499.192 Mobile Safari/537.36 (compatible; GoogleOther)"
74.7.241.58 - - [22/Jan/2026:08:28:31 -0500] "GET /q-~287eerXzY0JDdyJ8bOXYrRfTWW8d8lA5l39199/ HTTP/1.1" 200 - "https://idolatekno.com/?sitemap442.xml" "Mozilla/5.0 AppleWebKit/537.36 (KHTML, like Gecko; compatible; GPTBot/1.3; +https://openai.com/gptbot)"
114.119.133.190 - - [22/Jan/2026:08:28:32 -0500] "GET /q-~214KACVgzPO1HwBfhG4Lw3EXqLcwKE9cZ47328/ HTTP/1.1" 200 - "https://mail.idolatekno.com/sitemapb.xml" "Mozilla/5.0 (Linux; Android 7.0;) AppleWebKit/537.36 (KHTML, like Gecko) Mobile Safari/537.36 (compatible; PetalBot;+https://webmaster.petalsearch.com/site/petalbot)"
74.7.241.58 - - [22/Jan/2026:08:28:34 -0500] "GET /q-~221aDsgbxuRbYExi95nM6DgTCtZ5bRxRk39217/ HTTP/1.1" 200 - "https://idolatekno.com/?sitemap317.xml" "Mozilla/5.0 AppleWebKit/537.36 (KHTML, like Gecko; compatible; GPTBot/1.3; +https://openai.com/gptbot)"
66.249.70.36 - - [22/Jan/2026:08:28:37 -0500] "GET /?pid=26304226231&channel=step-across-deadline&cate_id=2518&page=https://mail.idolatekno.com/remote.do?items/108033879.htm HTTP/1.1" 200 86205 "-" "Mozilla/5.0 (Linux; Android 6.0.1; Nexus 5X Build/MMB29P) AppleWebKit/537.36 (KHTML, like Gecko) Chrome/143.0.7499.192 Mobile Safari/537.36 (compatible; Googlebot/2.1; +http://www.google.com/bot.html)"
74.7.241.58 - - [22/Jan/2026:08:28:37 -0500] "GET /q-~237NzDmu0X5pKwap0krGGHU4BuiR9nRtz20459/ HTTP/1.1" 200 - "https://idolatekno.com/?sitemap305.xml" "Mozilla/5.0 AppleWebKit/537.36 (KHTML, like Gecko; compatible; GPTBot/1.3; +https://openai.com/gptbot)"
66.249.64.132 - - [22/Jan/2026:08:28:37 -0500] "GET /pcmypage?callback=/product%2Fdetail%2m35928246748 HTTP/1.1" 403 561272 "-" "Mozilla/5.0 (Linux; Android 6.0.1; Nexus 5X Build/MMB29P) AppleWebKit/537.36 (KHTML, like Gecko) Chrome/143.0.7499.192 Mobile Safari/537.36 (compatible; GoogleOther)"
190.48.97.25 - - [22/Jan/2026:08:28:38 -0500] "GET /q-~46ArUjKd9lxiBDB9jg4GnnYZsmEDTcQq49714/ HTTP/1.1" 200 - "-" "Mozilla/5.0 (X11; Linux x86_64; rv:5.0) Gecko/20100101 Firefox/5.0 Firefox/5.0"
74.7.241.58 - - [22/Jan/2026:08:28:41 -0500] "GET /q-~160lCIF6tjC81KcwLPbZfb1HlsufiETiC46596/ HTTP/1.1" 200 - "https://idolatekno.com/sitemap21.xml" "Mozilla/5.0 AppleWebKit/537.36 (KHTML, like Gecko; compatible; GPTBot/1.3; +https://openai.com/gptbot)"
74.7.241.58 - - [22/Jan/2026:08:28:44 -0500] "GET /q-~183uHGBUM5vjTiI9E2r18wIytYYEtTMCa25939/ HTTP/1.1" 200 - "https://idolatekno.com/sitemap785.xml" "Mozilla/5.0 AppleWebKit/537.36 (KHTML, like Gecko; compatible; GPTBot/1.3; +https://openai.com/gptbot)"
66.249.70.37 - - [22/Jan/2026:08:28:44 -0500] "GET /?pid=26304226231&channel=shut-gross-theology&cate_id=2518&page=https://mail.idolatekno.com/remote.do?items/220022071.htm HTTP/1.1" 200 85924 "-" "Mozilla/5.0 (Linux; Android 6.0.1; Nexus 5X Build/MMB29P) AppleWebKit/537.36 (KHTML, like Gecko) Chrome/143.0.7499.192 Mobile Safari/537.36 (compatible; Googlebot/2.1; +http://www.google.com/bot.html)"
66.249.64.132 - - [22/Jan/2026:08:28:45 -0500] "GET /pcmypage?callback=/product%2Fdetail%2m18259424774 HTTP/1.1" 403 558484 "-" "Mozilla/5.0 (Linux; Android 6.0.1; Nexus 5X Build/MMB29P) AppleWebKit/537.36 (KHTML, like Gecko) Chrome/143.0.7499.192 Mobile Safari/537.36 (compatible; GoogleOther)"
74.7.241.58 - - [22/Jan/2026:08:28:47 -0500] "GET /q-~185VUlmt9l2McdjuBLlt562AbRgSILVoO5453/ HTTP/1.1" 200 - "https://idolatekno.com/sitemap27.xml" "Mozilla/5.0 AppleWebKit/537.36 (KHTML, like Gecko; compatible; GPTBot/1.3; +https://openai.com/gptbot)"
74.7.241.58 - - [22/Jan/2026:08:28:50 -0500] "GET /q-~26mgGGOjAUE3dZbZ14FyGkNFljqj2Z9w43290/ HTTP/1.1" 200 - "https://idolatekno.com/?sitemap317.xml" "Mozilla/5.0 AppleWebKit/537.36 (KHTML, like Gecko; compatible; GPTBot/1.3; +https://openai.com/gptbot)"
66.249.70.37 - - [22/Jan/2026:08:28:52 -0500] "GET /?pid=26304226231&channel=room-homeland-why&cate_id=2518&page=https://mail.idolatekno.com/remote.do?q-~115it8m5v3TRVhtIaTtHCHzmBuDqplWDH19041/ HTTP/1.1" 200 86464 "-" "Mozilla/5.0 (Linux; Android 6.0.1; Nexus 5X Build/MMB29P) AppleWebKit/537.36 (KHTML, like Gecko) Chrome/143.0.7499.192 Mobile Safari/537.36 (compatible; Googlebot/2.1; +http://www.google.com/bot.html)"
74.7.241.58 - - [22/Jan/2026:08:28:53 -0500] "GET /q-~152fqy10CyDRMzYsGKeX3enD9uyOpNrDW19340/ HTTP/1.1" 200 - "https://idolatekno.com/pages.php?sitemap849.xml" "Mozilla/5.0 AppleWebKit/537.36 (KHTML, like Gecko; compatible; GPTBot/1.3; +https://openai.com/gptbot)"
66.249.64.132 - - [22/Jan/2026:08:28:55 -0500] "GET /q-~165MX9JdMFxyI7dMlRc6f7Nkspyafj11p48729/ HTTP/1.1" 200 86152 "-" "Mozilla/5.0 (Linux; Android 6.0.1; Nexus 5X Build/MMB29P) AppleWebKit/537.36 (KHTML, like Gecko) Chrome/143.0.7499.192 Mobile Safari/537.36 (compatible; GoogleOther)"
74.7.241.58 - - [22/Jan/2026:08:28:56 -0500] "GET /q-~134cKebI3yqDUtam5CTA5y1eTUaTRdZHE36422/ HTTP/1.1" 200 - "https://idolatekno.com/sitemap1.xml" "Mozilla/5.0 AppleWebKit/537.36 (KHTML, like Gecko; compatible; GPTBot/1.3; +https://openai.com/gptbot)"
74.7.241.58 - - [22/Jan/2026:08:28:59 -0500] "GET /q-~207tep4jcW8E5B3VqHpGXZnMebqTfvT8f43987/ HTTP/1.1" 200 - "https://idolatekno.com/?sitemap442.xml" "Mozilla/5.0 AppleWebKit/537.36 (KHTML, like Gecko; compatible; GPTBot/1.3; +https://openai.com/gptbot)"
66.249.64.132 - - [22/Jan/2026:08:28:59 -0500] "GET /pcmypage?callback=/product%2Fdetail%2m86111347825 HTTP/1.1" 403 562584 "-" "Mozilla/5.0 (Linux; Android 6.0.1; Nexus 5X Build/MMB29P) AppleWebKit/537.36 (KHTML, like Gecko) Chrome/143.0.7499.192 Mobile Safari/537.36 (compatible; GoogleOther)"
66.249.70.36 - - [22/Jan/2026:08:29:00 -0500] "GET /?pid=26304226231&channel=fifty-terribly-solution&cate_id=2518&page=https://mail.idolatekno.com/remote.do?q-~263lbFiSqj2w2fvJ3kMBXWFnabpLQOw3o22187/ HTTP/1.1" 200 85817 "-" "Mozilla/5.0 (Linux; Android 6.0.1; Nexus 5X Build/MMB29P) AppleWebKit/537.36 (KHTML, like Gecko) Chrome/143.0.7499.192 Mobile Safari/537.36 (compatible; Googlebot/2.1; +http://www.google.com/bot.html)"
114.119.130.167 - - [22/Jan/2026:08:29:02 -0500] "GET /q-~214JeOjPDxeUUSU1tW5zW8YupQd28w42b12474/ HTTP/1.1" 200 - "https://mail.idolatekno.com/sitemape.xml" "Mozilla/5.0 (Linux; Android 7.0;) AppleWebKit/537.36 (KHTML, like Gecko) Mobile Safari/537.36 (compatible; PetalBot;+https://webmaster.petalsearch.com/site/petalbot)"
74.7.241.58 - - [22/Jan/2026:08:29:03 -0500] "GET /q-~136wqzsYAPBLCa3321NKZFNVhtNo5NuLs8714/ HTTP/1.1" 200 - "https://idolatekno.com/?sitemap305.xml" "Mozilla/5.0 AppleWebKit/537.36 (KHTML, like Gecko; compatible; GPTBot/1.3; +https://openai.com/gptbot)"
74.7.241.58 - - [22/Jan/2026:08:29:06 -0500] "GET /q-~228if61YToeiPn9NZtCNaCY02DUgdvljM14126/ HTTP/1.1" 200 - "https://idolatekno.com/sitemap16.xml" "Mozilla/5.0 AppleWebKit/537.36 (KHTML, like Gecko; compatible; GPTBot/1.3; +https://openai.com/gptbot)"
2a03:2880:f80e:5b:: - - [22/Jan/2026:08:29:06 -0500] "GET /?t=948570717ai3 HTTP/1.1" 200 - "-" "meta-externalagent/1.1 (+https://developers.facebook.com/docs/sharing/webmasters/crawler)"
66.249.70.36 - - [22/Jan/2026:08:29:07 -0500] "GET /?pid=26304226231&channel=beauty-pour-pose&cate_id=2518&page=https://mail.idolatekno.com/remote.do?items/030014725.htm HTTP/1.1" 200 86942 "-" "Mozilla/5.0 (Linux; Android 6.0.1; Nexus 5X Build/MMB29P) AppleWebKit/537.36 (KHTML, like Gecko) Chrome/143.0.7499.192 Mobile Safari/537.36 (compatible; Googlebot/2.1; +http://www.google.com/bot.html)"
74.7.241.58 - - [22/Jan/2026:08:29:09 -0500] "GET /q-~219uz0dso90nllpP2GknCCPLrpioKqfqc37891/ HTTP/1.1" 200 - "https://idolatekno.com/sitemap29.xml" "Mozilla/5.0 AppleWebKit/537.36 (KHTML, like Gecko; compatible; GPTBot/1.3; +https://openai.com/gptbot)"
66.249.64.132 - - [22/Jan/2026:08:29:12 -0500] "GET /q-~56apLqX98dcoReKBNulPQtlEJjC33aFP31732/ HTTP/1.1" 200 86000 "-" "Mozilla/5.0 (Linux; Android 6.0.1; Nexus 5X Build/MMB29P) AppleWebKit/537.36 (KHTML, like Gecko) Chrome/143.0.7499.192 Mobile Safari/537.36 (compatible; GoogleOther)"
74.7.241.58 - - [22/Jan/2026:08:29:12 -0500] "GET /q-~57cozapTqTkZwwZdXrGY4Yu0I29pPQ9W39907/ HTTP/1.1" 200 - "https://idolatekno.com/sitemap63.xml" "Mozilla/5.0 AppleWebKit/537.36 (KHTML, like Gecko; compatible; GPTBot/1.3; +https://openai.com/gptbot)"
66.249.70.37 - - [22/Jan/2026:08:29:15 -0500] "GET /?pid=26304226231&channel=rank-mental-already&cate_id=2518&page=https://mail.idolatekno.com/remote.do?q-~275XrMtB0gWITwm47pwhuzEiWG05NPzzh29827/ HTTP/1.1" 200 86014 "-" "Mozilla/5.0 (Linux; Android 6.0.1; Nexus 5X Build/MMB29P) AppleWebKit/537.36 (KHTML, like Gecko) Chrome/143.0.7499.192 Mobile Safari/537.36 (compatible; Googlebot/2.1; +http://www.google.com/bot.html)"
74.7.241.58 - - [22/Jan/2026:08:29:15 -0500] "GET /q-~55nM5ebnoByCWYTIYuKxh91nnk5e6SOY25939/ HTTP/1.1" 200 - "https://idolatekno.com/?sitemap503.xml" "Mozilla/5.0 AppleWebKit/537.36 (KHTML, like Gecko; compatible; GPTBot/1.3; +https://openai.com/gptbot)"
66.249.64.128 - - [22/Jan/2026:08:29:15 -0500] "GET /pcmypage?callback=/product%2Fdetail%2m62895184704 HTTP/1.1" 403 560182 "-" "Mozilla/5.0 (Linux; Android 6.0.1; Nexus 5X Build/MMB29P) AppleWebKit/537.36 (KHTML, like Gecko) Chrome/143.0.7499.192 Mobile Safari/537.36 (compatible; GoogleOther)"
74.7.241.58 - - [22/Jan/2026:08:29:18 -0500] "GET /q-~239cUY4yEHI52xqxAdKrANtyZNNtu0LxT13581/ HTTP/1.1" 200 - "https://idolatekno.com/?sitemap442.xml" "Mozilla/5.0 AppleWebKit/537.36 (KHTML, like Gecko; compatible; GPTBot/1.3; +https://openai.com/gptbot)"
74.7.241.58 - - [22/Jan/2026:08:29:21 -0500] "GET /q-~272zM6SBqwMDEr3S51CpPBdJlfBYUeVWa35752/ HTTP/1.1" 200 - "https://idolatekno.com/?sitemap305.xml" "Mozilla/5.0 AppleWebKit/537.36 (KHTML, like Gecko; compatible; GPTBot/1.3; +https://openai.com/gptbot)"
66.249.70.36 - - [22/Jan/2026:08:29:22 -0500] "GET /?pid=26304226231&channel=entire-position-medication&cate_id=2518&page=https://mail.idolatekno.com/remote.do?q-~264Sf90dHUvs96Lw8jWXXCrhheM8H15hF26194/ HTTP/1.1" 200 85414 "-" "Mozilla/5.0 (Linux; Android 6.0.1; Nexus 5X Build/MMB29P) AppleWebKit/537.36 (KHTML, like Gecko) Chrome/143.0.7499.192 Mobile Safari/537.36 (compatible; Googlebot/2.1; +http://www.google.com/bot.html)"
74.7.241.58 - - [22/Jan/2026:08:29:24 -0500] "GET /q-~157bLHr5TKiLAVzmiXRvmJ8c17JbJyf8y11959/ HTTP/1.1" 200 - "https://idolatekno.com/sitemap79.xml" "Mozilla/5.0 AppleWebKit/537.36 (KHTML, like Gecko; compatible; GPTBot/1.3; +https://openai.com/gptbot)"
74.7.241.58 - - [22/Jan/2026:08:29:28 -0500] "GET /q-~49sNZzGYj8ZIpn1QScV6een3XXJaF8ap11831/ HTTP/1.1" 200 - "https://idolatekno.com/?sitemap503.xml" "Mozilla/5.0 AppleWebKit/537.36 (KHTML, like Gecko; compatible; GPTBot/1.3; +https://openai.com/gptbot)"
66.249.64.132 - - [22/Jan/2026:08:29:28 -0500] "GET /pcmypage?callback=/product%2Fdetail%2m69427772973 HTTP/1.1" 403 563554 "-" "Mozilla/5.0 (Linux; Android 6.0.1; Nexus 5X Build/MMB29P) AppleWebKit/537.36 (KHTML, like Gecko) Chrome/143.0.7499.192 Mobile Safari/537.36 (compatible; GoogleOther)"
114.119.132.76 - - [22/Jan/2026:08:29:30 -0500] "GET /q-~214HIAlHerUszNp0ekRLKtWnahX8qLXxo10304/ HTTP/1.1" 200 - "https://mail.idolatekno.com/sitemape.xml" "Mozilla/5.0 (Linux; Android 7.0;) AppleWebKit/537.36 (KHTML, like Gecko) Mobile Safari/537.36 (compatible; PetalBot;+https://webmaster.petalsearch.com/site/petalbot)"
66.249.70.36 - - [22/Jan/2026:08:29:30 -0500] "GET /?pid=26304226231&channel=youth-space-scary&cate_id=2518&page=https://mail.idolatekno.com/remote.do?items/255005626.htm HTTP/1.1" 200 86512 "-" "Mozilla/5.0 (Linux; Android 6.0.1; Nexus 5X Build/MMB29P) AppleWebKit/537.36 (KHTML, like Gecko) Chrome/143.0.7499.192 Mobile Safari/537.36 (compatible; Googlebot/2.1; +http://www.google.com/bot.html)"
66.249.64.128 - - [22/Jan/2026:08:29:30 -0500] "GET /q-~24fSB9g1UYUBcBA62Uvvf4h46B8jwPLz7962/ HTTP/1.1" 200 85171 "-" "Mozilla/5.0 (Linux; Android 6.0.1; Nexus 5X Build/MMB29P) AppleWebKit/537.36 (KHTML, like Gecko) Chrome/143.0.7499.192 Mobile Safari/537.36 (compatible; GoogleOther)"
74.7.241.58 - - [22/Jan/2026:08:29:31 -0500] "GET /q-~34Me2MxkEXztACu20OJYuWPz54HNqRki25398/ HTTP/1.1" 200 - "https://idolatekno.com/sitemap16.xml" "Mozilla/5.0 AppleWebKit/537.36 (KHTML, like Gecko; compatible; GPTBot/1.3; +https://openai.com/gptbot)"
74.7.241.58 - - [22/Jan/2026:08:29:34 -0500] "GET /q-~92Xmt53S9IoRSWyonxhiypBdyP0J1yTJ37526/ HTTP/1.1" 200 - "https://idolatekno.com/sitemap63.xml" "Mozilla/5.0 AppleWebKit/537.36 (KHTML, like Gecko; compatible; GPTBot/1.3; +https://openai.com/gptbot)"
74.7.241.58 - - [22/Jan/2026:08:29:37 -0500] "GET /q-~121haDbrapXRBDmUqaXaRW01f3YNEV6mY30025/ HTTP/1.1" 200 - "https://idolatekno.com/sitemap16.xml" "Mozilla/5.0 AppleWebKit/537.36 (KHTML, like Gecko; compatible; GPTBot/1.3; +https://openai.com/gptbot)"
74.7.241.58 - - [22/Jan/2026:08:29:40 -0500] "GET /q-~34ljFbOHUf2PSTIfaYAPcasX6e48I2Gq13102/ HTTP/1.1" 200 - "https://idolatekno.com/?sitemap305.xml" "Mozilla/5.0 AppleWebKit/537.36 (KHTML, like Gecko; compatible; GPTBot/1.3; +https://openai.com/gptbot)"
66.249.64.128 - - [22/Jan/2026:08:29:42 -0500] "GET /?x=2166640003788&channel=107e18&from=https://idolatekno.com/super.py?q-~64G7Ysr23ohvmNgkcGY6hg6LgAjJPPoS21130/ HTTP/1.1" 200 85653 "-" "Mozilla/5.0 (Linux; Android 6.0.1; Nexus 5X Build/MMB29P) AppleWebKit/537.36 (KHTML, like Gecko) Chrome/143.0.7499.192 Mobile Safari/537.36 (compatible; GoogleOther)"
74.7.241.58 - - [22/Jan/2026:08:29:44 -0500] "GET /q-~142LVnWdHLyNV4XV7r5xogCnorPswl1Qq22762/ HTTP/1.1" 200 - "https://idolatekno.com/sitemap29.xml" "Mozilla/5.0 AppleWebKit/537.36 (KHTML, like Gecko; compatible; GPTBot/1.3; +https://openai.com/gptbot)"
66.249.70.37 - - [22/Jan/2026:08:29:43 -0500] "GET /?pid=26304226231&channel=monitor-else-procedure&cate_id=2518&page=https://mail.idolatekno.com/remote.do?q-~278b2oHH3yXXN2DJl45HrwQKAVNCd717x10060/ HTTP/1.1" 200 86059 "-" "Mozilla/5.0 (Linux; Android 6.0.1; Nexus 5X Build/MMB29P) AppleWebKit/537.36 (KHTML, like Gecko) Chrome/143.0.7499.192 Mobile Safari/537.36 (compatible; Googlebot/2.1; +http://www.google.com/bot.html)"
66.249.64.128 - - [22/Jan/2026:08:29:46 -0500] "GET /q-~270J7ESY4PanVSxP5omRFNBlPkbJWgcWp16364/ HTTP/1.1" 200 86048 "-" "Mozilla/5.0 (Linux; Android 6.0.1; Nexus 5X Build/MMB29P) AppleWebKit/537.36 (KHTML, like Gecko) Chrome/143.0.7499.192 Mobile Safari/537.36 (compatible; GoogleOther)"
74.7.241.58 - - [22/Jan/2026:08:29:47 -0500] "GET /q-~243uyNqZs5TNvCS3Eblj26exTmYkATekv37119/ HTTP/1.1" 200 - "https://idolatekno.com/sitemap27.xml" "Mozilla/5.0 AppleWebKit/537.36 (KHTML, like Gecko; compatible; GPTBot/1.3; +https://openai.com/gptbot)"
74.7.241.58 - - [22/Jan/2026:08:29:50 -0500] "GET /q-~152lc7OTx4CQwltsgPFUEy0lEGwq7MmvU10372/ HTTP/1.1" 200 - "https://idolatekno.com/sitemap73.xml" "Mozilla/5.0 AppleWebKit/537.36 (KHTML, like Gecko; compatible; GPTBot/1.3; +https://openai.com/gptbot)"
66.249.64.128 - - [22/Jan/2026:08:29:51 -0500] "GET /q-~52D9QIhks7VfQplWQtUxtQo74QdIAv2z27166/ HTTP/1.1" 200 85675 "-" "Mozilla/5.0 (Linux; Android 6.0.1; Nexus 5X Build/MMB29P) AppleWebKit/537.36 (KHTML, like Gecko) Chrome/143.0.7499.192 Mobile Safari/537.36 (compatible; Googlebot/2.1; +http://www.google.com/bot.html)"
66.249.70.36 - - [22/Jan/2026:08:29:51 -0500] "GET /?pid=26304226231&channel=essence-transition-thank&cate_id=2518&page=https://mail.idolatekno.com/remote.do?items/071001750.htm HTTP/1.1" 200 85658 "-" "Mozilla/5.0 (Linux; Android 6.0.1; Nexus 5X Build/MMB29P) AppleWebKit/537.36 (KHTML, like Gecko) Chrome/143.0.7499.192 Mobile Safari/537.36 (compatible; Googlebot/2.1; +http://www.google.com/bot.html)"
66.249.70.37 - - [22/Jan/2026:08:29:51 -0500] "GET /?pid=26304226231&channel=filter-star-magic&cate_id=2518&page=https://mail.idolatekno.com/remote.do?items/105037522.htm HTTP/1.1" 200 86076 "-" "Mozilla/5.0 (Linux; Android 6.0.1; Nexus 5X Build/MMB29P) AppleWebKit/537.36 (KHTML, like Gecko) Chrome/143.0.7499.192 Mobile Safari/537.36 (compatible; Googlebot/2.1; +http://www.google.com/bot.html)"
66.249.70.37 - - [22/Jan/2026:08:29:52 -0500] "GET /?b=1183560a63ce6 HTTP/1.1" 200 86716 "-" "Mozilla/5.0 (Linux; Android 6.0.1; Nexus 5X Build/MMB29P) AppleWebKit/537.36 (KHTML, like Gecko) Chrome/143.0.7499.192 Mobile Safari/537.36 (compatible; Googlebot/2.1; +http://www.google.com/bot.html)"
74.7.241.58 - - [22/Jan/2026:08:29:53 -0500] "GET /q-~176xw6LQrl2qgkcKnCMnpfMHQeEN4Ck1M33110/ HTTP/1.1" 200 - "https://idolatekno.com/?sitemap442.xml" "Mozilla/5.0 AppleWebKit/537.36 (KHTML, like Gecko; compatible; GPTBot/1.3; +https://openai.com/gptbot)"
66.249.70.37 - - [22/Jan/2026:08:29:55 -0500] "GET /?pid=26304226231&channel=epidemic-debris-plot&cate_id=2518&page=https://mail.idolatekno.com/remote.do?q-~233XfTuM2GONfqZinzEZbJmNjFHi5WWjj13065/ HTTP/1.1" 200 85607 "-" "Mozilla/5.0 (Linux; Android 6.0.1; Nexus 5X Build/MMB29P) AppleWebKit/537.36 (KHTML, like Gecko) Chrome/143.0.7499.192 Mobile Safari/537.36 (compatible; Googlebot/2.1; +http://www.google.com/bot.html)"
190.89.128.120 - - [22/Jan/2026:08:29:56 -0500] "GET /q-~4LTuGwqvICVSt004ZMJVj6CAlJ0edXi44590/ HTTP/1.1" 200 - "-" "Mozilla/5.0 (Windows; U; Windows NT 5.2; en-US) AppleWebKit/534.10 (KHTML, like Gecko) Chrome/7.0.540.0 Safari/534.10"
74.7.241.58 - - [22/Jan/2026:08:29:56 -0500] "GET /q-~56YV3G8WASmWWsR5keg5TR1SLBsOuhcm29236/ HTTP/1.1" 200 - "https://idolatekno.com/sitemap29.xml" "Mozilla/5.0 AppleWebKit/537.36 (KHTML, like Gecko; compatible; GPTBot/1.3; +https://openai.com/gptbot)"
66.249.64.128 - - [22/Jan/2026:08:29:57 -0500] "GET /?x=2166640003788&channel=107e18&from=https://idolatekno.com/super.py?q-~88CnQXeKcQjugtF2cQHEAdzjmbGLSE8P14488/ HTTP/1.1" 200 85438 "-" "Mozilla/5.0 (Linux; Android 6.0.1; Nexus 5X Build/MMB29P) AppleWebKit/537.36 (KHTML, like Gecko) Chrome/143.0.7499.192 Mobile Safari/537.36 (compatible; GoogleOther)"
114.119.153.93 - - [22/Jan/2026:08:29:57 -0500] "GET /q-~214HFIy2QiIrdWNiTgNm2uVFbfYoceRAo12802/ HTTP/1.1" 200 - "https://mail.idolatekno.com/sitemape.xml" "Mozilla/5.0 (Linux; Android 7.0;) AppleWebKit/537.36 (KHTML, like Gecko) Mobile Safari/537.36 (compatible; PetalBot;+https://webmaster.petalsearch.com/site/petalbot)"
74.7.241.58 - - [22/Jan/2026:08:29:59 -0500] "GET /q-~221bb1xbISiuzp7v1A9W6CBUPMXzqvepR24411/ HTTP/1.1" 200 - "https://idolatekno.com/sitemap49.xml" "Mozilla/5.0 AppleWebKit/537.36 (KHTML, like Gecko; compatible; GPTBot/1.3; +https://openai.com/gptbot)"
66.249.70.37 - - [22/Jan/2026:08:30:00 -0500] "GET /?pid=26304226231&channel=retain-shopdetail-dock&cate_id=2518&page=https://mail.idolatekno.com/remote.do?items/172010003.htm HTTP/1.1" 200 85919 "-" "Mozilla/5.0 (Linux; Android 6.0.1; Nexus 5X Build/MMB29P) AppleWebKit/537.36 (KHTML, like Gecko) Chrome/143.0.7499.192 Mobile Safari/537.36 (compatible; Googlebot/2.1; +http://www.google.com/bot.html)"
74.7.241.58 - - [22/Jan/2026:08:30:02 -0500] "GET /q-~50zszQx7QPDBeuy00Tlkc3OgnaGf0tEP25952/ HTTP/1.1" 200 - "https://idolatekno.com/sitemap79.xml" "Mozilla/5.0 AppleWebKit/537.36 (KHTML, like Gecko; compatible; GPTBot/1.3; +https://openai.com/gptbot)"
66.249.70.37 - - [22/Jan/2026:08:30:03 -0500] "GET /q-~264f7WI5nXlqQiUFSOtyktdKKCG0WYp9J41794/ HTTP/1.1" 200 86014 "-" "Mozilla/5.0 (Linux; Android 6.0.1; Nexus 5X Build/MMB29P) AppleWebKit/537.36 (KHTML, like Gecko) Chrome/143.0.7499.192 Mobile Safari/537.36 (compatible; GoogleOther)"
74.7.241.58 - - [22/Jan/2026:08:30:05 -0500] "GET /q-~192SP89NPOgmfLAamq2mI2cUgfwOn1FpK42040/ HTTP/1.1" 200 - "https://idolatekno.com/sitemap78.xml" "Mozilla/5.0 AppleWebKit/537.36 (KHTML, like Gecko; compatible; GPTBot/1.3; +https://openai.com/gptbot)"
66.249.64.128 - - [22/Jan/2026:08:30:07 -0500] "GET /q-~71L9XqKqtlTxCfQRLgycXUMPeORI3vzI3637/ HTTP/1.1" 200 86633 "-" "Mozilla/5.0 (Linux; Android 6.0.1; Nexus 5X Build/MMB29P) AppleWebKit/537.36 (KHTML, like Gecko) Chrome/143.0.7499.192 Mobile Safari/537.36 (compatible; GoogleOther)"
66.249.70.36 - - [22/Jan/2026:08:30:08 -0500] "GET /?pid=26304226231&channel=mouth-bone-pump&cate_id=2518&page=https://mail.idolatekno.com/remote.do?items/135023632.htm HTTP/1.1" 200 85115 "-" "Mozilla/5.0 (Linux; Android 6.0.1; Nexus 5X Build/MMB29P) AppleWebKit/537.36 (KHTML, like Gecko) Chrome/143.0.7499.192 Mobile Safari/537.36 (compatible; Googlebot/2.1; +http://www.google.com/bot.html)"
74.7.241.58 - - [22/Jan/2026:08:30:09 -0500] "GET /q-~291UmWURHDiKUq15mtMprno1uw1vxxzty39073/ HTTP/1.1" 200 - "https://idolatekno.com/sitemap78.xml" "Mozilla/5.0 AppleWebKit/537.36 (KHTML, like Gecko; compatible; GPTBot/1.3; +https://openai.com/gptbot)"
66.249.64.132 - - [22/Jan/2026:08:30:11 -0500] "GET /pcmypage?callback=/product%2Fdetail%2m67018393256 HTTP/1.1" 403 553983 "-" "Mozilla/5.0 (Linux; Android 6.0.1; Nexus 5X Build/MMB29P) AppleWebKit/537.36 (KHTML, like Gecko) Chrome/143.0.7499.192 Mobile Safari/537.36 (compatible; GoogleOther)"
74.7.241.58 - - [22/Jan/2026:08:30:12 -0500] "GET /q-~62uuc3ShddrSp4i4NZ8RubSObUsoh6bZ47116/ HTTP/1.1" 200 - "https://idolatekno.com/sitemap78.xml" "Mozilla/5.0 AppleWebKit/537.36 (KHTML, like Gecko; compatible; GPTBot/1.3; +https://openai.com/gptbot)"
74.7.241.58 - - [22/Jan/2026:08:30:15 -0500] "GET /q-~96ZWQa8svunZ4wn6ztQ9TedCpzX2wiML11246/ HTTP/1.1" 200 - "https://idolatekno.com/?sitemap317.xml" "Mozilla/5.0 AppleWebKit/537.36 (KHTML, like Gecko; compatible; GPTBot/1.3; +https://openai.com/gptbot)"
66.249.70.36 - - [22/Jan/2026:08:30:15 -0500] "GET /?pid=26304226231&channel=disk-flag-theology&cate_id=2518&page=https://mail.idolatekno.com/remote.do?items/279042136.htm HTTP/1.1" 200 85789 "-" "Mozilla/5.0 (Linux; Android 6.0.1; Nexus 5X Build/MMB29P) AppleWebKit/537.36 (KHTML, like Gecko) Chrome/143.0.7499.192 Mobile Safari/537.36 (compatible; Googlebot/2.1; +http://www.google.com/bot.html)"
74.7.241.58 - - [22/Jan/2026:08:30:18 -0500] "GET /q-~285HZZ3gtObjx2GRloAVZV3KzfNiCE1Lh28325/ HTTP/1.1" 200 - "https://idolatekno.com/sitemap63.xml" "Mozilla/5.0 AppleWebKit/537.36 (KHTML, like Gecko; compatible; GPTBot/1.3; +https://openai.com/gptbot)"
66.249.64.132 - - [22/Jan/2026:08:30:20 -0500] "GET /pcmypage?callback=/product%2Fdetail%2m41235022666 HTTP/1.1" 403 555265 "-" "Mozilla/5.0 (Linux; Android 6.0.1; Nexus 5X Build/MMB29P) AppleWebKit/537.36 (KHTML, like Gecko) Chrome/143.0.7499.192 Mobile Safari/537.36 (compatible; GoogleOther)"
74.7.241.58 - - [22/Jan/2026:08:30:21 -0500] "GET /q-~121t5IKryGBPqukqpcVg8nt2qkR1uH5cE33265/ HTTP/1.1" 200 - "https://idolatekno.com/sitemap16.xml" "Mozilla/5.0 AppleWebKit/537.36 (KHTML, like Gecko; compatible; GPTBot/1.3; +https://openai.com/gptbot)"
74.7.241.58 - - [22/Jan/2026:08:30:24 -0500] "GET /q-~121CJFwPMsAI2rNHQvoZ9uHIPhU0CUf4X42313/ HTTP/1.1" 200 - "https://idolatekno.com/?sitemap442.xml" "Mozilla/5.0 AppleWebKit/537.36 (KHTML, like Gecko; compatible; GPTBot/1.3; +https://openai.com/gptbot)"
66.249.64.132 - - [22/Jan/2026:08:30:26 -0500] "GET /q-~184J4bGn2VUs7is0egsPkglxjhAIfAktO16386/ HTTP/1.1" 200 86272 "-" "Mozilla/5.0 (Linux; Android 6.0.1; Nexus 5X Build/MMB29P) AppleWebKit/537.36 (KHTML, like Gecko) Chrome/143.0.7499.192 Mobile Safari/537.36 (compatible; GoogleOther)"
66.249.70.37 - - [22/Jan/2026:08:30:26 -0500] "GET /?pid=26304226231&channel=rental-appreciate-unemployment&cate_id=2518&page=https://mail.idolatekno.com/remote.do?q-~44ScXlxUl4g0mVUEZaa8DT0719lfQ6FD30042/ HTTP/1.1" 200 86636 "-" "Mozilla/5.0 (Linux; Android 6.0.1; Nexus 5X Build/MMB29P) AppleWebKit/537.36 (KHTML, like Gecko) Chrome/143.0.7499.192 Mobile Safari/537.36 (compatible; Googlebot/2.1; +http://www.google.com/bot.html)"
66.249.64.132 - - [22/Jan/2026:08:30:27 -0500] "GET /items/217028630.htm HTTP/1.1" 200 85307 "-" "Mozilla/5.0 (Linux; Android 6.0.1; Nexus 5X Build/MMB29P) AppleWebKit/537.36 (KHTML, like Gecko) Chrome/143.0.7499.192 Mobile Safari/537.36 (compatible; Googlebot/2.1; +http://www.google.com/bot.html)"
74.7.241.58 - - [22/Jan/2026:08:30:27 -0500] "GET /q-~282bI3W7Sa0fa8mIJ0ApTxxBixizwKfiz15012/ HTTP/1.1" 200 - "https://idolatekno.com/?sitemap305.xml" "Mozilla/5.0 AppleWebKit/537.36 (KHTML, like Gecko; compatible; GPTBot/1.3; +https://openai.com/gptbot)"
2a03:2880:f80e:6c:: - - [22/Jan/2026:08:30:30 -0500] "GET /m/subdi21373937?id=1390195 HTTP/1.1" 200 - "-" "meta-externalagent/1.1 (+https://developers.facebook.com/docs/sharing/webmasters/crawler)"
74.7.241.58 - - [22/Jan/2026:08:30:31 -0500] "GET /q-~205TsovVbQSC1iD1irc1EzU5bSkNsLMCN24365/ HTTP/1.1" 200 - "https://idolatekno.com/sitemap49.xml" "Mozilla/5.0 AppleWebKit/537.36 (KHTML, like Gecko; compatible; GPTBot/1.3; +https://openai.com/gptbot)"
66.249.70.37 - - [22/Jan/2026:08:30:31 -0500] "GET /?pid=26304226231&channel=eyebrow-forget-with&cate_id=2518&page=https://mail.idolatekno.com/remote.do?items/071016204.htm HTTP/1.1" 200 85119 "-" "Mozilla/5.0 (Linux; Android 6.0.1; Nexus 5X Build/MMB29P) AppleWebKit/537.36 (KHTML, like Gecko) Chrome/143.0.7499.192 Mobile Safari/537.36 (compatible; Googlebot/2.1; +http://www.google.com/bot.html)"
74.7.241.58 - - [22/Jan/2026:08:30:34 -0500] "GET /q-~116CvPvstY44YsCq4Jefc43CnPdMIUEuN12764/ HTTP/1.1" 200 - "https://idolatekno.com/?sitemap503.xml" "Mozilla/5.0 AppleWebKit/537.36 (KHTML, like Gecko; compatible; GPTBot/1.3; +https://openai.com/gptbot)"
74.7.241.58 - - [22/Jan/2026:08:30:37 -0500] "GET /q-~218mQddWE88gqNtxZuEWq6MUZjuq5AlfH36196/ HTTP/1.1" 200 - "https://idolatekno.com/?sitemap503.xml" "Mozilla/5.0 AppleWebKit/537.36 (KHTML, like Gecko; compatible; GPTBot/1.3; +https://openai.com/gptbot)"
66.249.70.37 - - [22/Jan/2026:08:30:37 -0500] "GET /?pid=26304226231&channel=crowd-organized-case&cate_id=2518&page=https://mail.idolatekno.com/remote.do?q-~153PGH8MQ5SqhP8Sb9agK76p8RG5o2ycx20973/ HTTP/1.1" 200 85936 "-" "Mozilla/5.0 (Linux; Android 6.0.1; Nexus 5X Build/MMB29P) AppleWebKit/537.36 (KHTML, like Gecko) Chrome/143.0.7499.192 Mobile Safari/537.36 (compatible; GoogleOther)"
66.249.70.37 - - [22/Jan/2026:08:30:38 -0500] "GET /?pid=26304226231&channel=greatest-impression-flash&cate_id=2518&page=https://mail.idolatekno.com/remote.do?items/129013300.htm HTTP/1.1" 200 85955 "-" "Mozilla/5.0 (Linux; Android 6.0.1; Nexus 5X Build/MMB29P) AppleWebKit/537.36 (KHTML, like Gecko) Chrome/143.0.7499.192 Mobile Safari/537.36 (compatible; Googlebot/2.1; +http://www.google.com/bot.html)"
114.119.130.27 - - [22/Jan/2026:08:30:39 -0500] "GET /q-~214Eu7Ojm4Oe0K80KmHfklXkwodZ5rsTf2324/ HTTP/1.1" 200 - "https://mail.idolatekno.com/sitemapb.xml" "Mozilla/5.0 (Linux; Android 7.0;) AppleWebKit/537.36 (KHTML, like Gecko) Mobile Safari/537.36 (compatible; PetalBot;+https://webmaster.petalsearch.com/site/petalbot)"
74.7.241.58 - - [22/Jan/2026:08:30:40 -0500] "GET /q-~191TIKill0VtodKibK1orGcG6Xq3S5KgO23899/ HTTP/1.1" 200 - "https://idolatekno.com/?sitemap503.xml" "Mozilla/5.0 AppleWebKit/537.36 (KHTML, like Gecko; compatible; GPTBot/1.3; +https://openai.com/gptbot)"
66.249.64.132 - - [22/Jan/2026:08:30:40 -0500] "GET /?u=2699771933667&channel=132e36&from=https://idolatekno.com/remote.aspx?items/278034845.htm HTTP/1.1" 200 85370 "-" "Mozilla/5.0 (Linux; Android 6.0.1; Nexus 5X Build/MMB29P) AppleWebKit/537.36 (KHTML, like Gecko) Chrome/143.0.7499.192 Mobile Safari/537.36 (compatible; GoogleOther)"
74.7.241.58 - - [22/Jan/2026:08:30:43 -0500] "GET /q-~196ZTqjrimyhwZ3dl9hNm3l7vE8EsPFhv4904/ HTTP/1.1" 200 - "https://idolatekno.com/?sitemap305.xml" "Mozilla/5.0 AppleWebKit/537.36 (KHTML, like Gecko; compatible; GPTBot/1.3; +https://openai.com/gptbot)"
66.249.70.36 - - [22/Jan/2026:08:30:46 -0500] "GET /?pid=26304226231&channel=hike-custody-tropical&cate_id=2518&page=https://mail.idolatekno.com/remote.do?q-~52d1jejJXhG2ThMmkTiBijVMFl8izqJi26784/ HTTP/1.1" 200 85278 "-" "Mozilla/5.0 (Linux; Android 6.0.1; Nexus 5X Build/MMB29P) AppleWebKit/537.36 (KHTML, like Gecko) Chrome/143.0.7499.192 Mobile Safari/537.36 (compatible; Googlebot/2.1; +http://www.google.com/bot.html)"
74.7.241.58 - - [22/Jan/2026:08:30:46 -0500] "GET /q-~134Sxuj62WRgDLxh9LIiXlPpoj6EpECXL24454/ HTTP/1.1" 200 - "https://idolatekno.com/sitemap27.xml" "Mozilla/5.0 AppleWebKit/537.36 (KHTML, like Gecko; compatible; GPTBot/1.3; +https://openai.com/gptbot)"
74.7.241.58 - - [22/Jan/2026:08:30:49 -0500] "GET /q-~117vF9f0eiUihhw9fYb31MOPuCOmysYUs49085/ HTTP/1.1" 200 - "https://idolatekno.com/?sitemap442.xml" "Mozilla/5.0 AppleWebKit/537.36 (KHTML, like Gecko; compatible; GPTBot/1.3; +https://openai.com/gptbot)"
66.249.64.132 - - [22/Jan/2026:08:30:51 -0500] "GET /pcmypage?callback=/product%2Fdetail%2m82330273579 HTTP/1.1" 403 560744 "-" "Mozilla/5.0 (Linux; Android 6.0.1; Nexus 5X Build/MMB29P) AppleWebKit/537.36 (KHTML, like Gecko) Chrome/143.0.7499.192 Mobile Safari/537.36 (compatible; GoogleOther)"
74.7.241.58 - - [22/Jan/2026:08:30:52 -0500] "GET /q-~225FV3g6pGECTg1mu9JSJ8EgACjedlvdT43685/ HTTP/1.1" 200 - "https://idolatekno.com/?sitemap442.xml" "Mozilla/5.0 AppleWebKit/537.36 (KHTML, like Gecko; compatible; GPTBot/1.3; +https://openai.com/gptbot)"
114.119.153.93 - - [22/Jan/2026:08:30:53 -0500] "GET /q-~214DsNnOahzGmiCOsQxLefSIN3r7klRIX24476/ HTTP/1.1" 200 - "https://mail.idolatekno.com/sitemapd.xml" "Mozilla/5.0 (Linux; Android 7.0;) AppleWebKit/537.36 (KHTML, like Gecko) Mobile Safari/537.36 (compatible; PetalBot;+https://webmaster.petalsearch.com/site/petalbot)"
66.249.70.38 - - [22/Jan/2026:08:30:54 -0500] "GET /?pid=26304226231&channel=procedure-invisible-stir&cate_id=2518&page=https://mail.idolatekno.com/remote.do?q-~254FWJRWYxlMilT6SiTJq9WazPWhErjIa6586/ HTTP/1.1" 200 85479 "-" "Mozilla/5.0 (Linux; Android 6.0.1; Nexus 5X Build/MMB29P) AppleWebKit/537.36 (KHTML, like Gecko) Chrome/143.0.7499.192 Mobile Safari/537.36 (compatible; Googlebot/2.1; +http://www.google.com/bot.html)"
66.249.64.132 - - [22/Jan/2026:08:30:54 -0500] "GET /pcmypage?callback=/product%2Fdetail%2m67496740132 HTTP/1.1" 403 553776 "-" "Mozilla/5.0 (Linux; Android 6.0.1; Nexus 5X Build/MMB29P) AppleWebKit/537.36 (KHTML, like Gecko) Chrome/143.0.7499.192 Mobile Safari/537.36 (compatible; GoogleOther)"
74.7.241.58 - - [22/Jan/2026:08:30:56 -0500] "GET /q-~114KgbpsYZUbDP13oLovm1IYz6TWOLT0Y22194/ HTTP/1.1" 200 - "https://idolatekno.com/?sitemap305.xml" "Mozilla/5.0 AppleWebKit/537.36 (KHTML, like Gecko; compatible; GPTBot/1.3; +https://openai.com/gptbot)"
66.249.70.36 - - [22/Jan/2026:08:30:57 -0500] "GET /q-~62cUY4yEHI52xqxAdKrANtyZNNtu0LxT13758/ HTTP/1.1" 200 86363 "-" "Mozilla/5.0 (Linux; Android 6.0.1; Nexus 5X Build/MMB29P) AppleWebKit/537.36 (KHTML, like Gecko) Chrome/143.0.7499.192 Mobile Safari/537.36 (compatible; GoogleOther)"
74.7.241.58 - - [22/Jan/2026:08:30:59 -0500] "GET /q-~31vuxsaUef61f1XP5LEvHXmTTu6mtzlD25511/ HTTP/1.1" 200 - "https://idolatekno.com/sitemap63.xml" "Mozilla/5.0 AppleWebKit/537.36 (KHTML, like Gecko; compatible; GPTBot/1.3; +https://openai.com/gptbot)"
66.249.70.36 - - [22/Jan/2026:08:31:01 -0500] "GET /?pid=26304226231&channel=breakfast-fellow-generate&cate_id=2518&page=https://mail.idolatekno.com/remote.do?q-~230J37mIogVJajXQ72UaEUfuU37I7OLGc38070/ HTTP/1.1" 200 85539 "-" "Mozilla/5.0 (Linux; Android 6.0.1; Nexus 5X Build/MMB29P) AppleWebKit/537.36 (KHTML, like Gecko) Chrome/143.0.7499.192 Mobile Safari/537.36 (compatible; Googlebot/2.1; +http://www.google.com/bot.html)"
74.7.241.58 - - [22/Jan/2026:08:31:02 -0500] "GET /q-~201I87fhr1BkcJlIfATmASlkbh0NQX1cY44003/ HTTP/1.1" 200 - "https://idolatekno.com/sitemap16.xml" "Mozilla/5.0 AppleWebKit/537.36 (KHTML, like Gecko; compatible; GPTBot/1.3; +https://openai.com/gptbot)"
74.7.241.58 - - [22/Jan/2026:08:31:05 -0500] "GET /q-~258d7WhKkP2yp4B2EbTs3QBUBveTEHofi23648/ HTTP/1.1" 200 - "https://idolatekno.com/sitemap27.xml" "Mozilla/5.0 AppleWebKit/537.36 (KHTML, like Gecko; compatible; GPTBot/1.3; +https://openai.com/gptbot)"
74.7.241.58 - - [22/Jan/2026:08:31:08 -0500] "GET /q-~169FKB51luLr6zqSIMoqDKs7rSieTfMKo44829/ HTTP/1.1" 200 - "https://idolatekno.com/?sitemap317.xml" "Mozilla/5.0 AppleWebKit/537.36 (KHTML, like Gecko; compatible; GPTBot/1.3; +https://openai.com/gptbot)"
66.249.64.132 - - [22/Jan/2026:08:31:09 -0500] "GET /q-~68ctqCaFoXcMUmU5cc6rmg4InHMtCA2v4598/ HTTP/1.1" 200 85416 "-" "Mozilla/5.0 (Linux; Android 6.0.1; Nexus 5X Build/MMB29P) AppleWebKit/537.36 (KHTML, like Gecko) Chrome/143.0.7499.192 Mobile Safari/537.36 (compatible; GoogleOther)"
66.249.70.36 - - [22/Jan/2026:08:31:09 -0500] "GET /?pid=26304226231&channel=as-capacity-experienced&cate_id=2518&page=https://mail.idolatekno.com/remote.do?q-~66E8mse8ecvrB9JsVESDbYhOrR5ycOws39826/ HTTP/1.1" 200 86333 "-" "Mozilla/5.0 (Linux; Android 6.0.1; Nexus 5X Build/MMB29P) AppleWebKit/537.36 (KHTML, like Gecko) Chrome/143.0.7499.192 Mobile Safari/537.36 (compatible; Googlebot/2.1; +http://www.google.com/bot.html)"
74.7.241.58 - - [22/Jan/2026:08:31:12 -0500] "GET /q-~296gMMrJs0W7eYeUAj6TexS67ptKBNkTV44006/ HTTP/1.1" 200 - "https://idolatekno.com/sitemap27.xml" "Mozilla/5.0 AppleWebKit/537.36 (KHTML, like Gecko; compatible; GPTBot/1.3; +https://openai.com/gptbot)"
66.249.64.128 - - [22/Jan/2026:08:31:12 -0500] "GET /pcmypage?callback=/product%2Fdetail%2m69809495557 HTTP/1.1" 403 554724 "-" "Mozilla/5.0 (Linux; Android 6.0.1; Nexus 5X Build/MMB29P) AppleWebKit/537.36 (KHTML, like Gecko) Chrome/143.0.7499.192 Mobile Safari/537.36 (compatible; GoogleOther)"
146.174.160.5 - - [22/Jan/2026:08:31:12 -0500] "GET /q-~59hTBgju11Kl1CZpXixcK3oNBEXEOF8H25841/ HTTP/1.1" 200 - "-" "Mozilla/5.0 (X11; Linux i686) AppleWebKit/535.1 (KHTML, like Gecko) Chrome/13.0.782.41 Safari/535.1"
74.7.241.58 - - [22/Jan/2026:08:31:15 -0500] "GET /q-~248wDgdoQcWhFhK4QP06PDNNKhcWtjM3f19422/ HTTP/1.1" 200 - "https://idolatekno.com/sitemap1.xml" "Mozilla/5.0 AppleWebKit/537.36 (KHTML, like Gecko; compatible; GPTBot/1.3; +https://openai.com/gptbot)"
66.249.70.36 - - [22/Jan/2026:08:31:16 -0500] "GET /?pid=26304226231&channel=devil-retain-chapter&cate_id=2518&page=https://mail.idolatekno.com/remote.do?items/185002912.htm HTTP/1.1" 200 86118 "-" "Mozilla/5.0 (Linux; Android 6.0.1; Nexus 5X Build/MMB29P) AppleWebKit/537.36 (KHTML, like Gecko) Chrome/143.0.7499.192 Mobile Safari/537.36 (compatible; Googlebot/2.1; +http://www.google.com/bot.html)"
74.7.241.58 - - [22/Jan/2026:08:31:18 -0500] "GET /q-~90IOTcxHMQLcEOSa6O8ua5dbJjp8q6Zi48634/ HTTP/1.1" 200 - "https://idolatekno.com/?sitemap1000.xml" "Mozilla/5.0 AppleWebKit/537.36 (KHTML, like Gecko; compatible; GPTBot/1.3; +https://openai.com/gptbot)"
74.7.241.58 - - [22/Jan/2026:08:31:21 -0500] "GET /q-~202GVJEY1IY1v81sURXxjxuqeVozBERrg49162/ HTTP/1.1" 200 - "https://idolatekno.com/pages.php?sitemap849.xml" "Mozilla/5.0 AppleWebKit/537.36 (KHTML, like Gecko; compatible; GPTBot/1.3; +https://openai.com/gptbot)"
114.119.142.126 - - [22/Jan/2026:08:31:23 -0500] "GET /q-~214BsSrhBEBO58xo6lyQgYHEQoG0aatDu5036/ HTTP/1.1" 200 - "https://mail.idolatekno.com/sitemapd.xml" "Mozilla/5.0 (Linux; Android 7.0;) AppleWebKit/537.36 (KHTML, like Gecko) Mobile Safari/537.36 (compatible; PetalBot;+https://webmaster.petalsearch.com/site/petalbot)"
66.249.64.132 - - [22/Jan/2026:08:31:23 -0500] "GET /pcmypage?callback=/product%2Fdetail%2m53810924662 HTTP/1.1" 403 561376 "-" "Mozilla/5.0 (Linux; Android 6.0.1; Nexus 5X Build/MMB29P) AppleWebKit/537.36 (KHTML, like Gecko) Chrome/143.0.7499.192 Mobile Safari/537.36 (compatible; GoogleOther)"
66.249.70.36 - - [22/Jan/2026:08:31:24 -0500] "GET /?pid=26304226231&channel=steer-random-molecule&cate_id=2518&page=https://mail.idolatekno.com/remote.do?items/010002175.htm HTTP/1.1" 200 86017 "-" "Mozilla/5.0 (Linux; Android 6.0.1; Nexus 5X Build/MMB29P) AppleWebKit/537.36 (KHTML, like Gecko) Chrome/143.0.7499.192 Mobile Safari/537.36 (compatible; Googlebot/2.1; +http://www.google.com/bot.html)"
74.7.241.58 - - [22/Jan/2026:08:31:24 -0500] "GET /q-~166aP6qJMURxWx7rmal3ScN3WHV4KRfhX2638/ HTTP/1.1" 200 - "https://idolatekno.com/?sitemap442.xml" "Mozilla/5.0 AppleWebKit/537.36 (KHTML, like Gecko; compatible; GPTBot/1.3; +https://openai.com/gptbot)"
74.7.241.58 - - [22/Jan/2026:08:31:27 -0500] "GET /q-~195NaWZfGZM0LNllAnV72GREdn9hAMzuA39649/ HTTP/1.1" 200 - "https://idolatekno.com/?sitemap305.xml" "Mozilla/5.0 AppleWebKit/537.36 (KHTML, like Gecko; compatible; GPTBot/1.3; +https://openai.com/gptbot)"
66.249.64.132 - - [22/Jan/2026:08:31:28 -0500] "GET /?x=2166640003788&channel=107e18&from=https://idolatekno.com/super.py?items/271004916.htm HTTP/1.1" 200 86273 "-" "Mozilla/5.0 (Linux; Android 6.0.1; Nexus 5X Build/MMB29P) AppleWebKit/537.36 (KHTML, like Gecko) Chrome/143.0.7499.192 Mobile Safari/537.36 (compatible; GoogleOther)"
74.7.241.58 - - [22/Jan/2026:08:31:31 -0500] "GET /q-~280b88IkANGylSFwicsS2eMT8gdytt6qo36552/ HTTP/1.1" 200 - "https://idolatekno.com/sitemap63.xml" "Mozilla/5.0 AppleWebKit/537.36 (KHTML, like Gecko; compatible; GPTBot/1.3; +https://openai.com/gptbot)"
66.249.70.37 - - [22/Jan/2026:08:31:33 -0500] "GET /?pid=26304226231&channel=hook-your-deliver&cate_id=2518&page=https://mail.idolatekno.com/remote.do?items/074012291.htm HTTP/1.1" 200 85998 "-" "Mozilla/5.0 (Linux; Android 6.0.1; Nexus 5X Build/MMB29P) AppleWebKit/537.36 (KHTML, like Gecko) Chrome/143.0.7499.192 Mobile Safari/537.36 (compatible; Googlebot/2.1; +http://www.google.com/bot.html)"
74.7.241.58 - - [22/Jan/2026:08:31:34 -0500] "GET /q-~12Nhve7H8ZuaMbcU9nZm1wDq3jjBLMqZ44674/ HTTP/1.1" 200 - "https://idolatekno.com/?sitemap442.xml" "Mozilla/5.0 AppleWebKit/537.36 (KHTML, like Gecko; compatible; GPTBot/1.3; +https://openai.com/gptbot)"
74.7.241.58 - - [22/Jan/2026:08:31:37 -0500] "GET /q-~191fC7HPGy07boubLPKALxsI6utbMt7sw26289/ HTTP/1.1" 200 - "https://idolatekno.com/sitemap16.xml" "Mozilla/5.0 AppleWebKit/537.36 (KHTML, like Gecko; compatible; GPTBot/1.3; +https://openai.com/gptbot)"
66.249.64.129 - - [22/Jan/2026:08:31:38 -0500] "GET /q-~76OS54nifAD74gZ7y8DTWfnAwt5uLI6D10834/ HTTP/1.1" 200 85623 "-" "Mozilla/5.0 (Linux; Android 6.0.1; Nexus 5X Build/MMB29P) AppleWebKit/537.36 (KHTML, like Gecko) Chrome/143.0.7499.192 Mobile Safari/537.36 (compatible; GoogleOther)"
66.249.70.37 - - [22/Jan/2026:08:31:40 -0500] "GET /?pid=26304226231&channel=log-airport-republic&cate_id=2518&page=https://mail.idolatekno.com/remote.do?q-~190Jror0BqHFqaQAHVuBwmAP9OBPlvcxM16664/ HTTP/1.1" 200 85496 "-" "Mozilla/5.0 (Linux; Android 6.0.1; Nexus 5X Build/MMB29P) AppleWebKit/537.36 (KHTML, like Gecko) Chrome/143.0.7499.192 Mobile Safari/537.36 (compatible; Googlebot/2.1; +http://www.google.com/bot.html)"
74.7.241.58 - - [22/Jan/2026:08:31:41 -0500] "GET /q-~246dsV5G4TIoXjKbbPeQXsFLinW36eF4b21462/ HTTP/1.1" 200 - "https://idolatekno.com/?sitemap1000.xml" "Mozilla/5.0 AppleWebKit/537.36 (KHTML, like Gecko; compatible; GPTBot/1.3; +https://openai.com/gptbot)"
74.7.241.58 - - [22/Jan/2026:08:31:43 -0500] "GET /q-~124F6qilGu2U0tpkiiGBG2WDX7mfFSCQz24050/ HTTP/1.1" 200 - "https://idolatekno.com/?sitemap1000.xml" "Mozilla/5.0 AppleWebKit/537.36 (KHTML, like Gecko; compatible; GPTBot/1.3; +https://openai.com/gptbot)"
66.249.64.128 - - [22/Jan/2026:08:31:46 -0500] "GET /q-~182W9EqcdPtGld3VlrEKqFpCmKX313mfl38878/ HTTP/1.1" 200 86255 "-" "Mozilla/5.0 (Linux; Android 6.0.1; Nexus 5X Build/MMB29P) AppleWebKit/537.36 (KHTML, like Gecko) Chrome/143.0.7499.192 Mobile Safari/537.36 (compatible; GoogleOther)"
74.7.241.58 - - [22/Jan/2026:08:31:46 -0500] "GET /q-~55r3JzjjgeggG8rBanQr72rKewRzPu4D26609/ HTTP/1.1" 200 - "https://idolatekno.com/?sitemap305.xml" "Mozilla/5.0 AppleWebKit/537.36 (KHTML, like Gecko; compatible; GPTBot/1.3; +https://openai.com/gptbot)"
66.249.70.37 - - [22/Jan/2026:08:31:47 -0500] "GET /?pid=26304226231&channel=blame-chief-African&cate_id=2518&page=https://mail.idolatekno.com/remote.do?q-~276AlZyCcjhduF60IaFr4gqhAEjTpaALH37670/ HTTP/1.1" 200 86353 "-" "Mozilla/5.0 (Linux; Android 6.0.1; Nexus 5X Build/MMB29P) AppleWebKit/537.36 (KHTML, like Gecko) Chrome/143.0.7499.192 Mobile Safari/537.36 (compatible; Googlebot/2.1; +http://www.google.com/bot.html)"
2a03:2880:f80e:35:: - - [22/Jan/2026:08:31:48 -0500] "GET /m/bogus60613989?id=630247 HTTP/1.1" 200 - "-" "meta-externalagent/1.1 (+https://developers.facebook.com/docs/sharing/webmasters/crawler)"
114.119.142.126 - - [22/Jan/2026:08:31:49 -0500] "GET /q-~213xMgoVfQYhD1gy8PqXKAH47PpJHQQ8x37071/ HTTP/1.1" 200 - "https://mail.idolatekno.com/sitemapc.xml" "Mozilla/5.0 (Linux; Android 7.0;) AppleWebKit/537.36 (KHTML, like Gecko) Mobile Safari/537.36 (compatible; PetalBot;+https://webmaster.petalsearch.com/site/petalbot)"
74.7.241.58 - - [22/Jan/2026:08:31:49 -0500] "GET /q-~131m3Ggx3DxyVWvgwp1T9TdkstVpy1QKZ25923/ HTTP/1.1" 200 - "https://idolatekno.com/sitemap49.xml" "Mozilla/5.0 AppleWebKit/537.36 (KHTML, like Gecko; compatible; GPTBot/1.3; +https://openai.com/gptbot)"
66.249.64.128 - - [22/Jan/2026:08:31:52 -0500] "GET /pcmypage?callback=/product%2Fdetail%2m78302367150 HTTP/1.1" 403 553409 "-" "Mozilla/5.0 (Linux; Android 6.0.1; Nexus 5X Build/MMB29P) AppleWebKit/537.36 (KHTML, like Gecko) Chrome/143.0.7499.192 Mobile Safari/537.36 (compatible; GoogleOther)"
74.7.241.58 - - [22/Jan/2026:08:31:54 -0500] "GET /q-~290lQUYJQ3SqfIgUOtfiM8SJBF2j5wIfv22322/ HTTP/1.1" 200 - "https://idolatekno.com/?sitemap317.xml" "Mozilla/5.0 AppleWebKit/537.36 (KHTML, like Gecko; compatible; GPTBot/1.3; +https://openai.com/gptbot)"
66.249.70.38 - - [22/Jan/2026:08:31:55 -0500] "GET /?pid=26304226231&channel=get-stimulus-Israeli&cate_id=2518&page=https://mail.idolatekno.com/remote.do?q-~201LGhzbgqEjcVpHHlp3YBpJu01u0YPZn2325/ HTTP/1.1" 200 86161 "-" "Mozilla/5.0 (Linux; Android 6.0.1; Nexus 5X Build/MMB29P) AppleWebKit/537.36 (KHTML, like Gecko) Chrome/143.0.7499.192 Mobile Safari/537.36 (compatible; Googlebot/2.1; +http://www.google.com/bot.html)"
66.249.70.37 - - [22/Jan/2026:08:31:55 -0500] "GET /?pid=26304226231&channel=retire-retain-writer&cate_id=2518&page=https://mail.idolatekno.com/remote.do?q-~182PsQFny9wHTiwv9wGHmDpd0hMgyLJ6l18278/ HTTP/1.1" 200 86700 "-" "Mozilla/5.0 (Linux; Android 6.0.1; Nexus 5X Build/MMB29P) AppleWebKit/537.36 (KHTML, like Gecko) Chrome/143.0.7499.192 Mobile Safari/537.36 (compatible; Googlebot/2.1; +http://www.google.com/bot.html)"
74.7.241.58 - - [22/Jan/2026:08:31:56 -0500] "GET /q-~81RhYQiw36NMtdURcHJPa47Mq5naREzI16453/ HTTP/1.1" 200 - "https://idolatekno.com/?sitemap442.xml" "Mozilla/5.0 AppleWebKit/537.36 (KHTML, like Gecko; compatible; GPTBot/1.3; +https://openai.com/gptbot)"
66.249.70.37 - - [22/Jan/2026:08:31:58 -0500] "GET /?b=46443769gijh9 HTTP/1.1" 200 85869 "-" "Mozilla/5.0 (Linux; Android 6.0.1; Nexus 5X Build/MMB29P) AppleWebKit/537.36 (KHTML, like Gecko) Chrome/143.0.7499.192 Mobile Safari/537.36 (compatible; Googlebot/2.1; +http://www.google.com/bot.html)"
74.7.241.58 - - [22/Jan/2026:08:32:01 -0500] "GET /q-~160CPZKKM7yF0pXs4hKUOwyKnBvlAkF6M25254/ HTTP/1.1" 200 - "https://idolatekno.com/?sitemap305.xml" "Mozilla/5.0 AppleWebKit/537.36 (KHTML, like Gecko; compatible; GPTBot/1.3; +https://openai.com/gptbot)"
66.249.70.37 - - [22/Jan/2026:08:32:02 -0500] "GET /?pid=26304226231&channel=boast-drink-package&cate_id=2518&page=https://mail.idolatekno.com/remote.do?q-~190muXIXNdmue51K9aoGWWrwp6UwT2zLV23370/ HTTP/1.1" 200 85538 "-" "Mozilla/5.0 (Linux; Android 6.0.1; Nexus 5X Build/MMB29P) AppleWebKit/537.36 (KHTML, like Gecko) Chrome/143.0.7499.192 Mobile Safari/537.36 (compatible; Googlebot/2.1; +http://www.google.com/bot.html)"
74.7.241.58 - - [22/Jan/2026:08:32:02 -0500] "GET /q-~13LP5cVuZ5Ax2rZGaEzLI4HeYFT4qzuF38223/ HTTP/1.1" 200 - "https://idolatekno.com/sitemap29.xml" "Mozilla/5.0 AppleWebKit/537.36 (KHTML, like Gecko; compatible; GPTBot/1.3; +https://openai.com/gptbot)"
66.249.64.129 - - [22/Jan/2026:08:32:03 -0500] "GET /q-~181LHDMK6Pzwi9RhwGwpgxbhM57OcoEmU49087/ HTTP/1.1" 200 85773 "-" "Mozilla/5.0 (Linux; Android 6.0.1; Nexus 5X Build/MMB29P) AppleWebKit/537.36 (KHTML, like Gecko) Chrome/143.0.7499.192 Mobile Safari/537.36 (compatible; GoogleOther)"
66.249.64.130 - - [22/Jan/2026:08:32:06 -0500] "GET /pcmypage?callback=/product%2Fdetail%2m98686523867 HTTP/1.1" 403 553412 "-" "Mozilla/5.0 (Linux; Android 6.0.1; Nexus 5X Build/MMB29P) AppleWebKit/537.36 (KHTML, like Gecko) Chrome/143.0.7499.192 Mobile Safari/537.36 (compatible; GoogleOther)"
74.7.241.58 - - [22/Jan/2026:08:32:08 -0500] "GET /q-~206ymlqt42BdtqwYqsCOCh3O6NjTTsMBS31130/ HTTP/1.1" 200 - "https://idolatekno.com/sitemap21.xml" "Mozilla/5.0 AppleWebKit/537.36 (KHTML, like Gecko; compatible; GPTBot/1.3; +https://openai.com/gptbot)"
74.7.241.58 - - [22/Jan/2026:08:32:10 -0500] "GET /q-~226UdUGWGZK5e3FIQtvLeeDpld66Y4DMu43186/ HTTP/1.1" 200 - "https://idolatekno.com/?sitemap503.xml" "Mozilla/5.0 AppleWebKit/537.36 (KHTML, like Gecko; compatible; GPTBot/1.3; +https://openai.com/gptbot)"
66.249.70.36 - - [22/Jan/2026:08:32:10 -0500] "GET /?pid=26304226231&channel=homeland-chin-increased&cate_id=2518&page=https://mail.idolatekno.com/remote.do?q-~66FAlCcwuHa88NS2A422NDYvpaGDggyh12604/ HTTP/1.1" 200 85921 "-" "Mozilla/5.0 (Linux; Android 6.0.1; Nexus 5X Build/MMB29P) AppleWebKit/537.36 (KHTML, like Gecko) Chrome/143.0.7499.192 Mobile Safari/537.36 (compatible; Googlebot/2.1; +http://www.google.com/bot.html)"
74.7.241.58 - - [22/Jan/2026:08:32:12 -0500] "GET /q-~224z0ExDYk6fEuMlD1qoDZJl4uRNPEA2P13550/ HTTP/1.1" 200 - "https://idolatekno.com/?sitemap442.xml" "Mozilla/5.0 AppleWebKit/537.36 (KHTML, like Gecko; compatible; GPTBot/1.3; +https://openai.com/gptbot)"
74.7.241.58 - - [22/Jan/2026:08:32:15 -0500] "GET /q-~278nag7fBhOrJRVP2lOwlBI0IUfz86noJ24054/ HTTP/1.1" 200 - "https://idolatekno.com/sitemap63.xml" "Mozilla/5.0 AppleWebKit/537.36 (KHTML, like Gecko; compatible; GPTBot/1.3; +https://openai.com/gptbot)"
114.119.142.186 - - [22/Jan/2026:08:32:17 -0500] "GET /q-~213wY3OvQSutwf1tB67E7pV0VXok7pe3J18645/ HTTP/1.1" 200 - "https://mail.idolatekno.com/sitemapb.xml" "Mozilla/5.0 (Linux; Android 7.0;) AppleWebKit/537.36 (KHTML, like Gecko) Mobile Safari/537.36 (compatible; PetalBot;+https://webmaster.petalsearch.com/site/petalbot)"
