74.7.241.58 - - [22/Jan/2026:08:40:43 -0500] "GET /q-~141TvwIK6iYycnK3PRqIMHqhtpdc54kcL23663/ HTTP/1.1" 200 - "https://idolatekno.com/?sitemap503.xml" "Mozilla/5.0 AppleWebKit/537.36 (KHTML, like Gecko; compatible; GPTBot/1.3; +https://openai.com/gptbot)"
66.249.64.132 - - [22/Jan/2026:08:40:45 -0500] "GET /q-~281AUKgu0VOXyR3mkpyOnKQ2Ud3LuekzR5693/ HTTP/1.1" 200 86196 "-" "Mozilla/5.0 (Linux; Android 6.0.1; Nexus 5X Build/MMB29P) AppleWebKit/537.36 (KHTML, like Gecko) Chrome/143.0.7499.192 Mobile Safari/537.36 (compatible; GoogleOther)"
2a03:2880:f80e:50:: - - [22/Jan/2026:08:40:46 -0500] "GET /?t=360682gddh29 HTTP/1.1" 200 - "-" "meta-externalagent/1.1 (+https://developers.facebook.com/docs/sharing/webmasters/crawler)"
66.249.70.38 - - [22/Jan/2026:08:40:46 -0500] "GET /?pid=26304226231&channel=prepare-occasional-sweater&cate_id=2518&page=https://mail.idolatekno.com/remote.do?items/068042549.htm HTTP/1.1" 200 86683 "-" "Mozilla/5.0 (Linux; Android 6.0.1; Nexus 5X Build/MMB29P) AppleWebKit/537.36 (KHTML, like Gecko) Chrome/143.0.7499.192 Mobile Safari/537.36 (compatible; Googlebot/2.1; +http://www.google.com/bot.html)"
74.7.241.58 - - [22/Jan/2026:08:40:47 -0500] "GET /q-~141a5aCdQM7BiY2dmEN1Xi9TcaJXrAElZ40123/ HTTP/1.1" 200 - "https://idolatekno.com/?sitemap1000.xml" "Mozilla/5.0 AppleWebKit/537.36 (KHTML, like Gecko; compatible; GPTBot/1.3; +https://openai.com/gptbot)"
74.7.241.58 - - [22/Jan/2026:08:40:50 -0500] "GET /q-~135pf6HpM8MKP2Awdd9ouXcRp2pPLWoeI16205/ HTTP/1.1" 200 - "https://idolatekno.com/?sitemap305.xml" "Mozilla/5.0 AppleWebKit/537.36 (KHTML, like Gecko; compatible; GPTBot/1.3; +https://openai.com/gptbot)"
74.7.241.58 - - [22/Jan/2026:08:40:53 -0500] "GET /q-~160hYKnjaCgJCrMri156my4urmv1PvnMn14092/ HTTP/1.1" 200 - "https://idolatekno.com/?sitemap1000.xml" "Mozilla/5.0 AppleWebKit/537.36 (KHTML, like Gecko; compatible; GPTBot/1.3; +https://openai.com/gptbot)"
66.249.64.128 - - [22/Jan/2026:08:40:53 -0500] "GET /q-~111Yc9Sgokpe8YrDkmhRjfFDzhIa7MvRO27249/ HTTP/1.1" 200 85800 "-" "Mozilla/5.0 (Linux; Android 6.0.1; Nexus 5X Build/MMB29P) AppleWebKit/537.36 (KHTML, like Gecko) Chrome/143.0.7499.192 Mobile Safari/537.36 (compatible; GoogleOther)"
66.249.70.36 - - [22/Jan/2026:08:40:54 -0500] "GET /?pid=26304226231&channel=invisible-passenger-protect&cate_id=2518&page=https://mail.idolatekno.com/remote.do?items/250027911.htm HTTP/1.1" 200 85284 "-" "Mozilla/5.0 (Linux; Android 6.0.1; Nexus 5X Build/MMB29P) AppleWebKit/537.36 (KHTML, like Gecko) Chrome/143.0.7499.192 Mobile Safari/537.36 (compatible; Googlebot/2.1; +http://www.google.com/bot.html)"
74.7.241.58 - - [22/Jan/2026:08:40:56 -0500] "GET /q-~274cGxjo8swdQGX0JKEeMpVEKSLV20kqG43684/ HTTP/1.1" 200 - "https://idolatekno.com/pages.php?sitemap849.xml" "Mozilla/5.0 AppleWebKit/537.36 (KHTML, like Gecko; compatible; GPTBot/1.3; +https://openai.com/gptbot)"
74.7.241.58 - - [22/Jan/2026:08:40:59 -0500] "GET /q-~178mvb3Edm6LP4DYrwoV5kitibss3aPiH34040/ HTTP/1.1" 200 - "https://idolatekno.com/sitemap49.xml" "Mozilla/5.0 AppleWebKit/537.36 (KHTML, like Gecko; compatible; GPTBot/1.3; +https://openai.com/gptbot)"
66.249.64.132 - - [22/Jan/2026:08:40:59 -0500] "GET /pcmypage?callback=/product%2Fdetail%2m16529228732 HTTP/1.1" 403 554063 "-" "Mozilla/5.0 (Linux; Android 6.0.1; Nexus 5X Build/MMB29P) AppleWebKit/537.36 (KHTML, like Gecko) Chrome/143.0.7499.192 Mobile Safari/537.36 (compatible; GoogleOther)"
114.119.153.93 - - [22/Jan/2026:08:41:00 -0500] "GET /q-~213BWH9VqgLM9xGeWkuNaAm2V9aWHZ77x22405/ HTTP/1.1" 200 - "https://mail.idolatekno.com/sitemapc.xml" "Mozilla/5.0 (Linux; Android 7.0;) AppleWebKit/537.36 (KHTML, like Gecko) Mobile Safari/537.36 (compatible; PetalBot;+https://webmaster.petalsearch.com/site/petalbot)"
66.249.70.38 - - [22/Jan/2026:08:41:01 -0500] "GET /?pid=26304226231&channel=manufacturing-lean-brick&cate_id=2518&page=https://mail.idolatekno.com/remote.do?q-~80YamxBsM4kwL4mLzuCOzPuR2cc1Wn6O30328/ HTTP/1.1" 200 85405 "-" "Mozilla/5.0 (Linux; Android 6.0.1; Nexus 5X Build/MMB29P) AppleWebKit/537.36 (KHTML, like Gecko) Chrome/143.0.7499.192 Mobile Safari/537.36 (compatible; Googlebot/2.1; +http://www.google.com/bot.html)"
74.7.241.58 - - [22/Jan/2026:08:41:02 -0500] "GET /q-~291Bltn3RBKsc1LBdPlcKLfQFw9NLk88T16953/ HTTP/1.1" 200 - "https://idolatekno.com/sitemap63.xml" "Mozilla/5.0 AppleWebKit/537.36 (KHTML, like Gecko; compatible; GPTBot/1.3; +https://openai.com/gptbot)"
74.7.241.58 - - [22/Jan/2026:08:41:05 -0500] "GET /q-~139d9jDQcOML2atghnQjEoTEj1QhB4JuE12935/ HTTP/1.1" 200 - "https://idolatekno.com/sitemap49.xml" "Mozilla/5.0 AppleWebKit/537.36 (KHTML, like Gecko; compatible; GPTBot/1.3; +https://openai.com/gptbot)"
74.7.241.58 - - [22/Jan/2026:08:41:09 -0500] "GET /q-~197syuIE0ElW2sknH6Un0VYPtI3NLWiXL2611/ HTTP/1.1" 200 - "https://idolatekno.com/sitemap78.xml" "Mozilla/5.0 AppleWebKit/537.36 (KHTML, like Gecko; compatible; GPTBot/1.3; +https://openai.com/gptbot)"
66.249.70.36 - - [22/Jan/2026:08:41:09 -0500] "GET /?pid=26304226231&channel=inmate-health-tolerate&cate_id=2518&page=https://mail.idolatekno.com/remote.do?items/038027839.htm HTTP/1.1" 200 86305 "-" "Mozilla/5.0 (Linux; Android 6.0.1; Nexus 5X Build/MMB29P) AppleWebKit/537.36 (KHTML, like Gecko) Chrome/143.0.7499.192 Mobile Safari/537.36 (compatible; Googlebot/2.1; +http://www.google.com/bot.html)"
66.249.64.128 - - [22/Jan/2026:08:41:10 -0500] "GET /pcmypage?callback=/product%2Fdetail%2m41372677712 HTTP/1.1" 403 550192 "-" "Mozilla/5.0 (Linux; Android 6.0.1; Nexus 5X Build/MMB29P) AppleWebKit/537.36 (KHTML, like Gecko) Chrome/143.0.7499.192 Mobile Safari/537.36 (compatible; GoogleOther)"
74.7.241.58 - - [22/Jan/2026:08:41:12 -0500] "GET /q-~288yx7x5Jar1OPaaVNrpVto5tzDZmG6Ul18498/ HTTP/1.1" 200 - "https://idolatekno.com/sitemap16.xml" "Mozilla/5.0 AppleWebKit/537.36 (KHTML, like Gecko; compatible; GPTBot/1.3; +https://openai.com/gptbot)"
66.249.64.128 - - [22/Jan/2026:08:41:14 -0500] "GET /pcmypage?callback=/product%2Fdetail%2m18759014396 HTTP/1.1" 403 557005 "-" "Mozilla/5.0 (Linux; Android 6.0.1; Nexus 5X Build/MMB29P) AppleWebKit/537.36 (KHTML, like Gecko) Chrome/143.0.7499.192 Mobile Safari/537.36 (compatible; GoogleOther)"
74.7.241.58 - - [22/Jan/2026:08:41:15 -0500] "GET /q-~257aKbQtxf3Hp4XL8YKIHOf1KAhThFLNA13427/ HTTP/1.1" 200 - "https://idolatekno.com/?sitemap503.xml" "Mozilla/5.0 AppleWebKit/537.36 (KHTML, like Gecko; compatible; GPTBot/1.3; +https://openai.com/gptbot)"
66.249.70.36 - - [22/Jan/2026:08:41:17 -0500] "GET /?pid=26304226231&channel=wear-reliable-African-American&cate_id=2518&page=https://mail.idolatekno.com/remote.do?items/236001743.htm HTTP/1.1" 200 86254 "-" "Mozilla/5.0 (Linux; Android 6.0.1; Nexus 5X Build/MMB29P) AppleWebKit/537.36 (KHTML, like Gecko) Chrome/143.0.7499.192 Mobile Safari/537.36 (compatible; Googlebot/2.1; +http://www.google.com/bot.html)"
74.7.241.58 - - [22/Jan/2026:08:41:18 -0500] "GET /q-~281sFRQsZLriCS2TjVrsJKM3yycV2W4zV36335/ HTTP/1.1" 200 - "https://idolatekno.com/sitemap16.xml" "Mozilla/5.0 AppleWebKit/537.36 (KHTML, like Gecko; compatible; GPTBot/1.3; +https://openai.com/gptbot)"
74.7.241.58 - - [22/Jan/2026:08:41:21 -0500] "GET /q-~156IHqEAHrDuYu2Sef4k7OtUkkhY1waUu37436/ HTTP/1.1" 200 - "https://idolatekno.com/?sitemap503.xml" "Mozilla/5.0 AppleWebKit/537.36 (KHTML, like Gecko; compatible; GPTBot/1.3; +https://openai.com/gptbot)"
74.7.241.58 - - [22/Jan/2026:08:41:24 -0500] "GET /q-~199e7TSICbUOoDDYAM9o6IrwjDLrD1z1H43055/ HTTP/1.1" 200 - "https://idolatekno.com/?sitemap317.xml" "Mozilla/5.0 AppleWebKit/537.36 (KHTML, like Gecko; compatible; GPTBot/1.3; +https://openai.com/gptbot)"
66.249.70.36 - - [22/Jan/2026:08:41:24 -0500] "GET /?pid=26304226231&channel=employee-subsidy-ask&cate_id=2518&page=https://mail.idolatekno.com/remote.do?items/028022603.htm HTTP/1.1" 200 86834 "-" "Mozilla/5.0 (Linux; Android 6.0.1; Nexus 5X Build/MMB29P) AppleWebKit/537.36 (KHTML, like Gecko) Chrome/143.0.7499.192 Mobile Safari/537.36 (compatible; Googlebot/2.1; +http://www.google.com/bot.html)"
114.119.153.93 - - [22/Jan/2026:08:41:27 -0500] "GET /q-~213B4myGYb8HXLxED2Zvqq69H0v6ciq7U36225/ HTTP/1.1" 200 - "https://mail.idolatekno.com/sitemape.xml" "Mozilla/5.0 (Linux; Android 7.0;) AppleWebKit/537.36 (KHTML, like Gecko) Mobile Safari/537.36 (compatible; PetalBot;+https://webmaster.petalsearch.com/site/petalbot)"
74.7.241.58 - - [22/Jan/2026:08:41:27 -0500] "GET /q-~23U0OhRm0JVG9VFbLmI9KWkKuZ9IaZaK39847/ HTTP/1.1" 200 - "https://idolatekno.com/sitemap79.xml" "Mozilla/5.0 AppleWebKit/537.36 (KHTML, like Gecko; compatible; GPTBot/1.3; +https://openai.com/gptbot)"
66.249.64.132 - - [22/Jan/2026:08:41:27 -0500] "GET /pcmypage?callback=/product%2Fdetail%2m58247612683 HTTP/1.1" 403 569320 "-" "Mozilla/5.0 (Linux; Android 6.0.1; Nexus 5X Build/MMB29P) AppleWebKit/537.36 (KHTML, like Gecko) Chrome/143.0.7499.192 Mobile Safari/537.36 (compatible; GoogleOther)"
66.249.64.132 - - [22/Jan/2026:08:41:30 -0500] "GET /pcmypage?callback=/product%2Fdetail%2m41029159261 HTTP/1.1" 403 559283 "-" "Mozilla/5.0 (Linux; Android 6.0.1; Nexus 5X Build/MMB29P) AppleWebKit/537.36 (KHTML, like Gecko) Chrome/143.0.7499.192 Mobile Safari/537.36 (compatible; GoogleOther)"
74.7.241.58 - - [22/Jan/2026:08:41:30 -0500] "GET /q-~259N9UNJ3dc5Dz9POvb0AzxOBBvpClXmJ47091/ HTTP/1.1" 200 - "https://idolatekno.com/?sitemap503.xml" "Mozilla/5.0 AppleWebKit/537.36 (KHTML, like Gecko; compatible; GPTBot/1.3; +https://openai.com/gptbot)"
66.249.70.36 - - [22/Jan/2026:08:41:33 -0500] "GET /?pid=26304226231&channel=permission-handsome-hole&cate_id=2518&page=https://mail.idolatekno.com/remote.do?q-~182SlqaqbwTGLQmFQpFkfZL8cZtm45NOS3632/ HTTP/1.1" 200 86575 "-" "Mozilla/5.0 (Linux; Android 6.0.1; Nexus 5X Build/MMB29P) AppleWebKit/537.36 (KHTML, like Gecko) Chrome/143.0.7499.192 Mobile Safari/537.36 (compatible; Googlebot/2.1; +http://www.google.com/bot.html)"
74.7.241.58 - - [22/Jan/2026:08:41:34 -0500] "GET /q-~230kLx0VFz0BCthTlYCkXcpJY1zR43KjR10308/ HTTP/1.1" 200 - "https://idolatekno.com/sitemap1.xml" "Mozilla/5.0 AppleWebKit/537.36 (KHTML, like Gecko; compatible; GPTBot/1.3; +https://openai.com/gptbot)"
74.7.241.58 - - [22/Jan/2026:08:41:37 -0500] "GET /q-~57le3Si8EOFJ89qCRPMwhMrr1lOFHhMw24017/ HTTP/1.1" 200 - "https://idolatekno.com/?sitemap503.xml" "Mozilla/5.0 AppleWebKit/537.36 (KHTML, like Gecko; compatible; GPTBot/1.3; +https://openai.com/gptbot)"
74.7.241.58 - - [22/Jan/2026:08:41:40 -0500] "GET /q-~25x3ksBmmHXztvc61xO1kaSeJK4AZXVP45531/ HTTP/1.1" 200 - "https://idolatekno.com/sitemap785.xml" "Mozilla/5.0 AppleWebKit/537.36 (KHTML, like Gecko; compatible; GPTBot/1.3; +https://openai.com/gptbot)"
66.249.70.37 - - [22/Jan/2026:08:41:40 -0500] "GET /?pid=26304226231&channel=badly-deliver-abuse&cate_id=2518&page=https://mail.idolatekno.com/remote.do?q-~210FITF4XlOq4eFCJovlNk4sA29Gvow5y47726/ HTTP/1.1" 200 85545 "-" "Mozilla/5.0 (Linux; Android 6.0.1; Nexus 5X Build/MMB29P) AppleWebKit/537.36 (KHTML, like Gecko) Chrome/143.0.7499.192 Mobile Safari/537.36 (compatible; Googlebot/2.1; +http://www.google.com/bot.html)"
66.249.64.128 - - [22/Jan/2026:08:41:42 -0500] "GET /pcmypage?callback=/product%2Fdetail%2m66944794901 HTTP/1.1" 403 556635 "-" "Mozilla/5.0 (Linux; Android 6.0.1; Nexus 5X Build/MMB29P) AppleWebKit/537.36 (KHTML, like Gecko) Chrome/143.0.7499.192 Mobile Safari/537.36 (compatible; GoogleOther)"
74.7.241.58 - - [22/Jan/2026:08:41:43 -0500] "GET /q-~283xJYdDePBcCNWMMBB44pLGGltJ2a91e7391/ HTTP/1.1" 200 - "https://idolatekno.com/?sitemap442.xml" "Mozilla/5.0 AppleWebKit/537.36 (KHTML, like Gecko; compatible; GPTBot/1.3; +https://openai.com/gptbot)"
66.249.70.37 - - [22/Jan/2026:08:41:45 -0500] "GET /?pid=26304226231&channel=storm-remind-soft&cate_id=2518&page=https://mail.idolatekno.com/remote.do?q-~270mHp4JsGhrSCPwRvfhW0A6m87XOiEpq29956/ HTTP/1.1" 200 85983 "-" "Mozilla/5.0 (Linux; Android 6.0.1; Nexus 5X Build/MMB29P) AppleWebKit/537.36 (KHTML, like Gecko) Chrome/143.0.7499.192 Mobile Safari/537.36 (compatible; GoogleOther)"
74.7.241.58 - - [22/Jan/2026:08:41:46 -0500] "GET /q-~298EuXhAao7EQjBhFFh0HZ20NLeGxGi8g9352/ HTTP/1.1" 200 - "https://idolatekno.com/sitemap86.xml" "Mozilla/5.0 AppleWebKit/537.36 (KHTML, like Gecko; compatible; GPTBot/1.3; +https://openai.com/gptbot)"
202.76.137.48 - - [22/Jan/2026:08:41:48 -0500] "GET /q-~115NkYYn2g0hfjyET0YoJqsuFWYc7mhYZ44489/ HTTP/1.1" 200 - "-" "Mozilla/5.0 (Windows NT 6.1) AppleWebKit/535.8 (KHTML, like Gecko) Chrome/16.0.912.63 Safari/535.8"
66.249.70.36 - - [22/Jan/2026:08:41:47 -0500] "GET /?pid=26304226231&channel=car-mutter-cook&cate_id=2518&page=https://mail.idolatekno.com/remote.do?items/290012617.htm HTTP/1.1" 200 85985 "-" "Mozilla/5.0 (Linux; Android 6.0.1; Nexus 5X Build/MMB29P) AppleWebKit/537.36 (KHTML, like Gecko) Chrome/143.0.7499.192 Mobile Safari/537.36 (compatible; Googlebot/2.1; +http://www.google.com/bot.html)"
74.7.241.58 - - [22/Jan/2026:08:41:49 -0500] "GET /q-~161dFQnswCVvjLRK2TbCBXMn696K7tyNw29429/ HTTP/1.1" 200 - "https://idolatekno.com/?sitemap503.xml" "Mozilla/5.0 AppleWebKit/537.36 (KHTML, like Gecko; compatible; GPTBot/1.3; +https://openai.com/gptbot)"
74.7.241.58 - - [22/Jan/2026:08:41:53 -0500] "GET /q-~165TF3MBbB5erVTYmw3GQRRZWY1hl1Ekn49211/ HTTP/1.1" 200 - "https://idolatekno.com/?sitemap1000.xml" "Mozilla/5.0 AppleWebKit/537.36 (KHTML, like Gecko; compatible; GPTBot/1.3; +https://openai.com/gptbot)"
114.119.130.167 - - [22/Jan/2026:08:41:55 -0500] "GET /q-~213A3pSPu9xIl6Rm8pvvqv3E6tfEkpvLj46921/ HTTP/1.1" 200 - "https://mail.idolatekno.com/sitemapc.xml" "Mozilla/5.0 (Linux; Android 7.0;) AppleWebKit/537.36 (KHTML, like Gecko) Mobile Safari/537.36 (compatible; PetalBot;+https://webmaster.petalsearch.com/site/petalbot)"
66.249.70.38 - - [22/Jan/2026:08:41:55 -0500] "GET /?pid=26304226231&channel=dip-confession-distribute&cate_id=2518&page=https://mail.idolatekno.com/remote.do?items/052005061.htm HTTP/1.1" 200 85600 "-" "Mozilla/5.0 (Linux; Android 6.0.1; Nexus 5X Build/MMB29P) AppleWebKit/537.36 (KHTML, like Gecko) Chrome/143.0.7499.192 Mobile Safari/537.36 (compatible; Googlebot/2.1; +http://www.google.com/bot.html)"
74.7.241.58 - - [22/Jan/2026:08:41:56 -0500] "GET /q-~264hXuEjdPjV4ixVPoAEs8eOKB76UO7rY12134/ HTTP/1.1" 200 - "https://idolatekno.com/sitemap27.xml" "Mozilla/5.0 AppleWebKit/537.36 (KHTML, like Gecko; compatible; GPTBot/1.3; +https://openai.com/gptbot)"
66.249.64.128 - - [22/Jan/2026:08:41:57 -0500] "GET /pcmypage?callback=/product%2Fdetail%2m20499255831 HTTP/1.1" 403 563355 "-" "Mozilla/5.0 (Linux; Android 6.0.1; Nexus 5X Build/MMB29P) AppleWebKit/537.36 (KHTML, like Gecko) Chrome/143.0.7499.192 Mobile Safari/537.36 (compatible; GoogleOther)"
74.7.241.58 - - [22/Jan/2026:08:41:59 -0500] "GET /q-~199B9DV55JI6nFWmEVhCMIqPZpCvhgODK14775/ HTTP/1.1" 200 - "https://idolatekno.com/?sitemap442.xml" "Mozilla/5.0 AppleWebKit/537.36 (KHTML, like Gecko; compatible; GPTBot/1.3; +https://openai.com/gptbot)"
66.249.64.132 - - [22/Jan/2026:08:42:02 -0500] "GET /q-~211HNeBuMBWkQZXF1fPXfURXejhh2YdLv15143/ HTTP/1.1" 200 85090 "-" "Mozilla/5.0 (Linux; Android 6.0.1; Nexus 5X Build/MMB29P) AppleWebKit/537.36 (KHTML, like Gecko) Chrome/143.0.7499.192 Mobile Safari/537.36 (compatible; GoogleOther)"
74.7.241.58 - - [22/Jan/2026:08:42:02 -0500] "GET /q-~56WRy6Nr2yX7MDWPlrhPXhV6aeVw6jUb30346/ HTTP/1.1" 200 - "https://idolatekno.com/sitemap49.xml" "Mozilla/5.0 AppleWebKit/537.36 (KHTML, like Gecko; compatible; GPTBot/1.3; +https://openai.com/gptbot)"
66.249.70.37 - - [22/Jan/2026:08:42:03 -0500] "GET /?pid=26304226231&channel=box-structural-wheat&cate_id=2518&page=https://mail.idolatekno.com/remote.do?items/080000595.htm HTTP/1.1" 200 85544 "-" "Mozilla/5.0 (Linux; Android 6.0.1; Nexus 5X Build/MMB29P) AppleWebKit/537.36 (KHTML, like Gecko) Chrome/143.0.7499.192 Mobile Safari/537.36 (compatible; Googlebot/2.1; +http://www.google.com/bot.html)"
66.249.64.129 - - [22/Jan/2026:08:42:03 -0500] "GET /q-~180TPeWcxVxrckS0SnC349bzlwC6gGlbQ29388/ HTTP/1.1" 200 85591 "-" "Mozilla/5.0 (Linux; Android 6.0.1; Nexus 5X Build/MMB29P) AppleWebKit/537.36 (KHTML, like Gecko) Chrome/143.0.7499.192 Mobile Safari/537.36 (compatible; Googlebot/2.1; +http://www.google.com/bot.html)"
74.7.241.58 - - [22/Jan/2026:08:42:05 -0500] "GET /q-~251zg24mozqUMHmPPl4ZxsZylDfg2rpXn16233/ HTTP/1.1" 200 - "https://idolatekno.com/sitemap78.xml" "Mozilla/5.0 AppleWebKit/537.36 (KHTML, like Gecko; compatible; GPTBot/1.3; +https://openai.com/gptbot)"
74.7.241.58 - - [22/Jan/2026:08:42:08 -0500] "GET /q-~219Nn9QHYDFRQwdAsYtuzLZD5U5rFml4B19931/ HTTP/1.1" 200 - "https://idolatekno.com/sitemap73.xml" "Mozilla/5.0 AppleWebKit/537.36 (KHTML, like Gecko; compatible; GPTBot/1.3; +https://openai.com/gptbot)"
66.249.70.37 - - [22/Jan/2026:08:42:10 -0500] "GET /?pid=26304226231&channel=compel-finance-agenda&cate_id=2518&page=https://mail.idolatekno.com/remote.do?items/061036892.htm HTTP/1.1" 200 85915 "-" "Mozilla/5.0 (Linux; Android 6.0.1; Nexus 5X Build/MMB29P) AppleWebKit/537.36 (KHTML, like Gecko) Chrome/143.0.7499.192 Mobile Safari/537.36 (compatible; Googlebot/2.1; +http://www.google.com/bot.html)"
66.249.64.128 - - [22/Jan/2026:08:42:11 -0500] "GET /q-~19WvCLLu9FVK5wL9AcZAqktjZJHLeVmC18875/ HTTP/1.1" 200 86353 "-" "Mozilla/5.0 (Linux; Android 6.0.1; Nexus 5X Build/MMB29P) AppleWebKit/537.36 (KHTML, like Gecko) Chrome/143.0.7499.192 Mobile Safari/537.36 (compatible; GoogleOther)"
74.7.241.58 - - [22/Jan/2026:08:42:11 -0500] "GET /q-~116LDjiayi9TlgoHyW24rItqyL6iPtsgU37292/ HTTP/1.1" 200 - "https://idolatekno.com/?sitemap1000.xml" "Mozilla/5.0 AppleWebKit/537.36 (KHTML, like Gecko; compatible; GPTBot/1.3; +https://openai.com/gptbot)"
74.7.241.58 - - [22/Jan/2026:08:42:16 -0500] "GET /q-~123TSHHT7Lh5DCaFT0NOSpgDyLxIAiT0M37609/ HTTP/1.1" 200 - "https://idolatekno.com/sitemap63.xml" "Mozilla/5.0 AppleWebKit/537.36 (KHTML, like Gecko; compatible; GPTBot/1.3; +https://openai.com/gptbot)"
66.249.70.36 - - [22/Jan/2026:08:42:18 -0500] "GET /?pid=26304226231&channel=earn-wait-sympathy&cate_id=2518&page=https://mail.idolatekno.com/remote.do?items/008017873.htm HTTP/1.1" 200 85271 "-" "Mozilla/5.0 (Linux; Android 6.0.1; Nexus 5X Build/MMB29P) AppleWebKit/537.36 (KHTML, like Gecko) Chrome/143.0.7499.192 Mobile Safari/537.36 (compatible; Googlebot/2.1; +http://www.google.com/bot.html)"
74.7.241.58 - - [22/Jan/2026:08:42:18 -0500] "GET /q-~90Kve8oF1eZOqAge3ZAYDuZDNr4B5OwY45736/ HTTP/1.1" 200 - "https://idolatekno.com/?sitemap305.xml" "Mozilla/5.0 AppleWebKit/537.36 (KHTML, like Gecko; compatible; GPTBot/1.3; +https://openai.com/gptbot)"
66.249.64.132 - - [22/Jan/2026:08:42:19 -0500] "GET /q-~273s67KFtt0606ccDHTVPepozUsVq0XHX40441/ HTTP/1.1" 200 85035 "-" "Mozilla/5.0 (Linux; Android 6.0.1; Nexus 5X Build/MMB29P) AppleWebKit/537.36 (KHTML, like Gecko) Chrome/143.0.7499.192 Mobile Safari/537.36 (compatible; GoogleOther)"
74.7.241.58 - - [22/Jan/2026:08:42:21 -0500] "GET /q-~128qse7TECko5WnKPkSL9agDKMUqs3oBW33020/ HTTP/1.1" 200 - "https://idolatekno.com/sitemap27.xml" "Mozilla/5.0 AppleWebKit/537.36 (KHTML, like Gecko; compatible; GPTBot/1.3; +https://openai.com/gptbot)"
114.119.142.126 - - [22/Jan/2026:08:42:23 -0500] "GET /q-~212zOuS7WaBEPWVhUN5Le2Sd9B4PU1fSI35382/ HTTP/1.1" 200 - "https://mail.idolatekno.com/sitemape.xml" "Mozilla/5.0 (Linux; Android 7.0;) AppleWebKit/537.36 (KHTML, like Gecko) Mobile Safari/537.36 (compatible; PetalBot;+https://webmaster.petalsearch.com/site/petalbot)"
74.7.241.58 - - [22/Jan/2026:08:42:24 -0500] "GET /q-~118P8vQWTe1PininWMlhDFrcFHH3La0HV10464/ HTTP/1.1" 200 - "https://idolatekno.com/sitemap16.xml" "Mozilla/5.0 AppleWebKit/537.36 (KHTML, like Gecko; compatible; GPTBot/1.3; +https://openai.com/gptbot)"
66.249.70.36 - - [22/Jan/2026:08:42:25 -0500] "GET /?pid=26304226231&channel=me-permanent-brush&cate_id=2518&page=https://mail.idolatekno.com/remote.do?q-~10q55jprYrCNiIhx3R89BqVSPezMMWwv10306/ HTTP/1.1" 200 85977 "-" "Mozilla/5.0 (Linux; Android 6.0.1; Nexus 5X Build/MMB29P) AppleWebKit/537.36 (KHTML, like Gecko) Chrome/143.0.7499.192 Mobile Safari/537.36 (compatible; Googlebot/2.1; +http://www.google.com/bot.html)"
66.249.64.128 - - [22/Jan/2026:08:42:26 -0500] "GET /?x=2166640003788&channel=107e18&from=https://idolatekno.com/super.py?items/169020200.htm HTTP/1.1" 200 85467 "-" "Mozilla/5.0 (Linux; Android 6.0.1; Nexus 5X Build/MMB29P) AppleWebKit/537.36 (KHTML, like Gecko) Chrome/143.0.7499.192 Mobile Safari/537.36 (compatible; GoogleOther)"
74.7.241.58 - - [22/Jan/2026:08:42:28 -0500] "GET /q-~200oXh0Tqi3pFGIIsEuuHdb6INhw68uez47438/ HTTP/1.1" 200 - "https://idolatekno.com/sitemap21.xml" "Mozilla/5.0 AppleWebKit/537.36 (KHTML, like Gecko; compatible; GPTBot/1.3; +https://openai.com/gptbot)"
74.7.241.58 - - [22/Jan/2026:08:42:31 -0500] "GET /q-~117zX6t0QjjDesQ1pBlOz8EqBkKKvE5fU3121/ HTTP/1.1" 200 - "https://idolatekno.com/pages.php?sitemap849.xml" "Mozilla/5.0 AppleWebKit/537.36 (KHTML, like Gecko; compatible; GPTBot/1.3; +https://openai.com/gptbot)"
66.249.70.36 - - [22/Jan/2026:08:42:33 -0500] "GET /?pid=26304226231&channel=tooth-rarely-drunk&cate_id=2518&page=https://mail.idolatekno.com/remote.do?items/294033583.htm HTTP/1.1" 200 85577 "-" "Mozilla/5.0 (Linux; Android 6.0.1; Nexus 5X Build/MMB29P) AppleWebKit/537.36 (KHTML, like Gecko) Chrome/143.0.7499.192 Mobile Safari/537.36 (compatible; Googlebot/2.1; +http://www.google.com/bot.html)"
74.7.241.58 - - [22/Jan/2026:08:42:34 -0500] "GET /q-~228L9MRQbkZJ7z7Fb6MTLvrtphqkbsCmr31870/ HTTP/1.1" 200 - "https://idolatekno.com/?sitemap503.xml" "Mozilla/5.0 AppleWebKit/537.36 (KHTML, like Gecko; compatible; GPTBot/1.3; +https://openai.com/gptbot)"
66.249.64.128 - - [22/Jan/2026:08:42:36 -0500] "GET /pcmypage?callback=/product%2Fdetail%2m35024061124 HTTP/1.1" 403 558024 "-" "Mozilla/5.0 (Linux; Android 6.0.1; Nexus 5X Build/MMB29P) AppleWebKit/537.36 (KHTML, like Gecko) Chrome/143.0.7499.192 Mobile Safari/537.36 (compatible; GoogleOther)"
74.7.241.58 - - [22/Jan/2026:08:42:38 -0500] "GET /q-~275XLyBj2zqpWkgLcDfO0H2uuUmDyp13U31767/ HTTP/1.1" 200 - "https://idolatekno.com/?sitemap442.xml" "Mozilla/5.0 AppleWebKit/537.36 (KHTML, like Gecko; compatible; GPTBot/1.3; +https://openai.com/gptbot)"
66.249.64.128 - - [22/Jan/2026:08:42:40 -0500] "GET /pcmypage?callback=/product%2Fdetail%2m51614703449 HTTP/1.1" 403 559242 "-" "Mozilla/5.0 (Linux; Android 6.0.1; Nexus 5X Build/MMB29P) AppleWebKit/537.36 (KHTML, like Gecko) Chrome/143.0.7499.192 Mobile Safari/537.36 (compatible; GoogleOther)"
74.7.241.58 - - [22/Jan/2026:08:42:40 -0500] "GET /q-~194aQywFVD0ZlyBsLfRWfeoh74ahxyx3x41170/ HTTP/1.1" 200 - "https://idolatekno.com/sitemap86.xml" "Mozilla/5.0 AppleWebKit/537.36 (KHTML, like Gecko; compatible; GPTBot/1.3; +https://openai.com/gptbot)"
74.7.241.58 - - [22/Jan/2026:08:42:43 -0500] "GET /q-~280iZHVZxOVWk7C9ipeb9G7gDmgQ2LDHq11512/ HTTP/1.1" 200 - "https://idolatekno.com/sitemap785.xml" "Mozilla/5.0 AppleWebKit/537.36 (KHTML, like Gecko; compatible; GPTBot/1.3; +https://openai.com/gptbot)"
66.249.70.36 - - [22/Jan/2026:08:42:46 -0500] "GET /?pid=26304226231&channel=immediately-cargo-atmosphere&cate_id=2518&page=https://mail.idolatekno.com/remote.do?q-~132I0dT1U7eYUpN0TzDpuvJyDNwA7DB5a31004/ HTTP/1.1" 200 85255 "-" "Mozilla/5.0 (Linux; Android 6.0.1; Nexus 5X Build/MMB29P) AppleWebKit/537.36 (KHTML, like Gecko) Chrome/143.0.7499.192 Mobile Safari/537.36 (compatible; Googlebot/2.1; +http://www.google.com/bot.html)"
74.7.241.58 - - [22/Jan/2026:08:42:46 -0500] "GET /q-~123zgkx14H7xNyCFFDSQWNkI9JoIuPR6J31413/ HTTP/1.1" 200 - "https://idolatekno.com/?sitemap503.xml" "Mozilla/5.0 AppleWebKit/537.36 (KHTML, like Gecko; compatible; GPTBot/1.3; +https://openai.com/gptbot)"
114.119.130.167 - - [22/Jan/2026:08:42:49 -0500] "GET /q-~212ZnGazF3cAKZ9BYR8wRigMrDdEUZTeT43590/ HTTP/1.1" 200 - "https://mail.idolatekno.com/sitemape.xml" "Mozilla/5.0 (Linux; Android 7.0;) AppleWebKit/537.36 (KHTML, like Gecko) Mobile Safari/537.36 (compatible; PetalBot;+https://webmaster.petalsearch.com/site/petalbot)"
74.7.241.58 - - [22/Jan/2026:08:42:50 -0500] "GET /q-~196C8MnarPcS6qn5WwysDjmdpNsU30jyY8560/ HTTP/1.1" 200 - "https://idolatekno.com/?sitemap317.xml" "Mozilla/5.0 AppleWebKit/537.36 (KHTML, like Gecko; compatible; GPTBot/1.3; +https://openai.com/gptbot)"
74.7.241.58 - - [22/Jan/2026:08:42:53 -0500] "GET /q-~224iYZ7krKynTJ0NOx5VgBJ5Y1ANIQEOo10200/ HTTP/1.1" 200 - "https://idolatekno.com/sitemap785.xml" "Mozilla/5.0 AppleWebKit/537.36 (KHTML, like Gecko; compatible; GPTBot/1.3; +https://openai.com/gptbot)"
66.249.64.129 - - [22/Jan/2026:08:42:53 -0500] "GET /q-~247u9mFjjwLF6Hdht51PHhVdqoJ3bNrkS42481/ HTTP/1.1" 200 85465 "-" "Mozilla/5.0 (Linux; Android 6.0.1; Nexus 5X Build/MMB29P) AppleWebKit/537.36 (KHTML, like Gecko) Chrome/143.0.7499.192 Mobile Safari/537.36 (compatible; GoogleOther)"
66.249.70.36 - - [22/Jan/2026:08:42:53 -0500] "GET /?pid=26304226231&channel=voter-pop-push&cate_id=2518&page=https://mail.idolatekno.com/remote.do?items/098014249.htm HTTP/1.1" 200 85126 "-" "Mozilla/5.0 (Linux; Android 6.0.1; Nexus 5X Build/MMB29P) AppleWebKit/537.36 (KHTML, like Gecko) Chrome/143.0.7499.192 Mobile Safari/537.36 (compatible; Googlebot/2.1; +http://www.google.com/bot.html)"
66.249.64.128 - - [22/Jan/2026:08:42:55 -0500] "GET /pcmypage?callback=/product%2Fdetail%2m44942100191 HTTP/1.1" 403 564236 "-" "Mozilla/5.0 (Linux; Android 6.0.1; Nexus 5X Build/MMB29P) AppleWebKit/537.36 (KHTML, like Gecko) Chrome/143.0.7499.192 Mobile Safari/537.36 (compatible; GoogleOther)"
74.7.241.58 - - [22/Jan/2026:08:42:56 -0500] "GET /q-~231wNTSFITKggG4Iaac7C9xh9jV9diIXR49617/ HTTP/1.1" 200 - "https://idolatekno.com/?sitemap503.xml" "Mozilla/5.0 AppleWebKit/537.36 (KHTML, like Gecko; compatible; GPTBot/1.3; +https://openai.com/gptbot)"
74.7.241.58 - - [22/Jan/2026:08:42:59 -0500] "GET /q-~226lfUzBaRbFBI5XyrB9DUFvasMs4zc2o34070/ HTTP/1.1" 200 - "https://idolatekno.com/sitemap79.xml" "Mozilla/5.0 AppleWebKit/537.36 (KHTML, like Gecko; compatible; GPTBot/1.3; +https://openai.com/gptbot)"
66.249.70.38 - - [22/Jan/2026:08:43:01 -0500] "GET /?pid=26304226231&channel=phrase-donate-labor&cate_id=2518&page=https://mail.idolatekno.com/remote.do?q-~55LWKC2Xh76QBjykJR0iELk2OKKl9CdC45483/ HTTP/1.1" 200 86215 "-" "Mozilla/5.0 (Linux; Android 6.0.1; Nexus 5X Build/MMB29P) AppleWebKit/537.36 (KHTML, like Gecko) Chrome/143.0.7499.192 Mobile Safari/537.36 (compatible; Googlebot/2.1; +http://www.google.com/bot.html)"
74.7.241.58 - - [22/Jan/2026:08:43:03 -0500] "GET /q-~226JrqkefY8hPY2plSfe7XR7Xhi7bFMLP24336/ HTTP/1.1" 200 - "https://idolatekno.com/sitemap49.xml" "Mozilla/5.0 AppleWebKit/537.36 (KHTML, like Gecko; compatible; GPTBot/1.3; +https://openai.com/gptbot)"
66.249.70.36 - - [22/Jan/2026:08:43:08 -0500] "GET /?pid=26304226231&channel=wonderful-excuse-could&cate_id=2518&page=https://mail.idolatekno.com/remote.do?items/176027305.htm HTTP/1.1" 200 87106 "-" "Mozilla/5.0 (Linux; Android 6.0.1; Nexus 5X Build/MMB29P) AppleWebKit/537.36 (KHTML, like Gecko) Chrome/143.0.7499.192 Mobile Safari/537.36 (compatible; Googlebot/2.1; +http://www.google.com/bot.html)"
103.115.196.63 - - [22/Jan/2026:08:43:08 -0500] "GET /q-~125ZH7UrWd4do14FZSTvBRo6kN8YS4J4d45533/ HTTP/1.1" 200 - "-" "Mozilla/5.0 (Windows; U; Windows NT 6.1; en-US) AppleWebKit/534.2 (KHTML, like Gecko) Chrome/6.0.454.0 Safari/534.2"
66.249.64.129 - - [22/Jan/2026:08:43:09 -0500] "GET /q-~27QTurT1k4Ss2mhnheaOg7xI0U4gaiLl46791/ HTTP/1.1" 200 85749 "-" "Mozilla/5.0 (Linux; Android 6.0.1; Nexus 5X Build/MMB29P) AppleWebKit/537.36 (KHTML, like Gecko) Chrome/143.0.7499.192 Mobile Safari/537.36 (compatible; GoogleOther)"
66.249.64.128 - - [22/Jan/2026:08:43:11 -0500] "GET /?x=2166640003788&channel=107e18&from=https://idolatekno.com/super.py?items/247005234.htm HTTP/1.1" 200 85608 "-" "Mozilla/5.0 (Linux; Android 6.0.1; Nexus 5X Build/MMB29P) AppleWebKit/537.36 (KHTML, like Gecko) Chrome/143.0.7499.192 Mobile Safari/537.36 (compatible; GoogleOther)"
74.7.241.58 - - [22/Jan/2026:08:43:12 -0500] "GET /q-~189RNeMwvd1pdSnU3Wy7Kq5nZycfpzwQd37509/ HTTP/1.1" 200 - "https://idolatekno.com/sitemap29.xml" "Mozilla/5.0 AppleWebKit/537.36 (KHTML, like Gecko; compatible; GPTBot/1.3; +https://openai.com/gptbot)"
74.7.241.58 - - [22/Jan/2026:08:43:13 -0500] "GET /q-~209bwzyHcQz69zwztjcl9OIbZPrwv95On20071/ HTTP/1.1" 200 - "https://idolatekno.com/?sitemap1000.xml" "Mozilla/5.0 AppleWebKit/537.36 (KHTML, like Gecko; compatible; GPTBot/1.3; +https://openai.com/gptbot)"
66.249.70.36 - - [22/Jan/2026:08:43:15 -0500] "GET /?b=5246074481d89 HTTP/1.1" 200 85419 "-" "Mozilla/5.0 (Linux; Android 6.0.1; Nexus 5X Build/MMB29P) AppleWebKit/537.36 (KHTML, like Gecko) Chrome/143.0.7499.192 Mobile Safari/537.36 (compatible; Googlebot/2.1; +http://www.google.com/bot.html)"
66.249.70.37 - - [22/Jan/2026:08:43:15 -0500] "GET /?pid=26304226231&channel=display-very-bit&cate_id=2518&page=https://mail.idolatekno.com/remote.do?q-~29MepW3KnUQt6FqUEZSGI8EB6lXBaNyx49107/ HTTP/1.1" 200 85526 "-" "Mozilla/5.0 (Linux; Android 6.0.1; Nexus 5X Build/MMB29P) AppleWebKit/537.36 (KHTML, like Gecko) Chrome/143.0.7499.192 Mobile Safari/537.36 (compatible; Googlebot/2.1; +http://www.google.com/bot.html)"
74.7.241.58 - - [22/Jan/2026:08:43:15 -0500] "GET /q-~214ap054zSOrk7V2iVuLzxJbPbMNvezJu18878/ HTTP/1.1" 200 - "https://idolatekno.com/?sitemap317.xml" "Mozilla/5.0 AppleWebKit/537.36 (KHTML, like Gecko; compatible; GPTBot/1.3; +https://openai.com/gptbot)"
2a03:2880:f80e:5e:: - - [22/Jan/2026:08:43:16 -0500] "GET /m/easy80992983?id=1009241 HTTP/1.1" 200 - "-" "meta-externalagent/1.1 (+https://developers.facebook.com/docs/sharing/webmasters/crawler)"
114.119.130.27 - - [22/Jan/2026:08:43:17 -0500] "GET /q-~212X1UVMQ6b5dz3HCohYa2JBHFfKxhIPu5162/ HTTP/1.1" 200 - "https://mail.idolatekno.com/sitemapb.xml" "Mozilla/5.0 (Linux; Android 7.0;) AppleWebKit/537.36 (KHTML, like Gecko) Mobile Safari/537.36 (compatible; PetalBot;+https://webmaster.petalsearch.com/site/petalbot)"
66.249.70.38 - - [22/Jan/2026:08:43:19 -0500] "GET /?pid=26304226231&channel=associated-wonder-celebration&cate_id=2518&page=https://mail.idolatekno.com/remote.do?q-~259O8qz1o8FPluvzB8uzN6dnulvQYzDjd4119/ HTTP/1.1" 200 86651 "-" "Mozilla/5.0 (Linux; Android 6.0.1; Nexus 5X Build/MMB29P) AppleWebKit/537.36 (KHTML, like Gecko) Chrome/143.0.7499.192 Mobile Safari/537.36 (compatible; Googlebot/2.1; +http://www.google.com/bot.html)"
74.7.241.58 - - [22/Jan/2026:08:43:22 -0500] "GET /q-~23nVcPwIw2cH80ZgLTNvrGLDs9X6XTZI28071/ HTTP/1.1" 200 - "https://idolatekno.com/sitemap78.xml" "Mozilla/5.0 AppleWebKit/537.36 (KHTML, like Gecko; compatible; GPTBot/1.3; +https://openai.com/gptbot)"
74.7.241.58 - - [22/Jan/2026:08:43:22 -0500] "GET /q-~218Zf4dq6rchyKy8mGfzhvfjpwcQPLz2w26200/ HTTP/1.1" 200 - "https://idolatekno.com/?sitemap442.xml" "Mozilla/5.0 AppleWebKit/537.36 (KHTML, like Gecko; compatible; GPTBot/1.3; +https://openai.com/gptbot)"
66.249.64.128 - - [22/Jan/2026:08:43:23 -0500] "GET /pcmypage?callback=/product%2Fdetail%2m72013697140 HTTP/1.1" 403 558738 "-" "Mozilla/5.0 (Linux; Android 6.0.1; Nexus 5X Build/MMB29P) AppleWebKit/537.36 (KHTML, like Gecko) Chrome/143.0.7499.192 Mobile Safari/537.36 (compatible; GoogleOther)"
74.7.241.58 - - [22/Jan/2026:08:43:25 -0500] "GET /q-~274w4xb6QzjjxmmZj6OioO3uKekeznYsY32166/ HTTP/1.1" 200 - "https://idolatekno.com/sitemap21.xml" "Mozilla/5.0 AppleWebKit/537.36 (KHTML, like Gecko; compatible; GPTBot/1.3; +https://openai.com/gptbot)"
66.249.70.37 - - [22/Jan/2026:08:43:26 -0500] "GET /?pid=26304226231&channel=student-chapter-pose&cate_id=2518&page=https://mail.idolatekno.com/remote.do?q-~52wU9ZCz5GUxmWqPJm0c6S8N44fki61A33622/ HTTP/1.1" 200 86007 "-" "Mozilla/5.0 (Linux; Android 6.0.1; Nexus 5X Build/MMB29P) AppleWebKit/537.36 (KHTML, like Gecko) Chrome/143.0.7499.192 Mobile Safari/537.36 (compatible; Googlebot/2.1; +http://www.google.com/bot.html)"
66.249.64.128 - - [22/Jan/2026:08:43:27 -0500] "GET /pcmypage?callback=/product%2Fdetail%2m26865117136 HTTP/1.1" 403 569295 "-" "Mozilla/5.0 (Linux; Android 6.0.1; Nexus 5X Build/MMB29P) AppleWebKit/537.36 (KHTML, like Gecko) Chrome/143.0.7499.192 Mobile Safari/537.36 (compatible; GoogleOther)"
74.7.241.58 - - [22/Jan/2026:08:43:28 -0500] "GET /q-~192XHSQHGIgwtmbmF1uUzsYLb62q61ecj21262/ HTTP/1.1" 200 - "https://idolatekno.com/?sitemap503.xml" "Mozilla/5.0 AppleWebKit/537.36 (KHTML, like Gecko; compatible; GPTBot/1.3; +https://openai.com/gptbot)"
66.249.70.37 - - [22/Jan/2026:08:43:34 -0500] "GET /?pid=26304226231&channel=historically-shake-illusion&cate_id=2518&page=https://mail.idolatekno.com/remote.do?q-~117v8SsAHq7RKZLyizwH2j5UqmHm9zQnf16633/ HTTP/1.1" 200 85649 "-" "Mozilla/5.0 (Linux; Android 6.0.1; Nexus 5X Build/MMB29P) AppleWebKit/537.36 (KHTML, like Gecko) Chrome/143.0.7499.192 Mobile Safari/537.36 (compatible; Googlebot/2.1; +http://www.google.com/bot.html)"
74.7.241.58 - - [22/Jan/2026:08:43:34 -0500] "GET /q-~275K9D7wlML7GaKe2LVTHWkhtgTKudI4Q44629/ HTTP/1.1" 200 - "https://idolatekno.com/?sitemap1000.xml" "Mozilla/5.0 AppleWebKit/537.36 (KHTML, like Gecko; compatible; GPTBot/1.3; +https://openai.com/gptbot)"
66.249.64.128 - - [22/Jan/2026:08:43:36 -0500] "GET /q-~288XBkuTiJ0PnwKX3i5umVkWd72CDAUDS2272/ HTTP/1.1" 200 85283 "-" "Mozilla/5.0 (Linux; Android 6.0.1; Nexus 5X Build/MMB29P) AppleWebKit/537.36 (KHTML, like Gecko) Chrome/143.0.7499.192 Mobile Safari/537.36 (compatible; GoogleOther)"
66.249.70.37 - - [22/Jan/2026:08:43:38 -0500] "GET /q-~164lxQs8t2q3rHYXtoiyVmtRShS6nJj4s28742/ HTTP/1.1" 200 85512 "-" "Mozilla/5.0 (Linux; Android 6.0.1; Nexus 5X Build/MMB29P) AppleWebKit/537.36 (KHTML, like Gecko) Chrome/143.0.7499.192 Mobile Safari/537.36 (compatible; GoogleOther)"
74.7.241.58 - - [22/Jan/2026:08:43:39 -0500] "GET /q-~226NL3ai5Nimnbd2PaF5UZAi8rmQcsndm47822/ HTTP/1.1" 200 - "https://idolatekno.com/sitemap29.xml" "Mozilla/5.0 AppleWebKit/537.36 (KHTML, like Gecko; compatible; GPTBot/1.3; +https://openai.com/gptbot)"
74.7.241.58 - - [22/Jan/2026:08:43:39 -0500] "GET /q-~198WsTBr87tRXoFjhLifdK3TtG8XQbzXX12838/ HTTP/1.1" 200 - "https://idolatekno.com/?sitemap1000.xml" "Mozilla/5.0 AppleWebKit/537.36 (KHTML, like Gecko; compatible; GPTBot/1.3; +https://openai.com/gptbot)"
66.249.70.37 - - [22/Jan/2026:08:43:41 -0500] "GET /?pid=26304226231&channel=spy-happily-devastating&cate_id=2518&page=https://mail.idolatekno.com/remote.do?q-~29Tb9UY7TVKZEe34rPNW5wCcTSYL8eCv40953/ HTTP/1.1" 200 85637 "-" "Mozilla/5.0 (Linux; Android 6.0.1; Nexus 5X Build/MMB29P) AppleWebKit/537.36 (KHTML, like Gecko) Chrome/143.0.7499.192 Mobile Safari/537.36 (compatible; Googlebot/2.1; +http://www.google.com/bot.html)"
74.7.241.58 - - [22/Jan/2026:08:43:42 -0500] "GET /q-~150bgEUphICpCm5s8NddwE570kzvsLevv20266/ HTTP/1.1" 200 - "https://idolatekno.com/sitemap79.xml" "Mozilla/5.0 AppleWebKit/537.36 (KHTML, like Gecko; compatible; GPTBot/1.3; +https://openai.com/gptbot)"
66.249.64.132 - - [22/Jan/2026:08:43:44 -0500] "GET /q-~57HXNl8WXtyOTfMEpseWytUsy0VAWMbO40631/ HTTP/1.1" 200 85319 "-" "Mozilla/5.0 (Linux; Android 6.0.1; Nexus 5X Build/MMB29P) AppleWebKit/537.36 (KHTML, like Gecko) Chrome/143.0.7499.192 Mobile Safari/537.36 (compatible; GoogleOther)"
114.119.135.195 - - [22/Jan/2026:08:43:45 -0500] "GET /q-~212SuozlbqxiprSrWdPbYR1MkhxLOC7LL19144/ HTTP/1.1" 200 - "https://mail.idolatekno.com/sitemapc.xml" "Mozilla/5.0 (Linux; Android 7.0;) AppleWebKit/537.36 (KHTML, like Gecko) Mobile Safari/537.36 (compatible; PetalBot;+https://webmaster.petalsearch.com/site/petalbot)"
74.7.241.58 - - [22/Jan/2026:08:43:49 -0500] "GET /q-~75U9rQWhVI16hQihMSSChwMew0g9WDpT36577/ HTTP/1.1" 200 - "https://idolatekno.com/sitemap79.xml" "Mozilla/5.0 AppleWebKit/537.36 (KHTML, like Gecko; compatible; GPTBot/1.3; +https://openai.com/gptbot)"
66.249.70.37 - - [22/Jan/2026:08:43:49 -0500] "GET /?pid=26304226231&channel=herb-knowledge-report&cate_id=2518&page=https://mail.idolatekno.com/remote.do?q-~29TvbIE6RlCdSIVqysNWcAysJch6WhtZ40435/ HTTP/1.1" 200 86355 "-" "Mozilla/5.0 (Linux; Android 6.0.1; Nexus 5X Build/MMB29P) AppleWebKit/537.36 (KHTML, like Gecko) Chrome/143.0.7499.192 Mobile Safari/537.36 (compatible; Googlebot/2.1; +http://www.google.com/bot.html)"
74.7.241.58 - - [22/Jan/2026:08:43:51 -0500] "GET /q-~91wNG240uVEaiDBNKVtl5mbDDrVf4IQj25305/ HTTP/1.1" 200 - "https://idolatekno.com/?sitemap1000.xml" "Mozilla/5.0 AppleWebKit/537.36 (KHTML, like Gecko; compatible; GPTBot/1.3; +https://openai.com/gptbot)"
66.249.64.128 - - [22/Jan/2026:08:43:52 -0500] "GET /q-~216YT5m4Gasm2ANRgdd1o5YUdBi5r679w24786/ HTTP/1.1" 200 84829 "-" "Mozilla/5.0 (Linux; Android 6.0.1; Nexus 5X Build/MMB29P) AppleWebKit/537.36 (KHTML, like Gecko) Chrome/143.0.7499.192 Mobile Safari/537.36 (compatible; GoogleOther)"
74.7.241.58 - - [22/Jan/2026:08:43:52 -0500] "GET /q-~240ZgZAgMg4GQIicjIylG3ar75RM7dPkF14770/ HTTP/1.1" 200 - "https://idolatekno.com/sitemap79.xml" "Mozilla/5.0 AppleWebKit/537.36 (KHTML, like Gecko; compatible; GPTBot/1.3; +https://openai.com/gptbot)"
66.249.70.38 - - [22/Jan/2026:08:43:56 -0500] "GET /?pid=26304226231&channel=leather-expedition-terms&cate_id=2518&page=https://mail.idolatekno.com/remote.do?q-~157fdPhiZBnxiSgYF5eUnOeSO3Z0P3CZW30243/ HTTP/1.1" 200 85599 "-" "Mozilla/5.0 (Linux; Android 6.0.1; Nexus 5X Build/MMB29P) AppleWebKit/537.36 (KHTML, like Gecko) Chrome/143.0.7499.192 Mobile Safari/537.36 (compatible; Googlebot/2.1; +http://www.google.com/bot.html)"
66.249.64.132 - - [22/Jan/2026:08:43:57 -0500] "GET /?x=2166640003788&channel=107e18&from=https://idolatekno.com/super.py?q-~229u4yT2igqMdWhxAU7Z6YWsealAjzeJZ5147/ HTTP/1.1" 200 85650 "-" "Mozilla/5.0 (Linux; Android 6.0.1; Nexus 5X Build/MMB29P) AppleWebKit/537.36 (KHTML, like Gecko) Chrome/143.0.7499.192 Mobile Safari/537.36 (compatible; GoogleOther)"
74.7.241.58 - - [22/Jan/2026:08:43:59 -0500] "GET /q-~283IHqEAHrDuYu2Sef4k7OtUkkhY1waUu37309/ HTTP/1.1" 200 - "https://idolatekno.com/?sitemap503.xml" "Mozilla/5.0 AppleWebKit/537.36 (KHTML, like Gecko; compatible; GPTBot/1.3; +https://openai.com/gptbot)"
74.7.241.58 - - [22/Jan/2026:08:44:01 -0500] "GET /q-~196TAA53LGO5uc2WMMfCluLkqfy9cPlIj1438/ HTTP/1.1" 200 - "https://idolatekno.com/?sitemap305.xml" "Mozilla/5.0 AppleWebKit/537.36 (KHTML, like Gecko; compatible; GPTBot/1.3; +https://openai.com/gptbot)"
66.249.64.129 - - [22/Jan/2026:08:44:01 -0500] "GET /?x=2166640003788&channel=107e18&from=https://idolatekno.com/super.py?items/298047225.htm HTTP/1.1" 200 84775 "-" "Mozilla/5.0 (Linux; Android 6.0.1; Nexus 5X Build/MMB29P) AppleWebKit/537.36 (KHTML, like Gecko) Chrome/143.0.7499.192 Mobile Safari/537.36 (compatible; GoogleOther)"
74.7.241.58 - - [22/Jan/2026:08:44:04 -0500] "GET /q-~119NwuSqDP7rjdk1JbMp87TWjLsMQQdVx11567/ HTTP/1.1" 200 - "https://idolatekno.com/?sitemap317.xml" "Mozilla/5.0 AppleWebKit/537.36 (KHTML, like Gecko; compatible; GPTBot/1.3; +https://openai.com/gptbot)"
66.249.70.37 - - [22/Jan/2026:08:44:04 -0500] "GET /?pid=26304226231&channel=satisfaction-purpose-too&cate_id=2518&page=https://mail.idolatekno.com/remote.do?q-~129TFg4v4XoyrNHhsDg0xLqAXmef1IsKj24219/ HTTP/1.1" 200 85837 "-" "Mozilla/5.0 (Linux; Android 6.0.1; Nexus 5X Build/MMB29P) AppleWebKit/537.36 (KHTML, like Gecko) Chrome/143.0.7499.192 Mobile Safari/537.36 (compatible; Googlebot/2.1; +http://www.google.com/bot.html)"
74.7.241.58 - - [22/Jan/2026:08:44:06 -0500] "GET /q-~105XllLHzqffKH1QSr6hZsXrRFhRa2v9D19973/ HTTP/1.1" 200 - "https://idolatekno.com/sitemap29.xml" "Mozilla/5.0 AppleWebKit/537.36 (KHTML, like Gecko; compatible; GPTBot/1.3; +https://openai.com/gptbot)"
66.249.64.128 - - [22/Jan/2026:08:44:06 -0500] "GET /pcmypage?callback=/product%2Fdetail%2m61179494831 HTTP/1.1" 403 558787 "-" "Mozilla/5.0 (Linux; Android 6.0.1; Nexus 5X Build/MMB29P) AppleWebKit/537.36 (KHTML, like Gecko) Chrome/143.0.7499.192 Mobile Safari/537.36 (compatible; GoogleOther)"
74.7.241.58 - - [22/Jan/2026:08:44:09 -0500] "GET /q-~11clTSgizlEyoSCIpMqq1kQD1w730jly12539/ HTTP/1.1" 200 - "https://idolatekno.com/sitemap86.xml" "Mozilla/5.0 AppleWebKit/537.36 (KHTML, like Gecko; compatible; GPTBot/1.3; +https://openai.com/gptbot)"
66.249.70.37 - - [22/Jan/2026:08:44:12 -0500] "GET /?pid=26304226231&channel=entire-handful-governor&cate_id=2518&page=https://mail.idolatekno.com/remote.do?items/281042156.htm HTTP/1.1" 200 84957 "-" "Mozilla/5.0 (Linux; Android 6.0.1; Nexus 5X Build/MMB29P) AppleWebKit/537.36 (KHTML, like Gecko) Chrome/143.0.7499.192 Mobile Safari/537.36 (compatible; Googlebot/2.1; +http://www.google.com/bot.html)"
114.119.142.186 - - [22/Jan/2026:08:44:13 -0500] "GET /q-~212O4wlJRSdnP0mU7mbchwBgium7F6Urt33172/ HTTP/1.1" 200 - "https://mail.idolatekno.com/sitemapb.xml" "Mozilla/5.0 (Linux; Android 7.0;) AppleWebKit/537.36 (KHTML, like Gecko) Mobile Safari/537.36 (compatible; PetalBot;+https://webmaster.petalsearch.com/site/petalbot)"
74.7.241.58 - - [22/Jan/2026:08:44:14 -0500] "GET /q-~118x5vUJBQwEcK8FY1Ewj8E6kaORLHaRZ42744/ HTTP/1.1" 200 - "https://idolatekno.com/?sitemap305.xml" "Mozilla/5.0 AppleWebKit/537.36 (KHTML, like Gecko; compatible; GPTBot/1.3; +https://openai.com/gptbot)"
74.7.241.58 - - [22/Jan/2026:08:44:16 -0500] "GET /q-~100ZaUxhH9ifwfkQyPElsQ2hi0O6WM0dt28162/ HTTP/1.1" 200 - "https://idolatekno.com/?sitemap317.xml" "Mozilla/5.0 AppleWebKit/537.36 (KHTML, like Gecko; compatible; GPTBot/1.3; +https://openai.com/gptbot)"
74.7.241.58 - - [22/Jan/2026:08:44:19 -0500] "GET /q-~270rPN2pG7Rm2r3lxFMStXwGMB8RoelgT42692/ HTTP/1.1" 200 - "https://idolatekno.com/?sitemap503.xml" "Mozilla/5.0 AppleWebKit/537.36 (KHTML, like Gecko; compatible; GPTBot/1.3; +https://openai.com/gptbot)"
66.249.64.132 - - [22/Jan/2026:08:44:18 -0500] "GET /pcmypage?callback=/product%2Fdetail%2m13960398905 HTTP/1.1" 403 559233 "-" "Mozilla/5.0 (Linux; Android 6.0.1; Nexus 5X Build/MMB29P) AppleWebKit/537.36 (KHTML, like Gecko) Chrome/143.0.7499.192 Mobile Safari/537.36 (compatible; GoogleOther)"
66.249.70.36 - - [22/Jan/2026:08:44:19 -0500] "GET /?pid=26304226231&channel=your-hug-brick&cate_id=2518&page=https://mail.idolatekno.com/remote.do?q-~126Rj5RMmIKGtgs5oJcJQ07lYRJYuGtaB39324/ HTTP/1.1" 200 85827 "-" "Mozilla/5.0 (Linux; Android 6.0.1; Nexus 5X Build/MMB29P) AppleWebKit/537.36 (KHTML, like Gecko) Chrome/143.0.7499.192 Mobile Safari/537.36 (compatible; Googlebot/2.1; +http://www.google.com/bot.html)"
66.249.64.132 - - [22/Jan/2026:08:44:21 -0500] "GET /q-~282N7gx9KaCMUk1E70Q4yM48stO7wLFLL48900/ HTTP/1.1" 200 85183 "-" "Mozilla/5.0 (Linux; Android 6.0.1; Nexus 5X Build/MMB29P) AppleWebKit/537.36 (KHTML, like Gecko) Chrome/143.0.7499.192 Mobile Safari/537.36 (compatible; GoogleOther)"
74.7.241.58 - - [22/Jan/2026:08:44:22 -0500] "GET /q-~293YgLJYk0bbj7I7K7WPyiguplTWu8yxG20329/ HTTP/1.1" 200 - "https://idolatekno.com/?sitemap317.xml" "Mozilla/5.0 AppleWebKit/537.36 (KHTML, like Gecko; compatible; GPTBot/1.3; +https://openai.com/gptbot)"
146.174.179.56 - - [22/Jan/2026:08:44:25 -0500] "GET /q-~126Sfc52IKjgjdIEpX9KCcC628FJFQqqg40776/ HTTP/1.1" 200 - "-" "Mozilla/5.0 (X11; U; Linux x86_64; zh-CN; rv:1.9.2.10) Gecko/20100922 Ubuntu/10.10 (maverick) Firefox/3.6.10"
2a03:2880:f80e:61:: - - [22/Jan/2026:08:44:25 -0500] "GET /?t=29567449i20fg HTTP/1.1" 200 - "-" "meta-externalagent/1.1 (+https://developers.facebook.com/docs/sharing/webmasters/crawler)"
74.7.241.58 - - [22/Jan/2026:08:44:26 -0500] "GET /q-~170Ywo7YqzvFumHULgoFMb6Uw54W5nFyJ3220/ HTTP/1.1" 200 - "https://idolatekno.com/?sitemap305.xml" "Mozilla/5.0 AppleWebKit/537.36 (KHTML, like Gecko; compatible; GPTBot/1.3; +https://openai.com/gptbot)"
66.249.70.36 - - [22/Jan/2026:08:44:27 -0500] "GET /?pid=26304226231&channel=corner-membership-sake&cate_id=2518&page=https://mail.idolatekno.com/remote.do?q-~202xhpBYINKLUCZ8PyRef46veYjHwqspJ34602/ HTTP/1.1" 200 85633 "-" "Mozilla/5.0 (Linux; Android 6.0.1; Nexus 5X Build/MMB29P) AppleWebKit/537.36 (KHTML, like Gecko) Chrome/143.0.7499.192 Mobile Safari/537.36 (compatible; Googlebot/2.1; +http://www.google.com/bot.html)"
74.7.241.58 - - [22/Jan/2026:08:44:29 -0500] "GET /q-~255avf4mol3oDhmZdnXi8VoKXf8BtoN7b29733/ HTTP/1.1" 200 - "https://idolatekno.com/sitemap49.xml" "Mozilla/5.0 AppleWebKit/537.36 (KHTML, like Gecko; compatible; GPTBot/1.3; +https://openai.com/gptbot)"
66.249.70.36 - - [22/Jan/2026:08:44:34 -0500] "GET /?pid=26304226231&channel=soak-hill-guest&cate_id=2518&page=https://mail.idolatekno.com/remote.do?q-~18PgOjw6hOK9dB6fY3DuYDvvHkEeRAnI28172/ HTTP/1.1" 200 85503 "-" "Mozilla/5.0 (Linux; Android 6.0.1; Nexus 5X Build/MMB29P) AppleWebKit/537.36 (KHTML, like Gecko) Chrome/143.0.7499.192 Mobile Safari/537.36 (compatible; Googlebot/2.1; +http://www.google.com/bot.html)"
66.249.64.132 - - [22/Jan/2026:08:44:35 -0500] "GET /q-~119UyJsWYOTyNG4Qj3mUCYXdu6dFA2u9g43553/ HTTP/1.1" 200 86372 "-" "Mozilla/5.0 (Linux; Android 6.0.1; Nexus 5X Build/MMB29P) AppleWebKit/537.36 (KHTML, like Gecko) Chrome/143.0.7499.192 Mobile Safari/537.36 (compatible; GoogleOther)"
74.7.241.58 - - [22/Jan/2026:08:44:38 -0500] "GET /q-~190EOjpN20H1mAySLEFLCPEUdUXdLR91o2382/ HTTP/1.1" 200 - "https://idolatekno.com/?sitemap305.xml" "Mozilla/5.0 AppleWebKit/537.36 (KHTML, like Gecko; compatible; GPTBot/1.3; +https://openai.com/gptbot)"
66.249.64.132 - - [22/Jan/2026:08:44:37 -0500] "GET /pcmypage?callback=/product%2Fdetail%2m24141242187 HTTP/1.1" 403 572574 "-" "Mozilla/5.0 (Linux; Android 6.0.1; Nexus 5X Build/MMB29P) AppleWebKit/537.36 (KHTML, like Gecko) Chrome/143.0.7499.192 Mobile Safari/537.36 (compatible; GoogleOther)"
74.7.241.58 - - [22/Jan/2026:08:44:39 -0500] "GET /q-~159eZ2nuOGA0BvliDfWm4ZJOEDjnOy9jC15279/ HTTP/1.1" 200 - "https://idolatekno.com/?sitemap442.xml" "Mozilla/5.0 AppleWebKit/537.36 (KHTML, like Gecko; compatible; GPTBot/1.3; +https://openai.com/gptbot)"
114.119.153.93 - - [22/Jan/2026:08:44:41 -0500] "GET /q-~212NIigaOMlgpn6UTGcH9KvLFWOhhRCcF31722/ HTTP/1.1" 200 - "https://mail.idolatekno.com/sitemapb.xml" "Mozilla/5.0 (Linux; Android 7.0;) AppleWebKit/537.36 (KHTML, like Gecko) Mobile Safari/537.36 (compatible; PetalBot;+https://webmaster.petalsearch.com/site/petalbot)"
74.7.241.58 - - [22/Jan/2026:08:44:41 -0500] "GET /q-~113o7xpD6xmmOX4XEpqzvZiEgxW7VwqBA49585/ HTTP/1.1" 200 - "https://idolatekno.com/sitemap27.xml" "Mozilla/5.0 AppleWebKit/537.36 (KHTML, like Gecko; compatible; GPTBot/1.3; +https://openai.com/gptbot)"
66.249.70.36 - - [22/Jan/2026:08:44:42 -0500] "GET /?pid=26304226231&channel=array-concerning-backyard&cate_id=2518&page=https://mail.idolatekno.com/remote.do?q-~56UrGALXiJ3kubySRVrBRGtJGDOx4Z7s44960/ HTTP/1.1" 200 87230 "-" "Mozilla/5.0 (Linux; Android 6.0.1; Nexus 5X Build/MMB29P) AppleWebKit/537.36 (KHTML, like Gecko) Chrome/143.0.7499.192 Mobile Safari/537.36 (compatible; Googlebot/2.1; +http://www.google.com/bot.html)"
74.7.241.58 - - [22/Jan/2026:08:44:45 -0500] "GET /q-~94XfQ6Nu4V4KopleXxCxXZehaGvyy24O31506/ HTTP/1.1" 200 - "https://idolatekno.com/sitemap78.xml" "Mozilla/5.0 AppleWebKit/537.36 (KHTML, like Gecko; compatible; GPTBot/1.3; +https://openai.com/gptbot)"
74.7.241.58 - - [22/Jan/2026:08:44:48 -0500] "GET /q-~146N1AKwfUWAu7n85QAbfgLBUlXGAAg5s37746/ HTTP/1.1" 200 - "https://idolatekno.com/sitemap785.xml" "Mozilla/5.0 AppleWebKit/537.36 (KHTML, like Gecko; compatible; GPTBot/1.3; +https://openai.com/gptbot)"
66.249.70.37 - - [22/Jan/2026:08:44:50 -0500] "GET /?pid=26304226231&channel=dock-study-cab&cate_id=2518&page=https://mail.idolatekno.com/remote.do?items/241034184.htm HTTP/1.1" 200 85607 "-" "Mozilla/5.0 (Linux; Android 6.0.1; Nexus 5X Build/MMB29P) AppleWebKit/537.36 (KHTML, like Gecko) Chrome/143.0.7499.192 Mobile Safari/537.36 (compatible; Googlebot/2.1; +http://www.google.com/bot.html)"
66.249.64.132 - - [22/Jan/2026:08:44:50 -0500] "GET /q-~161sPIae3TXv27yvXS76zQKACFcxiMdkw32345/ HTTP/1.1" 200 86026 "-" "Mozilla/5.0 (Linux; Android 6.0.1; Nexus 5X Build/MMB29P) AppleWebKit/537.36 (KHTML, like Gecko) Chrome/143.0.7499.192 Mobile Safari/537.36 (compatible; GoogleOther)"
74.7.241.58 - - [22/Jan/2026:08:44:51 -0500] "GET /q-~129ZOR73lPkuqfI5dNu77ekhQvhWenslv16351/ HTTP/1.1" 200 - "https://idolatekno.com/?sitemap317.xml" "Mozilla/5.0 AppleWebKit/537.36 (KHTML, like Gecko; compatible; GPTBot/1.3; +https://openai.com/gptbot)"
66.249.64.132 - - [22/Jan/2026:08:44:53 -0500] "GET /?u=2699771933667&channel=132e36&from=https://idolatekno.com/remote.aspx?q-~284bJhzzwqshgDyniithzaHNY5QjEBlEy30574/ HTTP/1.1" 200 86511 "-" "Mozilla/5.0 (Linux; Android 6.0.1; Nexus 5X Build/MMB29P) AppleWebKit/537.36 (KHTML, like Gecko) Chrome/143.0.7499.192 Mobile Safari/537.36 (compatible; GoogleOther)"
74.7.241.58 - - [22/Jan/2026:08:44:54 -0500] "GET /q-~177Yy0SE95c9KqvSOD3zrAUrippJzHkVE6757/ HTTP/1.1" 200 - "https://idolatekno.com/?sitemap317.xml" "Mozilla/5.0 AppleWebKit/537.36 (KHTML, like Gecko; compatible; GPTBot/1.3; +https://openai.com/gptbot)"
74.7.241.58 - - [22/Jan/2026:08:44:57 -0500] "GET /q-~72nVcPwIw2cH80ZgLTNvrGLDs9X6XTZI28022/ HTTP/1.1" 200 - "https://idolatekno.com/pages.php?sitemap849.xml" "Mozilla/5.0 AppleWebKit/537.36 (KHTML, like Gecko; compatible; GPTBot/1.3; +https://openai.com/gptbot)"
66.249.70.38 - - [22/Jan/2026:08:44:57 -0500] "GET /?pid=26304226231&channel=view-strength-officer&cate_id=2518&page=https://mail.idolatekno.com/remote.do?q-~137r8zj1515JjoX0cd1FI5lorbLwH46Tl21595/ HTTP/1.1" 200 85740 "-" "Mozilla/5.0 (Linux; Android 6.0.1; Nexus 5X Build/MMB29P) AppleWebKit/537.36 (KHTML, like Gecko) Chrome/143.0.7499.192 Mobile Safari/537.36 (compatible; Googlebot/2.1; +http://www.google.com/bot.html)"
74.7.241.58 - - [22/Jan/2026:08:45:00 -0500] "GET /q-~147AefFZndOw4ZMZF4rNEwxag9Whg6F1Q24143/ HTTP/1.1" 200 - "https://idolatekno.com/?sitemap503.xml" "Mozilla/5.0 AppleWebKit/537.36 (KHTML, like Gecko; compatible; GPTBot/1.3; +https://openai.com/gptbot)"
74.7.241.58 - - [22/Jan/2026:08:45:04 -0500] "GET /q-~27dVS5tFMueZhE3V9SC3MhndBgk8JnQA48969/ HTTP/1.1" 200 - "https://idolatekno.com/?sitemap442.xml" "Mozilla/5.0 AppleWebKit/537.36 (KHTML, like Gecko; compatible; GPTBot/1.3; +https://openai.com/gptbot)"
