66.249.70.32 - - [22/Jan/2026:09:31:14 -0500] "GET /?pid=26304226231&channel=second-compliance-angel&cate_id=2518&page=https://mail.idolatekno.com/remote.do?q-~252DI47TpwZKzq04UvfRdTxLtHjj6eYTs28686/ HTTP/1.1" 200 85562 "-" "Mozilla/5.0 (Linux; Android 6.0.1; Nexus 5X Build/MMB29P) AppleWebKit/537.36 (KHTML, like Gecko) Chrome/143.0.7499.192 Mobile Safari/537.36 (compatible; Googlebot/2.1; +http://www.google.com/bot.html)"
74.7.241.58 - - [22/Jan/2026:09:31:14 -0500] "GET /q-~9IHI064iHffFstOVPEcFOp55XmQZ3DE37293/ HTTP/1.1" 200 - "https://idolatekno.com/?sitemap1000.xml" "Mozilla/5.0 AppleWebKit/537.36 (KHTML, like Gecko; compatible; GPTBot/1.3; +https://openai.com/gptbot)"
66.249.64.128 - - [22/Jan/2026:09:31:15 -0500] "GET /items/214018961.htm HTTP/1.1" 200 85248 "-" "Mozilla/5.0 (Linux; Android 6.0.1; Nexus 5X Build/MMB29P) AppleWebKit/537.36 (KHTML, like Gecko) Chrome/143.0.7499.192 Mobile Safari/537.36 (compatible; Googlebot/2.1; +http://www.google.com/bot.html)"
114.119.142.126 - - [22/Jan/2026:09:31:15 -0500] "GET /q-~207wMtvNRusAmnwfNgh2EQQdMWHCY4e8U40003/ HTTP/1.1" 200 - "https://mail.idolatekno.com/sitemapc.xml" "Mozilla/5.0 (Linux; Android 7.0;) AppleWebKit/537.36 (KHTML, like Gecko) Mobile Safari/537.36 (compatible; PetalBot;+https://webmaster.petalsearch.com/site/petalbot)"
66.249.70.32 - - [22/Jan/2026:09:31:17 -0500] "GET /?pid=26304226231&channel=direct-attract-softly&cate_id=2518&page=https://mail.idolatekno.com/remote.do?items/120009405.htm HTTP/1.1" 200 86025 "-" "Mozilla/5.0 (Linux; Android 6.0.1; Nexus 5X Build/MMB29P) AppleWebKit/537.36 (KHTML, like Gecko) Chrome/143.0.7499.192 Mobile Safari/537.36 (compatible; Googlebot/2.1; +http://www.google.com/bot.html)"
74.7.241.58 - - [22/Jan/2026:09:31:18 -0500] "GET /q-~57WDn4xhd2gtKU1szByUU3bRWGPdt19R3723/ HTTP/1.1" 200 - "https://idolatekno.com/sitemap49.xml" "Mozilla/5.0 AppleWebKit/537.36 (KHTML, like Gecko; compatible; GPTBot/1.3; +https://openai.com/gptbot)"
74.7.241.58 - - [22/Jan/2026:09:31:21 -0500] "GET /q-~134fhAH5ux1DIvQ0ZRgN3EgMVv0aaMN9O516/ HTTP/1.1" 200 - "https://idolatekno.com/sitemap21.xml" "Mozilla/5.0 AppleWebKit/537.36 (KHTML, like Gecko; compatible; GPTBot/1.3; +https://openai.com/gptbot)"
66.249.64.129 - - [22/Jan/2026:09:31:21 -0500] "GET /?x=2166640003788&channel=107e18&from=https://idolatekno.com/super.py?items/229041128.htm HTTP/1.1" 200 85245 "-" "Mozilla/5.0 (Linux; Android 6.0.1; Nexus 5X Build/MMB29P) AppleWebKit/537.36 (KHTML, like Gecko) Chrome/143.0.7499.192 Mobile Safari/537.36 (compatible; GoogleOther)"
66.249.70.33 - - [22/Jan/2026:09:31:22 -0500] "GET /?pid=26304226231&channel=vessel-suggestion-ride&cate_id=2518&page=https://mail.idolatekno.com/remote.do?q-~27Z6skDYMqkolzvQG1hRjzjtdbeDlpAx34967/ HTTP/1.1" 200 85376 "-" "Mozilla/5.0 (Linux; Android 6.0.1; Nexus 5X Build/MMB29P) AppleWebKit/537.36 (KHTML, like Gecko) Chrome/143.0.7499.192 Mobile Safari/537.36 (compatible; Googlebot/2.1; +http://www.google.com/bot.html)"
66.249.64.128 - - [22/Jan/2026:09:31:24 -0500] "GET /q-~110Jxe9dTu5iAGNFgTNlHxfcpeQbGu4rs31114/ HTTP/1.1" 200 85951 "-" "Mozilla/5.0 (Linux; Android 6.0.1; Nexus 5X Build/MMB29P) AppleWebKit/537.36 (KHTML, like Gecko) Chrome/143.0.7499.192 Mobile Safari/537.36 (compatible; GoogleOther)"
74.7.241.58 - - [22/Jan/2026:09:31:24 -0500] "GET /q-~29OfabsE1q4GFKKoC7OSCkv268wbngcO5831/ HTTP/1.1" 200 - "https://idolatekno.com/sitemap27.xml" "Mozilla/5.0 AppleWebKit/537.36 (KHTML, like Gecko; compatible; GPTBot/1.3; +https://openai.com/gptbot)"
74.7.241.58 - - [22/Jan/2026:09:31:27 -0500] "GET /q-~6XXFdjH0BrIfgm3Ed03Htfe6j1BKvTr34764/ HTTP/1.1" 200 - "https://idolatekno.com/?sitemap305.xml" "Mozilla/5.0 AppleWebKit/537.36 (KHTML, like Gecko; compatible; GPTBot/1.3; +https://openai.com/gptbot)"
66.249.70.32 - - [22/Jan/2026:09:31:28 -0500] "GET /?pid=26304226231&channel=happy-count-ship&cate_id=2518&page=https://mail.idolatekno.com/remote.do?items/253006710.htm HTTP/1.1" 200 86241 "-" "Mozilla/5.0 (Linux; Android 6.0.1; Nexus 5X Build/MMB29P) AppleWebKit/537.36 (KHTML, like Gecko) Chrome/143.0.7499.192 Mobile Safari/537.36 (compatible; Googlebot/2.1; +http://www.google.com/bot.html)"
74.7.241.58 - - [22/Jan/2026:09:31:30 -0500] "GET /q-~147GEzENNow323p8GxDmkjV1KbNvegt3m995/ HTTP/1.1" 200 - "https://idolatekno.com/sitemap78.xml" "Mozilla/5.0 AppleWebKit/537.36 (KHTML, like Gecko; compatible; GPTBot/1.3; +https://openai.com/gptbot)"
74.7.241.58 - - [22/Jan/2026:09:31:34 -0500] "GET /q-~250O1Fda0ab2p5XJzRZ6aiUPitcXF0KJp582/ HTTP/1.1" 200 - "https://idolatekno.com/?sitemap305.xml" "Mozilla/5.0 AppleWebKit/537.36 (KHTML, like Gecko; compatible; GPTBot/1.3; +https://openai.com/gptbot)"
74.7.241.58 - - [22/Jan/2026:09:31:37 -0500] "GET /q-~5nv4up7gShsvSNELOfUD59g4XcN5rqY31223/ HTTP/1.1" 200 - "https://idolatekno.com/sitemap73.xml" "Mozilla/5.0 AppleWebKit/537.36 (KHTML, like Gecko; compatible; GPTBot/1.3; +https://openai.com/gptbot)"
66.249.64.129 - - [22/Jan/2026:09:31:37 -0500] "GET /?x=2166640003788&channel=107e18&from=https://idolatekno.com/super.py?items/252004547.htm HTTP/1.1" 200 85758 "-" "Mozilla/5.0 (Linux; Android 6.0.1; Nexus 5X Build/MMB29P) AppleWebKit/537.36 (KHTML, like Gecko) Chrome/143.0.7499.192 Mobile Safari/537.36 (compatible; GoogleOther)"
202.76.164.122 - - [22/Jan/2026:09:31:38 -0500] "GET /q-~239eajFQIY0K6f5ZlekelONeHcpnumk9D32363/ HTTP/1.1" 200 - "-" "Mozilla/5.0 (X11; U; Linux x86_64; fr; rv:1.9.2.13) Gecko/20110103 Fedora/3.6.13-1.fc14 Firefox/3.6.13"
66.249.70.33 - - [22/Jan/2026:09:31:39 -0500] "GET /?pid=26304226231&channel=dying-clearly-human&cate_id=2518&page=https://mail.idolatekno.com/remote.do?items/147011742.htm HTTP/1.1" 200 86159 "-" "Mozilla/5.0 (Linux; Android 6.0.1; Nexus 5X Build/MMB29P) AppleWebKit/537.36 (KHTML, like Gecko) Chrome/143.0.7499.192 Mobile Safari/537.36 (compatible; Googlebot/2.1; +http://www.google.com/bot.html)"
114.119.132.76 - - [22/Jan/2026:09:31:39 -0500] "GET /q-~207tUaWLuZ2jfa8StbPzJXFrjsdPiAPxy26493/ HTTP/1.1" 200 - "https://mail.idolatekno.com/sitemapb.xml" "Mozilla/5.0 (Linux; Android 7.0;) AppleWebKit/537.36 (KHTML, like Gecko) Mobile Safari/537.36 (compatible; PetalBot;+https://webmaster.petalsearch.com/site/petalbot)"
66.249.64.129 - - [22/Jan/2026:09:31:39 -0500] "GET /?u=2699771933667&channel=132e36&from=https://idolatekno.com/remote.aspx?items/004014111.htm HTTP/1.1" 200 85683 "-" "Mozilla/5.0 (Linux; Android 6.0.1; Nexus 5X Build/MMB29P) AppleWebKit/537.36 (KHTML, like Gecko) Chrome/143.0.7499.192 Mobile Safari/537.36 (compatible; GoogleOther)"
74.7.241.58 - - [22/Jan/2026:09:31:40 -0500] "GET /q-~26dL7ElYyhxc67gYCty8tF0TWt9HWbYq5592/ HTTP/1.1" 200 - "https://idolatekno.com/?sitemap1000.xml" "Mozilla/5.0 AppleWebKit/537.36 (KHTML, like Gecko; compatible; GPTBot/1.3; +https://openai.com/gptbot)"
74.7.241.58 - - [22/Jan/2026:09:31:43 -0500] "GET /q-~13GJ1O2YgfNRmeS26laBfsolhUag8q9Z5369/ HTTP/1.1" 200 - "https://idolatekno.com/?sitemap442.xml" "Mozilla/5.0 AppleWebKit/537.36 (KHTML, like Gecko; compatible; GPTBot/1.3; +https://openai.com/gptbot)"
66.249.70.33 - - [22/Jan/2026:09:31:45 -0500] "GET /?pid=26304226231&channel=sale-relief-stadium&cate_id=2518&page=https://mail.idolatekno.com/remote.do?q-~75HXJHjptJrGCr4lHdGLNFaaQsas5hEb15217/ HTTP/1.1" 200 85528 "-" "Mozilla/5.0 (Linux; Android 6.0.1; Nexus 5X Build/MMB29P) AppleWebKit/537.36 (KHTML, like Gecko) Chrome/143.0.7499.192 Mobile Safari/537.36 (compatible; Googlebot/2.1; +http://www.google.com/bot.html)"
74.7.241.58 - - [22/Jan/2026:09:31:46 -0500] "GET /q-~25EA4h7bRlUfnOvw1V2L7bqHDfh5eAUn6987/ HTTP/1.1" 200 - "https://idolatekno.com/?sitemap442.xml" "Mozilla/5.0 AppleWebKit/537.36 (KHTML, like Gecko; compatible; GPTBot/1.3; +https://openai.com/gptbot)"
74.7.241.58 - - [22/Jan/2026:09:31:49 -0500] "GET /q-~86q0CP0CnzvHuCi4ZX7PkqX3FR9MCrMh6828/ HTTP/1.1" 200 - "https://idolatekno.com/?sitemap305.xml" "Mozilla/5.0 AppleWebKit/537.36 (KHTML, like Gecko; compatible; GPTBot/1.3; +https://openai.com/gptbot)"
66.249.70.32 - - [22/Jan/2026:09:31:51 -0500] "GET /?pid=26304226231&channel=reflect-mall-luck&cate_id=2518&page=https://mail.idolatekno.com/remote.do?items/044044513.htm HTTP/1.1" 200 85817 "-" "Mozilla/5.0 (Linux; Android 6.0.1; Nexus 5X Build/MMB29P) AppleWebKit/537.36 (KHTML, like Gecko) Chrome/143.0.7499.192 Mobile Safari/537.36 (compatible; Googlebot/2.1; +http://www.google.com/bot.html)"
66.249.64.130 - - [22/Jan/2026:09:31:52 -0500] "GET /?x=2166640003788&channel=107e18&from=https://idolatekno.com/super.py?items/270003433.htm HTTP/1.1" 200 84699 "-" "Mozilla/5.0 (Linux; Android 6.0.1; Nexus 5X Build/MMB29P) AppleWebKit/537.36 (KHTML, like Gecko) Chrome/143.0.7499.192 Mobile Safari/537.36 (compatible; GoogleOther)"
74.7.241.58 - - [22/Jan/2026:09:31:52 -0500] "GET /q-~95YRh8BOgugWkk399X1SQGZ6qFNXXBQR8571/ HTTP/1.1" 200 - "https://idolatekno.com/sitemap78.xml" "Mozilla/5.0 AppleWebKit/537.36 (KHTML, like Gecko; compatible; GPTBot/1.3; +https://openai.com/gptbot)"
74.7.241.58 - - [22/Jan/2026:09:31:55 -0500] "GET /q-~8kYVCwn0bN11wZdWmDGBT4AS1qH7snw22192/ HTTP/1.1" 200 - "https://idolatekno.com/sitemap29.xml" "Mozilla/5.0 AppleWebKit/537.36 (KHTML, like Gecko; compatible; GPTBot/1.3; +https://openai.com/gptbot)"
66.249.64.130 - - [22/Jan/2026:09:31:56 -0500] "GET /?x=2166640003788&channel=107e18&from=https://idolatekno.com/super.py?items/289014524.htm HTTP/1.1" 200 85501 "-" "Mozilla/5.0 (Linux; Android 6.0.1; Nexus 5X Build/MMB29P) AppleWebKit/537.36 (KHTML, like Gecko) Chrome/143.0.7499.192 Mobile Safari/537.36 (compatible; GoogleOther)"
66.249.70.33 - - [22/Jan/2026:09:31:57 -0500] "GET /?pid=26304226231&channel=individual-management-old-fashioned&cate_id=2518&page=https://mail.idolatekno.com/remote.do?items/065040442.htm HTTP/1.1" 200 86399 "-" "Mozilla/5.0 (Linux; Android 6.0.1; Nexus 5X Build/MMB29P) AppleWebKit/537.36 (KHTML, like Gecko) Chrome/143.0.7499.192 Mobile Safari/537.36 (compatible; Googlebot/2.1; +http://www.google.com/bot.html)"
74.7.241.58 - - [22/Jan/2026:09:31:58 -0500] "GET /q-~65xvC7P0vH2lYiZ12oZMSU6OSCPODMOn2233/ HTTP/1.1" 200 - "https://idolatekno.com/sitemap29.xml" "Mozilla/5.0 AppleWebKit/537.36 (KHTML, like Gecko; compatible; GPTBot/1.3; +https://openai.com/gptbot)"
74.7.241.58 - - [22/Jan/2026:09:32:02 -0500] "GET /q-~30b4bKzwo2Wsvl5lfyf3jcwlL4TtUL9b8376/ HTTP/1.1" 200 - "https://idolatekno.com/?sitemap1000.xml" "Mozilla/5.0 AppleWebKit/537.36 (KHTML, like Gecko; compatible; GPTBot/1.3; +https://openai.com/gptbot)"
66.249.70.34 - - [22/Jan/2026:09:32:02 -0500] "GET /?pid=26304226231&channel=cell-mm-hmm-halfway&cate_id=2518&page=https://mail.idolatekno.com/remote.do?q-~205bGjOmfOoyjkbiPLxdOWPpxDtOA1Qcn29785/ HTTP/1.1" 200 85839 "-" "Mozilla/5.0 (Linux; Android 6.0.1; Nexus 5X Build/MMB29P) AppleWebKit/537.36 (KHTML, like Gecko) Chrome/143.0.7499.192 Mobile Safari/537.36 (compatible; Googlebot/2.1; +http://www.google.com/bot.html)"
74.7.241.58 - - [22/Jan/2026:09:32:05 -0500] "GET /q-~8hhbYU0bWRSYb4EM2ZjLi64mJsMXM7X38658/ HTTP/1.1" 200 - "https://idolatekno.com/sitemap21.xml" "Mozilla/5.0 AppleWebKit/537.36 (KHTML, like Gecko; compatible; GPTBot/1.3; +https://openai.com/gptbot)"
66.249.64.96 - - [22/Jan/2026:09:32:06 -0500] "GET /q-~112JQ81FqcvL3OeqBrrO6uqi74bCUfkTz22166/ HTTP/1.1" 200 86538 "-" "Mozilla/5.0 (Linux; Android 6.0.1; Nexus 5X Build/MMB29P) AppleWebKit/537.36 (KHTML, like Gecko) Chrome/143.0.7499.192 Mobile Safari/537.36 (compatible; GoogleOther)"
74.7.241.58 - - [22/Jan/2026:09:32:08 -0500] "GET /q-~58CjaNcHbU135rky9NMrCz3eNDVZKn3p1216/ HTTP/1.1" 200 - "https://idolatekno.com/?sitemap442.xml" "Mozilla/5.0 AppleWebKit/537.36 (KHTML, like Gecko; compatible; GPTBot/1.3; +https://openai.com/gptbot)"
66.249.70.33 - - [22/Jan/2026:09:32:08 -0500] "GET /?pid=26304226231&channel=hot-belief-accurately&cate_id=2518&page=https://mail.idolatekno.com/remote.do?q-~170Fh8rxby5EeQELeWoy8Fi1pEH2epUPd37092/ HTTP/1.1" 200 85253 "-" "Mozilla/5.0 (Linux; Android 6.0.1; Nexus 5X Build/MMB29P) AppleWebKit/537.36 (KHTML, like Gecko) Chrome/143.0.7499.192 Mobile Safari/537.36 (compatible; Googlebot/2.1; +http://www.google.com/bot.html)"
114.119.142.126 - - [22/Jan/2026:09:32:10 -0500] "GET /q-~207sndrLgk8sfbZkxCZPI7QMMpqM0kSaN25679/ HTTP/1.1" 200 - "https://mail.idolatekno.com/sitemapc.xml" "Mozilla/5.0 (Linux; Android 7.0;) AppleWebKit/537.36 (KHTML, like Gecko) Mobile Safari/537.36 (compatible; PetalBot;+https://webmaster.petalsearch.com/site/petalbot)"
74.7.241.58 - - [22/Jan/2026:09:32:11 -0500] "GET /q-~5p2A2jzHpVS4mbTcTVZt6lgqmPtE33V25779/ HTTP/1.1" 200 - "https://idolatekno.com/sitemap21.xml" "Mozilla/5.0 AppleWebKit/537.36 (KHTML, like Gecko; compatible; GPTBot/1.3; +https://openai.com/gptbot)"
66.249.64.129 - - [22/Jan/2026:09:32:13 -0500] "GET /pcmypage?callback=/product%2Fdetail%2m63910311011 HTTP/1.1" 403 561434 "-" "Mozilla/5.0 (Linux; Android 6.0.1; Nexus 5X Build/MMB29P) AppleWebKit/537.36 (KHTML, like Gecko) Chrome/143.0.7499.192 Mobile Safari/537.36 (compatible; GoogleOther)"
66.249.70.32 - - [22/Jan/2026:09:32:14 -0500] "GET /?pid=26304226231&channel=flour-fear-investor&cate_id=2518&page=https://mail.idolatekno.com/remote.do?items/075005460.htm HTTP/1.1" 200 86009 "-" "Mozilla/5.0 (Linux; Android 6.0.1; Nexus 5X Build/MMB29P) AppleWebKit/537.36 (KHTML, like Gecko) Chrome/143.0.7499.192 Mobile Safari/537.36 (compatible; Googlebot/2.1; +http://www.google.com/bot.html)"
74.7.241.58 - - [22/Jan/2026:09:32:14 -0500] "GET /q-~163IELI75kbCLUyu1logQL26qWdPXZ8jr573/ HTTP/1.1" 200 - "https://idolatekno.com/?sitemap317.xml" "Mozilla/5.0 AppleWebKit/537.36 (KHTML, like Gecko; compatible; GPTBot/1.3; +https://openai.com/gptbot)"
74.7.241.58 - - [22/Jan/2026:09:32:18 -0500] "GET /q-~67v9CYtBt6oqhW87gDuaIwDU9qUIk0FQ8757/ HTTP/1.1" 200 - "https://idolatekno.com/pages.php?sitemap849.xml" "Mozilla/5.0 AppleWebKit/537.36 (KHTML, like Gecko; compatible; GPTBot/1.3; +https://openai.com/gptbot)"
66.249.70.32 - - [22/Jan/2026:09:32:20 -0500] "GET /?pid=26304226231&channel=popularity-rank-moral&cate_id=2518&page=https://mail.idolatekno.com/remote.do?items/157025144.htm HTTP/1.1" 200 85692 "-" "Mozilla/5.0 (Linux; Android 6.0.1; Nexus 5X Build/MMB29P) AppleWebKit/537.36 (KHTML, like Gecko) Chrome/143.0.7499.192 Mobile Safari/537.36 (compatible; Googlebot/2.1; +http://www.google.com/bot.html)"
74.7.241.58 - - [22/Jan/2026:09:32:21 -0500] "GET /q-~94lyW26u9qgo23cXOYfxXjLxhNcST5bc8800/ HTTP/1.1" 200 - "https://idolatekno.com/?sitemap1000.xml" "Mozilla/5.0 AppleWebKit/537.36 (KHTML, like Gecko; compatible; GPTBot/1.3; +https://openai.com/gptbot)"
66.249.64.128 - - [22/Jan/2026:09:32:21 -0500] "GET /pcmypage?callback=/product%2Fdetail%2m33261229367 HTTP/1.1" 403 552342 "-" "Mozilla/5.0 (Linux; Android 6.0.1; Nexus 5X Build/MMB29P) AppleWebKit/537.36 (KHTML, like Gecko) Chrome/143.0.7499.192 Mobile Safari/537.36 (compatible; GoogleOther)"
74.7.241.58 - - [22/Jan/2026:09:32:24 -0500] "GET /q-~62x5PijT0ozgRj9g5CvJsVfnme1n0fnW3056/ HTTP/1.1" 200 - "https://idolatekno.com/sitemap21.xml" "Mozilla/5.0 AppleWebKit/537.36 (KHTML, like Gecko; compatible; GPTBot/1.3; +https://openai.com/gptbot)"
66.249.70.33 - - [22/Jan/2026:09:32:25 -0500] "GET /?pid=26304226231&channel=educator-innovative-communication&cate_id=2518&page=https://mail.idolatekno.com/remote.do?items/269037906.htm HTTP/1.1" 200 85683 "-" "Mozilla/5.0 (Linux; Android 6.0.1; Nexus 5X Build/MMB29P) AppleWebKit/537.36 (KHTML, like Gecko) Chrome/143.0.7499.192 Mobile Safari/537.36 (compatible; Googlebot/2.1; +http://www.google.com/bot.html)"
66.249.64.128 - - [22/Jan/2026:09:32:26 -0500] "GET /?x=2166640003788&channel=107e18&from=https://idolatekno.com/super.py?q-~155DUYB94Z8BKBfODKQbPlaU4bBKj7aHH36907/ HTTP/1.1" 200 85423 "-" "Mozilla/5.0 (Linux; Android 6.0.1; Nexus 5X Build/MMB29P) AppleWebKit/537.36 (KHTML, like Gecko) Chrome/143.0.7499.192 Mobile Safari/537.36 (compatible; Googlebot/2.1; +http://www.google.com/bot.html)"
74.7.241.58 - - [22/Jan/2026:09:32:27 -0500] "GET /q-~54Ot9ot4ydwokAuxuL4g57iL3ZRbOpYT4690/ HTTP/1.1" 200 - "https://idolatekno.com/sitemap63.xml" "Mozilla/5.0 AppleWebKit/537.36 (KHTML, like Gecko; compatible; GPTBot/1.3; +https://openai.com/gptbot)"
66.249.70.33 - - [22/Jan/2026:09:32:27 -0500] "GET /q-~294c6DzYBU4MYUi2vfYzBRTUKmU1RmmWr4090/ HTTP/1.1" 200 85853 "-" "Mozilla/5.0 (Linux; Android 6.0.1; Nexus 5X Build/MMB29P) AppleWebKit/537.36 (KHTML, like Gecko) Chrome/143.0.7499.192 Mobile Safari/537.36 (compatible; GoogleOther)"
74.7.241.58 - - [22/Jan/2026:09:32:30 -0500] "GET /q-~58IRLv3iAx47CKZ5lGM1DHyjMuJ8jvPE5658/ HTTP/1.1" 200 - "https://idolatekno.com/sitemap73.xml" "Mozilla/5.0 AppleWebKit/537.36 (KHTML, like Gecko; compatible; GPTBot/1.3; +https://openai.com/gptbot)"
66.249.64.128 - - [22/Jan/2026:09:32:30 -0500] "GET /?x=2166640003788&channel=107e18&from=https://idolatekno.com/super.py?q-~140n2LgBMJNEhAlb8Jzovz8BeiemKwG8a49574/ HTTP/1.1" 200 85513 "-" "Mozilla/5.0 (Linux; Android 6.0.1; Nexus 5X Build/MMB29P) AppleWebKit/537.36 (KHTML, like Gecko) Chrome/143.0.7499.192 Mobile Safari/537.36 (compatible; GoogleOther)"
66.249.64.110 - - [22/Jan/2026:09:32:30 -0500] "GET /items/226043919.htm HTTP/1.1" 200 86226 "-" "Mozilla/5.0 (Linux; Android 6.0.1; Nexus 5X Build/MMB29P) AppleWebKit/537.36 (KHTML, like Gecko) Chrome/143.0.7499.192 Mobile Safari/537.36 (compatible; Googlebot/2.1; +http://www.google.com/bot.html)"
66.249.70.32 - - [22/Jan/2026:09:32:30 -0500] "GET /?b=2677229732371 HTTP/1.1" 200 85641 "-" "Mozilla/5.0 (Linux; Android 6.0.1; Nexus 5X Build/MMB29P) AppleWebKit/537.36 (KHTML, like Gecko) Chrome/143.0.7499.192 Mobile Safari/537.36 (compatible; Googlebot/2.1; +http://www.google.com/bot.html)"
66.249.64.128 - - [22/Jan/2026:09:32:31 -0500] "GET /?x=2166640003788&channel=107e18&from=https://idolatekno.com/super.py?items/110046041.htm HTTP/1.1" 200 85351 "-" "Mozilla/5.0 (Linux; Android 6.0.1; Nexus 5X Build/MMB29P) AppleWebKit/537.36 (KHTML, like Gecko) Chrome/143.0.7499.192 Mobile Safari/537.36 (compatible; Googlebot/2.1; +http://www.google.com/bot.html)"
66.249.70.33 - - [22/Jan/2026:09:32:31 -0500] "GET /?b=52489763i555i HTTP/1.1" 200 85868 "-" "Mozilla/5.0 (Linux; Android 6.0.1; Nexus 5X Build/MMB29P) AppleWebKit/537.36 (KHTML, like Gecko) Chrome/143.0.7499.192 Mobile Safari/537.36 (compatible; Googlebot/2.1; +http://www.google.com/bot.html)"
66.249.64.128 - - [22/Jan/2026:09:32:32 -0500] "GET /q-~175xUloUMicglxYPkoIMAyowAjmCQuhuB39747/ HTTP/1.1" 200 85046 "-" "Mozilla/5.0 (Linux; Android 6.0.1; Nexus 5X Build/MMB29P) AppleWebKit/537.36 (KHTML, like Gecko) Chrome/143.0.7499.192 Mobile Safari/537.36 (compatible; Googlebot/2.1; +http://www.google.com/bot.html)"
66.249.64.110 - - [22/Jan/2026:09:32:32 -0500] "GET /items/030000565.htm HTTP/1.1" 200 85371 "-" "Mozilla/5.0 (Linux; Android 6.0.1; Nexus 5X Build/MMB29P) AppleWebKit/537.36 (KHTML, like Gecko) Chrome/143.0.7499.192 Mobile Safari/537.36 (compatible; Googlebot/2.1; +http://www.google.com/bot.html)"
66.249.70.33 - - [22/Jan/2026:09:32:32 -0500] "GET /?pid=26304226231&channel=bank-possible-fortunately&cate_id=2518&page=https://mail.idolatekno.com/remote.do?items/049049730.htm HTTP/1.1" 200 86588 "-" "Mozilla/5.0 (Linux; Android 6.0.1; Nexus 5X Build/MMB29P) AppleWebKit/537.36 (KHTML, like Gecko) Chrome/143.0.7499.192 Mobile Safari/537.36 (compatible; Googlebot/2.1; +http://www.google.com/bot.html)"
2a03:2880:f80e:18:: - - [22/Jan/2026:09:32:33 -0500] "GET /?t=4127174dc9ied HTTP/1.1" 200 - "-" "meta-externalagent/1.1 (+https://developers.facebook.com/docs/sharing/webmasters/crawler)"
202.76.180.21 - - [22/Jan/2026:09:32:33 -0500] "GET /q-~244G3LE6aa7KRZSTumYRo0VY4XqGcn2rg8454/ HTTP/1.1" 200 - "-" "Mozilla/5.0 (Windows; U; Windows NT 5.1; en-US) AppleWebKit/532.1 (KHTML, like Gecko) Chrome/4.0.219.5 Safari/532.1"
66.249.70.33 - - [22/Jan/2026:09:32:33 -0500] "GET /?pid=26304226231&channel=interaction-regard-faster&cate_id=2518&page=https://mail.idolatekno.com/remote.do?items/052040997.htm HTTP/1.1" 200 85097 "-" "Mozilla/5.0 (Linux; Android 6.0.1; Nexus 5X Build/MMB29P) AppleWebKit/537.36 (KHTML, like Gecko) Chrome/143.0.7499.192 Mobile Safari/537.36 (compatible; Googlebot/2.1; +http://www.google.com/bot.html)"
74.7.241.58 - - [22/Jan/2026:09:32:33 -0500] "GET /q-~4pN8tglcZX5dgQ7cXmqa8f5fn0tJvtn10622/ HTTP/1.1" 200 - "https://idolatekno.com/?sitemap1000.xml" "Mozilla/5.0 AppleWebKit/537.36 (KHTML, like Gecko; compatible; GPTBot/1.3; +https://openai.com/gptbot)"
66.249.64.128 - - [22/Jan/2026:09:32:33 -0500] "GET /items/243048774.htm HTTP/1.1" 200 85438 "-" "Mozilla/5.0 (Linux; Android 6.0.1; Nexus 5X Build/MMB29P) AppleWebKit/537.36 (KHTML, like Gecko) Chrome/143.0.7499.192 Mobile Safari/537.36 (compatible; Googlebot/2.1; +http://www.google.com/bot.html)"
66.249.64.110 - - [22/Jan/2026:09:32:33 -0500] "GET /?_gl=1*nq8lfee*_ga*GEVQdyTkIsOMTTYBUTXFsuHpHLsE*_ga_WOOLPMGNG*Im6btcYMFNKI0AYkjoLO250lyI86MenZ7pwSeuAz3U9Mh5z67hJcvdc.*_gcl_au=1.1.191940212.170123433*_gcl_aw=KKM.178887021.brOU6Pl4QFLpX6CvzjvrNTYE1UfvL1FIZAopzaEv5nCYYGaeOyUp4DOhdiI6gLSdQV4pLSTQBBTCNY2fblRoJLCHCI..&_gz=2.193899515.191978809.171014053-869951191.167962732&_bdsid=w5pmln.n~EYCGD.170538162.174768275&_bd_prev_page=https://www.idolatekno.com/shop.htm?items/048010885.htm HTTP/1.1" 200 85721 "-" "Mozilla/5.0 (Linux; Android 6.0.1; Nexus 5X Build/MMB29P) AppleWebKit/537.36 (KHTML, like Gecko) Chrome/143.0.7499.192 Mobile Safari/537.36 (compatible; Googlebot/2.1; +http://www.google.com/bot.html)"
66.249.70.33 - - [22/Jan/2026:09:32:34 -0500] "GET /?pid=26304226231&channel=distinct-car-near&cate_id=2518&page=https://mail.idolatekno.com/remote.do?q-~33wVWnd9V0AGYos4pVmPjl7pDV9e72Xf6113/ HTTP/1.1" 200 85415 "-" "Mozilla/5.0 (Linux; Android 6.0.1; Nexus 5X Build/MMB29P) AppleWebKit/537.36 (KHTML, like Gecko) Chrome/143.0.7499.192 Mobile Safari/537.36 (compatible; Googlebot/2.1; +http://www.google.com/bot.html)"
66.249.64.128 - - [22/Jan/2026:09:32:34 -0500] "GET /q-~133pwy5m7vjqu82LDrJ0VRGg7HnKvMPbk16969/ HTTP/1.1" 200 86222 "-" "Mozilla/5.0 (Linux; Android 6.0.1; Nexus 5X Build/MMB29P) AppleWebKit/537.36 (KHTML, like Gecko) Chrome/143.0.7499.192 Mobile Safari/537.36 (compatible; Googlebot/2.1; +http://www.google.com/bot.html)"
66.249.64.130 - - [22/Jan/2026:09:32:34 -0500] "GET /items/095024546.htm HTTP/1.1" 200 85438 "-" "Mozilla/5.0 (Linux; Android 6.0.1; Nexus 5X Build/MMB29P) AppleWebKit/537.36 (KHTML, like Gecko) Chrome/143.0.7499.192 Mobile Safari/537.36 (compatible; Googlebot/2.1; +http://www.google.com/bot.html)"
66.249.64.129 - - [22/Jan/2026:09:32:35 -0500] "GET /?x=2166640003788&channel=107e18&from=https://idolatekno.com/super.py?items/097014702.htm HTTP/1.1" 200 85605 "-" "Mozilla/5.0 (Linux; Android 6.0.1; Nexus 5X Build/MMB29P) AppleWebKit/537.36 (KHTML, like Gecko) Chrome/143.0.7499.192 Mobile Safari/537.36 (compatible; Googlebot/2.1; +http://www.google.com/bot.html)"
66.249.70.33 - - [22/Jan/2026:09:32:35 -0500] "GET /category/4_704_1501/1/listing HTTP/1.1" 200 86005 "-" "Mozilla/5.0 (Linux; Android 6.0.1; Nexus 5X Build/MMB29P) AppleWebKit/537.36 (KHTML, like Gecko) Chrome/143.0.7499.192 Mobile Safari/537.36 (compatible; Googlebot/2.1; +http://www.google.com/bot.html)"
66.249.64.128 - - [22/Jan/2026:09:32:35 -0500] "GET /items/171017084.htm HTTP/1.1" 200 85323 "-" "Mozilla/5.0 (Linux; Android 6.0.1; Nexus 5X Build/MMB29P) AppleWebKit/537.36 (KHTML, like Gecko) Chrome/143.0.7499.192 Mobile Safari/537.36 (compatible; Googlebot/2.1; +http://www.google.com/bot.html)"
114.119.130.27 - - [22/Jan/2026:09:32:35 -0500] "GET /q-~207q4lMiApRG0hlC3oV77EtYsrMDzZx6S20173/ HTTP/1.1" 200 - "https://mail.idolatekno.com/sitemape.xml" "Mozilla/5.0 (Linux; Android 7.0;) AppleWebKit/537.36 (KHTML, like Gecko) Mobile Safari/537.36 (compatible; PetalBot;+https://webmaster.petalsearch.com/site/petalbot)"
66.249.70.35 - - [22/Jan/2026:09:32:36 -0500] "GET /?pid=26304226231&channel=street-argue-hostage&cate_id=2518&page=https://mail.idolatekno.com/remote.do?items/110045105.htm HTTP/1.1" 200 85708 "-" "Mozilla/5.0 (Linux; Android 6.0.1; Nexus 5X Build/MMB29P) AppleWebKit/537.36 (KHTML, like Gecko) Chrome/143.0.7499.192 Mobile Safari/537.36 (compatible; Googlebot/2.1; +http://www.google.com/bot.html)"
66.249.64.128 - - [22/Jan/2026:09:32:36 -0500] "GET /pcmypage?callback=/product%2Fdetail%2m82685994222 HTTP/1.1" 403 560378 "-" "Mozilla/5.0 (Linux; Android 6.0.1; Nexus 5X Build/MMB29P) AppleWebKit/537.36 (KHTML, like Gecko) Chrome/143.0.7499.192 Mobile Safari/537.36 (compatible; GoogleOther)"
74.7.241.58 - - [22/Jan/2026:09:32:36 -0500] "GET /q-~7VaziFFe41E8uq7IiQeJCJcjn26KSxO47727/ HTTP/1.1" 200 - "https://idolatekno.com/sitemap785.xml" "Mozilla/5.0 AppleWebKit/537.36 (KHTML, like Gecko; compatible; GPTBot/1.3; +https://openai.com/gptbot)"
66.249.64.129 - - [22/Jan/2026:09:32:36 -0500] "GET /?x=2166640003788&channel=107e18&from=https://idolatekno.com/super.py?items/206034317.htm HTTP/1.1" 200 85724 "-" "Mozilla/5.0 (Linux; Android 6.0.1; Nexus 5X Build/MMB29P) AppleWebKit/537.36 (KHTML, like Gecko) Chrome/143.0.7499.192 Mobile Safari/537.36 (compatible; Googlebot/2.1; +http://www.google.com/bot.html)"
66.249.64.109 - - [22/Jan/2026:09:32:37 -0500] "GET /zhHant/product/surugaya/m87526287566?campaign_uid=f64d716db5e979ed2f947dbaf4296895b951ae7f HTTP/1.1" 200 85313 "-" "Mozilla/5.0 (Linux; Android 6.0.1; Nexus 5X Build/MMB29P) AppleWebKit/537.36 (KHTML, like Gecko) Chrome/143.0.7499.192 Mobile Safari/537.36 (compatible; Googlebot/2.1; +http://www.google.com/bot.html)"
66.249.64.129 - - [22/Jan/2026:09:32:38 -0500] "GET /?x=2166640003788&channel=107e18&from=https://idolatekno.com/super.py?items/225025288.htm HTTP/1.1" 200 86439 "-" "Mozilla/5.0 (Linux; Android 6.0.1; Nexus 5X Build/MMB29P) AppleWebKit/537.36 (KHTML, like Gecko) Chrome/143.0.7499.192 Mobile Safari/537.36 (compatible; GoogleOther)"
74.7.241.58 - - [22/Jan/2026:09:32:39 -0500] "GET /q-~7wa7f0mL5C8epOys0ZZTfmALjmg8VxV15105/ HTTP/1.1" 200 - "https://idolatekno.com/sitemap1.xml" "Mozilla/5.0 AppleWebKit/537.36 (KHTML, like Gecko; compatible; GPTBot/1.3; +https://openai.com/gptbot)"
66.249.70.32 - - [22/Jan/2026:09:32:39 -0500] "GET /?pid=26304226231&channel=back-gifted-spiritual&cate_id=2518&page=https://mail.idolatekno.com/remote.do?items/054032173.htm HTTP/1.1" 200 85443 "-" "Mozilla/5.0 (Linux; Android 6.0.1; Nexus 5X Build/MMB29P) AppleWebKit/537.36 (KHTML, like Gecko) Chrome/143.0.7499.192 Mobile Safari/537.36 (compatible; Googlebot/2.1; +http://www.google.com/bot.html)"
66.249.64.131 - - [22/Jan/2026:09:32:40 -0500] "GET /pcmypage?callback=/product%2Fdetail%2m45635291781 HTTP/1.1" 403 554299 "-" "Mozilla/5.0 (Linux; Android 6.0.1; Nexus 5X Build/MMB29P) AppleWebKit/537.36 (KHTML, like Gecko) Chrome/143.0.7499.192 Mobile Safari/537.36 (compatible; GoogleOther)"
66.249.64.131 - - [22/Jan/2026:09:32:42 -0500] "GET /?x=2166640003788&channel=107e18&from=https://idolatekno.com/super.py?q-~91xeq0OmH7TKkJZbFPXjuCDh3eWS0bUR30615/ HTTP/1.1" 200 85637 "-" "Mozilla/5.0 (Linux; Android 6.0.1; Nexus 5X Build/MMB29P) AppleWebKit/537.36 (KHTML, like Gecko) Chrome/143.0.7499.192 Mobile Safari/537.36 (compatible; GoogleOther)"
74.7.241.58 - - [22/Jan/2026:09:32:43 -0500] "GET /q-~85a16zPv1zwFvaV2HR1WsRCPR0qpJIfv8447/ HTTP/1.1" 200 - "https://idolatekno.com/sitemap86.xml" "Mozilla/5.0 AppleWebKit/537.36 (KHTML, like Gecko; compatible; GPTBot/1.3; +https://openai.com/gptbot)"
66.249.64.129 - - [22/Jan/2026:09:32:43 -0500] "GET /?x=2166640003788&channel=107e18&from=https://idolatekno.com/super.py?items/143038692.htm HTTP/1.1" 200 85583 "-" "Mozilla/5.0 (Linux; Android 6.0.1; Nexus 5X Build/MMB29P) AppleWebKit/537.36 (KHTML, like Gecko) Chrome/143.0.7499.192 Mobile Safari/537.36 (compatible; Googlebot/2.1; +http://www.google.com/bot.html)"
66.249.70.32 - - [22/Jan/2026:09:32:43 -0500] "GET /q-~52mNNBjNfPjRqyWook9aS2nj3ynVwSTo4502/ HTTP/1.1" 200 85685 "-" "Mozilla/5.0 (Linux; Android 6.0.1; Nexus 5X Build/MMB29P) AppleWebKit/537.36 (KHTML, like Gecko) Chrome/143.0.7499.192 Mobile Safari/537.36 (compatible; Googlebot/2.1; +http://www.google.com/bot.html)"
66.249.64.131 - - [22/Jan/2026:09:32:44 -0500] "GET /q-~228QGVniicKsnHNf0XDU8ekpgPlevQNaq32624/ HTTP/1.1" 200 85809 "-" "Mozilla/5.0 (Linux; Android 6.0.1; Nexus 5X Build/MMB29P) AppleWebKit/537.36 (KHTML, like Gecko) Chrome/143.0.7499.192 Mobile Safari/537.36 (compatible; GoogleOther)"
66.249.70.33 - - [22/Jan/2026:09:32:45 -0500] "GET /?pid=26304226231&channel=outstanding-priest-dilemma&cate_id=2518&page=https://mail.idolatekno.com/remote.do?q-~215C1NsRaBNQxoXnHc62YM4jgGtkQwoFb6969/ HTTP/1.1" 200 85690 "-" "Mozilla/5.0 (Linux; Android 6.0.1; Nexus 5X Build/MMB29P) AppleWebKit/537.36 (KHTML, like Gecko) Chrome/143.0.7499.192 Mobile Safari/537.36 (compatible; Googlebot/2.1; +http://www.google.com/bot.html)"
74.7.241.58 - - [22/Jan/2026:09:32:46 -0500] "GET /q-~14hEWE6tsbj31bBv8rvgwCljn7Olw2ga7078/ HTTP/1.1" 200 - "https://idolatekno.com/?sitemap1000.xml" "Mozilla/5.0 AppleWebKit/537.36 (KHTML, like Gecko; compatible; GPTBot/1.3; +https://openai.com/gptbot)"
66.249.64.130 - - [22/Jan/2026:09:32:46 -0500] "GET /q-~3FvfWK6YcIumlxqp0y9DjmvVrpu58dm27175/ HTTP/1.1" 200 85404 "-" "Mozilla/5.0 (Linux; Android 6.0.1; Nexus 5X Build/MMB29P) AppleWebKit/537.36 (KHTML, like Gecko) Chrome/143.0.7499.192 Mobile Safari/537.36 (compatible; Googlebot/2.1; +http://www.google.com/bot.html)"
66.249.64.130 - - [22/Jan/2026:09:32:47 -0500] "GET /?x=2166640003788&channel=107e18&from=https://idolatekno.com/super.py?items/102047713.htm HTTP/1.1" 200 85204 "-" "Mozilla/5.0 (Linux; Android 6.0.1; Nexus 5X Build/MMB29P) AppleWebKit/537.36 (KHTML, like Gecko) Chrome/143.0.7499.192 Mobile Safari/537.36 (compatible; GoogleOther)"
66.249.64.132 - - [22/Jan/2026:09:32:47 -0500] "GET /sitemap82.xml HTTP/1.1" 200 56051 "-" "Mozilla/5.0 (compatible; Googlebot/2.1; +http://www.google.com/bot.html)"
74.7.241.58 - - [22/Jan/2026:09:32:49 -0500] "GET /q-~36F5wdIT2cUr5AhQhkxWqCWd1Xw90NOn9664/ HTTP/1.1" 200 - "https://idolatekno.com/sitemap79.xml" "Mozilla/5.0 AppleWebKit/537.36 (KHTML, like Gecko; compatible; GPTBot/1.3; +https://openai.com/gptbot)"
66.249.64.130 - - [22/Jan/2026:09:32:49 -0500] "GET /?x=2166640003788&channel=107e18&from=https://idolatekno.com/super.py?items/055039838.htm HTTP/1.1" 200 85536 "-" "Mozilla/5.0 (Linux; Android 6.0.1; Nexus 5X Build/MMB29P) AppleWebKit/537.36 (KHTML, like Gecko) Chrome/143.0.7499.192 Mobile Safari/537.36 (compatible; GoogleOther)"
66.249.64.110 - - [22/Jan/2026:09:32:49 -0500] "GET /pcmypage?callback=/product%2Fdetail%2m59407463878 HTTP/1.1" 403 558903 "-" "Mozilla/5.0 (Linux; Android 6.0.1; Nexus 5X Build/MMB29P) AppleWebKit/537.36 (KHTML, like Gecko) Chrome/143.0.7499.192 Mobile Safari/537.36 (compatible; Googlebot/2.1; +http://www.google.com/bot.html)"
66.249.64.130 - - [22/Jan/2026:09:32:51 -0500] "GET /?x=2166640003788&channel=107e18&from=https://idolatekno.com/super.py?q-~123B1Gc7xIIyp0Fh6qAnPDrdOUc1MxxfX44033/ HTTP/1.1" 200 85866 "-" "Mozilla/5.0 (Linux; Android 6.0.1; Nexus 5X Build/MMB29P) AppleWebKit/537.36 (KHTML, like Gecko) Chrome/143.0.7499.192 Mobile Safari/537.36 (compatible; GoogleOther)"
66.249.70.34 - - [22/Jan/2026:09:32:52 -0500] "GET /?pid=26304226231&channel=million-extent-call&cate_id=2518&page=https://mail.idolatekno.com/remote.do?q-~140j3sUayvA5OXsohIlo8UwNNEE8jn9rj15078/ HTTP/1.1" 200 86630 "-" "Mozilla/5.0 (Linux; Android 6.0.1; Nexus 5X Build/MMB29P) AppleWebKit/537.36 (KHTML, like Gecko) Chrome/143.0.7499.192 Mobile Safari/537.36 (compatible; Googlebot/2.1; +http://www.google.com/bot.html)"
74.7.241.58 - - [22/Jan/2026:09:32:52 -0500] "GET /q-~22wUE0gy2xuEHtQCXq95nRSHcc55zzgK7642/ HTTP/1.1" 200 - "https://idolatekno.com/?sitemap442.xml" "Mozilla/5.0 AppleWebKit/537.36 (KHTML, like Gecko; compatible; GPTBot/1.3; +https://openai.com/gptbot)"
66.249.64.130 - - [22/Jan/2026:09:32:53 -0500] "GET /pcmypage?callback=/product%2Fdetail%2m56825035141 HTTP/1.1" 403 557327 "-" "Mozilla/5.0 (Linux; Android 6.0.1; Nexus 5X Build/MMB29P) AppleWebKit/537.36 (KHTML, like Gecko) Chrome/143.0.7499.192 Mobile Safari/537.36 (compatible; GoogleOther)"
66.249.64.129 - - [22/Jan/2026:09:32:55 -0500] "GET /q-~166ZBqoVC1NEgHFFn1VSkbS4WJ36uCCNX44186/ HTTP/1.1" 200 86100 "-" "Mozilla/5.0 (Linux; Android 6.0.1; Nexus 5X Build/MMB29P) AppleWebKit/537.36 (KHTML, like Gecko) Chrome/143.0.7499.192 Mobile Safari/537.36 (compatible; GoogleOther)"
74.7.241.58 - - [22/Jan/2026:09:32:55 -0500] "GET /q-~94jCkzxH48W8Frrgtb2rRQV82NRsUWJV1868/ HTTP/1.1" 200 - "https://idolatekno.com/?sitemap305.xml" "Mozilla/5.0 AppleWebKit/537.36 (KHTML, like Gecko; compatible; GPTBot/1.3; +https://openai.com/gptbot)"
66.249.64.130 - - [22/Jan/2026:09:32:55 -0500] "GET /q-~20nMv4SevHtxoaoR6xAMzuNBEj4NExwb42980/ HTTP/1.1" 200 85669 "-" "Mozilla/5.0 (Linux; Android 6.0.1; Nexus 5X Build/MMB29P) AppleWebKit/537.36 (KHTML, like Gecko) Chrome/143.0.7499.192 Mobile Safari/537.36 (compatible; Googlebot/2.1; +http://www.google.com/bot.html)"
66.249.64.129 - - [22/Jan/2026:09:32:57 -0500] "GET /pcmypage?callback=/product%2Fdetail%2m83758797212 HTTP/1.1" 403 565812 "-" "Mozilla/5.0 (Linux; Android 6.0.1; Nexus 5X Build/MMB29P) AppleWebKit/537.36 (KHTML, like Gecko) Chrome/143.0.7499.192 Mobile Safari/537.36 (compatible; GoogleOther)"
66.249.70.37 - - [22/Jan/2026:09:32:58 -0500] "GET /?pid=26304226231&channel=rock-barrier-ah&cate_id=2518&page=https://mail.idolatekno.com/remote.do?q-~271BnJFQr71DeEKN3AcoLqEQeXGoL90Pv38767/ HTTP/1.1" 200 85448 "-" "Mozilla/5.0 (Linux; Android 6.0.1; Nexus 5X Build/MMB29P) AppleWebKit/537.36 (KHTML, like Gecko) Chrome/143.0.7499.192 Mobile Safari/537.36 (compatible; Googlebot/2.1; +http://www.google.com/bot.html)"
74.7.241.58 - - [22/Jan/2026:09:32:58 -0500] "GET /q-~25GfiG5fbTGGZ34DqbWsnGZA4eF5c7Ys8093/ HTTP/1.1" 200 - "https://idolatekno.com/sitemap27.xml" "Mozilla/5.0 AppleWebKit/537.36 (KHTML, like Gecko; compatible; GPTBot/1.3; +https://openai.com/gptbot)"
66.249.64.130 - - [22/Jan/2026:09:32:59 -0500] "GET /pcmypage?callback=/product%2Fdetail%2m24443740277 HTTP/1.1" 403 552593 "-" "Mozilla/5.0 (Linux; Android 6.0.1; Nexus 5X Build/MMB29P) AppleWebKit/537.36 (KHTML, like Gecko) Chrome/143.0.7499.192 Mobile Safari/537.36 (compatible; GoogleOther)"
66.249.70.35 - - [22/Jan/2026:09:33:01 -0500] "GET /q-~43pEcbxYjiLRBhor3jJrcd0eEivxpQmC32275/ HTTP/1.1" 200 85784 "-" "Mozilla/5.0 (Linux; Android 6.0.1; Nexus 5X Build/MMB29P) AppleWebKit/537.36 (KHTML, like Gecko) Chrome/143.0.7499.192 Mobile Safari/537.36 (compatible; GoogleOther)"
66.249.64.128 - - [22/Jan/2026:09:33:01 -0500] "GET /?x=2166640003788&channel=107e18&from=https://idolatekno.com/super.py?q-~108pjtd2q7sQdZR6xsISrLkKxq0XkaQGO30142/ HTTP/1.1" 200 85579 "-" "Mozilla/5.0 (Linux; Android 6.0.1; Nexus 5X Build/MMB29P) AppleWebKit/537.36 (KHTML, like Gecko) Chrome/143.0.7499.192 Mobile Safari/537.36 (compatible; Googlebot/2.1; +http://www.google.com/bot.html)"
74.7.241.58 - - [22/Jan/2026:09:33:02 -0500] "GET /q-~147N3glNR9wxYl4fuTefmNhg1tb9VN8Xp125/ HTTP/1.1" 200 - "https://idolatekno.com/?sitemap1000.xml" "Mozilla/5.0 AppleWebKit/537.36 (KHTML, like Gecko; compatible; GPTBot/1.3; +https://openai.com/gptbot)"
66.249.64.128 - - [22/Jan/2026:09:33:02 -0500] "GET /?x=2166640003788&channel=107e18&from=https://idolatekno.com/super.py?items/132032535.htm HTTP/1.1" 200 84778 "-" "Mozilla/5.0 (Linux; Android 6.0.1; Nexus 5X Build/MMB29P) AppleWebKit/537.36 (KHTML, like Gecko) Chrome/143.0.7499.192 Mobile Safari/537.36 (compatible; Googlebot/2.1; +http://www.google.com/bot.html)"
114.119.153.93 - - [22/Jan/2026:09:33:03 -0500] "GET /q-~207pTV1ybHBvAXjJIpWhtluxOHHpAeRnH29201/ HTTP/1.1" 200 - "https://mail.idolatekno.com/sitemapb.xml" "Mozilla/5.0 (Linux; Android 7.0;) AppleWebKit/537.36 (KHTML, like Gecko) Mobile Safari/537.36 (compatible; PetalBot;+https://webmaster.petalsearch.com/site/petalbot)"
66.249.70.36 - - [22/Jan/2026:09:33:03 -0500] "GET /q-~104ZnFl315aowzN5InGBRJwGI9zs3WdoC8920/ HTTP/1.1" 200 86580 "-" "Mozilla/5.0 (Linux; Android 6.0.1; Nexus 5X Build/MMB29P) AppleWebKit/537.36 (KHTML, like Gecko) Chrome/143.0.7499.192 Mobile Safari/537.36 (compatible; GoogleOther)"
66.249.70.34 - - [22/Jan/2026:09:33:03 -0500] "GET /?pid=26304226231&channel=demand-something-obvious&cate_id=2518&page=https://mail.idolatekno.com/remote.do?items/064020841.htm HTTP/1.1" 200 85355 "-" "Mozilla/5.0 (Linux; Android 6.0.1; Nexus 5X Build/MMB29P) AppleWebKit/537.36 (KHTML, like Gecko) Chrome/143.0.7499.192 Mobile Safari/537.36 (compatible; Googlebot/2.1; +http://www.google.com/bot.html)"
74.7.241.58 - - [22/Jan/2026:09:33:05 -0500] "GET /q-~57bnuPfEn3V8B2CmMWdEH7UR7HAJ4DqK5717/ HTTP/1.1" 200 - "https://idolatekno.com/?sitemap305.xml" "Mozilla/5.0 AppleWebKit/537.36 (KHTML, like Gecko; compatible; GPTBot/1.3; +https://openai.com/gptbot)"
66.249.64.131 - - [22/Jan/2026:09:33:05 -0500] "GET /pcmypage?callback=/product%2Fdetail%2m36527939845 HTTP/1.1" 403 559396 "-" "Mozilla/5.0 (Linux; Android 6.0.1; Nexus 5X Build/MMB29P) AppleWebKit/537.36 (KHTML, like Gecko) Chrome/143.0.7499.192 Mobile Safari/537.36 (compatible; GoogleOther)"
66.249.64.129 - - [22/Jan/2026:09:33:07 -0500] "GET /q-~96NmCaV5VhSieUp3r2uaDriAspMkEOpb8340/ HTTP/1.1" 200 86030 "-" "Mozilla/5.0 (Linux; Android 6.0.1; Nexus 5X Build/MMB29P) AppleWebKit/537.36 (KHTML, like Gecko) Chrome/143.0.7499.192 Mobile Safari/537.36 (compatible; GoogleOther)"
66.249.70.35 - - [22/Jan/2026:09:33:07 -0500] "GET /?pid=26304226231&channel=owe-record-feed&cate_id=2518&page=https://mail.idolatekno.com/remote.do?items/073017288.htm HTTP/1.1" 200 85421 "-" "Mozilla/5.0 (Linux; Android 6.0.1; Nexus 5X Build/MMB29P) AppleWebKit/537.36 (KHTML, like Gecko) Chrome/143.0.7499.192 Mobile Safari/537.36 (compatible; Googlebot/2.1; +http://www.google.com/bot.html)"
74.7.241.58 - - [22/Jan/2026:09:33:08 -0500] "GET /q-~12r6YCyU2rNcPGcPYNsFxPuZ237GCJ3Q6894/ HTTP/1.1" 200 - "https://idolatekno.com/sitemap1.xml" "Mozilla/5.0 AppleWebKit/537.36 (KHTML, like Gecko; compatible; GPTBot/1.3; +https://openai.com/gptbot)"
66.249.64.130 - - [22/Jan/2026:09:33:08 -0500] "GET /?x=2166640003788&channel=107e18&from=https://idolatekno.com/super.py?q-~295LWKC2Xh76QBjykJR0iELk2OKKl9CdC45243/ HTTP/1.1" 200 85876 "-" "Mozilla/5.0 (Linux; Android 6.0.1; Nexus 5X Build/MMB29P) AppleWebKit/537.36 (KHTML, like Gecko) Chrome/143.0.7499.192 Mobile Safari/537.36 (compatible; Googlebot/2.1; +http://www.google.com/bot.html)"
66.249.64.131 - - [22/Jan/2026:09:33:08 -0500] "GET /q-~137xEB9V2w9mZGoJZ1kTzifE0HZL234US47201/ HTTP/1.1" 200 84934 "-" "Mozilla/5.0 (Linux; Android 6.0.1; Nexus 5X Build/MMB29P) AppleWebKit/537.36 (KHTML, like Gecko) Chrome/143.0.7499.192 Mobile Safari/537.36 (compatible; Googlebot/2.1; +http://www.google.com/bot.html)"
66.249.64.131 - - [22/Jan/2026:09:33:09 -0500] "GET /q-~241YzDMB1NCUZFqWrFjbcfxrxUJaq6Vxp44539/ HTTP/1.1" 200 86778 "-" "Mozilla/5.0 (Linux; Android 6.0.1; Nexus 5X Build/MMB29P) AppleWebKit/537.36 (KHTML, like Gecko) Chrome/143.0.7499.192 Mobile Safari/537.36 (compatible; GoogleOther)"
66.249.70.35 - - [22/Jan/2026:09:33:09 -0500] "GET /?pid=26304226231&channel=rule-gathering-focus&cate_id=2518&page=https://mail.idolatekno.com/remote.do?items/061033576.htm HTTP/1.1" 200 85564 "-" "Mozilla/5.0 (Linux; Android 6.0.1; Nexus 5X Build/MMB29P) AppleWebKit/537.36 (KHTML, like Gecko) Chrome/143.0.7499.192 Mobile Safari/537.36 (compatible; Googlebot/2.1; +http://www.google.com/bot.html)"
66.249.64.131 - - [22/Jan/2026:09:33:10 -0500] "GET /pcmypage?callback=/product%2Fdetail%2m17778075867 HTTP/1.1" 403 561494 "-" "Mozilla/5.0 (Linux; Android 6.0.1; Nexus 5X Build/MMB29P) AppleWebKit/537.36 (KHTML, like Gecko) Chrome/143.0.7499.192 Mobile Safari/537.36 (compatible; GoogleOther)"
74.7.241.58 - - [22/Jan/2026:09:33:11 -0500] "GET /q-~58YGQsJi4ngyQD7lsSPT09WyR0LAnL9l4816/ HTTP/1.1" 200 - "https://idolatekno.com/?sitemap1000.xml" "Mozilla/5.0 AppleWebKit/537.36 (KHTML, like Gecko; compatible; GPTBot/1.3; +https://openai.com/gptbot)"
66.249.64.96 - - [22/Jan/2026:09:33:14 -0500] "GET /pcmypage?callback=/product%2Fdetail%2m82924374184 HTTP/1.1" 403 564556 "-" "Mozilla/5.0 (Linux; Android 6.0.1; Nexus 5X Build/MMB29P) AppleWebKit/537.36 (KHTML, like Gecko) Chrome/143.0.7499.192 Mobile Safari/537.36 (compatible; Googlebot/2.1; +http://www.google.com/bot.html)"
66.249.64.129 - - [22/Jan/2026:09:33:14 -0500] "GET /pcmypage?callback=/product%2Fdetail%2m67394901697 HTTP/1.1" 403 557140 "-" "Mozilla/5.0 (Linux; Android 6.0.1; Nexus 5X Build/MMB29P) AppleWebKit/537.36 (KHTML, like Gecko) Chrome/143.0.7499.192 Mobile Safari/537.36 (compatible; GoogleOther)"
74.7.241.58 - - [22/Jan/2026:09:33:14 -0500] "GET /q-~89HBnX1MEYW9Cqw7dKMYp57sKMCKm8HG6007/ HTTP/1.1" 200 - "https://idolatekno.com/?sitemap317.xml" "Mozilla/5.0 AppleWebKit/537.36 (KHTML, like Gecko; compatible; GPTBot/1.3; +https://openai.com/gptbot)"
66.249.70.34 - - [22/Jan/2026:09:33:15 -0500] "GET /?pid=26304226231&channel=regarding-harmony-march&cate_id=2518&page=https://mail.idolatekno.com/remote.do?q-~55KkLWvYRQbFoEgFIZWtzcflsZ1qA0au30259/ HTTP/1.1" 200 85757 "-" "Mozilla/5.0 (Linux; Android 6.0.1; Nexus 5X Build/MMB29P) AppleWebKit/537.36 (KHTML, like Gecko) Chrome/143.0.7499.192 Mobile Safari/537.36 (compatible; Googlebot/2.1; +http://www.google.com/bot.html)"
66.249.64.131 - - [22/Jan/2026:09:33:16 -0500] "GET /pcmypage?callback=/product%2Fdetail%2m29380062469 HTTP/1.1" 403 560099 "-" "Mozilla/5.0 (Linux; Android 6.0.1; Nexus 5X Build/MMB29P) AppleWebKit/537.36 (KHTML, like Gecko) Chrome/143.0.7499.192 Mobile Safari/537.36 (compatible; GoogleOther)"
74.7.241.58 - - [22/Jan/2026:09:33:17 -0500] "GET /q-~207dD96JWM6zfXQ7SMZtbId9avcKMbN9D249/ HTTP/1.1" 200 - "https://idolatekno.com/?sitemap442.xml" "Mozilla/5.0 AppleWebKit/537.36 (KHTML, like Gecko; compatible; GPTBot/1.3; +https://openai.com/gptbot)"
66.249.64.128 - - [22/Jan/2026:09:33:19 -0500] "GET /pcmypage?callback=/product%2Fdetail%2m23805022983 HTTP/1.1" 403 555139 "-" "Mozilla/5.0 (Linux; Android 6.0.1; Nexus 5X Build/MMB29P) AppleWebKit/537.36 (KHTML, like Gecko) Chrome/143.0.7499.192 Mobile Safari/537.36 (compatible; GoogleOther)"
66.249.64.130 - - [22/Jan/2026:09:33:23 -0500] "GET /q-~142KB5xd4UuCmzXZp64t3HizvmLDthKID17476/ HTTP/1.1" 200 85707 "-" "Mozilla/5.0 (Linux; Android 6.0.1; Nexus 5X Build/MMB29P) AppleWebKit/537.36 (KHTML, like Gecko) Chrome/143.0.7499.192 Mobile Safari/537.36 (compatible; Googlebot/2.1; +http://www.google.com/bot.html)"
74.7.241.58 - - [22/Jan/2026:09:33:23 -0500] "GET /q-~31GZaL9N4ZcmwpZ0TIz2l3n0VOJjRvRQ4203/ HTTP/1.1" 200 - "https://idolatekno.com/sitemap63.xml" "Mozilla/5.0 AppleWebKit/537.36 (KHTML, like Gecko; compatible; GPTBot/1.3; +https://openai.com/gptbot)"
74.7.241.58 - - [22/Jan/2026:09:33:25 -0500] "GET /q-~77v6Nn7unL5gAigwMkiw7HmncSEnK43F6761/ HTTP/1.1" 200 - "https://idolatekno.com/?sitemap305.xml" "Mozilla/5.0 AppleWebKit/537.36 (KHTML, like Gecko; compatible; GPTBot/1.3; +https://openai.com/gptbot)"
66.249.70.33 - - [22/Jan/2026:09:33:25 -0500] "GET /?b=5492968g63if HTTP/1.1" 200 85376 "-" "Mozilla/5.0 (Linux; Android 6.0.1; Nexus 5X Build/MMB29P) AppleWebKit/537.36 (KHTML, like Gecko) Chrome/143.0.7499.192 Mobile Safari/537.36 (compatible; Googlebot/2.1; +http://www.google.com/bot.html)"
66.249.64.129 - - [22/Jan/2026:09:33:25 -0500] "GET /q-~248MrRoCGGgkh97NmB7OlvarFdm8M4ybB42354/ HTTP/1.1" 200 85484 "-" "Mozilla/5.0 (Linux; Android 6.0.1; Nexus 5X Build/MMB29P) AppleWebKit/537.36 (KHTML, like Gecko) Chrome/143.0.7499.192 Mobile Safari/537.36 (compatible; GoogleOther)"
66.249.70.32 - - [22/Jan/2026:09:33:26 -0500] "GET /?pid=26304226231&channel=subsequent-aggression-native&cate_id=2518&page=https://mail.idolatekno.com/remote.do?items/297026882.htm HTTP/1.1" 200 85516 "-" "Mozilla/5.0 (Linux; Android 6.0.1; Nexus 5X Build/MMB29P) AppleWebKit/537.36 (KHTML, like Gecko) Chrome/143.0.7499.192 Mobile Safari/537.36 (compatible; Googlebot/2.1; +http://www.google.com/bot.html)"
66.249.64.131 - - [22/Jan/2026:09:33:26 -0500] "GET /pcmypage?callback=/product%2Fdetail%2m86927452495 HTTP/1.1" 403 555234 "-" "Mozilla/5.0 (Linux; Android 6.0.1; Nexus 5X Build/MMB29P) AppleWebKit/537.36 (KHTML, like Gecko) Chrome/143.0.7499.192 Mobile Safari/537.36 (compatible; GoogleOther)"
74.7.241.58 - - [22/Jan/2026:09:33:28 -0500] "GET /q-~99k8zyCUhTkU7jdeOwQ7Cr3tn38jDFDJ2085/ HTTP/1.1" 200 - "https://idolatekno.com/?sitemap503.xml" "Mozilla/5.0 AppleWebKit/537.36 (KHTML, like Gecko; compatible; GPTBot/1.3; +https://openai.com/gptbot)"
114.119.130.167 - - [22/Jan/2026:09:33:30 -0500] "GET /q-~207eVuFDLY3UUmF2K3XfqdhZ23sMjY2Gz19127/ HTTP/1.1" 200 - "https://mail.idolatekno.com/sitemape.xml" "Mozilla/5.0 (Linux; Android 7.0;) AppleWebKit/537.36 (KHTML, like Gecko) Mobile Safari/537.36 (compatible; PetalBot;+https://webmaster.petalsearch.com/site/petalbot)"
66.249.64.130 - - [22/Jan/2026:09:33:30 -0500] "GET /pcmypage?callback=/product%2Fdetail%2m64777070534 HTTP/1.1" 403 571949 "-" "Mozilla/5.0 (Linux; Android 6.0.1; Nexus 5X Build/MMB29P) AppleWebKit/537.36 (KHTML, like Gecko) Chrome/143.0.7499.192 Mobile Safari/537.36 (compatible; GoogleOther)"
74.7.241.58 - - [22/Jan/2026:09:33:31 -0500] "GET /q-~50p7a2QQVCvosDjVE50ZHqJF2c4iRyVF4458/ HTTP/1.1" 200 - "https://idolatekno.com/?sitemap442.xml" "Mozilla/5.0 AppleWebKit/537.36 (KHTML, like Gecko; compatible; GPTBot/1.3; +https://openai.com/gptbot)"
66.249.70.33 - - [22/Jan/2026:09:33:31 -0500] "GET /?pid=26304226231&channel=jar-ought-cite&cate_id=2518&page=https://mail.idolatekno.com/remote.do?items/075035574.htm HTTP/1.1" 200 85464 "-" "Mozilla/5.0 (Linux; Android 6.0.1; Nexus 5X Build/MMB29P) AppleWebKit/537.36 (KHTML, like Gecko) Chrome/143.0.7499.192 Mobile Safari/537.36 (compatible; Googlebot/2.1; +http://www.google.com/bot.html)"
66.249.70.33 - - [22/Jan/2026:09:33:32 -0500] "GET /?pid=26304226231&channel=identity-basis-trading&cate_id=2518&page=https://mail.idolatekno.com/remote.do?items/212003115.htm HTTP/1.1" 200 85808 "-" "Mozilla/5.0 (Linux; Android 6.0.1; Nexus 5X Build/MMB29P) AppleWebKit/537.36 (KHTML, like Gecko) Chrome/143.0.7499.192 Mobile Safari/537.36 (compatible; Googlebot/2.1; +http://www.google.com/bot.html)"
66.249.70.32 - - [22/Jan/2026:09:33:32 -0500] "GET /?pid=26304226231&channel=truly-prominent-replacement&cate_id=2518&page=https://mail.idolatekno.com/remote.do?q-~264JcX26ZEFoJI69xqacf47wmJQ7GX6DP19858/ HTTP/1.1" 200 85495 "-" "Mozilla/5.0 (Linux; Android 6.0.1; Nexus 5X Build/MMB29P) AppleWebKit/537.36 (KHTML, like Gecko) Chrome/143.0.7499.192 Mobile Safari/537.36 (compatible; Googlebot/2.1; +http://www.google.com/bot.html)"
186.194.175.160 - - [22/Jan/2026:09:33:33 -0500] "GET /q-~251A29E0dJbeRszjtcI2ElXWt5Iwj95gQ4977/ HTTP/1.1" 200 - "-" "Mozilla/5.0 (Windows NT 6.1; WOW64; rv:29.0) Gecko/20120101 Firefox/29.0"
74.7.241.58 - - [22/Jan/2026:09:33:34 -0500] "GET /q-~84quEOcX0zxh5jILXaUUw4w2SIz31MeJ5850/ HTTP/1.1" 200 - "https://idolatekno.com/sitemap73.xml" "Mozilla/5.0 AppleWebKit/537.36 (KHTML, like Gecko; compatible; GPTBot/1.3; +https://openai.com/gptbot)"
66.249.70.33 - - [22/Jan/2026:09:33:34 -0500] "GET /q-~151wjsA5y1Xon4t2IFyqtvM9GncezVN9U27747/ HTTP/1.1" 200 85895 "-" "Mozilla/5.0 (Linux; Android 6.0.1; Nexus 5X Build/MMB29P) AppleWebKit/537.36 (KHTML, like Gecko) Chrome/143.0.7499.192 Mobile Safari/537.36 (compatible; GoogleOther)"
66.249.64.129 - - [22/Jan/2026:09:33:37 -0500] "GET /?x=2166640003788&channel=107e18&from=https://idolatekno.com/super.py?q-~21rbkcqGAEjLImqqyJRmBODKFX9wSD4m3211/ HTTP/1.1" 200 85463 "-" "Mozilla/5.0 (Linux; Android 6.0.1; Nexus 5X Build/MMB29P) AppleWebKit/537.36 (KHTML, like Gecko) Chrome/143.0.7499.192 Mobile Safari/537.36 (compatible; Googlebot/2.1; +http://www.google.com/bot.html)"
74.7.241.58 - - [22/Jan/2026:09:33:37 -0500] "GET /q-~8TtQmJ3uxWSbw65uvd1n5u7dwmmDdGy46334/ HTTP/1.1" 200 - "https://idolatekno.com/?sitemap1000.xml" "Mozilla/5.0 AppleWebKit/537.36 (KHTML, like Gecko; compatible; GPTBot/1.3; +https://openai.com/gptbot)"
66.249.70.33 - - [22/Jan/2026:09:33:38 -0500] "GET /?pid=26304226231&channel=sleep-comparison-sort&cate_id=2518&page=https://mail.idolatekno.com/remote.do?q-~49GlRP6v3ok0M25d81gaa44HdahD8ets2607/ HTTP/1.1" 200 85632 "-" "Mozilla/5.0 (Linux; Android 6.0.1; Nexus 5X Build/MMB29P) AppleWebKit/537.36 (KHTML, like Gecko) Chrome/143.0.7499.192 Mobile Safari/537.36 (compatible; GoogleOther)"
66.249.70.35 - - [22/Jan/2026:09:33:38 -0500] "GET /?pid=26304226231&channel=finger-chair-expression&cate_id=2518&page=https://mail.idolatekno.com/remote.do?items/215014832.htm HTTP/1.1" 200 85738 "-" "Mozilla/5.0 (Linux; Android 6.0.1; Nexus 5X Build/MMB29P) AppleWebKit/537.36 (KHTML, like Gecko) Chrome/143.0.7499.192 Mobile Safari/537.36 (compatible; Googlebot/2.1; +http://www.google.com/bot.html)"
74.7.241.58 - - [22/Jan/2026:09:33:41 -0500] "GET /q-~68FYMjRW0bSqy3m71TRVg5XI2bZwGjOg8662/ HTTP/1.1" 200 - "https://idolatekno.com/?sitemap317.xml" "Mozilla/5.0 AppleWebKit/537.36 (KHTML, like Gecko; compatible; GPTBot/1.3; +https://openai.com/gptbot)"
66.249.64.130 - - [22/Jan/2026:09:33:41 -0500] "GET /q-~19w2kNi7ihaiptfAavDFHntI70QVv7Dg6539/ HTTP/1.1" 200 85236 "-" "Mozilla/5.0 (Linux; Android 6.0.1; Nexus 5X Build/MMB29P) AppleWebKit/537.36 (KHTML, like Gecko) Chrome/143.0.7499.192 Mobile Safari/537.36 (compatible; GoogleOther)"
66.249.64.132 - - [22/Jan/2026:09:33:43 -0500] "GET /?x=2166640003788&channel=107e18&from=https://idolatekno.com/super.py?items/242033887.htm HTTP/1.1" 200 85196 "-" "Mozilla/5.0 (Linux; Android 6.0.1; Nexus 5X Build/MMB29P) AppleWebKit/537.36 (KHTML, like Gecko) Chrome/143.0.7499.192 Mobile Safari/537.36 (compatible; Googlebot/2.1; +http://www.google.com/bot.html)"
2a03:2880:f80e:3b:: - - [22/Jan/2026:09:33:43 -0500] "GET /m/islan21196329?id=1212587 HTTP/1.1" 200 - "-" "meta-externalagent/1.1 (+https://developers.facebook.com/docs/sharing/webmasters/crawler)"
