66.249.70.34 - - [22/Jan/2026:09:23:43 -0500] "GET /?pid=26304226231&channel=drain-probably-intention&cate_id=2518&page=https://mail.idolatekno.com/remote.do?items/046028745.htm HTTP/1.1" 200 85495 "-" "Mozilla/5.0 (Linux; Android 6.0.1; Nexus 5X Build/MMB29P) AppleWebKit/537.36 (KHTML, like Gecko) Chrome/143.0.7499.192 Mobile Safari/537.36 (compatible; Googlebot/2.1; +http://www.google.com/bot.html)"
74.7.241.58 - - [22/Jan/2026:09:23:45 -0500] "GET /q-~277ZIG5o6UiQNi2Rm7L7AiSPv7uDQxX5P15715/ HTTP/1.1" 200 - "https://idolatekno.com/?sitemap442.xml" "Mozilla/5.0 AppleWebKit/537.36 (KHTML, like Gecko; compatible; GPTBot/1.3; +https://openai.com/gptbot)"
74.7.241.58 - - [22/Jan/2026:09:23:48 -0500] "GET /q-~164fGfoDD3fh3PZYKx39QfEZw6ZUFL53h46198/ HTTP/1.1" 200 - "https://idolatekno.com/sitemap785.xml" "Mozilla/5.0 AppleWebKit/537.36 (KHTML, like Gecko; compatible; GPTBot/1.3; +https://openai.com/gptbot)"
114.119.142.126 - - [22/Jan/2026:09:23:50 -0500] "GET /q-~208hLACADkk5KzlKxVMJIW96c5PYtPu1F24402/ HTTP/1.1" 200 - "https://mail.idolatekno.com/sitemapc.xml" "Mozilla/5.0 (Linux; Android 7.0;) AppleWebKit/537.36 (KHTML, like Gecko) Mobile Safari/537.36 (compatible; PetalBot;+https://webmaster.petalsearch.com/site/petalbot)"
66.249.70.33 - - [22/Jan/2026:09:23:50 -0500] "GET /?pid=26304226231&channel=kitchen-large-crisis&cate_id=2518&page=https://mail.idolatekno.com/remote.do?q-~255uIm65iexgLUxK4oUrHpt46rviVE08K12901/ HTTP/1.1" 200 86338 "-" "Mozilla/5.0 (Linux; Android 6.0.1; Nexus 5X Build/MMB29P) AppleWebKit/537.36 (KHTML, like Gecko) Chrome/143.0.7499.192 Mobile Safari/537.36 (compatible; Googlebot/2.1; +http://www.google.com/bot.html)"
74.7.241.58 - - [22/Jan/2026:09:23:52 -0500] "GET /q-~297j4TVih0vtCRk23q0xc2jtClqD7p3Hq22405/ HTTP/1.1" 200 - "https://idolatekno.com/sitemap785.xml" "Mozilla/5.0 AppleWebKit/537.36 (KHTML, like Gecko; compatible; GPTBot/1.3; +https://openai.com/gptbot)"
74.7.241.58 - - [22/Jan/2026:09:23:55 -0500] "GET /q-~205R6E5cD9X6l32VqVzxvX3DrN5lIqhkp32257/ HTTP/1.1" 200 - "https://idolatekno.com/?sitemap1000.xml" "Mozilla/5.0 AppleWebKit/537.36 (KHTML, like Gecko; compatible; GPTBot/1.3; +https://openai.com/gptbot)"
66.249.64.128 - - [22/Jan/2026:09:23:57 -0500] "GET /pcmypage?callback=/product%2Fdetail%2m74829157338 HTTP/1.1" 403 563760 "-" "Mozilla/5.0 (Linux; Android 6.0.1; Nexus 5X Build/MMB29P) AppleWebKit/537.36 (KHTML, like Gecko) Chrome/143.0.7499.192 Mobile Safari/537.36 (compatible; GoogleOther)"
74.7.241.58 - - [22/Jan/2026:09:23:58 -0500] "GET /q-~255H5QJFVz3nlV36wlZqmA0V7a0Nn0DQH8273/ HTTP/1.1" 200 - "https://idolatekno.com/sitemap785.xml" "Mozilla/5.0 AppleWebKit/537.36 (KHTML, like Gecko; compatible; GPTBot/1.3; +https://openai.com/gptbot)"
66.249.70.32 - - [22/Jan/2026:09:23:58 -0500] "GET /?pid=26304226231&channel=substantial-tragic-hi&cate_id=2518&page=https://mail.idolatekno.com/remote.do?q-~220ae38QFZI15K0ItyxUmK042J1ZeW1Si8826/ HTTP/1.1" 200 86421 "-" "Mozilla/5.0 (Linux; Android 6.0.1; Nexus 5X Build/MMB29P) AppleWebKit/537.36 (KHTML, like Gecko) Chrome/143.0.7499.192 Mobile Safari/537.36 (compatible; Googlebot/2.1; +http://www.google.com/bot.html)"
66.249.64.128 - - [22/Jan/2026:09:23:59 -0500] "GET /pcmypage?callback=/product%2Fdetail%2m36838926231 HTTP/1.1" 403 553924 "-" "Mozilla/5.0 (Linux; Android 6.0.1; Nexus 5X Build/MMB29P) AppleWebKit/537.36 (KHTML, like Gecko) Chrome/143.0.7499.192 Mobile Safari/537.36 (compatible; GoogleOther)"
74.7.241.58 - - [22/Jan/2026:09:24:01 -0500] "GET /q-~144ek3VXEHkVL7G2n2oVaa9Q54EhNXmEH33924/ HTTP/1.1" 200 - "https://idolatekno.com/?sitemap503.xml" "Mozilla/5.0 AppleWebKit/537.36 (KHTML, like Gecko; compatible; GPTBot/1.3; +https://openai.com/gptbot)"
66.249.64.128 - - [22/Jan/2026:09:24:03 -0500] "GET /q-~232hIEndnahEJ7NFDwZBIOpE2xxBaxz5U28774/ HTTP/1.1" 200 85024 "-" "Mozilla/5.0 (Linux; Android 6.0.1; Nexus 5X Build/MMB29P) AppleWebKit/537.36 (KHTML, like Gecko) Chrome/143.0.7499.192 Mobile Safari/537.36 (compatible; GoogleOther)"
74.7.241.58 - - [22/Jan/2026:09:24:04 -0500] "GET /q-~168AgbP18RhqzbgpNEpg342DkO2SgKZ0b42128/ HTTP/1.1" 200 - "https://idolatekno.com/sitemap63.xml" "Mozilla/5.0 AppleWebKit/537.36 (KHTML, like Gecko; compatible; GPTBot/1.3; +https://openai.com/gptbot)"
66.249.70.34 - - [22/Jan/2026:09:24:06 -0500] "GET /?pid=26304226231&channel=massive-optimistic-sensor&cate_id=2518&page=https://mail.idolatekno.com/remote.do?items/126027497.htm HTTP/1.1" 200 86564 "-" "Mozilla/5.0 (Linux; Android 6.0.1; Nexus 5X Build/MMB29P) AppleWebKit/537.36 (KHTML, like Gecko) Chrome/143.0.7499.192 Mobile Safari/537.36 (compatible; Googlebot/2.1; +http://www.google.com/bot.html)"
74.7.241.58 - - [22/Jan/2026:09:24:07 -0500] "GET /q-~2T9AyeIZUWkxjy5Z72uZG1YGZKjpZSO27212/ HTTP/1.1" 200 - "https://idolatekno.com/?sitemap503.xml" "Mozilla/5.0 AppleWebKit/537.36 (KHTML, like Gecko; compatible; GPTBot/1.3; +https://openai.com/gptbot)"
74.7.241.58 - - [22/Jan/2026:09:24:10 -0500] "GET /q-~27fCQB2XqMifg5P3OcYgs0UPfUYc8qBi8735/ HTTP/1.1" 200 - "https://idolatekno.com/sitemap29.xml" "Mozilla/5.0 AppleWebKit/537.36 (KHTML, like Gecko; compatible; GPTBot/1.3; +https://openai.com/gptbot)"
66.249.64.109 - - [22/Jan/2026:09:24:11 -0500] "GET /q-~31fOszqPcSzTSJUqD1R0hGsZxw8bY0OR41223/ HTTP/1.1" 200 85408 "-" "Mozilla/5.0 (Linux; Android 6.0.1; Nexus 5X Build/MMB29P) AppleWebKit/537.36 (KHTML, like Gecko) Chrome/143.0.7499.192 Mobile Safari/537.36 (compatible; GoogleOther)"
66.249.70.33 - - [22/Jan/2026:09:24:13 -0500] "GET /?pid=26304226231&channel=compel-newly-doll&cate_id=2518&page=https://mail.idolatekno.com/remote.do?items/216043593.htm HTTP/1.1" 200 85697 "-" "Mozilla/5.0 (Linux; Android 6.0.1; Nexus 5X Build/MMB29P) AppleWebKit/537.36 (KHTML, like Gecko) Chrome/143.0.7499.192 Mobile Safari/537.36 (compatible; Googlebot/2.1; +http://www.google.com/bot.html)"
66.249.70.33 - - [22/Jan/2026:09:24:14 -0500] "GET /q-~179EQrRiMriOP21NH5zNIekV5TuYdsD9j27869/ HTTP/1.1" 200 85551 "-" "Mozilla/5.0 (Linux; Android 6.0.1; Nexus 5X Build/MMB29P) AppleWebKit/537.36 (KHTML, like Gecko) Chrome/143.0.7499.192 Mobile Safari/537.36 (compatible; GoogleOther)"
74.7.241.58 - - [22/Jan/2026:09:24:14 -0500] "GET /q-~224c2foNt25aAlDNtUHnf8h3fGyY2Radg8828/ HTTP/1.1" 200 - "https://idolatekno.com/?sitemap503.xml" "Mozilla/5.0 AppleWebKit/537.36 (KHTML, like Gecko; compatible; GPTBot/1.3; +https://openai.com/gptbot)"
114.119.142.186 - - [22/Jan/2026:09:24:18 -0500] "GET /q-~208YyhE2ApQwIjjE25ZlQS1TPXR7iDB7C23150/ HTTP/1.1" 200 - "https://mail.idolatekno.com/sitemape.xml" "Mozilla/5.0 (Linux; Android 7.0;) AppleWebKit/537.36 (KHTML, like Gecko) Mobile Safari/537.36 (compatible; PetalBot;+https://webmaster.petalsearch.com/site/petalbot)"
2001:ee0:5541:70f7:846d:79e8:8c47:1c20 - - [22/Jan/2026:09:24:19 -0500] "GET /q-~217gjs1HRvIDwLFRNr3ORZdezlWgOLqCs45557/ HTTP/1.1" 200 - "-" "Mozilla/5.0 (X11; U; FreeBSD i386; en-US; rv:1.9.2.9) Gecko/20100913 Firefox/3.6.9"
66.249.70.32 - - [22/Jan/2026:09:24:21 -0500] "GET /?pid=26304226231&channel=own-portrait-minimal&cate_id=2518&page=https://mail.idolatekno.com/remote.do?items/188029149.htm HTTP/1.1" 200 86561 "-" "Mozilla/5.0 (Linux; Android 6.0.1; Nexus 5X Build/MMB29P) AppleWebKit/537.36 (KHTML, like Gecko) Chrome/143.0.7499.192 Mobile Safari/537.36 (compatible; Googlebot/2.1; +http://www.google.com/bot.html)"
74.7.241.58 - - [22/Jan/2026:09:24:21 -0500] "GET /q-~91A3C3R5PNfk84cPjPJW5FzTNNTHPPAz24699/ HTTP/1.1" 200 - "https://idolatekno.com/sitemap49.xml" "Mozilla/5.0 AppleWebKit/537.36 (KHTML, like Gecko; compatible; GPTBot/1.3; +https://openai.com/gptbot)"
74.7.241.58 - - [22/Jan/2026:09:24:22 -0500] "GET /q-~133D3dHP7TpqWWH7R2msA63sYBBiCmURT9913/ HTTP/1.1" 200 - "https://idolatekno.com/?sitemap305.xml" "Mozilla/5.0 AppleWebKit/537.36 (KHTML, like Gecko; compatible; GPTBot/1.3; +https://openai.com/gptbot)"
74.7.241.58 - - [22/Jan/2026:09:24:25 -0500] "GET /q-~108HBnX1MEYW9Cqw7dKMYp57sKMCKm8HG5988/ HTTP/1.1" 200 - "https://idolatekno.com/?sitemap1000.xml" "Mozilla/5.0 AppleWebKit/537.36 (KHTML, like Gecko; compatible; GPTBot/1.3; +https://openai.com/gptbot)"
66.249.64.128 - - [22/Jan/2026:09:24:25 -0500] "GET /pcmypage?callback=/product%2Fdetail%2m15197559951 HTTP/1.1" 403 558253 "-" "Mozilla/5.0 (Linux; Android 6.0.1; Nexus 5X Build/MMB29P) AppleWebKit/537.36 (KHTML, like Gecko) Chrome/143.0.7499.192 Mobile Safari/537.36 (compatible; GoogleOther)"
74.7.241.58 - - [22/Jan/2026:09:24:28 -0500] "GET /q-~52pXHi55O2YjiAeVyP58V5gZghUqiHPz43208/ HTTP/1.1" 200 - "https://idolatekno.com/sitemap16.xml" "Mozilla/5.0 AppleWebKit/537.36 (KHTML, like Gecko; compatible; GPTBot/1.3; +https://openai.com/gptbot)"
66.249.70.32 - - [22/Jan/2026:09:24:28 -0500] "GET /?pid=26304226231&channel=mild-thinking-candy&cate_id=2518&page=https://mail.idolatekno.com/remote.do?items/296037765.htm HTTP/1.1" 200 86089 "-" "Mozilla/5.0 (Linux; Android 6.0.1; Nexus 5X Build/MMB29P) AppleWebKit/537.36 (KHTML, like Gecko) Chrome/143.0.7499.192 Mobile Safari/537.36 (compatible; Googlebot/2.1; +http://www.google.com/bot.html)"
66.249.64.128 - - [22/Jan/2026:09:24:31 -0500] "GET /q-~186v899AOxx8Fh673Kh7q5X37jUzeIuGT38470/ HTTP/1.1" 200 86020 "-" "Mozilla/5.0 (Linux; Android 6.0.1; Nexus 5X Build/MMB29P) AppleWebKit/537.36 (KHTML, like Gecko) Chrome/143.0.7499.192 Mobile Safari/537.36 (compatible; GoogleOther)"
74.7.241.58 - - [22/Jan/2026:09:24:31 -0500] "GET /q-~16ceDWxqt6ENB1mcWij8vYiFU6EF21cl35366/ HTTP/1.1" 200 - "https://idolatekno.com/sitemap73.xml" "Mozilla/5.0 AppleWebKit/537.36 (KHTML, like Gecko; compatible; GPTBot/1.3; +https://openai.com/gptbot)"
74.7.241.58 - - [22/Jan/2026:09:24:34 -0500] "GET /q-~223dhqN4Nq7DAEP1bapBaev8eDkWA22ue7813/ HTTP/1.1" 200 - "https://idolatekno.com/sitemap21.xml" "Mozilla/5.0 AppleWebKit/537.36 (KHTML, like Gecko; compatible; GPTBot/1.3; +https://openai.com/gptbot)"
66.249.64.109 - - [22/Jan/2026:09:24:36 -0500] "GET /zhHant/product/surugaya/m91613134928?campaign_uid=f64d716db5e979ed2f947dbaf4296895b951ae7f HTTP/1.1" 200 86304 "-" "Mozilla/5.0 (Linux; Android 6.0.1; Nexus 5X Build/MMB29P) AppleWebKit/537.36 (KHTML, like Gecko) Chrome/143.0.7499.192 Mobile Safari/537.36 (compatible; Googlebot/2.1; +http://www.google.com/bot.html)"
66.249.70.33 - - [22/Jan/2026:09:24:36 -0500] "GET /?pid=26304226231&channel=together-indigenous-wave&cate_id=2518&page=https://mail.idolatekno.com/remote.do?q-~232r7CPWWyrmzTVgoivGroMdJIXPYkvDX13024/ HTTP/1.1" 200 85340 "-" "Mozilla/5.0 (Linux; Android 6.0.1; Nexus 5X Build/MMB29P) AppleWebKit/537.36 (KHTML, like Gecko) Chrome/143.0.7499.192 Mobile Safari/537.36 (compatible; Googlebot/2.1; +http://www.google.com/bot.html)"
66.249.70.32 - - [22/Jan/2026:09:24:37 -0500] "GET /?pid=26304226231&channel=roof-by-primarily&cate_id=2518&page=https://mail.idolatekno.com/remote.do?items/147019916.htm HTTP/1.1" 200 85913 "-" "Mozilla/5.0 (Linux; Android 6.0.1; Nexus 5X Build/MMB29P) AppleWebKit/537.36 (KHTML, like Gecko) Chrome/143.0.7499.192 Mobile Safari/537.36 (compatible; Googlebot/2.1; +http://www.google.com/bot.html)"
66.249.64.110 - - [22/Jan/2026:09:24:37 -0500] "GET /q-~129jZP9b8AvyeWg57sZweSxr4th96uQXq35695/ HTTP/1.1" 200 85613 "-" "Mozilla/5.0 (Linux; Android 6.0.1; Nexus 5X Build/MMB29P) AppleWebKit/537.36 (KHTML, like Gecko) Chrome/143.0.7499.192 Mobile Safari/537.36 (compatible; Googlebot/2.1; +http://www.google.com/bot.html)"
74.7.241.58 - - [22/Jan/2026:09:24:37 -0500] "GET /q-~89cFNFglhqJ9qEbi3pL57rDNfBlqr97l23093/ HTTP/1.1" 200 - "https://idolatekno.com/?sitemap442.xml" "Mozilla/5.0 AppleWebKit/537.36 (KHTML, like Gecko; compatible; GPTBot/1.3; +https://openai.com/gptbot)"
66.249.64.129 - - [22/Jan/2026:09:24:40 -0500] "GET /pcmypage?callback=/product%2Fdetail%2m58534408127 HTTP/1.1" 403 565544 "-" "Mozilla/5.0 (Linux; Android 6.0.1; Nexus 5X Build/MMB29P) AppleWebKit/537.36 (KHTML, like Gecko) Chrome/143.0.7499.192 Mobile Safari/537.36 (compatible; GoogleOther)"
74.7.241.58 - - [22/Jan/2026:09:24:40 -0500] "GET /q-~245Ci1hHNtClL9N9MdsALHd8slhM15Lbv8757/ HTTP/1.1" 200 - "https://idolatekno.com/?sitemap442.xml" "Mozilla/5.0 AppleWebKit/537.36 (KHTML, like Gecko; compatible; GPTBot/1.3; +https://openai.com/gptbot)"
66.249.70.32 - - [22/Jan/2026:09:24:43 -0500] "GET /?pid=26304226231&channel=conservation-alien-rope&cate_id=2518&page=https://mail.idolatekno.com/remote.do?q-~106ZKolViggkll4ls1npbHeninwNXWo4i13910/ HTTP/1.1" 200 85671 "-" "Mozilla/5.0 (Linux; Android 6.0.1; Nexus 5X Build/MMB29P) AppleWebKit/537.36 (KHTML, like Gecko) Chrome/143.0.7499.192 Mobile Safari/537.36 (compatible; Googlebot/2.1; +http://www.google.com/bot.html)"
74.7.241.58 - - [22/Jan/2026:09:24:43 -0500] "GET /q-~21gc8hUgg2mU4JdJ8xzvTpNzz5Xvf5Kh18755/ HTTP/1.1" 200 - "https://idolatekno.com/?sitemap442.xml" "Mozilla/5.0 AppleWebKit/537.36 (KHTML, like Gecko; compatible; GPTBot/1.3; +https://openai.com/gptbot)"
66.249.64.128 - - [22/Jan/2026:09:24:44 -0500] "GET /items/233005168.htm HTTP/1.1" 200 85595 "-" "Mozilla/5.0 (Linux; Android 6.0.1; Nexus 5X Build/MMB29P) AppleWebKit/537.36 (KHTML, like Gecko) Chrome/143.0.7499.192 Mobile Safari/537.36 (compatible; Googlebot/2.1; +http://www.google.com/bot.html)"
114.119.130.167 - - [22/Jan/2026:09:24:45 -0500] "GET /q-~208XsiON796LDQFlpTyRYbr1Yo455HKrI10670/ HTTP/1.1" 200 - "https://mail.idolatekno.com/sitemapc.xml" "Mozilla/5.0 (Linux; Android 7.0;) AppleWebKit/537.36 (KHTML, like Gecko) Mobile Safari/537.36 (compatible; PetalBot;+https://webmaster.petalsearch.com/site/petalbot)"
74.7.241.58 - - [22/Jan/2026:09:24:46 -0500] "GET /q-~142bfjG9pI4S8U2cURSccbjMDtqa1a8vz4252/ HTTP/1.1" 200 - "https://idolatekno.com/?sitemap442.xml" "Mozilla/5.0 AppleWebKit/537.36 (KHTML, like Gecko; compatible; GPTBot/1.3; +https://openai.com/gptbot)"
66.249.64.129 - - [22/Jan/2026:09:24:48 -0500] "GET /pcmypage?callback=/product%2Fdetail%2m96990465154 HTTP/1.1" 403 565157 "-" "Mozilla/5.0 (Linux; Android 6.0.1; Nexus 5X Build/MMB29P) AppleWebKit/537.36 (KHTML, like Gecko) Chrome/143.0.7499.192 Mobile Safari/537.36 (compatible; GoogleOther)"
74.7.241.58 - - [22/Jan/2026:09:24:50 -0500] "GET /q-~37pKI5ep1VlpmG4Ylye13kPV0JDpFpkP32611/ HTTP/1.1" 200 - "https://idolatekno.com/?sitemap317.xml" "Mozilla/5.0 AppleWebKit/537.36 (KHTML, like Gecko; compatible; GPTBot/1.3; +https://openai.com/gptbot)"
66.249.70.34 - - [22/Jan/2026:09:24:49 -0500] "GET /?pid=26304226231&channel=section-consider-wolf&cate_id=2518&page=https://mail.idolatekno.com/remote.do?items/046029123.htm HTTP/1.1" 200 85657 "-" "Mozilla/5.0 (Linux; Android 6.0.1; Nexus 5X Build/MMB29P) AppleWebKit/537.36 (KHTML, like Gecko) Chrome/143.0.7499.192 Mobile Safari/537.36 (compatible; Googlebot/2.1; +http://www.google.com/bot.html)"
74.7.241.58 - - [22/Jan/2026:09:24:53 -0500] "GET /q-~51mpqdXwuiiHm5nbvBe1b8TSgG7pu53h35535/ HTTP/1.1" 200 - "https://idolatekno.com/?sitemap503.xml" "Mozilla/5.0 AppleWebKit/537.36 (KHTML, like Gecko; compatible; GPTBot/1.3; +https://openai.com/gptbot)"
66.249.64.129 - - [22/Jan/2026:09:24:54 -0500] "GET /q-~163dFiZyAz0a7l2qs28ZYnGHvPbU0yOqs13207/ HTTP/1.1" 200 85500 "-" "Mozilla/5.0 (Linux; Android 6.0.1; Nexus 5X Build/MMB29P) AppleWebKit/537.36 (KHTML, like Gecko) Chrome/143.0.7499.192 Mobile Safari/537.36 (compatible; GoogleOther)"
66.249.70.32 - - [22/Jan/2026:09:24:55 -0500] "GET /?pid=26304226231&channel=sentence-hockey-tide&cate_id=2518&page=https://mail.idolatekno.com/remote.do?items/220005287.htm HTTP/1.1" 200 86717 "-" "Mozilla/5.0 (Linux; Android 6.0.1; Nexus 5X Build/MMB29P) AppleWebKit/537.36 (KHTML, like Gecko) Chrome/143.0.7499.192 Mobile Safari/537.36 (compatible; Googlebot/2.1; +http://www.google.com/bot.html)"
66.249.70.33 - - [22/Jan/2026:09:24:56 -0500] "GET /?b=138109f7486g HTTP/1.1" 200 85935 "-" "Mozilla/5.0 (Linux; Android 6.0.1; Nexus 5X Build/MMB29P) AppleWebKit/537.36 (KHTML, like Gecko) Chrome/143.0.7499.192 Mobile Safari/537.36 (compatible; Googlebot/2.1; +http://www.google.com/bot.html)"
74.7.241.58 - - [22/Jan/2026:09:24:56 -0500] "GET /q-~94VXSfrJZO14Zx33ocr2PiZkyTxX6rqT19422/ HTTP/1.1" 200 - "https://idolatekno.com/?sitemap305.xml" "Mozilla/5.0 AppleWebKit/537.36 (KHTML, like Gecko; compatible; GPTBot/1.3; +https://openai.com/gptbot)"
74.7.241.58 - - [22/Jan/2026:09:24:59 -0500] "GET /q-~38fGrHn3XfDTh81NS3ZNBNRd3y1rUfDR41228/ HTTP/1.1" 200 - "https://idolatekno.com/?sitemap503.xml" "Mozilla/5.0 AppleWebKit/537.36 (KHTML, like Gecko; compatible; GPTBot/1.3; +https://openai.com/gptbot)"
66.249.70.33 - - [22/Jan/2026:09:25:02 -0500] "GET /?pid=26304226231&channel=sentence-capital-propose&cate_id=2518&page=https://mail.idolatekno.com/remote.do?q-~29T7dfSOGuS0clMp2ylm1LjUs3jE93fu26003/ HTTP/1.1" 200 86051 "-" "Mozilla/5.0 (Linux; Android 6.0.1; Nexus 5X Build/MMB29P) AppleWebKit/537.36 (KHTML, like Gecko) Chrome/143.0.7499.192 Mobile Safari/537.36 (compatible; Googlebot/2.1; +http://www.google.com/bot.html)"
74.7.241.58 - - [22/Jan/2026:09:25:02 -0500] "GET /q-~77WHmPIqPakrX3q7v5h8oH5ph2FLrdIv22423/ HTTP/1.1" 200 - "https://idolatekno.com/sitemap86.xml" "Mozilla/5.0 AppleWebKit/537.36 (KHTML, like Gecko; compatible; GPTBot/1.3; +https://openai.com/gptbot)"
66.249.64.130 - - [22/Jan/2026:09:25:05 -0500] "GET /pcmypage?callback=/product%2Fdetail%2m17888256465 HTTP/1.1" 403 557899 "-" "Mozilla/5.0 (Linux; Android 6.0.1; Nexus 5X Build/MMB29P) AppleWebKit/537.36 (KHTML, like Gecko) Chrome/143.0.7499.192 Mobile Safari/537.36 (compatible; GoogleOther)"
74.7.241.58 - - [22/Jan/2026:09:25:05 -0500] "GET /q-~46ZJaup5BAu5ZlqiT9pAAF7U23IEJBqZ34042/ HTTP/1.1" 200 - "https://idolatekno.com/sitemap29.xml" "Mozilla/5.0 AppleWebKit/537.36 (KHTML, like Gecko; compatible; GPTBot/1.3; +https://openai.com/gptbot)"
66.249.70.33 - - [22/Jan/2026:09:25:07 -0500] "GET /?pid=26304226231&channel=retreat-equality-benefit&cate_id=2518&page=https://mail.idolatekno.com/remote.do?items/103032606.htm HTTP/1.1" 200 85911 "-" "Mozilla/5.0 (Linux; Android 6.0.1; Nexus 5X Build/MMB29P) AppleWebKit/537.36 (KHTML, like Gecko) Chrome/143.0.7499.192 Mobile Safari/537.36 (compatible; Googlebot/2.1; +http://www.google.com/bot.html)"
74.7.241.58 - - [22/Jan/2026:09:25:08 -0500] "GET /q-~70yuQycYHqtsqA5Hw3176uBqi7cuxeqa29916/ HTTP/1.1" 200 - "https://idolatekno.com/sitemap27.xml" "Mozilla/5.0 AppleWebKit/537.36 (KHTML, like Gecko; compatible; GPTBot/1.3; +https://openai.com/gptbot)"
66.249.64.128 - - [22/Jan/2026:09:25:09 -0500] "GET /pcmypage?callback=/product%2Fdetail%2m16306518891 HTTP/1.1" 403 566981 "-" "Mozilla/5.0 (Linux; Android 6.0.1; Nexus 5X Build/MMB29P) AppleWebKit/537.36 (KHTML, like Gecko) Chrome/143.0.7499.192 Mobile Safari/537.36 (compatible; GoogleOther)"
2a03:2880:f80e:14:: - - [22/Jan/2026:09:25:11 -0500] "GET /m/degre62313765?id=2330023 HTTP/1.1" 200 - "-" "meta-externalagent/1.1 (+https://developers.facebook.com/docs/sharing/webmasters/crawler)"
74.7.241.58 - - [22/Jan/2026:09:25:11 -0500] "GET /q-~21DmfNYfA5Kl1d118kKkcZjMzYTjX1bT21553/ HTTP/1.1" 200 - "https://idolatekno.com/?sitemap442.xml" "Mozilla/5.0 AppleWebKit/537.36 (KHTML, like Gecko; compatible; GPTBot/1.3; +https://openai.com/gptbot)"
114.119.135.195 - - [22/Jan/2026:09:25:13 -0500] "GET /q-~208WBchqhzzjXWR1HuEafNXGWWVXMFaGk4774/ HTTP/1.1" 200 - "https://mail.idolatekno.com/sitemape.xml" "Mozilla/5.0 (Linux; Android 7.0;) AppleWebKit/537.36 (KHTML, like Gecko) Mobile Safari/537.36 (compatible; PetalBot;+https://webmaster.petalsearch.com/site/petalbot)"
66.249.70.32 - - [22/Jan/2026:09:25:13 -0500] "GET /?pid=26304226231&channel=restrict-aggressive-stress&cate_id=2518&page=https://mail.idolatekno.com/remote.do?q-~149uVybuUrTqOOGOdBrjjy4kDrrKX8bly11029/ HTTP/1.1" 200 86597 "-" "Mozilla/5.0 (Linux; Android 6.0.1; Nexus 5X Build/MMB29P) AppleWebKit/537.36 (KHTML, like Gecko) Chrome/143.0.7499.192 Mobile Safari/537.36 (compatible; Googlebot/2.1; +http://www.google.com/bot.html)"
66.249.70.32 - - [22/Jan/2026:09:25:14 -0500] "GET /?pid=26304226231&channel=campus-explicit-double&cate_id=2518&page=https://mail.idolatekno.com/remote.do?q-~49iD4Y1aeF6ha5uBsj0XHOLE3R3XKf8J46221/ HTTP/1.1" 200 85815 "-" "Mozilla/5.0 (Linux; Android 6.0.1; Nexus 5X Build/MMB29P) AppleWebKit/537.36 (KHTML, like Gecko) Chrome/143.0.7499.192 Mobile Safari/537.36 (compatible; Googlebot/2.1; +http://www.google.com/bot.html)"
74.7.241.58 - - [22/Jan/2026:09:25:15 -0500] "GET /q-~68ixgxX8ttcXzkIGJo11gVB4io2lo8lq28058/ HTTP/1.1" 200 - "https://idolatekno.com/?sitemap317.xml" "Mozilla/5.0 AppleWebKit/537.36 (KHTML, like Gecko; compatible; GPTBot/1.3; +https://openai.com/gptbot)"
74.7.241.58 - - [22/Jan/2026:09:25:18 -0500] "GET /q-~65tN2JbRRlJcZZl1lrm22eZU36IYRxTs35631/ HTTP/1.1" 200 - "https://idolatekno.com/?sitemap1000.xml" "Mozilla/5.0 AppleWebKit/537.36 (KHTML, like Gecko; compatible; GPTBot/1.3; +https://openai.com/gptbot)"
66.249.70.33 - - [22/Jan/2026:09:25:20 -0500] "GET /?pid=26304226231&channel=exploit-personal-feature&cate_id=2518&page=https://mail.idolatekno.com/remote.do?q-~272WedmiKHaJ9fzYkfs7XxMPsyTeleg2E19724/ HTTP/1.1" 200 84901 "-" "Mozilla/5.0 (Linux; Android 6.0.1; Nexus 5X Build/MMB29P) AppleWebKit/537.36 (KHTML, like Gecko) Chrome/143.0.7499.192 Mobile Safari/537.36 (compatible; Googlebot/2.1; +http://www.google.com/bot.html)"
197.237.74.20 - - [22/Jan/2026:09:25:20 -0500] "GET /q-~219whgQu2EE5pWxRTwIGKOpV2p4TVb1tJ31135/ HTTP/1.1" 200 - "-" "Mozilla/5.0 (Macintosh; Intel Mac OS X 10_9_2) AppleWebKit/537.36 (KHTML, like Gecko) Chrome/36.0.1944.0 Safari/537.36"
74.7.241.58 - - [22/Jan/2026:09:25:21 -0500] "GET /q-~62sEwFpW2SdV1SRkS8Rp1ppnkOqS53zD35660/ HTTP/1.1" 200 - "https://idolatekno.com/?sitemap442.xml" "Mozilla/5.0 AppleWebKit/537.36 (KHTML, like Gecko; compatible; GPTBot/1.3; +https://openai.com/gptbot)"
66.249.64.128 - - [22/Jan/2026:09:25:22 -0500] "GET /q-~68OznZEJy27EOVhwLxmwaODwUsQ3wEnX46248/ HTTP/1.1" 200 85443 "-" "Mozilla/5.0 (Linux; Android 6.0.1; Nexus 5X Build/MMB29P) AppleWebKit/537.36 (KHTML, like Gecko) Chrome/143.0.7499.192 Mobile Safari/537.36 (compatible; GoogleOther)"
74.7.241.58 - - [22/Jan/2026:09:25:25 -0500] "GET /q-~274R4Tlpf41fvtCzyAGyA2XfoNM4zNJ5L5774/ HTTP/1.1" 200 - "https://idolatekno.com/?sitemap503.xml" "Mozilla/5.0 AppleWebKit/537.36 (KHTML, like Gecko; compatible; GPTBot/1.3; +https://openai.com/gptbot)"
66.249.64.129 - - [22/Jan/2026:09:25:25 -0500] "GET /?x=2166640003788&channel=107e18&from=https://idolatekno.com/super.py?items/124031221.htm HTTP/1.1" 200 85841 "-" "Mozilla/5.0 (Linux; Android 6.0.1; Nexus 5X Build/MMB29P) AppleWebKit/537.36 (KHTML, like Gecko) Chrome/143.0.7499.192 Mobile Safari/537.36 (compatible; GoogleOther)"
66.249.70.32 - - [22/Jan/2026:09:25:25 -0500] "GET /?pid=26304226231&channel=argument-marketing-leap&cate_id=2518&page=https://mail.idolatekno.com/remote.do?items/047015140.htm HTTP/1.1" 200 85529 "-" "Mozilla/5.0 (Linux; Android 6.0.1; Nexus 5X Build/MMB29P) AppleWebKit/537.36 (KHTML, like Gecko) Chrome/143.0.7499.192 Mobile Safari/537.36 (compatible; Googlebot/2.1; +http://www.google.com/bot.html)"
66.249.70.33 - - [22/Jan/2026:09:25:26 -0500] "GET /?pid=26304226231&channel=electronic-play-vocal&cate_id=2518&page=https://mail.idolatekno.com/remote.do?q-~180HZiDKmuj1SrHHyjhJv3hWHExE6Lwnh48888/ HTTP/1.1" 200 85999 "-" "Mozilla/5.0 (Linux; Android 6.0.1; Nexus 5X Build/MMB29P) AppleWebKit/537.36 (KHTML, like Gecko) Chrome/143.0.7499.192 Mobile Safari/537.36 (compatible; Googlebot/2.1; +http://www.google.com/bot.html)"
66.249.70.33 - - [22/Jan/2026:09:25:26 -0500] "GET /?pid=26304226231&channel=readily-sock-allegedly&cate_id=2518&page=https://mail.idolatekno.com/remote.do?items/138003019.htm HTTP/1.1" 200 86379 "-" "Mozilla/5.0 (Linux; Android 6.0.1; Nexus 5X Build/MMB29P) AppleWebKit/537.36 (KHTML, like Gecko) Chrome/143.0.7499.192 Mobile Safari/537.36 (compatible; Googlebot/2.1; +http://www.google.com/bot.html)"
66.249.70.32 - - [22/Jan/2026:09:25:27 -0500] "GET /?pid=26304226231&channel=representation-novel-behavior&cate_id=2518&page=https://mail.idolatekno.com/remote.do?q-~146XjriR0n8xfG9LvgjjEFpZ0FUoyQ5ko14610/ HTTP/1.1" 200 85674 "-" "Mozilla/5.0 (Linux; Android 6.0.1; Nexus 5X Build/MMB29P) AppleWebKit/537.36 (KHTML, like Gecko) Chrome/143.0.7499.192 Mobile Safari/537.36 (compatible; Googlebot/2.1; +http://www.google.com/bot.html)"
74.7.241.58 - - [22/Jan/2026:09:25:28 -0500] "GET /q-~57VIXJdiz8FXHb2X8nPJoiH7CJ5SEn2Q22547/ HTTP/1.1" 200 - "https://idolatekno.com/?sitemap442.xml" "Mozilla/5.0 AppleWebKit/537.36 (KHTML, like Gecko; compatible; GPTBot/1.3; +https://openai.com/gptbot)"
74.7.241.58 - - [22/Jan/2026:09:25:31 -0500] "GET /q-~32ZB9qaJ7LtBnSGRk0N4GRfNsq0s3FSb40434/ HTTP/1.1" 200 - "https://idolatekno.com/sitemap785.xml" "Mozilla/5.0 AppleWebKit/537.36 (KHTML, like Gecko; compatible; GPTBot/1.3; +https://openai.com/gptbot)"
66.249.70.34 - - [22/Jan/2026:09:25:33 -0500] "GET /?pid=26304226231&channel=passenger-assistant-better&cate_id=2518&page=https://mail.idolatekno.com/remote.do?q-~169NPupu7FVaySYX4kNUBsfmwf5bvvr2a27445/ HTTP/1.1" 200 85966 "-" "Mozilla/5.0 (Linux; Android 6.0.1; Nexus 5X Build/MMB29P) AppleWebKit/537.36 (KHTML, like Gecko) Chrome/143.0.7499.192 Mobile Safari/537.36 (compatible; Googlebot/2.1; +http://www.google.com/bot.html)"
74.7.241.58 - - [22/Jan/2026:09:25:34 -0500] "GET /q-~137MCksmp6FH11L1sjM3X6bksKesuMxnX6823/ HTTP/1.1" 200 - "https://idolatekno.com/sitemap1.xml" "Mozilla/5.0 AppleWebKit/537.36 (KHTML, like Gecko; compatible; GPTBot/1.3; +https://openai.com/gptbot)"
74.7.241.58 - - [22/Jan/2026:09:25:37 -0500] "GET /q-~59D11emxCJzTsmg4qNyxh1T43EdTymMC12939/ HTTP/1.1" 200 - "https://idolatekno.com/?sitemap305.xml" "Mozilla/5.0 AppleWebKit/537.36 (KHTML, like Gecko; compatible; GPTBot/1.3; +https://openai.com/gptbot)"
66.249.64.128 - - [22/Jan/2026:09:25:37 -0500] "GET /q-~14L5UqX2wde6CByOnR4idL3us8kiG2YX8728/ HTTP/1.1" 200 85944 "-" "Mozilla/5.0 (Linux; Android 6.0.1; Nexus 5X Build/MMB29P) AppleWebKit/537.36 (KHTML, like Gecko) Chrome/143.0.7499.192 Mobile Safari/537.36 (compatible; GoogleOther)"
66.249.70.34 - - [22/Jan/2026:09:25:39 -0500] "GET /?pid=26304226231&channel=wrap-five-mix&cate_id=2518&page=https://mail.idolatekno.com/remote.do?q-~45w9OGzJbK92nvkgPMaHoCJ8F6SBBwqv36385/ HTTP/1.1" 200 86087 "-" "Mozilla/5.0 (Linux; Android 6.0.1; Nexus 5X Build/MMB29P) AppleWebKit/537.36 (KHTML, like Gecko) Chrome/143.0.7499.192 Mobile Safari/537.36 (compatible; Googlebot/2.1; +http://www.google.com/bot.html)"
66.249.64.129 - - [22/Jan/2026:09:25:40 -0500] "GET /pcmypage?callback=/product%2Fdetail%2m13704149993 HTTP/1.1" 403 550955 "-" "Mozilla/5.0 (Linux; Android 6.0.1; Nexus 5X Build/MMB29P) AppleWebKit/537.36 (KHTML, like Gecko) Chrome/143.0.7499.192 Mobile Safari/537.36 (compatible; GoogleOther)"
114.119.132.76 - - [22/Jan/2026:09:25:40 -0500] "GET /q-~208VwW0ULiaFDUNWY1as7MUh9vB11zXJl36866/ HTTP/1.1" 200 - "https://mail.idolatekno.com/sitemapc.xml" "Mozilla/5.0 (Linux; Android 7.0;) AppleWebKit/537.36 (KHTML, like Gecko) Mobile Safari/537.36 (compatible; PetalBot;+https://webmaster.petalsearch.com/site/petalbot)"
74.7.241.58 - - [22/Jan/2026:09:25:41 -0500] "GET /q-~160IqGwPSh40pVYr6G8Vf0eYrlhCGXX8X2588/ HTTP/1.1" 200 - "https://idolatekno.com/?sitemap442.xml" "Mozilla/5.0 AppleWebKit/537.36 (KHTML, like Gecko; compatible; GPTBot/1.3; +https://openai.com/gptbot)"
74.7.241.58 - - [22/Jan/2026:09:25:44 -0500] "GET /q-~88Nqotz33JzCeu63uSpuTYxKp6ft1Ihy38326/ HTTP/1.1" 200 - "https://idolatekno.com/?sitemap305.xml" "Mozilla/5.0 AppleWebKit/537.36 (KHTML, like Gecko; compatible; GPTBot/1.3; +https://openai.com/gptbot)"
66.249.70.35 - - [22/Jan/2026:09:25:44 -0500] "GET /?pid=26304226231&channel=bay-defend-sufficient&cate_id=2518&page=https://mail.idolatekno.com/remote.do?q-~94sfsCzdcFeoQgFi3Oheter4EROGSe9L17804/ HTTP/1.1" 200 86331 "-" "Mozilla/5.0 (Linux; Android 6.0.1; Nexus 5X Build/MMB29P) AppleWebKit/537.36 (KHTML, like Gecko) Chrome/143.0.7499.192 Mobile Safari/537.36 (compatible; Googlebot/2.1; +http://www.google.com/bot.html)"
74.7.241.58 - - [22/Jan/2026:09:25:47 -0500] "GET /q-~171a16zPv1zwFvaV2HR1WsRCPR0qpJIfv8361/ HTTP/1.1" 200 - "https://idolatekno.com/?sitemap305.xml" "Mozilla/5.0 AppleWebKit/537.36 (KHTML, like Gecko; compatible; GPTBot/1.3; +https://openai.com/gptbot)"
66.249.70.34 - - [22/Jan/2026:09:25:50 -0500] "GET /?pid=26304226231&channel=action-rebuild-proportion&cate_id=2518&page=https://mail.idolatekno.com/remote.do?q-~232dFiZyAz0a7l2qs28ZYnGHvPbU0yOqs13138/ HTTP/1.1" 200 85576 "-" "Mozilla/5.0 (Linux; Android 6.0.1; Nexus 5X Build/MMB29P) AppleWebKit/537.36 (KHTML, like Gecko) Chrome/143.0.7499.192 Mobile Safari/537.36 (compatible; Googlebot/2.1; +http://www.google.com/bot.html)"
74.7.241.58 - - [22/Jan/2026:09:25:50 -0500] "GET /q-~88ojBKxns2odc0zB28k22vMksLSzrqzz45372/ HTTP/1.1" 200 - "https://idolatekno.com/sitemap29.xml" "Mozilla/5.0 AppleWebKit/537.36 (KHTML, like Gecko; compatible; GPTBot/1.3; +https://openai.com/gptbot)"
66.249.64.129 - - [22/Jan/2026:09:25:52 -0500] "GET /q-~123rxEoYPAqiORFLXtBqWl1G8r2dhNHgT615/ HTTP/1.1" 200 85805 "-" "Mozilla/5.0 (Linux; Android 6.0.1; Nexus 5X Build/MMB29P) AppleWebKit/537.36 (KHTML, like Gecko) Chrome/143.0.7499.192 Mobile Safari/537.36 (compatible; GoogleOther)"
74.7.241.58 - - [22/Jan/2026:09:25:54 -0500] "GET /q-~224sA9aqBCT1fKLNITtP28sTgTjt1V0VY8422/ HTTP/1.1" 200 - "https://idolatekno.com/sitemap16.xml" "Mozilla/5.0 AppleWebKit/537.36 (KHTML, like Gecko; compatible; GPTBot/1.3; +https://openai.com/gptbot)"
66.249.64.130 - - [22/Jan/2026:09:25:56 -0500] "GET /q-~231BFQPqOz1wXbEoITxWlCcY6COEWpNmR2865/ HTTP/1.1" 200 85518 "-" "Mozilla/5.0 (Linux; Android 6.0.1; Nexus 5X Build/MMB29P) AppleWebKit/537.36 (KHTML, like Gecko) Chrome/143.0.7499.192 Mobile Safari/537.36 (compatible; GoogleOther)"
74.7.241.58 - - [22/Jan/2026:09:25:57 -0500] "GET /q-~42dMEMJ5fnl2s2UfXoXczkZ3cc2J3RDM42668/ HTTP/1.1" 200 - "https://idolatekno.com/pages.php?sitemap849.xml" "Mozilla/5.0 AppleWebKit/537.36 (KHTML, like Gecko; compatible; GPTBot/1.3; +https://openai.com/gptbot)"
74.7.241.58 - - [22/Jan/2026:09:26:00 -0500] "GET /q-~166KxMeUVSekDHeJce6b9n3ire4Ck53MK8696/ HTTP/1.1" 200 - "https://idolatekno.com/sitemap78.xml" "Mozilla/5.0 AppleWebKit/537.36 (KHTML, like Gecko; compatible; GPTBot/1.3; +https://openai.com/gptbot)"
66.249.70.38 - - [22/Jan/2026:09:26:01 -0500] "GET /?pid=26304226231&channel=blood-marketing-naked&cate_id=2518&page=https://mail.idolatekno.com/remote.do?q-~180f4IRwhPbRM1UvmP5uNn5lseog9Zpzj49294/ HTTP/1.1" 200 85435 "-" "Mozilla/5.0 (Linux; Android 6.0.1; Nexus 5X Build/MMB29P) AppleWebKit/537.36 (KHTML, like Gecko) Chrome/143.0.7499.192 Mobile Safari/537.36 (compatible; Googlebot/2.1; +http://www.google.com/bot.html)"
74.7.241.58 - - [22/Jan/2026:09:26:03 -0500] "GET /q-~63Bf43fIfI3hIRtSp0matsjl8FjhsD8l14471/ HTTP/1.1" 200 - "https://idolatekno.com/sitemap29.xml" "Mozilla/5.0 AppleWebKit/537.36 (KHTML, like Gecko; compatible; GPTBot/1.3; +https://openai.com/gptbot)"
66.249.64.129 - - [22/Jan/2026:09:26:06 -0500] "GET /pcmypage?callback=/product%2Fdetail%2m80220652892 HTTP/1.1" 403 563558 "-" "Mozilla/5.0 (Linux; Android 6.0.1; Nexus 5X Build/MMB29P) AppleWebKit/537.36 (KHTML, like Gecko) Chrome/143.0.7499.192 Mobile Safari/537.36 (compatible; GoogleOther)"
74.7.241.58 - - [22/Jan/2026:09:26:06 -0500] "GET /q-~211bfjG9pI4S8U2cURSccbjMDtqa1a8vz4183/ HTTP/1.1" 200 - "https://idolatekno.com/?sitemap305.xml" "Mozilla/5.0 AppleWebKit/537.36 (KHTML, like Gecko; compatible; GPTBot/1.3; +https://openai.com/gptbot)"
66.249.70.37 - - [22/Jan/2026:09:26:07 -0500] "GET /?pid=26304226231&channel=again-buy-tendency&cate_id=2518&page=https://mail.idolatekno.com/remote.do?items/008040405.htm HTTP/1.1" 200 86858 "-" "Mozilla/5.0 (Linux; Android 6.0.1; Nexus 5X Build/MMB29P) AppleWebKit/537.36 (KHTML, like Gecko) Chrome/143.0.7499.192 Mobile Safari/537.36 (compatible; Googlebot/2.1; +http://www.google.com/bot.html)"
114.119.130.167 - - [22/Jan/2026:09:26:08 -0500] "GET /q-~208Uvh2y1COc8Xvm9YgcAhoKiuO71e3Yh20316/ HTTP/1.1" 200 - "https://mail.idolatekno.com/sitemapc.xml" "Mozilla/5.0 (Linux; Android 7.0;) AppleWebKit/537.36 (KHTML, like Gecko) Mobile Safari/537.36 (compatible; PetalBot;+https://webmaster.petalsearch.com/site/petalbot)"
74.7.241.58 - - [22/Jan/2026:09:26:09 -0500] "GET /q-~115YRh8BOgugWkk399X1SQGZ6qFNXXBQR8551/ HTTP/1.1" 200 - "https://idolatekno.com/?sitemap317.xml" "Mozilla/5.0 AppleWebKit/537.36 (KHTML, like Gecko; compatible; GPTBot/1.3; +https://openai.com/gptbot)"
165.165.218.2 - - [22/Jan/2026:09:26:11 -0500] "GET /q-~21lzutIXv3Idn091uwqluQxU1haPL42W6857/ HTTP/1.1" 200 - "-" "Mozilla/5.0 (Windows; U; Windows NT 5.1; en-GB; rv:1.9.0.6) Gecko/2009011913  Firefox"
74.7.241.58 - - [22/Jan/2026:09:26:13 -0500] "GET /q-~81Se8ZVdxVFg3qx1D8Yyp0bdX3WZGdLl18823/ HTTP/1.1" 200 - "https://idolatekno.com/?sitemap503.xml" "Mozilla/5.0 AppleWebKit/537.36 (KHTML, like Gecko; compatible; GPTBot/1.3; +https://openai.com/gptbot)"
66.249.64.129 - - [22/Jan/2026:09:26:13 -0500] "GET /pcmypage?callback=/product%2Fdetail%2m78977568620 HTTP/1.1" 403 555404 "-" "Mozilla/5.0 (Linux; Android 6.0.1; Nexus 5X Build/MMB29P) AppleWebKit/537.36 (KHTML, like Gecko) Chrome/143.0.7499.192 Mobile Safari/537.36 (compatible; GoogleOther)"
66.249.70.36 - - [22/Jan/2026:09:26:14 -0500] "GET /?pid=26304226231&channel=theoretical-after-softly&cate_id=2518&page=https://mail.idolatekno.com/remote.do?q-~9Fv7MYu2nqvqV0iHBm6SYjJtxEf2kGs34995/ HTTP/1.1" 200 86492 "-" "Mozilla/5.0 (Linux; Android 6.0.1; Nexus 5X Build/MMB29P) AppleWebKit/537.36 (KHTML, like Gecko) Chrome/143.0.7499.192 Mobile Safari/537.36 (compatible; Googlebot/2.1; +http://www.google.com/bot.html)"
74.7.241.58 - - [22/Jan/2026:09:26:16 -0500] "GET /q-~83z6czIMi49bEIwIsezUFhMMh1II36FB24709/ HTTP/1.1" 200 - "https://idolatekno.com/?sitemap305.xml" "Mozilla/5.0 AppleWebKit/537.36 (KHTML, like Gecko; compatible; GPTBot/1.3; +https://openai.com/gptbot)"
74.7.241.58 - - [22/Jan/2026:09:26:19 -0500] "GET /q-~66vDWivhXBXIU6XO6hGUK90sYzqvt55m46618/ HTTP/1.1" 200 - "https://idolatekno.com/?sitemap317.xml" "Mozilla/5.0 AppleWebKit/537.36 (KHTML, like Gecko; compatible; GPTBot/1.3; +https://openai.com/gptbot)"
66.249.70.36 - - [22/Jan/2026:09:26:19 -0500] "GET /q-~187Zg9DeRgtGjg6aBl43B06NmlYZjkJSl34437/ HTTP/1.1" 200 85859 "-" "Mozilla/5.0 (Linux; Android 6.0.1; Nexus 5X Build/MMB29P) AppleWebKit/537.36 (KHTML, like Gecko) Chrome/143.0.7499.192 Mobile Safari/537.36 (compatible; Googlebot/2.1; +http://www.google.com/bot.html)"
66.249.70.36 - - [22/Jan/2026:09:26:20 -0500] "GET /?pid=26304226231&channel=carbohydrate-boast-innovative&cate_id=2518&page=https://mail.idolatekno.com/remote.do?items/289040870.htm HTTP/1.1" 200 85766 "-" "Mozilla/5.0 (Linux; Android 6.0.1; Nexus 5X Build/MMB29P) AppleWebKit/537.36 (KHTML, like Gecko) Chrome/143.0.7499.192 Mobile Safari/537.36 (compatible; Googlebot/2.1; +http://www.google.com/bot.html)"
66.249.64.128 - - [22/Jan/2026:09:26:21 -0500] "GET /?x=2166640003788&channel=107e18&from=https://idolatekno.com/super.py?q-~240vbNc19c3g5D1WlCuv6zSQ1Uv1wIuvf11662/ HTTP/1.1" 200 85510 "-" "Mozilla/5.0 (Linux; Android 6.0.1; Nexus 5X Build/MMB29P) AppleWebKit/537.36 (KHTML, like Gecko) Chrome/143.0.7499.192 Mobile Safari/537.36 (compatible; GoogleOther)"
74.7.241.58 - - [22/Jan/2026:09:26:22 -0500] "GET /q-~162GlVelGVMI26rOa4UuX2HH2lZPzl9jI9482/ HTTP/1.1" 200 - "https://idolatekno.com/?sitemap317.xml" "Mozilla/5.0 AppleWebKit/537.36 (KHTML, like Gecko; compatible; GPTBot/1.3; +https://openai.com/gptbot)"
66.249.70.36 - - [22/Jan/2026:09:26:23 -0500] "GET /?pid=26304226231&channel=shrug-four-obviously&cate_id=2518&page=https://mail.idolatekno.com/remote.do?items/006037911.htm HTTP/1.1" 200 85785 "-" "Mozilla/5.0 (Linux; Android 6.0.1; Nexus 5X Build/MMB29P) AppleWebKit/537.36 (KHTML, like Gecko) Chrome/143.0.7499.192 Mobile Safari/537.36 (compatible; Googlebot/2.1; +http://www.google.com/bot.html)"
74.7.241.58 - - [22/Jan/2026:09:26:25 -0500] "GET /q-~124a16zPv1zwFvaV2HR1WsRCPR0qpJIfv8408/ HTTP/1.1" 200 - "https://idolatekno.com/sitemap29.xml" "Mozilla/5.0 AppleWebKit/537.36 (KHTML, like Gecko; compatible; GPTBot/1.3; +https://openai.com/gptbot)"
74.7.241.58 - - [22/Jan/2026:09:26:28 -0500] "GET /q-~33mXOn0j8yEQtDxlh8Yag7a0gXBtXH7I38833/ HTTP/1.1" 200 - "https://idolatekno.com/?sitemap305.xml" "Mozilla/5.0 AppleWebKit/537.36 (KHTML, like Gecko; compatible; GPTBot/1.3; +https://openai.com/gptbot)"
66.249.64.128 - - [22/Jan/2026:09:26:30 -0500] "GET /q-~137E8TYNB0Q14nHBqnd51gYyTKBSEH8Sh30331/ HTTP/1.1" 200 85571 "-" "Mozilla/5.0 (Linux; Android 6.0.1; Nexus 5X Build/MMB29P) AppleWebKit/537.36 (KHTML, like Gecko) Chrome/143.0.7499.192 Mobile Safari/537.36 (compatible; GoogleOther)"
66.249.70.36 - - [22/Jan/2026:09:26:31 -0500] "GET /?pid=26304226231&channel=pizza-suppose-would&cate_id=2518&page=https://mail.idolatekno.com/remote.do?q-~263nOQD9LP3RRfZL6QybRMmBYtUf3T7FO15369/ HTTP/1.1" 200 85631 "-" "Mozilla/5.0 (Linux; Android 6.0.1; Nexus 5X Build/MMB29P) AppleWebKit/537.36 (KHTML, like Gecko) Chrome/143.0.7499.192 Mobile Safari/537.36 (compatible; Googlebot/2.1; +http://www.google.com/bot.html)"
74.7.241.58 - - [22/Jan/2026:09:26:31 -0500] "GET /q-~25yOsl3OQ49ksvBsfAG99At7lHsHNOkZ12749/ HTTP/1.1" 200 - "https://idolatekno.com/?sitemap1000.xml" "Mozilla/5.0 AppleWebKit/537.36 (KHTML, like Gecko; compatible; GPTBot/1.3; +https://openai.com/gptbot)"
74.7.241.58 - - [22/Jan/2026:09:26:34 -0500] "GET /q-~272MD3hLL6hZeGh8SypSyegV97P9nmUwS2262/ HTTP/1.1" 200 - "https://idolatekno.com/?sitemap305.xml" "Mozilla/5.0 AppleWebKit/537.36 (KHTML, like Gecko; compatible; GPTBot/1.3; +https://openai.com/gptbot)"
66.249.64.129 - - [22/Jan/2026:09:26:35 -0500] "GET /q-~94ttA38DJGVTaBy7GHp7jea0n9DeEgqz3396/ HTTP/1.1" 200 87035 "-" "Mozilla/5.0 (Linux; Android 6.0.1; Nexus 5X Build/MMB29P) AppleWebKit/537.36 (KHTML, like Gecko) Chrome/143.0.7499.192 Mobile Safari/537.36 (compatible; GoogleOther)"
114.119.153.93 - - [22/Jan/2026:09:26:36 -0500] "GET /q-~208Nv6FfYBIvfs3qQrXE5tJU0OMYzAVnV32350/ HTTP/1.1" 200 - "https://mail.idolatekno.com/sitemapb.xml" "Mozilla/5.0 (Linux; Android 7.0;) AppleWebKit/537.36 (KHTML, like Gecko) Mobile Safari/537.36 (compatible; PetalBot;+https://webmaster.petalsearch.com/site/petalbot)"
66.249.70.37 - - [22/Jan/2026:09:26:37 -0500] "GET /?pid=26304226231&channel=scope-mutter-patience&cate_id=2518&page=https://mail.idolatekno.com/remote.do?q-~28j1aW4bJJlh8pn5U17wfmg1uUcDUIoC48064/ HTTP/1.1" 200 86129 "-" "Mozilla/5.0 (Linux; Android 6.0.1; Nexus 5X Build/MMB29P) AppleWebKit/537.36 (KHTML, like Gecko) Chrome/143.0.7499.192 Mobile Safari/537.36 (compatible; Googlebot/2.1; +http://www.google.com/bot.html)"
74.7.241.58 - - [22/Jan/2026:09:26:37 -0500] "GET /q-~187GfiG5fbTGGZ34DqbWsnGZA4eF5c7Ys7931/ HTTP/1.1" 200 - "https://idolatekno.com/sitemap27.xml" "Mozilla/5.0 AppleWebKit/537.36 (KHTML, like Gecko; compatible; GPTBot/1.3; +https://openai.com/gptbot)"
74.7.241.58 - - [22/Jan/2026:09:26:40 -0500] "GET /q-~170k6ES1VTIVBE4Qr1Tqk4OijoaH6Rbqq6426/ HTTP/1.1" 200 - "https://idolatekno.com/?sitemap503.xml" "Mozilla/5.0 AppleWebKit/537.36 (KHTML, like Gecko; compatible; GPTBot/1.3; +https://openai.com/gptbot)"
66.249.70.37 - - [22/Jan/2026:09:26:42 -0500] "GET /?pid=26304226231&channel=fatal-pop-transit&cate_id=2518&page=https://mail.idolatekno.com/remote.do?q-~124nvsfh0gWsRsF2s0529aouPJXbmE01C29394/ HTTP/1.1" 200 85679 "-" "Mozilla/5.0 (Linux; Android 6.0.1; Nexus 5X Build/MMB29P) AppleWebKit/537.36 (KHTML, like Gecko) Chrome/143.0.7499.192 Mobile Safari/537.36 (compatible; Googlebot/2.1; +http://www.google.com/bot.html)"
74.7.241.58 - - [22/Jan/2026:09:26:44 -0500] "GET /q-~16jJ5OOw2qG3NLrMNbqNgXwb0qE4w4hn45418/ HTTP/1.1" 200 - "https://idolatekno.com/sitemap27.xml" "Mozilla/5.0 AppleWebKit/537.36 (KHTML, like Gecko; compatible; GPTBot/1.3; +https://openai.com/gptbot)"
74.7.241.58 - - [22/Jan/2026:09:26:47 -0500] "GET /q-~50z0opoO4g2vb7DZzvWJX3F3ogqqgpAe39900/ HTTP/1.1" 200 - "https://idolatekno.com/sitemap73.xml" "Mozilla/5.0 AppleWebKit/537.36 (KHTML, like Gecko; compatible; GPTBot/1.3; +https://openai.com/gptbot)"
66.249.64.129 - - [22/Jan/2026:09:26:48 -0500] "GET /pcmypage?callback=/product%2Fdetail%2m69507054415 HTTP/1.1" 403 571262 "-" "Mozilla/5.0 (Linux; Android 6.0.1; Nexus 5X Build/MMB29P) AppleWebKit/537.36 (KHTML, like Gecko) Chrome/143.0.7499.192 Mobile Safari/537.36 (compatible; GoogleOther)"
66.249.70.36 - - [22/Jan/2026:09:26:48 -0500] "GET /?pid=26304226231&channel=dark-fan-devote&cate_id=2518&page=https://mail.idolatekno.com/remote.do?q-~151efvvyZ50bwspbOBJz44JzUoUy8eNjO12959/ HTTP/1.1" 200 85826 "-" "Mozilla/5.0 (Linux; Android 6.0.1; Nexus 5X Build/MMB29P) AppleWebKit/537.36 (KHTML, like Gecko) Chrome/143.0.7499.192 Mobile Safari/537.36 (compatible; Googlebot/2.1; +http://www.google.com/bot.html)"
74.7.241.58 - - [22/Jan/2026:09:26:50 -0500] "GET /q-~81Nmk0nwI0HWXnNNEfrb2NFwE9F6IZ2N30883/ HTTP/1.1" 200 - "https://idolatekno.com/sitemap16.xml" "Mozilla/5.0 AppleWebKit/537.36 (KHTML, like Gecko; compatible; GPTBot/1.3; +https://openai.com/gptbot)"
66.249.64.128 - - [22/Jan/2026:09:26:50 -0500] "GET /pcmypage?callback=/product%2Fdetail%2m19745097706 HTTP/1.1" 403 557736 "-" "Mozilla/5.0 (Linux; Android 6.0.1; Nexus 5X Build/MMB29P) AppleWebKit/537.36 (KHTML, like Gecko) Chrome/143.0.7499.192 Mobile Safari/537.36 (compatible; GoogleOther)"
74.7.241.58 - - [22/Jan/2026:09:26:53 -0500] "GET /q-~11Nmk0nwI0HWXnNNEfrb2NFwE9F6IZ2N30953/ HTTP/1.1" 200 - "https://idolatekno.com/?sitemap442.xml" "Mozilla/5.0 AppleWebKit/537.36 (KHTML, like Gecko; compatible; GPTBot/1.3; +https://openai.com/gptbot)"
66.249.64.128 - - [22/Jan/2026:09:26:54 -0500] "GET /items/224013885.htm HTTP/1.1" 200 85575 "-" "Mozilla/5.0 (Linux; Android 6.0.1; Nexus 5X Build/MMB29P) AppleWebKit/537.36 (KHTML, like Gecko) Chrome/143.0.7499.192 Mobile Safari/537.36 (compatible; Googlebot/2.1; +http://www.google.com/bot.html)"
66.249.70.37 - - [22/Jan/2026:09:26:54 -0500] "GET /?pid=26304226231&channel=tablespoon-speculation-bean&cate_id=2518&page=https://mail.idolatekno.com/remote.do?items/124043195.htm HTTP/1.1" 200 85243 "-" "Mozilla/5.0 (Linux; Android 6.0.1; Nexus 5X Build/MMB29P) AppleWebKit/537.36 (KHTML, like Gecko) Chrome/143.0.7499.192 Mobile Safari/537.36 (compatible; Googlebot/2.1; +http://www.google.com/bot.html)"
66.249.64.129 - - [22/Jan/2026:09:26:55 -0500] "GET /?x=2166640003788&channel=107e18&from=https://idolatekno.com/super.py?items/111028230.htm HTTP/1.1" 200 85593 "-" "Mozilla/5.0 (Linux; Android 6.0.1; Nexus 5X Build/MMB29P) AppleWebKit/537.36 (KHTML, like Gecko) Chrome/143.0.7499.192 Mobile Safari/537.36 (compatible; Googlebot/2.1; +http://www.google.com/bot.html)"
74.7.241.58 - - [22/Jan/2026:09:26:56 -0500] "GET /q-~278JJJaRtUHOOYzpaRAr1pdpbyggDFhwA10870/ HTTP/1.1" 200 - "https://idolatekno.com/sitemap63.xml" "Mozilla/5.0 AppleWebKit/537.36 (KHTML, like Gecko; compatible; GPTBot/1.3; +https://openai.com/gptbot)"
74.7.241.58 - - [22/Jan/2026:09:26:59 -0500] "GET /q-~267obxGbesvrizxRdvD5mQw4tYNRakwGt6333/ HTTP/1.1" 200 - "https://idolatekno.com/?sitemap503.xml" "Mozilla/5.0 AppleWebKit/537.36 (KHTML, like Gecko; compatible; GPTBot/1.3; +https://openai.com/gptbot)"
66.249.70.36 - - [22/Jan/2026:09:27:01 -0500] "GET /?pid=26304226231&channel=historian-reliable-likelihood&cate_id=2518&page=https://mail.idolatekno.com/remote.do?q-~10xMu8hcXkOVNzLO4QQpG3LHsu2AJjaT28586/ HTTP/1.1" 200 85619 "-" "Mozilla/5.0 (Linux; Android 6.0.1; Nexus 5X Build/MMB29P) AppleWebKit/537.36 (KHTML, like Gecko) Chrome/143.0.7499.192 Mobile Safari/537.36 (compatible; Googlebot/2.1; +http://www.google.com/bot.html)"
74.7.241.58 - - [22/Jan/2026:09:27:03 -0500] "GET /q-~146euYjHunjCwyzu0XlqOBFcFQQTFoUmj37666/ HTTP/1.1" 200 - "https://idolatekno.com/?sitemap503.xml" "Mozilla/5.0 AppleWebKit/537.36 (KHTML, like Gecko; compatible; GPTBot/1.3; +https://openai.com/gptbot)"
146.174.176.158 - - [22/Jan/2026:09:27:03 -0500] "GET /q-~227bp8HGsFzmidBRRPF1DTf5QvAEGpFeg23635/ HTTP/1.1" 200 - "-" "Mozilla/5.0 (X11; U; Linux i686; en-GB; rv:1.9.2.11) Gecko/20101013 Ubuntu/10.10 (maverick) Firefox/3.6.10"
66.249.64.130 - - [22/Jan/2026:09:27:04 -0500] "GET /?x=2166640003788&channel=107e18&from=https://idolatekno.com/super.py?items/226031681.htm HTTP/1.1" 200 87116 "-" "Mozilla/5.0 (Linux; Android 6.0.1; Nexus 5X Build/MMB29P) AppleWebKit/537.36 (KHTML, like Gecko) Chrome/143.0.7499.192 Mobile Safari/537.36 (compatible; GoogleOther)"
114.119.153.93 - - [22/Jan/2026:09:27:06 -0500] "GET /q-~208NiliNqrZK0bqVpuqXLwOwguKyxA9Iw21596/ HTTP/1.1" 200 - "https://mail.idolatekno.com/sitemapd.xml" "Mozilla/5.0 (Linux; Android 7.0;) AppleWebKit/537.36 (KHTML, like Gecko) Mobile Safari/537.36 (compatible; PetalBot;+https://webmaster.petalsearch.com/site/petalbot)"
74.7.241.58 - - [22/Jan/2026:09:27:06 -0500] "GET /q-~76BbVqrpA5QuP1bkepnHljtpzeMwWGGk17888/ HTTP/1.1" 200 - "https://idolatekno.com/sitemap27.xml" "Mozilla/5.0 AppleWebKit/537.36 (KHTML, like Gecko; compatible; GPTBot/1.3; +https://openai.com/gptbot)"
66.249.64.129 - - [22/Jan/2026:09:27:06 -0500] "GET /q-~247Z11xEayppyPtcxuhXN7Eh4Hi5pgzPQ24993/ HTTP/1.1" 200 86104 "-" "Mozilla/5.0 (Linux; Android 6.0.1; Nexus 5X Build/MMB29P) AppleWebKit/537.36 (KHTML, like Gecko) Chrome/143.0.7499.192 Mobile Safari/537.36 (compatible; GoogleOther)"
66.249.70.37 - - [22/Jan/2026:09:27:07 -0500] "GET /?pid=26304226231&channel=thread-confuse-window&cate_id=2518&page=https://mail.idolatekno.com/remote.do?items/145034212.htm HTTP/1.1" 200 85240 "-" "Mozilla/5.0 (Linux; Android 6.0.1; Nexus 5X Build/MMB29P) AppleWebKit/537.36 (KHTML, like Gecko) Chrome/143.0.7499.192 Mobile Safari/537.36 (compatible; Googlebot/2.1; +http://www.google.com/bot.html)"
74.7.241.58 - - [22/Jan/2026:09:27:09 -0500] "GET /q-~21mpE5n6qllvgcDnUDzBoYHWkvZxZeeA30003/ HTTP/1.1" 200 - "https://idolatekno.com/sitemap79.xml" "Mozilla/5.0 AppleWebKit/537.36 (KHTML, like Gecko; compatible; GPTBot/1.3; +https://openai.com/gptbot)"
66.249.64.128 - - [22/Jan/2026:09:27:09 -0500] "GET /?x=2166640003788&channel=107e18&from=https://idolatekno.com/super.py?q-~138O1MwT3Ghiw0sj2Uez03kYjmbJrweeF49274/ HTTP/1.1" 200 86039 "-" "Mozilla/5.0 (Linux; Android 6.0.1; Nexus 5X Build/MMB29P) AppleWebKit/537.36 (KHTML, like Gecko) Chrome/143.0.7499.192 Mobile Safari/537.36 (compatible; GoogleOther)"
207.166.173.220 - - [22/Jan/2026:09:27:09 -0500] "GET /2018/06/28/order-your-quinceanera-cake-online/?share=google-plus-1 HTTP/1.1" 200 - "-" "Mozilla/5.0 (Macintosh; Intel Mac OS X 10_15_7) AppleWebKit/537.36 (KHTML, like Gecko) Chrome/120.0.0.0 Safari/537.36"
74.7.241.58 - - [22/Jan/2026:09:27:12 -0500] "GET /q-~65PhRNmrrOj9FiiEadrcsmkmo9XDqxdZ19555/ HTTP/1.1" 200 - "https://idolatekno.com/sitemap73.xml" "Mozilla/5.0 AppleWebKit/537.36 (KHTML, like Gecko; compatible; GPTBot/1.3; +https://openai.com/gptbot)"
66.249.70.36 - - [22/Jan/2026:09:27:12 -0500] "GET /?pid=26304226231&channel=dominant-stiff-beer&cate_id=2518&page=https://mail.idolatekno.com/remote.do?q-~151T3sYedkUewTjDyDJFjPYOQx6smdxsn42847/ HTTP/1.1" 200 85641 "-" "Mozilla/5.0 (Linux; Android 6.0.1; Nexus 5X Build/MMB29P) AppleWebKit/537.36 (KHTML, like Gecko) Chrome/143.0.7499.192 Mobile Safari/537.36 (compatible; Googlebot/2.1; +http://www.google.com/bot.html)"
74.7.241.58 - - [22/Jan/2026:09:27:15 -0500] "GET /q-~181pDAO1xWXcHgwlYlRNsKLCZxOHGWNCJ33357/ HTTP/1.1" 200 - "https://idolatekno.com/sitemap27.xml" "Mozilla/5.0 AppleWebKit/537.36 (KHTML, like Gecko; compatible; GPTBot/1.3; +https://openai.com/gptbot)"
66.249.70.36 - - [22/Jan/2026:09:27:18 -0500] "GET /?pid=26304226231&channel=meanwhile-amendment-stair&cate_id=2518&page=https://mail.idolatekno.com/remote.do?items/143045604.htm HTTP/1.1" 200 85821 "-" "Mozilla/5.0 (Linux; Android 6.0.1; Nexus 5X Build/MMB29P) AppleWebKit/537.36 (KHTML, like Gecko) Chrome/143.0.7499.192 Mobile Safari/537.36 (compatible; Googlebot/2.1; +http://www.google.com/bot.html)"
74.7.241.58 - - [22/Jan/2026:09:27:18 -0500] "GET /q-~221qMDpteaTBmKh3KASVjhvgZmADwEGlG30333/ HTTP/1.1" 200 - "https://idolatekno.com/sitemap63.xml" "Mozilla/5.0 AppleWebKit/537.36 (KHTML, like Gecko; compatible; GPTBot/1.3; +https://openai.com/gptbot)"
66.249.64.128 - - [22/Jan/2026:09:27:18 -0500] "GET /pcmypage?callback=/product%2Fdetail%2m77730643659 HTTP/1.1" 403 562544 "-" "Mozilla/5.0 (Linux; Android 6.0.1; Nexus 5X Build/MMB29P) AppleWebKit/537.36 (KHTML, like Gecko) Chrome/143.0.7499.192 Mobile Safari/537.36 (compatible; GoogleOther)"
74.7.241.58 - - [22/Jan/2026:09:27:21 -0500] "GET /q-~86In4exKbQxoSFFFbWDpGTrQyY6aOIpf24396/ HTTP/1.1" 200 - "https://idolatekno.com/sitemap79.xml" "Mozilla/5.0 AppleWebKit/537.36 (KHTML, like Gecko; compatible; GPTBot/1.3; +https://openai.com/gptbot)"
66.249.64.128 - - [22/Jan/2026:09:27:22 -0500] "GET /pcmypage?callback=/product%2Fdetail%2m11688818036 HTTP/1.1" 403 555094 "-" "Mozilla/5.0 (Linux; Android 6.0.1; Nexus 5X Build/MMB29P) AppleWebKit/537.36 (KHTML, like Gecko) Chrome/143.0.7499.192 Mobile Safari/537.36 (compatible; GoogleOther)"
66.249.64.128 - - [22/Jan/2026:09:27:24 -0500] "GET /items/015004208.htm HTTP/1.1" 200 85401 "-" "Mozilla/5.0 (Linux; Android 6.0.1; Nexus 5X Build/MMB29P) AppleWebKit/537.36 (KHTML, like Gecko) Chrome/143.0.7499.192 Mobile Safari/537.36 (compatible; Googlebot/2.1; +http://www.google.com/bot.html)"
74.7.241.58 - - [22/Jan/2026:09:27:25 -0500] "GET /q-~111BGzlzZUrCmDheL3sgEHBYezIXrIAYQ12533/ HTTP/1.1" 200 - "https://idolatekno.com/?sitemap1000.xml" "Mozilla/5.0 AppleWebKit/537.36 (KHTML, like Gecko; compatible; GPTBot/1.3; +https://openai.com/gptbot)"
66.249.70.37 - - [22/Jan/2026:09:27:24 -0500] "GET /?pid=26304226231&channel=rating-conduct-criticize&cate_id=2518&page=https://mail.idolatekno.com/remote.do?q-~89T03ZHbjibApG0o8pDotVYX5UDKkaml357/ HTTP/1.1" 200 86405 "-" "Mozilla/5.0 (Linux; Android 6.0.1; Nexus 5X Build/MMB29P) AppleWebKit/537.36 (KHTML, like Gecko) Chrome/143.0.7499.192 Mobile Safari/537.36 (compatible; Googlebot/2.1; +http://www.google.com/bot.html)"
