74.7.241.58 - - [22/Jan/2026:09:11:27 -0500] "GET /q-~28VNm4rOY90dOIA2q647bbu3q5LdmqzT11264/ HTTP/1.1" 200 - "https://idolatekno.com/?sitemap1000.xml" "Mozilla/5.0 AppleWebKit/537.36 (KHTML, like Gecko; compatible; GPTBot/1.3; +https://openai.com/gptbot)"
66.249.64.129 - - [22/Jan/2026:09:11:28 -0500] "GET /pcmypage?callback=/product%2Fdetail%2m23241934870 HTTP/1.1" 403 559140 "-" "Mozilla/5.0 (Linux; Android 6.0.1; Nexus 5X Build/MMB29P) AppleWebKit/537.36 (KHTML, like Gecko) Chrome/143.0.7499.192 Mobile Safari/537.36 (compatible; GoogleOther)"
202.76.137.133 - - [22/Jan/2026:09:11:28 -0500] "GET /q-~178OEZvkxHLdr4BNqNacvoCKT4Iq7Cn6n5266/ HTTP/1.1" 200 - "-" "Mozilla/5.0 (X11; OpenBSD amd64; rv:28.0) Gecko/20100101 Firefox/28.0"
74.7.241.58 - - [22/Jan/2026:09:11:30 -0500] "GET /q-~96U60MHyNI2VqtA855LqbFV2qr6N9saP38180/ HTTP/1.1" 200 - "https://idolatekno.com/sitemap16.xml" "Mozilla/5.0 AppleWebKit/537.36 (KHTML, like Gecko; compatible; GPTBot/1.3; +https://openai.com/gptbot)"
74.7.241.58 - - [22/Jan/2026:09:11:33 -0500] "GET /q-~189EjkKF77u795QkvrdX1yAXC5F4q8lhc7427/ HTTP/1.1" 200 - "https://idolatekno.com/sitemap79.xml" "Mozilla/5.0 AppleWebKit/537.36 (KHTML, like Gecko; compatible; GPTBot/1.3; +https://openai.com/gptbot)"
66.249.70.32 - - [22/Jan/2026:09:11:33 -0500] "GET /?pid=26304226231&channel=neat-energy-wish&cate_id=2518&page=https://mail.idolatekno.com/remote.do?items/105016560.htm HTTP/1.1" 200 85513 "-" "Mozilla/5.0 (Linux; Android 6.0.1; Nexus 5X Build/MMB29P) AppleWebKit/537.36 (KHTML, like Gecko) Chrome/143.0.7499.192 Mobile Safari/537.36 (compatible; Googlebot/2.1; +http://www.google.com/bot.html)"
74.7.241.58 - - [22/Jan/2026:09:11:36 -0500] "GET /q-~224ngis5KYqI6c5S7Au090TMhl6I3rgOG8064/ HTTP/1.1" 200 - "https://idolatekno.com/sitemap63.xml" "Mozilla/5.0 AppleWebKit/537.36 (KHTML, like Gecko; compatible; GPTBot/1.3; +https://openai.com/gptbot)"
74.7.241.58 - - [22/Jan/2026:09:11:39 -0500] "GET /q-~95ic8kO1PpEQP7ZD23PnN82yt9no2wHT16525/ HTTP/1.1" 200 - "https://idolatekno.com/?sitemap317.xml" "Mozilla/5.0 AppleWebKit/537.36 (KHTML, like Gecko; compatible; GPTBot/1.3; +https://openai.com/gptbot)"
66.249.70.32 - - [22/Jan/2026:09:11:41 -0500] "GET /?pid=26304226231&channel=prohibit-painting-belief&cate_id=2518&page=https://mail.idolatekno.com/remote.do?q-~190enMlJgAgB2JX5tBABv4BX94RHjPVbV29322/ HTTP/1.1" 200 85606 "-" "Mozilla/5.0 (Linux; Android 6.0.1; Nexus 5X Build/MMB29P) AppleWebKit/537.36 (KHTML, like Gecko) Chrome/143.0.7499.192 Mobile Safari/537.36 (compatible; Googlebot/2.1; +http://www.google.com/bot.html)"
66.249.64.128 - - [22/Jan/2026:09:11:41 -0500] "GET /pcmypage?callback=/product%2Fdetail%2m20059829308 HTTP/1.1" 403 556560 "-" "Mozilla/5.0 (Linux; Android 6.0.1; Nexus 5X Build/MMB29P) AppleWebKit/537.36 (KHTML, like Gecko) Chrome/143.0.7499.192 Mobile Safari/537.36 (compatible; GoogleOther)"
74.7.241.58 - - [22/Jan/2026:09:11:43 -0500] "GET /q-~82c65eIBv591DaHdaMRD237igBVati9U29900/ HTTP/1.1" 200 - "https://idolatekno.com/?sitemap503.xml" "Mozilla/5.0 AppleWebKit/537.36 (KHTML, like Gecko; compatible; GPTBot/1.3; +https://openai.com/gptbot)"
66.249.64.129 - - [22/Jan/2026:09:11:43 -0500] "GET /pcmypage?callback=/product%2Fdetail%2m44008704094 HTTP/1.1" 403 562968 "-" "Mozilla/5.0 (Linux; Android 6.0.1; Nexus 5X Build/MMB29P) AppleWebKit/537.36 (KHTML, like Gecko) Chrome/143.0.7499.192 Mobile Safari/537.36 (compatible; GoogleOther)"
74.7.241.58 - - [22/Jan/2026:09:11:46 -0500] "GET /q-~21K3O0HIiqmskx2R31q6JshteWt08w0r36489/ HTTP/1.1" 200 - "https://idolatekno.com/sitemap27.xml" "Mozilla/5.0 AppleWebKit/537.36 (KHTML, like Gecko; compatible; GPTBot/1.3; +https://openai.com/gptbot)"
74.7.241.58 - - [22/Jan/2026:09:11:49 -0500] "GET /q-~120ngis5KYqI6c5S7Au090TMhl6I3rgOG8168/ HTTP/1.1" 200 - "https://idolatekno.com/sitemap16.xml" "Mozilla/5.0 AppleWebKit/537.36 (KHTML, like Gecko; compatible; GPTBot/1.3; +https://openai.com/gptbot)"
66.249.70.32 - - [22/Jan/2026:09:11:48 -0500] "GET /?pid=26304226231&channel=sequence-course-intact&cate_id=2518&page=https://mail.idolatekno.com/remote.do?items/078031497.htm HTTP/1.1" 200 85516 "-" "Mozilla/5.0 (Linux; Android 6.0.1; Nexus 5X Build/MMB29P) AppleWebKit/537.36 (KHTML, like Gecko) Chrome/143.0.7499.192 Mobile Safari/537.36 (compatible; Googlebot/2.1; +http://www.google.com/bot.html)"
74.7.241.58 - - [22/Jan/2026:09:11:52 -0500] "GET /q-~52d0fYi3zaI7SgGn7al7oBBX78oj8W2r36596/ HTTP/1.1" 200 - "https://idolatekno.com/sitemap78.xml" "Mozilla/5.0 AppleWebKit/537.36 (KHTML, like Gecko; compatible; GPTBot/1.3; +https://openai.com/gptbot)"
114.119.130.27 - - [22/Jan/2026:09:11:52 -0500] "GET /q-~209veo1vxodNJgXGCbkzN5Lxaf9T0ChiT11139/ HTTP/1.1" 200 - "https://mail.idolatekno.com/sitemapd.xml" "Mozilla/5.0 (Linux; Android 7.0;) AppleWebKit/537.36 (KHTML, like Gecko) Mobile Safari/537.36 (compatible; PetalBot;+https://webmaster.petalsearch.com/site/petalbot)"
74.7.241.58 - - [22/Jan/2026:09:11:55 -0500] "GET /q-~46Te3er2rn1o9cbXNq89i4qieFDv7h2j28446/ HTTP/1.1" 200 - "https://idolatekno.com/?sitemap1000.xml" "Mozilla/5.0 AppleWebKit/537.36 (KHTML, like Gecko; compatible; GPTBot/1.3; +https://openai.com/gptbot)"
66.249.70.33 - - [22/Jan/2026:09:11:56 -0500] "GET /?pid=26304226231&channel=campus-dynamic-dangerous&cate_id=2518&page=https://mail.idolatekno.com/remote.do?items/002001011.htm HTTP/1.1" 200 85863 "-" "Mozilla/5.0 (Linux; Android 6.0.1; Nexus 5X Build/MMB29P) AppleWebKit/537.36 (KHTML, like Gecko) Chrome/143.0.7499.192 Mobile Safari/537.36 (compatible; Googlebot/2.1; +http://www.google.com/bot.html)"
66.249.64.130 - - [22/Jan/2026:09:11:57 -0500] "GET /q-~136ebQepRBxBVvS1NrfGWU1pxuSWaFRdM1210/ HTTP/1.1" 200 86002 "-" "Mozilla/5.0 (Linux; Android 6.0.1; Nexus 5X Build/MMB29P) AppleWebKit/537.36 (KHTML, like Gecko) Chrome/143.0.7499.192 Mobile Safari/537.36 (compatible; GoogleOther)"
74.7.241.58 - - [22/Jan/2026:09:11:58 -0500] "GET /q-~16MFU1ZKQ2m6T7hXR05QNXH36EU5tjxp36870/ HTTP/1.1" 200 - "https://idolatekno.com/?sitemap317.xml" "Mozilla/5.0 AppleWebKit/537.36 (KHTML, like Gecko; compatible; GPTBot/1.3; +https://openai.com/gptbot)"
66.249.64.129 - - [22/Jan/2026:09:11:59 -0500] "GET /pcmypage?callback=/product%2Fdetail%2m91425492176 HTTP/1.1" 403 555841 "-" "Mozilla/5.0 (Linux; Android 6.0.1; Nexus 5X Build/MMB29P) AppleWebKit/537.36 (KHTML, like Gecko) Chrome/143.0.7499.192 Mobile Safari/537.36 (compatible; GoogleOther)"
74.7.241.58 - - [22/Jan/2026:09:12:01 -0500] "GET /q-~277SpmSfyQ3i9Pxrj2Zm17a9xKR1ga92C5815/ HTTP/1.1" 200 - "https://idolatekno.com/?sitemap317.xml" "Mozilla/5.0 AppleWebKit/537.36 (KHTML, like Gecko; compatible; GPTBot/1.3; +https://openai.com/gptbot)"
66.249.70.34 - - [22/Jan/2026:09:12:04 -0500] "GET /?pid=26304226231&channel=upper-fruit-trunk&cate_id=2518&page=https://mail.idolatekno.com/remote.do?q-~277qpBRb6jbNgU3TVFJLhnSwVf8zgfEBn18963/ HTTP/1.1" 200 85365 "-" "Mozilla/5.0 (Linux; Android 6.0.1; Nexus 5X Build/MMB29P) AppleWebKit/537.36 (KHTML, like Gecko) Chrome/143.0.7499.192 Mobile Safari/537.36 (compatible; Googlebot/2.1; +http://www.google.com/bot.html)"
2a03:2880:f80e:3f:: - - [22/Jan/2026:09:12:04 -0500] "GET /m/chang81697183?id=1713441 HTTP/1.1" 200 - "-" "meta-externalagent/1.1 (+https://developers.facebook.com/docs/sharing/webmasters/crawler)"
74.7.241.58 - - [22/Jan/2026:09:12:04 -0500] "GET /q-~112m1ll7sMRrnd3FVJ6xtxW22wf4CK45I4566/ HTTP/1.1" 200 - "https://idolatekno.com/?sitemap503.xml" "Mozilla/5.0 AppleWebKit/537.36 (KHTML, like Gecko; compatible; GPTBot/1.3; +https://openai.com/gptbot)"
74.7.241.58 - - [22/Jan/2026:09:12:07 -0500] "GET /q-~22ZH6xmpHTUZ4oqzs1rb0228lX07rcyW30820/ HTTP/1.1" 200 - "https://idolatekno.com/?sitemap442.xml" "Mozilla/5.0 AppleWebKit/537.36 (KHTML, like Gecko; compatible; GPTBot/1.3; +https://openai.com/gptbot)"
74.7.241.58 - - [22/Jan/2026:09:12:11 -0500] "GET /q-~127tuqE5tm68pll0Z68AzT2tJsRTSM88g1439/ HTTP/1.1" 200 - "https://idolatekno.com/sitemap21.xml" "Mozilla/5.0 AppleWebKit/537.36 (KHTML, like Gecko; compatible; GPTBot/1.3; +https://openai.com/gptbot)"
66.249.70.32 - - [22/Jan/2026:09:12:11 -0500] "GET /?pid=26304226231&channel=timing-structural-prevent&cate_id=2518&page=https://mail.idolatekno.com/remote.do?items/219029982.htm HTTP/1.1" 200 85741 "-" "Mozilla/5.0 (Linux; Android 6.0.1; Nexus 5X Build/MMB29P) AppleWebKit/537.36 (KHTML, like Gecko) Chrome/143.0.7499.192 Mobile Safari/537.36 (compatible; Googlebot/2.1; +http://www.google.com/bot.html)"
66.249.64.128 - - [22/Jan/2026:09:12:11 -0500] "GET /q-~43u60MdxhK1LywABcLXawOsnkpXKRqQZ22537/ HTTP/1.1" 200 85484 "-" "Mozilla/5.0 (Linux; Android 6.0.1; Nexus 5X Build/MMB29P) AppleWebKit/537.36 (KHTML, like Gecko) Chrome/143.0.7499.192 Mobile Safari/537.36 (compatible; GoogleOther)"
74.7.241.58 - - [22/Jan/2026:09:12:14 -0500] "GET /q-~300Eg8o7XZ1yFMz5r1uS7IAcEF1o4Z7wW8494/ HTTP/1.1" 200 - "https://idolatekno.com/?sitemap442.xml" "Mozilla/5.0 AppleWebKit/537.36 (KHTML, like Gecko; compatible; GPTBot/1.3; +https://openai.com/gptbot)"
66.249.64.129 - - [22/Jan/2026:09:12:15 -0500] "GET /pcmypage?callback=/product%2Fdetail%2m90885195026 HTTP/1.1" 403 560810 "-" "Mozilla/5.0 (Linux; Android 6.0.1; Nexus 5X Build/MMB29P) AppleWebKit/537.36 (KHTML, like Gecko) Chrome/143.0.7499.192 Mobile Safari/537.36 (compatible; GoogleOther)"
74.7.241.58 - - [22/Jan/2026:09:12:17 -0500] "GET /q-~73bGa1H5Ek2lvBygJbM0P2E9Le9EA20v12997/ HTTP/1.1" 200 - "https://idolatekno.com/sitemap14.xml" "Mozilla/5.0 AppleWebKit/537.36 (KHTML, like Gecko; compatible; GPTBot/1.3; +https://openai.com/gptbot)"
66.249.70.32 - - [22/Jan/2026:09:12:19 -0500] "GET /?pid=26304226231&channel=spiritual-continuing-glad&cate_id=2518&page=https://mail.idolatekno.com/remote.do?items/112026409.htm HTTP/1.1" 200 85221 "-" "Mozilla/5.0 (Linux; Android 6.0.1; Nexus 5X Build/MMB29P) AppleWebKit/537.36 (KHTML, like Gecko) Chrome/143.0.7499.192 Mobile Safari/537.36 (compatible; Googlebot/2.1; +http://www.google.com/bot.html)"
74.7.241.58 - - [22/Jan/2026:09:12:20 -0500] "GET /q-~234aSw40u0QZE6gDnUD3XdXZ4tOF7P46Q4556/ HTTP/1.1" 200 - "https://idolatekno.com/sitemap27.xml" "Mozilla/5.0 AppleWebKit/537.36 (KHTML, like Gecko; compatible; GPTBot/1.3; +https://openai.com/gptbot)"
114.119.135.195 - - [22/Jan/2026:09:12:22 -0500] "GET /q-~209lBKBksJRVZEi0F7y4soSzFYo7MIwKT31897/ HTTP/1.1" 200 - "https://mail.idolatekno.com/sitemapc.xml" "Mozilla/5.0 (Linux; Android 7.0;) AppleWebKit/537.36 (KHTML, like Gecko) Mobile Safari/537.36 (compatible; PetalBot;+https://webmaster.petalsearch.com/site/petalbot)"
146.174.161.215 - - [22/Jan/2026:09:12:23 -0500] "GET /q-~179jVLpt7LSpRR93xIxyq111EUAhzh2wd49139/ HTTP/1.1" 200 - "-" "Mozilla/5.0 (Macintosh; U; Intel Mac OS X 10_6_4; en-US) AppleWebKit/534.16 (KHTML, like Gecko) Chrome/10.0.648.0 Safari/534.16"
74.7.241.58 - - [22/Jan/2026:09:12:23 -0500] "GET /q-~265HM96Oir7nr3s57h9VP3fcMLJU4rkiS2587/ HTTP/1.1" 200 - "https://idolatekno.com/sitemap49.xml" "Mozilla/5.0 AppleWebKit/537.36 (KHTML, like Gecko; compatible; GPTBot/1.3; +https://openai.com/gptbot)"
66.249.64.128 - - [22/Jan/2026:09:12:25 -0500] "GET /pcmypage?callback=/product%2Fdetail%2m81901338878 HTTP/1.1" 403 554462 "-" "Mozilla/5.0 (Linux; Android 6.0.1; Nexus 5X Build/MMB29P) AppleWebKit/537.36 (KHTML, like Gecko) Chrome/143.0.7499.192 Mobile Safari/537.36 (compatible; GoogleOther)"
74.7.241.58 - - [22/Jan/2026:09:12:26 -0500] "GET /q-~28c3Hagw41q1uMzx918Z5npegLi6BHHV29576/ HTTP/1.1" 200 - "https://idolatekno.com/sitemap73.xml" "Mozilla/5.0 AppleWebKit/537.36 (KHTML, like Gecko; compatible; GPTBot/1.3; +https://openai.com/gptbot)"
74.7.241.58 - - [22/Jan/2026:09:12:29 -0500] "GET /q-~265XzX9CeoD42E7zOHs61686IHXQLnbDZ4563/ HTTP/1.1" 200 - "https://idolatekno.com/?sitemap1000.xml" "Mozilla/5.0 AppleWebKit/537.36 (KHTML, like Gecko; compatible; GPTBot/1.3; +https://openai.com/gptbot)"
66.249.64.128 - - [22/Jan/2026:09:12:32 -0500] "GET /pcmypage?callback=/product%2Fdetail%2m70138942896 HTTP/1.1" 403 557227 "-" "Mozilla/5.0 (Linux; Android 6.0.1; Nexus 5X Build/MMB29P) AppleWebKit/537.36 (KHTML, like Gecko) Chrome/143.0.7499.192 Mobile Safari/537.36 (compatible; GoogleOther)"
74.7.241.58 - - [22/Jan/2026:09:12:33 -0500] "GET /q-~225ngis5KYqI6c5S7Au090TMhl6I3rgOG8063/ HTTP/1.1" 200 - "https://idolatekno.com/?sitemap442.xml" "Mozilla/5.0 AppleWebKit/537.36 (KHTML, like Gecko; compatible; GPTBot/1.3; +https://openai.com/gptbot)"
66.249.70.36 - - [22/Jan/2026:09:12:33 -0500] "GET /?pid=26304226231&channel=eight-planet-exchange&cate_id=2518&page=https://mail.idolatekno.com/remote.do?items/171034988.htm HTTP/1.1" 200 85545 "-" "Mozilla/5.0 (Linux; Android 6.0.1; Nexus 5X Build/MMB29P) AppleWebKit/537.36 (KHTML, like Gecko) Chrome/143.0.7499.192 Mobile Safari/537.36 (compatible; Googlebot/2.1; +http://www.google.com/bot.html)"
74.7.241.58 - - [22/Jan/2026:09:12:36 -0500] "GET /q-~24vFXHU707DfuI3yBV632Zx71MEaUgqd39246/ HTTP/1.1" 200 - "https://idolatekno.com/sitemap73.xml" "Mozilla/5.0 AppleWebKit/537.36 (KHTML, like Gecko; compatible; GPTBot/1.3; +https://openai.com/gptbot)"
74.7.241.58 - - [22/Jan/2026:09:12:39 -0500] "GET /q-~19NjCj2oh815ND3OvmCZHmn8G37V5Ctx43995/ HTTP/1.1" 200 - "https://idolatekno.com/?sitemap442.xml" "Mozilla/5.0 AppleWebKit/537.36 (KHTML, like Gecko; compatible; GPTBot/1.3; +https://openai.com/gptbot)"
66.249.64.128 - - [22/Jan/2026:09:12:40 -0500] "GET /q-~295n1dfQrxQWUlBh1FViOsRj0nfYzrdCQ13097/ HTTP/1.1" 200 85493 "-" "Mozilla/5.0 (Linux; Android 6.0.1; Nexus 5X Build/MMB29P) AppleWebKit/537.36 (KHTML, like Gecko) Chrome/143.0.7499.192 Mobile Safari/537.36 (compatible; GoogleOther)"
66.249.70.36 - - [22/Jan/2026:09:12:40 -0500] "GET /?pid=26304226231&channel=Irish-pine-immediately&cate_id=2518&page=https://mail.idolatekno.com/remote.do?q-~137r8zj1515JjoX0cd1FI5lorbLwH46Tl21595/ HTTP/1.1" 200 85608 "-" "Mozilla/5.0 (Linux; Android 6.0.1; Nexus 5X Build/MMB29P) AppleWebKit/537.36 (KHTML, like Gecko) Chrome/143.0.7499.192 Mobile Safari/537.36 (compatible; Googlebot/2.1; +http://www.google.com/bot.html)"
74.7.241.58 - - [22/Jan/2026:09:12:42 -0500] "GET /q-~96uEsS4p7049Qc3vz8kSSEndBUUBT92V25128/ HTTP/1.1" 200 - "https://idolatekno.com/?sitemap1000.xml" "Mozilla/5.0 AppleWebKit/537.36 (KHTML, like Gecko; compatible; GPTBot/1.3; +https://openai.com/gptbot)"
74.7.241.58 - - [22/Jan/2026:09:12:45 -0500] "GET /q-~81d586mKxUhye034m1wWy3XNn4fSiKCP38087/ HTTP/1.1" 200 - "https://idolatekno.com/sitemap79.xml" "Mozilla/5.0 AppleWebKit/537.36 (KHTML, like Gecko; compatible; GPTBot/1.3; +https://openai.com/gptbot)"
114.119.130.167 - - [22/Jan/2026:09:12:48 -0500] "GET /q-~209j90czmNMX5575vl9NFBHVIJ6V2lXOp7403/ HTTP/1.1" 200 - "https://mail.idolatekno.com/sitemapb.xml" "Mozilla/5.0 (Linux; Android 7.0;) AppleWebKit/537.36 (KHTML, like Gecko) Mobile Safari/537.36 (compatible; PetalBot;+https://webmaster.petalsearch.com/site/petalbot)"
66.249.70.36 - - [22/Jan/2026:09:12:48 -0500] "GET /?pid=26304226231&channel=warmth-steal-personnel&cate_id=2518&page=https://mail.idolatekno.com/remote.do?items/137036186.htm HTTP/1.1" 200 85917 "-" "Mozilla/5.0 (Linux; Android 6.0.1; Nexus 5X Build/MMB29P) AppleWebKit/537.36 (KHTML, like Gecko) Chrome/143.0.7499.192 Mobile Safari/537.36 (compatible; Googlebot/2.1; +http://www.google.com/bot.html)"
74.7.241.58 - - [22/Jan/2026:09:12:48 -0500] "GET /q-~107dDO6S44AJtvVvqBZXO938h8a5Zuz7x7021/ HTTP/1.1" 200 - "https://idolatekno.com/sitemap27.xml" "Mozilla/5.0 AppleWebKit/537.36 (KHTML, like Gecko; compatible; GPTBot/1.3; +https://openai.com/gptbot)"
66.249.64.129 - - [22/Jan/2026:09:12:49 -0500] "GET /pcmypage?callback=/product%2Fdetail%2m76216584752 HTTP/1.1" 403 560350 "-" "Mozilla/5.0 (Linux; Android 6.0.1; Nexus 5X Build/MMB29P) AppleWebKit/537.36 (KHTML, like Gecko) Chrome/143.0.7499.192 Mobile Safari/537.36 (compatible; GoogleOther)"
74.7.241.58 - - [22/Jan/2026:09:12:52 -0500] "GET /q-~221M38f07Ni5Nqswgl7yRQNc2cq8nCG2B3417/ HTTP/1.1" 200 - "https://idolatekno.com/?sitemap305.xml" "Mozilla/5.0 AppleWebKit/537.36 (KHTML, like Gecko; compatible; GPTBot/1.3; +https://openai.com/gptbot)"
66.249.64.129 - - [22/Jan/2026:09:12:54 -0500] "GET /q-~67CBO7iOMHXgKFWg5T54g1EX3b2jo5ri9193/ HTTP/1.1" 200 85212 "-" "Mozilla/5.0 (Linux; Android 6.0.1; Nexus 5X Build/MMB29P) AppleWebKit/537.36 (KHTML, like Gecko) Chrome/143.0.7499.192 Mobile Safari/537.36 (compatible; GoogleOther)"
74.7.241.58 - - [22/Jan/2026:09:12:55 -0500] "GET /q-~39M3Y3JTKg3qSrU44x0VQlp3geA1di5B37937/ HTTP/1.1" 200 - "https://idolatekno.com/sitemap785.xml" "Mozilla/5.0 AppleWebKit/537.36 (KHTML, like Gecko; compatible; GPTBot/1.3; +https://openai.com/gptbot)"
66.249.70.37 - - [22/Jan/2026:09:12:55 -0500] "GET /?pid=26304226231&channel=rumor-oven-discovery&cate_id=2518&page=https://mail.idolatekno.com/remote.do?q-~60Unz3gWdMszfYcCb7IKASVYN57xbbyJ29394/ HTTP/1.1" 200 87052 "-" "Mozilla/5.0 (Linux; Android 6.0.1; Nexus 5X Build/MMB29P) AppleWebKit/537.36 (KHTML, like Gecko) Chrome/143.0.7499.192 Mobile Safari/537.36 (compatible; Googlebot/2.1; +http://www.google.com/bot.html)"
74.7.241.58 - - [22/Jan/2026:09:12:58 -0500] "GET /q-~194C62lhKVLv5pJd88kSgbaY0v85YH9bj4880/ HTTP/1.1" 200 - "https://idolatekno.com/?sitemap442.xml" "Mozilla/5.0 AppleWebKit/537.36 (KHTML, like Gecko; compatible; GPTBot/1.3; +https://openai.com/gptbot)"
74.7.241.58 - - [22/Jan/2026:09:13:01 -0500] "GET /q-~79rpAzPTmv015iMAJ84wX49sdqHk44QQ44005/ HTTP/1.1" 200 - "https://idolatekno.com/sitemap14.xml" "Mozilla/5.0 AppleWebKit/537.36 (KHTML, like Gecko; compatible; GPTBot/1.3; +https://openai.com/gptbot)"
66.249.70.38 - - [22/Jan/2026:09:13:03 -0500] "GET /?pid=26304226231&channel=road-rhythm-pen&cate_id=2518&page=https://mail.idolatekno.com/remote.do?q-~221AyFzjdSqBcojbl4NPxa1A6r3cPpcEU47381/ HTTP/1.1" 200 86097 "-" "Mozilla/5.0 (Linux; Android 6.0.1; Nexus 5X Build/MMB29P) AppleWebKit/537.36 (KHTML, like Gecko) Chrome/143.0.7499.192 Mobile Safari/537.36 (compatible; Googlebot/2.1; +http://www.google.com/bot.html)"
74.7.241.58 - - [22/Jan/2026:09:13:05 -0500] "GET /q-~300z7aIJKw6P8Nx5L1rDxS12n3F7hPVeM6872/ HTTP/1.1" 200 - "https://idolatekno.com/?sitemap503.xml" "Mozilla/5.0 AppleWebKit/537.36 (KHTML, like Gecko; compatible; GPTBot/1.3; +https://openai.com/gptbot)"
66.249.64.129 - - [22/Jan/2026:09:13:06 -0500] "GET /pcmypage?callback=/product%2Fdetail%2m30571026721 HTTP/1.1" 403 564409 "-" "Mozilla/5.0 (Linux; Android 6.0.1; Nexus 5X Build/MMB29P) AppleWebKit/537.36 (KHTML, like Gecko) Chrome/143.0.7499.192 Mobile Safari/537.36 (compatible; GoogleOther)"
74.7.241.58 - - [22/Jan/2026:09:13:08 -0500] "GET /q-~61GXmlZlw7v4i2tbN03GU7khD0Ik31al32043/ HTTP/1.1" 200 - "https://idolatekno.com/?sitemap317.xml" "Mozilla/5.0 AppleWebKit/537.36 (KHTML, like Gecko; compatible; GPTBot/1.3; +https://openai.com/gptbot)"
66.249.64.129 - - [22/Jan/2026:09:13:09 -0500] "GET /q-~288inYk54Po18R4LYCo7dffOpwVJGyegr37962/ HTTP/1.1" 200 86100 "-" "Mozilla/5.0 (Linux; Android 6.0.1; Nexus 5X Build/MMB29P) AppleWebKit/537.36 (KHTML, like Gecko) Chrome/143.0.7499.192 Mobile Safari/537.36 (compatible; GoogleOther)"
66.249.70.37 - - [22/Jan/2026:09:13:10 -0500] "GET /?pid=26304226231&channel=slow-fault-seat&cate_id=2518&page=https://mail.idolatekno.com/remote.do?q-~283vLDrGKDxuA5U2jLaBCsxMT8kbRsOlO41065/ HTTP/1.1" 200 86412 "-" "Mozilla/5.0 (Linux; Android 6.0.1; Nexus 5X Build/MMB29P) AppleWebKit/537.36 (KHTML, like Gecko) Chrome/143.0.7499.192 Mobile Safari/537.36 (compatible; Googlebot/2.1; +http://www.google.com/bot.html)"
66.249.70.36 - - [22/Jan/2026:09:13:11 -0500] "GET /?pid=26304226231&channel=regarding-technician-Chinese&cate_id=2518&page=https://mail.idolatekno.com/remote.do?q-~245iW15N9RnZ0fOSuSQpoX6LyYqhkX6qx28369/ HTTP/1.1" 200 86311 "-" "Mozilla/5.0 (Linux; Android 6.0.1; Nexus 5X Build/MMB29P) AppleWebKit/537.36 (KHTML, like Gecko) Chrome/143.0.7499.192 Mobile Safari/537.36 (compatible; Googlebot/2.1; +http://www.google.com/bot.html)"
74.7.241.58 - - [22/Jan/2026:09:13:11 -0500] "GET /q-~51Sq52a4CcRpu4CbmK7P2peM0i5g8ETs37597/ HTTP/1.1" 200 - "https://idolatekno.com/sitemap29.xml" "Mozilla/5.0 AppleWebKit/537.36 (KHTML, like Gecko; compatible; GPTBot/1.3; +https://openai.com/gptbot)"
74.7.241.58 - - [22/Jan/2026:09:13:14 -0500] "GET /q-~150Eg8o7XZ1yFMz5r1uS7IAcEF1o4Z7wW8644/ HTTP/1.1" 200 - "https://idolatekno.com/sitemap785.xml" "Mozilla/5.0 AppleWebKit/537.36 (KHTML, like Gecko; compatible; GPTBot/1.3; +https://openai.com/gptbot)"
114.119.130.27 - - [22/Jan/2026:09:13:16 -0500] "GET /q-~209i3FPMwMbl7cygrVigU3Yo86JrjRpjA26423/ HTTP/1.1" 200 - "https://mail.idolatekno.com/sitemape.xml" "Mozilla/5.0 (Linux; Android 7.0;) AppleWebKit/537.36 (KHTML, like Gecko) Mobile Safari/537.36 (compatible; PetalBot;+https://webmaster.petalsearch.com/site/petalbot)"
74.7.241.58 - - [22/Jan/2026:09:13:17 -0500] "GET /q-~167QPiGMcE7id2leTv2Y6N56mY97X9uEn1811/ HTTP/1.1" 200 - "https://idolatekno.com/?sitemap317.xml" "Mozilla/5.0 AppleWebKit/537.36 (KHTML, like Gecko; compatible; GPTBot/1.3; +https://openai.com/gptbot)"
66.249.70.37 - - [22/Jan/2026:09:13:18 -0500] "GET /?pid=26304226231&channel=career-dignity-overnight&cate_id=2518&page=https://mail.idolatekno.com/remote.do?items/065022424.htm HTTP/1.1" 200 85623 "-" "Mozilla/5.0 (Linux; Android 6.0.1; Nexus 5X Build/MMB29P) AppleWebKit/537.36 (KHTML, like Gecko) Chrome/143.0.7499.192 Mobile Safari/537.36 (compatible; Googlebot/2.1; +http://www.google.com/bot.html)"
202.76.139.198 - - [22/Jan/2026:09:13:19 -0500] "GET /q-~17Ctezw9ZaEMnhKQDsiIcOapIQtyJg6J22545/ HTTP/1.1" 200 - "-" "Mozilla/5.0 (X11; U; Linux x86_64; en-US; rv:1.9.2.8) Gecko/20100723 SUSE/3.6.8-0.1.1 Firefox/3.6.8"
74.7.241.58 - - [22/Jan/2026:09:13:20 -0500] "GET /q-~288MW7Uo4qetgqT55HI4nUJs0m70d0bmF9768/ HTTP/1.1" 200 - "https://idolatekno.com/sitemap78.xml" "Mozilla/5.0 AppleWebKit/537.36 (KHTML, like Gecko; compatible; GPTBot/1.3; +https://openai.com/gptbot)"
66.249.64.130 - - [22/Jan/2026:09:13:23 -0500] "GET /pcmypage?callback=/product%2Fdetail%2m95229759350 HTTP/1.1" 403 561443 "-" "Mozilla/5.0 (Linux; Android 6.0.1; Nexus 5X Build/MMB29P) AppleWebKit/537.36 (KHTML, like Gecko) Chrome/143.0.7499.192 Mobile Safari/537.36 (compatible; GoogleOther)"
74.7.241.58 - - [22/Jan/2026:09:13:24 -0500] "GET /q-~109R0KI6DbQgN6R8i84Lt6sERQK3S2AGt1921/ HTTP/1.1" 200 - "https://idolatekno.com/sitemap785.xml" "Mozilla/5.0 AppleWebKit/537.36 (KHTML, like Gecko; compatible; GPTBot/1.3; +https://openai.com/gptbot)"
66.249.70.37 - - [22/Jan/2026:09:13:25 -0500] "GET /?pid=26304226231&channel=contemplate-weave-apparent&cate_id=2518&page=https://mail.idolatekno.com/remote.do?q-~117v8SsAHq7RKZLyizwH2j5UqmHm9zQnf16633/ HTTP/1.1" 200 85504 "-" "Mozilla/5.0 (Linux; Android 6.0.1; Nexus 5X Build/MMB29P) AppleWebKit/537.36 (KHTML, like Gecko) Chrome/143.0.7499.192 Mobile Safari/537.36 (compatible; Googlebot/2.1; +http://www.google.com/bot.html)"
66.249.64.129 - - [22/Jan/2026:09:13:25 -0500] "GET /pcmypage?callback=/product%2Fdetail%2m88692321088 HTTP/1.1" 403 569205 "-" "Mozilla/5.0 (Linux; Android 6.0.1; Nexus 5X Build/MMB29P) AppleWebKit/537.36 (KHTML, like Gecko) Chrome/143.0.7499.192 Mobile Safari/537.36 (compatible; GoogleOther)"
74.7.241.58 - - [22/Jan/2026:09:13:27 -0500] "GET /q-~14u9T27r14FffbN6odNQS3uZ0TR7EvQV14748/ HTTP/1.1" 200 - "https://idolatekno.com/?sitemap1000.xml" "Mozilla/5.0 AppleWebKit/537.36 (KHTML, like Gecko; compatible; GPTBot/1.3; +https://openai.com/gptbot)"
74.7.241.58 - - [22/Jan/2026:09:13:30 -0500] "GET /q-~18PW3FYf27J0f15UN2JdWvLjeJbX67Vd11026/ HTTP/1.1" 200 - "https://idolatekno.com/?sitemap1000.xml" "Mozilla/5.0 AppleWebKit/537.36 (KHTML, like Gecko; compatible; GPTBot/1.3; +https://openai.com/gptbot)"
66.249.70.37 - - [22/Jan/2026:09:13:32 -0500] "GET /?pid=26304226231&channel=leaf-fame-literary&cate_id=2518&page=https://mail.idolatekno.com/remote.do?items/294028731.htm HTTP/1.1" 200 85712 "-" "Mozilla/5.0 (Linux; Android 6.0.1; Nexus 5X Build/MMB29P) AppleWebKit/537.36 (KHTML, like Gecko) Chrome/143.0.7499.192 Mobile Safari/537.36 (compatible; Googlebot/2.1; +http://www.google.com/bot.html)"
74.7.241.58 - - [22/Jan/2026:09:13:33 -0500] "GET /q-~33GR33ArDuW1uqfZW7vPd0RP0n7O51ej49359/ HTTP/1.1" 200 - "https://idolatekno.com/?sitemap305.xml" "Mozilla/5.0 AppleWebKit/537.36 (KHTML, like Gecko; compatible; GPTBot/1.3; +https://openai.com/gptbot)"
66.249.70.36 - - [22/Jan/2026:09:13:33 -0500] "GET /q-~95gHWlYzTTeKrWEAIqm8BWvTXwZ1MGaE27553/ HTTP/1.1" 200 85652 "-" "Mozilla/5.0 (Linux; Android 6.0.1; Nexus 5X Build/MMB29P) AppleWebKit/537.36 (KHTML, like Gecko) Chrome/143.0.7499.192 Mobile Safari/537.36 (compatible; Googlebot/2.1; +http://www.google.com/bot.html)"
74.7.241.58 - - [22/Jan/2026:09:13:36 -0500] "GET /q-~79CZZj7ESFDA8ca1JldZ7228gYcG9b5Z37909/ HTTP/1.1" 200 - "https://idolatekno.com/?sitemap503.xml" "Mozilla/5.0 AppleWebKit/537.36 (KHTML, like Gecko; compatible; GPTBot/1.3; +https://openai.com/gptbot)"
66.249.70.36 - - [22/Jan/2026:09:13:36 -0500] "GET /?pid=26304226231&channel=valuable-someone-weaken&cate_id=2518&page=https://mail.idolatekno.com/remote.do?items/080020337.htm HTTP/1.1" 200 85620 "-" "Mozilla/5.0 (Linux; Android 6.0.1; Nexus 5X Build/MMB29P) AppleWebKit/537.36 (KHTML, like Gecko) Chrome/143.0.7499.192 Mobile Safari/537.36 (compatible; Googlebot/2.1; +http://www.google.com/bot.html)"
66.249.64.129 - - [22/Jan/2026:09:13:37 -0500] "GET /?x=2166640003788&channel=107e18&from=https://idolatekno.com/super.py?q-~29KLtDSn2UmDvNHyK6Z5CqnU8CWg9LMh45781/ HTTP/1.1" 200 85974 "-" "Mozilla/5.0 (Linux; Android 6.0.1; Nexus 5X Build/MMB29P) AppleWebKit/537.36 (KHTML, like Gecko) Chrome/143.0.7499.192 Mobile Safari/537.36 (compatible; GoogleOther)"
74.7.241.58 - - [22/Jan/2026:09:13:39 -0500] "GET /q-~226Inm8gCdt0u2Eb6pgz4aSj8T6Kx9I0R2600/ HTTP/1.1" 200 - "https://idolatekno.com/?sitemap317.xml" "Mozilla/5.0 AppleWebKit/537.36 (KHTML, like Gecko; compatible; GPTBot/1.3; +https://openai.com/gptbot)"
66.249.64.129 - - [22/Jan/2026:09:13:41 -0500] "GET /?x=2166640003788&channel=107e18&from=https://idolatekno.com/super.py?items/010005177.htm HTTP/1.1" 200 85258 "-" "Mozilla/5.0 (Linux; Android 6.0.1; Nexus 5X Build/MMB29P) AppleWebKit/537.36 (KHTML, like Gecko) Chrome/143.0.7499.192 Mobile Safari/537.36 (compatible; GoogleOther)"
74.7.241.58 - - [22/Jan/2026:09:13:42 -0500] "GET /q-~60ZPf1aG9YGR9tAD0KRUFgabI2Z4026F23714/ HTTP/1.1" 200 - "https://idolatekno.com/?sitemap317.xml" "Mozilla/5.0 AppleWebKit/537.36 (KHTML, like Gecko; compatible; GPTBot/1.3; +https://openai.com/gptbot)"
66.249.70.38 - - [22/Jan/2026:09:13:42 -0500] "GET /?pid=26304226231&channel=piece-nine-concentration&cate_id=2518&page=https://mail.idolatekno.com/remote.do?q-~28PPlfZofOSwl9r5yAj9rYaoKpwA42Jv37614/ HTTP/1.1" 200 86216 "-" "Mozilla/5.0 (Linux; Android 6.0.1; Nexus 5X Build/MMB29P) AppleWebKit/537.36 (KHTML, like Gecko) Chrome/143.0.7499.192 Mobile Safari/537.36 (compatible; Googlebot/2.1; +http://www.google.com/bot.html)"
114.119.130.167 - - [22/Jan/2026:09:13:43 -0500] "GET /q-~209cdLZLyKCPRq2IAaGZ92KglY7SfzeSt23047/ HTTP/1.1" 200 - "https://mail.idolatekno.com/sitemape.xml" "Mozilla/5.0 (Linux; Android 7.0;) AppleWebKit/537.36 (KHTML, like Gecko) Mobile Safari/537.36 (compatible; PetalBot;+https://webmaster.petalsearch.com/site/petalbot)"
74.7.241.58 - - [22/Jan/2026:09:13:45 -0500] "GET /q-~92JG99x2ZM1w9RZcILc31So35CqdLXcg26384/ HTTP/1.1" 200 - "https://idolatekno.com/sitemap785.xml" "Mozilla/5.0 AppleWebKit/537.36 (KHTML, like Gecko; compatible; GPTBot/1.3; +https://openai.com/gptbot)"
74.7.241.58 - - [22/Jan/2026:09:13:49 -0500] "GET /q-~250Nr9zt1SFa3MCKUM0J8g2QatbKb833U5436/ HTTP/1.1" 200 - "https://idolatekno.com/?sitemap305.xml" "Mozilla/5.0 AppleWebKit/537.36 (KHTML, like Gecko; compatible; GPTBot/1.3; +https://openai.com/gptbot)"
66.249.70.36 - - [22/Jan/2026:09:13:50 -0500] "GET /?pid=26304226231&channel=door-endorse-diplomat&cate_id=2518&page=https://mail.idolatekno.com/remote.do?items/202032507.htm HTTP/1.1" 200 85321 "-" "Mozilla/5.0 (Linux; Android 6.0.1; Nexus 5X Build/MMB29P) AppleWebKit/537.36 (KHTML, like Gecko) Chrome/143.0.7499.192 Mobile Safari/537.36 (compatible; Googlebot/2.1; +http://www.google.com/bot.html)"
74.7.241.58 - - [22/Jan/2026:09:13:52 -0500] "GET /q-~75Uy9cm3cFcBuQ8L27894u1kKryHFrfZ14933/ HTTP/1.1" 200 - "https://idolatekno.com/sitemap21.xml" "Mozilla/5.0 AppleWebKit/537.36 (KHTML, like Gecko; compatible; GPTBot/1.3; +https://openai.com/gptbot)"
66.249.70.37 - - [22/Jan/2026:09:13:52 -0500] "GET /q-~277ccMrhSUrtx7tSV2aeDb8WQJA9Zt3CJ29571/ HTTP/1.1" 200 86178 "-" "Mozilla/5.0 (Linux; Android 6.0.1; Nexus 5X Build/MMB29P) AppleWebKit/537.36 (KHTML, like Gecko) Chrome/143.0.7499.192 Mobile Safari/537.36 (compatible; GoogleOther)"
74.7.241.58 - - [22/Jan/2026:09:13:55 -0500] "GET /q-~68vFXHU707DfuI3yBV632Zx71MEaUgqd39202/ HTTP/1.1" 200 - "https://idolatekno.com/?sitemap442.xml" "Mozilla/5.0 AppleWebKit/537.36 (KHTML, like Gecko; compatible; GPTBot/1.3; +https://openai.com/gptbot)"
66.249.70.38 - - [22/Jan/2026:09:13:58 -0500] "GET /?pid=26304226231&channel=catalog-comfortable-isolated&cate_id=2518&page=https://mail.idolatekno.com/remote.do?q-~86LzGc2gpXKoutCekkIVFdEfAwUCH86S40128/ HTTP/1.1" 200 85880 "-" "Mozilla/5.0 (Linux; Android 6.0.1; Nexus 5X Build/MMB29P) AppleWebKit/537.36 (KHTML, like Gecko) Chrome/143.0.7499.192 Mobile Safari/537.36 (compatible; Googlebot/2.1; +http://www.google.com/bot.html)"
74.7.241.58 - - [22/Jan/2026:09:13:58 -0500] "GET /q-~77FR8SSxaDzhKB363AGDU8MgP5d07a1r47135/ HTTP/1.1" 200 - "https://idolatekno.com/?sitemap317.xml" "Mozilla/5.0 AppleWebKit/537.36 (KHTML, like Gecko; compatible; GPTBot/1.3; +https://openai.com/gptbot)"
66.249.64.128 - - [22/Jan/2026:09:13:58 -0500] "GET /pcmypage?callback=/product%2Fdetail%2m50969600113 HTTP/1.1" 403 562581 "-" "Mozilla/5.0 (Linux; Android 6.0.1; Nexus 5X Build/MMB29P) AppleWebKit/537.36 (KHTML, like Gecko) Chrome/143.0.7499.192 Mobile Safari/537.36 (compatible; GoogleOther)"
74.7.241.58 - - [22/Jan/2026:09:14:01 -0500] "GET /q-~68uX38A7872I0nLum2hVVwAhxZ6GhBgD25478/ HTTP/1.1" 200 - "https://idolatekno.com/sitemap78.xml" "Mozilla/5.0 AppleWebKit/537.36 (KHTML, like Gecko; compatible; GPTBot/1.3; +https://openai.com/gptbot)"
74.7.241.58 - - [22/Jan/2026:09:14:04 -0500] "GET /q-~164wA9l3wYD7kk2puTh7i93OICewLA10m1944/ HTTP/1.1" 200 - "https://idolatekno.com/?sitemap442.xml" "Mozilla/5.0 AppleWebKit/537.36 (KHTML, like Gecko; compatible; GPTBot/1.3; +https://openai.com/gptbot)"
66.249.70.37 - - [22/Jan/2026:09:14:05 -0500] "GET /?pid=26304226231&channel=chill-socially-confuse&cate_id=2518&page=https://mail.idolatekno.com/remote.do?items/238040545.htm HTTP/1.1" 200 85426 "-" "Mozilla/5.0 (Linux; Android 6.0.1; Nexus 5X Build/MMB29P) AppleWebKit/537.36 (KHTML, like Gecko) Chrome/143.0.7499.192 Mobile Safari/537.36 (compatible; Googlebot/2.1; +http://www.google.com/bot.html)"
74.7.241.58 - - [22/Jan/2026:09:14:07 -0500] "GET /q-~57NjCj2oh815ND3OvmCZHmn8G37V5Ctx43957/ HTTP/1.1" 200 - "https://idolatekno.com/?sitemap1000.xml" "Mozilla/5.0 AppleWebKit/537.36 (KHTML, like Gecko; compatible; GPTBot/1.3; +https://openai.com/gptbot)"
66.249.64.130 - - [22/Jan/2026:09:14:08 -0500] "GET /pcmypage?callback=/product%2Fdetail%2m98755864260 HTTP/1.1" 403 556417 "-" "Mozilla/5.0 (Linux; Android 6.0.1; Nexus 5X Build/MMB29P) AppleWebKit/537.36 (KHTML, like Gecko) Chrome/143.0.7499.192 Mobile Safari/537.36 (compatible; GoogleOther)"
74.7.241.58 - - [22/Jan/2026:09:14:11 -0500] "GET /q-~116QPiGMcE7id2leTv2Y6N56mY97X9uEn1862/ HTTP/1.1" 200 - "https://idolatekno.com/sitemap16.xml" "Mozilla/5.0 AppleWebKit/537.36 (KHTML, like Gecko; compatible; GPTBot/1.3; +https://openai.com/gptbot)"
114.119.133.190 - - [22/Jan/2026:09:14:11 -0500] "GET /q-~209brSgyEUZIzq5E8eC71nnQ3Wzcp5SkZ45021/ HTTP/1.1" 200 - "https://mail.idolatekno.com/sitemapd.xml" "Mozilla/5.0 (Linux; Android 7.0;) AppleWebKit/537.36 (KHTML, like Gecko) Mobile Safari/537.36 (compatible; PetalBot;+https://webmaster.petalsearch.com/site/petalbot)"
66.249.70.38 - - [22/Jan/2026:09:14:13 -0500] "GET /?pid=26304226231&channel=fork-customer-compound&cate_id=2518&page=https://mail.idolatekno.com/remote.do?q-~117ePWMXRD6RKzy2S8QGo9SuIgF24jENu44913/ HTTP/1.1" 200 85573 "-" "Mozilla/5.0 (Linux; Android 6.0.1; Nexus 5X Build/MMB29P) AppleWebKit/537.36 (KHTML, like Gecko) Chrome/143.0.7499.192 Mobile Safari/537.36 (compatible; Googlebot/2.1; +http://www.google.com/bot.html)"
74.7.241.58 - - [22/Jan/2026:09:14:14 -0500] "GET /q-~158Z2MiiH9GcUAp5C00BFJF22Iho9U6AW4810/ HTTP/1.1" 200 - "https://idolatekno.com/sitemap14.xml" "Mozilla/5.0 AppleWebKit/537.36 (KHTML, like Gecko; compatible; GPTBot/1.3; +https://openai.com/gptbot)"
82.194.22.123 - - [22/Jan/2026:09:14:15 -0500] "GET /q-~184ig8Goj8QjdmS0f7pYIXqSZOImN7R8I39834/ HTTP/1.1" 200 - "-" "Mozilla/5.0 Slackware/13.37 (X11; U; Linux x86_64; en-US) AppleWebKit/534.16 (KHTML, like Gecko) Chrome/12.0.742.91"
66.249.64.128 - - [22/Jan/2026:09:14:15 -0500] "GET /q-~43Pzf6HQt5t7c9oii7Jmsz84ZZ26EvtN36545/ HTTP/1.1" 200 86448 "-" "Mozilla/5.0 (Linux; Android 6.0.1; Nexus 5X Build/MMB29P) AppleWebKit/537.36 (KHTML, like Gecko) Chrome/143.0.7499.192 Mobile Safari/537.36 (compatible; GoogleOther)"
74.7.241.58 - - [22/Jan/2026:09:14:17 -0500] "GET /q-~14ebP5gsVpsCtFXf1d1bTg339KB717Zj34824/ HTTP/1.1" 200 - "https://idolatekno.com/sitemap86.xml" "Mozilla/5.0 AppleWebKit/537.36 (KHTML, like Gecko; compatible; GPTBot/1.3; +https://openai.com/gptbot)"
74.7.241.58 - - [22/Jan/2026:09:14:20 -0500] "GET /q-~51Z8R56cg5565NLgzst9IgMvq3mpislU14437/ HTTP/1.1" 200 - "https://idolatekno.com/?sitemap442.xml" "Mozilla/5.0 AppleWebKit/537.36 (KHTML, like Gecko; compatible; GPTBot/1.3; +https://openai.com/gptbot)"
66.249.70.36 - - [22/Jan/2026:09:14:21 -0500] "GET /?pid=26304226231&channel=duty-knee-manual&cate_id=2518&page=https://mail.idolatekno.com/remote.do?items/268010871.htm HTTP/1.1" 200 86222 "-" "Mozilla/5.0 (Linux; Android 6.0.1; Nexus 5X Build/MMB29P) AppleWebKit/537.36 (KHTML, like Gecko) Chrome/143.0.7499.192 Mobile Safari/537.36 (compatible; Googlebot/2.1; +http://www.google.com/bot.html)"
66.249.64.128 - - [22/Jan/2026:09:14:21 -0500] "GET /?x=2166640003788&channel=107e18&from=https://idolatekno.com/super.py?items/252021135.htm HTTP/1.1" 200 85175 "-" "Mozilla/5.0 (Linux; Android 6.0.1; Nexus 5X Build/MMB29P) AppleWebKit/537.36 (KHTML, like Gecko) Chrome/143.0.7499.192 Mobile Safari/537.36 (compatible; GoogleOther)"
74.7.241.58 - - [22/Jan/2026:09:14:23 -0500] "GET /q-~22jju5O58NNJJ33xI3fuq4X7gOyb9wiY40922/ HTTP/1.1" 200 - "https://idolatekno.com/?sitemap503.xml" "Mozilla/5.0 AppleWebKit/537.36 (KHTML, like Gecko; compatible; GPTBot/1.3; +https://openai.com/gptbot)"
74.7.241.58 - - [22/Jan/2026:09:14:26 -0500] "GET /q-~22cZjJMOOU88ehr7r7G0BZL65T5G6Ehp12450/ HTTP/1.1" 200 - "https://idolatekno.com/sitemap78.xml" "Mozilla/5.0 AppleWebKit/537.36 (KHTML, like Gecko; compatible; GPTBot/1.3; +https://openai.com/gptbot)"
66.249.70.36 - - [22/Jan/2026:09:14:28 -0500] "GET /?pid=26304226231&channel=rope-permanent-complexity&cate_id=2518&page=https://mail.idolatekno.com/remote.do?q-~236Mjg6w4DSw6alBY4YwdC4XsfjquaNUS32348/ HTTP/1.1" 200 85929 "-" "Mozilla/5.0 (Linux; Android 6.0.1; Nexus 5X Build/MMB29P) AppleWebKit/537.36 (KHTML, like Gecko) Chrome/143.0.7499.192 Mobile Safari/537.36 (compatible; Googlebot/2.1; +http://www.google.com/bot.html)"
2a03:2880:f80e:70:: - - [22/Jan/2026:09:14:29 -0500] "GET /m/meld41699859?id=1716117 HTTP/1.1" 200 - "-" "meta-externalagent/1.1 (+https://developers.facebook.com/docs/sharing/webmasters/crawler)"
74.7.241.58 - - [22/Jan/2026:09:14:29 -0500] "GET /q-~229D6J9Lct34Ox0AslOQ01SDTaWW53Jjd2197/ HTTP/1.1" 200 - "https://idolatekno.com/sitemap63.xml" "Mozilla/5.0 AppleWebKit/537.36 (KHTML, like Gecko; compatible; GPTBot/1.3; +https://openai.com/gptbot)"
66.249.64.128 - - [22/Jan/2026:09:14:31 -0500] "GET /q-~234eOlpGlqwnCAWY5OKImWJCE56I83ndK45944/ HTTP/1.1" 200 85349 "-" "Mozilla/5.0 (Linux; Android 6.0.1; Nexus 5X Build/MMB29P) AppleWebKit/537.36 (KHTML, like Gecko) Chrome/143.0.7499.192 Mobile Safari/537.36 (compatible; Googlebot/2.1; +http://www.google.com/bot.html)"
66.249.64.128 - - [22/Jan/2026:09:14:32 -0500] "GET /pcmypage?callback=/product%2Fdetail%2m68397968371 HTTP/1.1" 403 555289 "-" "Mozilla/5.0 (Linux; Android 6.0.1; Nexus 5X Build/MMB29P) AppleWebKit/537.36 (KHTML, like Gecko) Chrome/143.0.7499.192 Mobile Safari/537.36 (compatible; GoogleOther)"
74.7.241.58 - - [22/Jan/2026:09:14:32 -0500] "GET /q-~104G6344dV8mSNCejmYUPQJE3h36pQZ3d9782/ HTTP/1.1" 200 - "https://idolatekno.com/sitemap1.xml" "Mozilla/5.0 AppleWebKit/537.36 (KHTML, like Gecko; compatible; GPTBot/1.3; +https://openai.com/gptbot)"
66.249.64.129 - - [22/Jan/2026:09:14:35 -0500] "GET /pcmypage?callback=/product%2Fdetail%2m98363161785 HTTP/1.1" 403 560077 "-" "Mozilla/5.0 (Linux; Android 6.0.1; Nexus 5X Build/MMB29P) AppleWebKit/537.36 (KHTML, like Gecko) Chrome/143.0.7499.192 Mobile Safari/537.36 (compatible; GoogleOther)"
74.7.241.58 - - [22/Jan/2026:09:14:36 -0500] "GET /q-~138C8AFuThIy4WJikn0t49Jzy19l9L7OG5094/ HTTP/1.1" 200 - "https://idolatekno.com/?sitemap503.xml" "Mozilla/5.0 AppleWebKit/537.36 (KHTML, like Gecko; compatible; GPTBot/1.3; +https://openai.com/gptbot)"
66.249.70.36 - - [22/Jan/2026:09:14:36 -0500] "GET /?pid=26304226231&channel=rice-scared-discussion&cate_id=2518&page=https://mail.idolatekno.com/remote.do?q-~285zk9MA26XboS5J7U7huFEEFhmsE5HiM12583/ HTTP/1.1" 200 86713 "-" "Mozilla/5.0 (Linux; Android 6.0.1; Nexus 5X Build/MMB29P) AppleWebKit/537.36 (KHTML, like Gecko) Chrome/143.0.7499.192 Mobile Safari/537.36 (compatible; Googlebot/2.1; +http://www.google.com/bot.html)"
114.119.142.126 - - [22/Jan/2026:09:14:38 -0500] "GET /q-~209aQs4Jh47HhXWWxiVp2RHu1s90XpU4t27357/ HTTP/1.1" 200 - "https://mail.idolatekno.com/sitemapd.xml" "Mozilla/5.0 (Linux; Android 7.0;) AppleWebKit/537.36 (KHTML, like Gecko) Mobile Safari/537.36 (compatible; PetalBot;+https://webmaster.petalsearch.com/site/petalbot)"
74.7.241.58 - - [22/Jan/2026:09:14:39 -0500] "GET /q-~46P53Ocf2itiJN5PJ4s9IM7SQB7E1UBu31470/ HTTP/1.1" 200 - "https://idolatekno.com/?sitemap442.xml" "Mozilla/5.0 AppleWebKit/537.36 (KHTML, like Gecko; compatible; GPTBot/1.3; +https://openai.com/gptbot)"
74.7.241.58 - - [22/Jan/2026:09:14:42 -0500] "GET /q-~182o2ZETt30yZO0W1w68hCFCRHP2sb1lC9558/ HTTP/1.1" 200 - "https://idolatekno.com/?sitemap305.xml" "Mozilla/5.0 AppleWebKit/537.36 (KHTML, like Gecko; compatible; GPTBot/1.3; +https://openai.com/gptbot)"
66.249.70.37 - - [22/Jan/2026:09:14:43 -0500] "GET /?pid=26304226231&channel=remaining-section-motivate&cate_id=2518&page=https://mail.idolatekno.com/remote.do?q-~59kpcbAlVlkXnCQyXuHeXb2k6vpkYb5x34557/ HTTP/1.1" 200 85554 "-" "Mozilla/5.0 (Linux; Android 6.0.1; Nexus 5X Build/MMB29P) AppleWebKit/537.36 (KHTML, like Gecko) Chrome/143.0.7499.192 Mobile Safari/537.36 (compatible; Googlebot/2.1; +http://www.google.com/bot.html)"
74.7.241.58 - - [22/Jan/2026:09:14:45 -0500] "GET /q-~264OzJo1732G1M9zorIKgnVB54DO2qYXC3302/ HTTP/1.1" 200 - "https://idolatekno.com/?sitemap442.xml" "Mozilla/5.0 AppleWebKit/537.36 (KHTML, like Gecko; compatible; GPTBot/1.3; +https://openai.com/gptbot)"
74.7.241.58 - - [22/Jan/2026:09:14:48 -0500] "GET /q-~35X36wv7Az3w9p5mBa29AKOEWwoES6pX22047/ HTTP/1.1" 200 - "https://idolatekno.com/sitemap73.xml" "Mozilla/5.0 AppleWebKit/537.36 (KHTML, like Gecko; compatible; GPTBot/1.3; +https://openai.com/gptbot)"
66.249.64.128 - - [22/Jan/2026:09:14:49 -0500] "GET /pcmypage?callback=/product%2Fdetail%2m95228216816 HTTP/1.1" 403 561463 "-" "Mozilla/5.0 (Linux; Android 6.0.1; Nexus 5X Build/MMB29P) AppleWebKit/537.36 (KHTML, like Gecko) Chrome/143.0.7499.192 Mobile Safari/537.36 (compatible; GoogleOther)"
74.7.241.58 - - [22/Jan/2026:09:14:51 -0500] "GET /q-~69VXW6I7ficqD3VJZ8u2cAmo47x51Pej33195/ HTTP/1.1" 200 - "https://idolatekno.com/?sitemap1000.xml" "Mozilla/5.0 AppleWebKit/537.36 (KHTML, like Gecko; compatible; GPTBot/1.3; +https://openai.com/gptbot)"
66.249.70.37 - - [22/Jan/2026:09:14:51 -0500] "GET /?pid=26304226231&channel=corporation-monitor-thumb&cate_id=2518&page=https://mail.idolatekno.com/remote.do?q-~18ZliX1e3uBIceeDEjwvFhIRlzgOy6wT40724/ HTTP/1.1" 200 86784 "-" "Mozilla/5.0 (Linux; Android 6.0.1; Nexus 5X Build/MMB29P) AppleWebKit/537.36 (KHTML, like Gecko) Chrome/143.0.7499.192 Mobile Safari/537.36 (compatible; Googlebot/2.1; +http://www.google.com/bot.html)"
66.249.64.128 - - [22/Jan/2026:09:14:52 -0500] "GET /pcmypage?callback=/product%2Fdetail%2m82250481395 HTTP/1.1" 403 564642 "-" "Mozilla/5.0 (Linux; Android 6.0.1; Nexus 5X Build/MMB29P) AppleWebKit/537.36 (KHTML, like Gecko) Chrome/143.0.7499.192 Mobile Safari/537.36 (compatible; GoogleOther)"
74.7.241.58 - - [22/Jan/2026:09:14:54 -0500] "GET /q-~36A94QO8msr4qEYomMvB28076YKjEBpS12552/ HTTP/1.1" 200 - "https://idolatekno.com/?sitemap1000.xml" "Mozilla/5.0 AppleWebKit/537.36 (KHTML, like Gecko; compatible; GPTBot/1.3; +https://openai.com/gptbot)"
74.7.241.58 - - [22/Jan/2026:09:14:57 -0500] "GET /q-~84Go7fm60lkxX2o15HQPE60ILmvvJY7q37656/ HTTP/1.1" 200 - "https://idolatekno.com/sitemap49.xml" "Mozilla/5.0 AppleWebKit/537.36 (KHTML, like Gecko; compatible; GPTBot/1.3; +https://openai.com/gptbot)"
66.249.70.36 - - [22/Jan/2026:09:14:59 -0500] "GET /?pid=26304226231&channel=artificial-quietly-estimated&cate_id=2518&page=https://mail.idolatekno.com/remote.do?items/184021139.htm HTTP/1.1" 200 85485 "-" "Mozilla/5.0 (Linux; Android 6.0.1; Nexus 5X Build/MMB29P) AppleWebKit/537.36 (KHTML, like Gecko) Chrome/143.0.7499.192 Mobile Safari/537.36 (compatible; Googlebot/2.1; +http://www.google.com/bot.html)"
74.7.241.58 - - [22/Jan/2026:09:15:00 -0500] "GET /q-~21S52C6q6ILdZxh6H54aV1HVcQQVG9kp45717/ HTTP/1.1" 200 - "https://idolatekno.com/?sitemap305.xml" "Mozilla/5.0 AppleWebKit/537.36 (KHTML, like Gecko; compatible; GPTBot/1.3; +https://openai.com/gptbot)"
74.7.241.58 - - [22/Jan/2026:09:15:04 -0500] "GET /q-~23u9a8FGZ6r2JY6HEq5IIH2HKbl86HMU48303/ HTTP/1.1" 200 - "https://idolatekno.com/sitemap1.xml" "Mozilla/5.0 AppleWebKit/537.36 (KHTML, like Gecko; compatible; GPTBot/1.3; +https://openai.com/gptbot)"
66.249.64.128 - - [22/Jan/2026:09:15:04 -0500] "GET /q-~297A9z1rWmgN90AD4g3IRdlQa5vJF0uFw39355/ HTTP/1.1" 200 85402 "-" "Mozilla/5.0 (Linux; Android 6.0.1; Nexus 5X Build/MMB29P) AppleWebKit/537.36 (KHTML, like Gecko) Chrome/143.0.7499.192 Mobile Safari/537.36 (compatible; GoogleOther)"
66.249.70.36 - - [22/Jan/2026:09:15:06 -0500] "GET /?pid=26304226231&channel=thoroughly-Japanese-shallow&cate_id=2518&page=https://mail.idolatekno.com/remote.do?items/224011305.htm HTTP/1.1" 200 85854 "-" "Mozilla/5.0 (Linux; Android 6.0.1; Nexus 5X Build/MMB29P) AppleWebKit/537.36 (KHTML, like Gecko) Chrome/143.0.7499.192 Mobile Safari/537.36 (compatible; Googlebot/2.1; +http://www.google.com/bot.html)"
114.119.130.167 - - [22/Jan/2026:09:15:07 -0500] "GET /q-~209a2yNPM1BUUqI5EpcvKbbY8nrUz7tqk40295/ HTTP/1.1" 200 - "https://mail.idolatekno.com/sitemapb.xml" "Mozilla/5.0 (Linux; Android 7.0;) AppleWebKit/537.36 (KHTML, like Gecko) Mobile Safari/537.36 (compatible; PetalBot;+https://webmaster.petalsearch.com/site/petalbot)"
74.7.241.58 - - [22/Jan/2026:09:15:07 -0500] "GET /q-~53wFgtj7dXR1Y6M00jYDhR8uf69I7AbX23075/ HTTP/1.1" 200 - "https://idolatekno.com/?sitemap442.xml" "Mozilla/5.0 AppleWebKit/537.36 (KHTML, like Gecko; compatible; GPTBot/1.3; +https://openai.com/gptbot)"
66.249.64.129 - - [22/Jan/2026:09:15:07 -0500] "GET /?x=2166640003788&channel=107e18&from=https://idolatekno.com/super.py?items/284002599.htm HTTP/1.1" 200 85290 "-" "Mozilla/5.0 (Linux; Android 6.0.1; Nexus 5X Build/MMB29P) AppleWebKit/537.36 (KHTML, like Gecko) Chrome/143.0.7499.192 Mobile Safari/537.36 (compatible; GoogleOther)"
165.16.182.196 - - [22/Jan/2026:09:15:09 -0500] "GET /q-~185XICcN7vqT5YtzZHwpYvCFLxPLVb8tO42251/ HTTP/1.1" 200 - "-" "Mozilla/5.0 (X11; U; Linux i686 (x86_64); en-US) AppleWebKit/534.16 (KHTML, like Gecko) Chrome/10.0.634.0 Safari/534.16"
74.7.241.58 - - [22/Jan/2026:09:15:10 -0500] "GET /q-~84K5e84jky6Do2muTdmr33DbihPxI74Z46160/ HTTP/1.1" 200 - "https://idolatekno.com/?sitemap317.xml" "Mozilla/5.0 AppleWebKit/537.36 (KHTML, like Gecko; compatible; GPTBot/1.3; +https://openai.com/gptbot)"
74.7.241.58 - - [22/Jan/2026:09:15:13 -0500] "GET /q-~51VA0UUA1sMS4SW9d5tH0nadG56jq8un12737/ HTTP/1.1" 200 - "https://idolatekno.com/sitemap1.xml" "Mozilla/5.0 AppleWebKit/537.36 (KHTML, like Gecko; compatible; GPTBot/1.3; +https://openai.com/gptbot)"
66.249.70.36 - - [22/Jan/2026:09:15:14 -0500] "GET /?pid=26304226231&channel=stone-missionary-art&cate_id=2518&page=https://mail.idolatekno.com/remote.do?items/012012023.htm HTTP/1.1" 200 85701 "-" "Mozilla/5.0 (Linux; Android 6.0.1; Nexus 5X Build/MMB29P) AppleWebKit/537.36 (KHTML, like Gecko) Chrome/143.0.7499.192 Mobile Safari/537.36 (compatible; Googlebot/2.1; +http://www.google.com/bot.html)"
74.7.241.58 - - [22/Jan/2026:09:15:16 -0500] "GET /q-~249kM1H3agFlA714hB2i7j1Mzi9OtqYVl5901/ HTTP/1.1" 200 - "https://idolatekno.com/?sitemap305.xml" "Mozilla/5.0 AppleWebKit/537.36 (KHTML, like Gecko; compatible; GPTBot/1.3; +https://openai.com/gptbot)"
66.249.64.129 - - [22/Jan/2026:09:15:18 -0500] "GET /pcmypage?callback=/product%2Fdetail%2m23664991084 HTTP/1.1" 403 554314 "-" "Mozilla/5.0 (Linux; Android 6.0.1; Nexus 5X Build/MMB29P) AppleWebKit/537.36 (KHTML, like Gecko) Chrome/143.0.7499.192 Mobile Safari/537.36 (compatible; GoogleOther)"
74.7.241.58 - - [22/Jan/2026:09:15:19 -0500] "GET /q-~92qFEIP0uu1bwqVkDMA1X87jB2l08o1H35030/ HTTP/1.1" 200 - "https://idolatekno.com/sitemap21.xml" "Mozilla/5.0 AppleWebKit/537.36 (KHTML, like Gecko; compatible; GPTBot/1.3; +https://openai.com/gptbot)"
66.249.70.36 - - [22/Jan/2026:09:15:21 -0500] "GET /?pid=26304226231&channel=direction-cheek-eighth&cate_id=2518&page=https://mail.idolatekno.com/remote.do?q-~156TK6lyQecq54g1FFPSy01PdLFWAZVQC36286/ HTTP/1.1" 200 85637 "-" "Mozilla/5.0 (Linux; Android 6.0.1; Nexus 5X Build/MMB29P) AppleWebKit/537.36 (KHTML, like Gecko) Chrome/143.0.7499.192 Mobile Safari/537.36 (compatible; Googlebot/2.1; +http://www.google.com/bot.html)"
74.7.241.58 - - [22/Jan/2026:09:15:22 -0500] "GET /q-~149JjP5VCkhi3i4pS22Kb0MTp48rx2PIn2735/ HTTP/1.1" 200 - "https://idolatekno.com/sitemap14.xml" "Mozilla/5.0 AppleWebKit/537.36 (KHTML, like Gecko; compatible; GPTBot/1.3; +https://openai.com/gptbot)"
66.249.64.128 - - [22/Jan/2026:09:15:23 -0500] "GET /q-~130oRRAywLfy5n2BQ7oYqx35dY9BIuRAE14640/ HTTP/1.1" 200 86562 "-" "Mozilla/5.0 (Linux; Android 6.0.1; Nexus 5X Build/MMB29P) AppleWebKit/537.36 (KHTML, like Gecko) Chrome/143.0.7499.192 Mobile Safari/537.36 (compatible; GoogleOther)"
74.7.241.58 - - [22/Jan/2026:09:15:26 -0500] "GET /q-~261nwOdaqRZp6dFB3iLsQ12CZq65833Uo1099/ HTTP/1.1" 200 - "https://idolatekno.com/?sitemap442.xml" "Mozilla/5.0 AppleWebKit/537.36 (KHTML, like Gecko; compatible; GPTBot/1.3; +https://openai.com/gptbot)"
74.7.241.58 - - [22/Jan/2026:09:15:29 -0500] "GET /q-~30P1X3RvlXGnkdO7yl8i22z5z5ER4ZvJ23132/ HTTP/1.1" 200 - "https://idolatekno.com/pages.php?sitemap849.xml" "Mozilla/5.0 AppleWebKit/537.36 (KHTML, like Gecko; compatible; GPTBot/1.3; +https://openai.com/gptbot)"
66.249.70.36 - - [22/Jan/2026:09:15:29 -0500] "GET /?pid=26304226231&channel=freshman-juror-crucial&cate_id=2518&page=https://mail.idolatekno.com/remote.do?items/134047439.htm HTTP/1.1" 200 85328 "-" "Mozilla/5.0 (Linux; Android 6.0.1; Nexus 5X Build/MMB29P) AppleWebKit/537.36 (KHTML, like Gecko) Chrome/143.0.7499.192 Mobile Safari/537.36 (compatible; Googlebot/2.1; +http://www.google.com/bot.html)"
74.7.241.58 - - [22/Jan/2026:09:15:32 -0500] "GET /q-~45fIDWXS1hwUGEs7d5A68Aef5V1d0P7w16867/ HTTP/1.1" 200 - "https://idolatekno.com/sitemap29.xml" "Mozilla/5.0 AppleWebKit/537.36 (KHTML, like Gecko; compatible; GPTBot/1.3; +https://openai.com/gptbot)"
66.249.64.128 - - [22/Jan/2026:09:15:33 -0500] "GET /pcmypage?callback=/product%2Fdetail%2m50022449165 HTTP/1.1" 403 555689 "-" "Mozilla/5.0 (Linux; Android 6.0.1; Nexus 5X Build/MMB29P) AppleWebKit/537.36 (KHTML, like Gecko) Chrome/143.0.7499.192 Mobile Safari/537.36 (compatible; GoogleOther)"
74.7.241.58 - - [22/Jan/2026:09:15:35 -0500] "GET /q-~55bBTd0xpR3m1UjB8FC37tXjwz5OQ58r31617/ HTTP/1.1" 200 - "https://idolatekno.com/?sitemap442.xml" "Mozilla/5.0 AppleWebKit/537.36 (KHTML, like Gecko; compatible; GPTBot/1.3; +https://openai.com/gptbot)"
66.249.70.37 - - [22/Jan/2026:09:15:35 -0500] "GET /?pid=26304226231&channel=so-plot-trail&cate_id=2518&page=https://mail.idolatekno.com/remote.do?q-~100wmAWVZzwFI4tT9e9iYpAfnvuetDlNR47154/ HTTP/1.1" 200 86006 "-" "Mozilla/5.0 (Linux; Android 6.0.1; Nexus 5X Build/MMB29P) AppleWebKit/537.36 (KHTML, like Gecko) Chrome/143.0.7499.192 Mobile Safari/537.36 (compatible; Googlebot/2.1; +http://www.google.com/bot.html)"
114.119.153.93 - - [22/Jan/2026:09:15:36 -0500] "GET /q-~209ZoMzI2kbBlmv96NshmJOIAMT75acPa15493/ HTTP/1.1" 200 - "https://mail.idolatekno.com/sitemapc.xml" "Mozilla/5.0 (Linux; Android 7.0;) AppleWebKit/537.36 (KHTML, like Gecko) Mobile Safari/537.36 (compatible; PetalBot;+https://webmaster.petalsearch.com/site/petalbot)"
66.249.70.37 - - [22/Jan/2026:09:15:36 -0500] "GET /?pid=26304226231&channel=make-cap-throw&cate_id=2518&page=https://mail.idolatekno.com/remote.do?q-~240MuMZHbiEalp68WIveH936AB6SrqwYo26464/ HTTP/1.1" 200 85933 "-" "Mozilla/5.0 (Linux; Android 6.0.1; Nexus 5X Build/MMB29P) AppleWebKit/537.36 (KHTML, like Gecko) Chrome/143.0.7499.192 Mobile Safari/537.36 (compatible; Googlebot/2.1; +http://www.google.com/bot.html)"
74.7.241.58 - - [22/Jan/2026:09:15:38 -0500] "GET /q-~27IRGoGfy003O1wSP7y8DHeKQXA778Jf24135/ HTTP/1.1" 200 - "https://idolatekno.com/sitemap27.xml" "Mozilla/5.0 AppleWebKit/537.36 (KHTML, like Gecko; compatible; GPTBot/1.3; +https://openai.com/gptbot)"
