/home/idolaotomotif/access-logs/idolatekno.idolaotomotif.com-ssl_log
74.7.241.58 - - [22/Jan/2026:07:03:51 -0500] "GET /q-~257ExD0AuCtVVCg1GciDGX0N9SEgziIxn17485/ HTTP/1.1" 200 - "https://idolatekno.com/?sitemap442.xml" "Mozilla/5.0 AppleWebKit/537.36 (KHTML, like Gecko; compatible; GPTBot/1.3; +https://openai.com/gptbot)"
66.249.70.37 - - [22/Jan/2026:07:03:51 -0500] "GET /pcmypage?callback=/product%2Fdetail%2m13523652942 HTTP/1.1" 403 554272 "-" "Mozilla/5.0 (Linux; Android 6.0.1; Nexus 5X Build/MMB29P) AppleWebKit/537.36 (KHTML, like Gecko) Chrome/143.0.7499.192 Mobile Safari/537.36 (compatible; Googlebot/2.1; +http://www.google.com/bot.html)"
66.249.64.130 - - [22/Jan/2026:07:03:52 -0500] "GET /pcmypage?callback=/product%2Fdetail%2m21811243479 HTTP/1.1" 403 558751 "-" "Mozilla/5.0 (Linux; Android 6.0.1; Nexus 5X Build/MMB29P) AppleWebKit/537.36 (KHTML, like Gecko) Chrome/143.0.7499.192 Mobile Safari/537.36 (compatible; GoogleOther)"
66.249.64.131 - - [22/Jan/2026:07:03:54 -0500] "GET /q-~262G3LE6aa7KRZSTumYRo0VY4XqGcn2rg8436/ HTTP/1.1" 200 85279 "-" "Mozilla/5.0 (Linux; Android 6.0.1; Nexus 5X Build/MMB29P) AppleWebKit/537.36 (KHTML, like Gecko) Chrome/143.0.7499.192 Mobile Safari/537.36 (compatible; GoogleOther)"
74.7.241.58 - - [22/Jan/2026:07:03:54 -0500] "GET /q-~215GG3pwgYrWsWa1xVk7WczF7l7GxoiTZ17813/ HTTP/1.1" 200 - "https://idolatekno.com/?sitemap503.xml" "Mozilla/5.0 AppleWebKit/537.36 (KHTML, like Gecko; compatible; GPTBot/1.3; +https://openai.com/gptbot)"
66.249.64.129 - - [22/Jan/2026:07:03:57 -0500] "GET /q-~95CvhvckwDdAb8FFZGllMmNSA7jGZmCu36309/ HTTP/1.1" 200 86720 "-" "Mozilla/5.0 (Linux; Android 6.0.1; Nexus 5X Build/MMB29P) AppleWebKit/537.36 (KHTML, like Gecko) Chrome/143.0.7499.192 Mobile Safari/537.36 (compatible; GoogleOther)"
74.7.241.58 - - [22/Jan/2026:07:03:58 -0500] "GET /q-~226n9FsEPbAYdrNf69QNAq8UZjoDJYZPb22342/ HTTP/1.1" 200 - "https://idolatekno.com/?sitemap442.xml" "Mozilla/5.0 AppleWebKit/537.36 (KHTML, like Gecko; compatible; GPTBot/1.3; +https://openai.com/gptbot)"
2a03:2880:f80e:61:: - - [22/Jan/2026:07:03:59 -0500] "GET /m/socie12136192?id=2152450 HTTP/1.1" 200 - "-" "meta-externalagent/1.1 (+https://developers.facebook.com/docs/sharing/webmasters/crawler)"
66.249.70.36 - - [22/Jan/2026:07:03:59 -0500] "GET /?pid=26304226231&channel=awareness-investigator-forget&cate_id=2518&page=https://mail.idolatekno.com/remote.do?q-~226yfLZMoHHTPpeUrVAPwj2bEu0Flvn0R19204/ HTTP/1.1" 200 85703 "-" "Mozilla/5.0 (Linux; Android 6.0.1; Nexus 5X Build/MMB29P) AppleWebKit/537.36 (KHTML, like Gecko) Chrome/143.0.7499.192 Mobile Safari/537.36 (compatible; Googlebot/2.1; +http://www.google.com/bot.html)"
66.249.64.130 - - [22/Jan/2026:07:03:59 -0500] "GET /pcmypage?callback=/product%2Fdetail%2m44607592099 HTTP/1.1" 403 553022 "-" "Mozilla/5.0 (Linux; Android 6.0.1; Nexus 5X Build/MMB29P) AppleWebKit/537.36 (KHTML, like Gecko) Chrome/143.0.7499.192 Mobile Safari/537.36 (compatible; GoogleOther)"
66.249.70.37 - - [22/Jan/2026:07:04:00 -0500] "GET /q-~59Zd1zwRstNGkGZxBREo1v73jX3z2Gpi30009/ HTTP/1.1" 200 85747 "-" "Mozilla/5.0 (Linux; Android 6.0.1; Nexus 5X Build/MMB29P) AppleWebKit/537.36 (KHTML, like Gecko) Chrome/143.0.7499.192 Mobile Safari/537.36 (compatible; Googlebot/2.1; +http://www.google.com/bot.html)"
74.7.241.58 - - [22/Jan/2026:07:04:01 -0500] "GET /q-~119Sxuj62WRgDLxh9LIiXlPpoj6EpECXL24469/ HTTP/1.1" 200 - "https://idolatekno.com/?sitemap442.xml" "Mozilla/5.0 AppleWebKit/537.36 (KHTML, like Gecko; compatible; GPTBot/1.3; +https://openai.com/gptbot)"
66.249.64.131 - - [22/Jan/2026:07:04:02 -0500] "GET /?u=2699771933667&channel=132e36&from=https://idolatekno.com/remote.aspx?items/008019441.htm HTTP/1.1" 200 86633 "-" "Mozilla/5.0 (Linux; Android 6.0.1; Nexus 5X Build/MMB29P) AppleWebKit/537.36 (KHTML, like Gecko) Chrome/143.0.7499.192 Mobile Safari/537.36 (compatible; GoogleOther)"
74.7.241.58 - - [22/Jan/2026:07:04:04 -0500] "GET /q-~295Zrdgm18a8XAblQqaTVPBqbc6djUPDj33683/ HTTP/1.1" 200 - "https://idolatekno.com/?sitemap317.xml" "Mozilla/5.0 AppleWebKit/537.36 (KHTML, like Gecko; compatible; GPTBot/1.3; +https://openai.com/gptbot)"
66.249.64.131 - - [22/Jan/2026:07:04:04 -0500] "GET /pcmypage?callback=/product%2Fdetail%2m77975606308 HTTP/1.1" 403 562294 "-" "Mozilla/5.0 (Linux; Android 6.0.1; Nexus 5X Build/MMB29P) AppleWebKit/537.36 (KHTML, like Gecko) Chrome/143.0.7499.192 Mobile Safari/537.36 (compatible; GoogleOther)"
66.249.70.36 - - [22/Jan/2026:07:04:05 -0500] "GET /?pid=26304226231&channel=software-brief-tool&cate_id=2518&page=https://mail.idolatekno.com/remote.do?q-~237wxUPT7D6MRtsofCgBHi2grNEwBiesS10797/ HTTP/1.1" 200 85271 "-" "Mozilla/5.0 (Linux; Android 6.0.1; Nexus 5X Build/MMB29P) AppleWebKit/537.36 (KHTML, like Gecko) Chrome/143.0.7499.192 Mobile Safari/537.36 (compatible; Googlebot/2.1; +http://www.google.com/bot.html)"
74.7.241.58 - - [22/Jan/2026:07:04:07 -0500] "GET /q-~58XSb9QaoURmqdZkxS5NsZuYXO8sM44e43528/ HTTP/1.1" 200 - "https://idolatekno.com/?sitemap442.xml" "Mozilla/5.0 AppleWebKit/537.36 (KHTML, like Gecko; compatible; GPTBot/1.3; +https://openai.com/gptbot)"
66.249.64.129 - - [22/Jan/2026:07:04:07 -0500] "GET /?x=2166640003788&channel=107e18&from=https://idolatekno.com/super.py?q-~105UzSP59pqRef0uogg6KbFA4M6JzLlUa4393/ HTTP/1.1" 200 85561 "-" "Mozilla/5.0 (Linux; Android 6.0.1; Nexus 5X Build/MMB29P) AppleWebKit/537.36 (KHTML, like Gecko) Chrome/143.0.7499.192 Mobile Safari/537.36 (compatible; GoogleOther)"
66.249.70.36 - - [22/Jan/2026:07:04:09 -0500] "GET /?pid=26304226231&channel=conceive-appeal-ring&cate_id=2518&page=https://mail.idolatekno.com/remote.do?q-~103KjOxc2wrpn9JJKJ2Q3eApBc2m42X3M6855/ HTTP/1.1" 200 86646 "-" "Mozilla/5.0 (Linux; Android 6.0.1; Nexus 5X Build/MMB29P) AppleWebKit/537.36 (KHTML, like Gecko) Chrome/143.0.7499.192 Mobile Safari/537.36 (compatible; Googlebot/2.1; +http://www.google.com/bot.html)"
66.249.70.36 - - [22/Jan/2026:07:04:09 -0500] "GET /?pid=26304226231&channel=guidance-respectively-insert&cate_id=2518&page=https://mail.idolatekno.com/remote.do?q-~109v8nvugqIXfUZ7TsCVe7N3W3DroP2TF9859/ HTTP/1.1" 200 86378 "-" "Mozilla/5.0 (Linux; Android 6.0.1; Nexus 5X Build/MMB29P) AppleWebKit/537.36 (KHTML, like Gecko) Chrome/143.0.7499.192 Mobile Safari/537.36 (compatible; Googlebot/2.1; +http://www.google.com/bot.html)"
66.249.64.109 - - [22/Jan/2026:07:04:10 -0500] "GET /q-~71NZ2TAdrFMoJvegMZSwPfej0BwkapXo40247/ HTTP/1.1" 200 86005 "-" "Mozilla/5.0 (Linux; Android 6.0.1; Nexus 5X Build/MMB29P) AppleWebKit/537.36 (KHTML, like Gecko) Chrome/143.0.7499.192 Mobile Safari/537.36 (compatible; Googlebot/2.1; +http://www.google.com/bot.html)"
74.7.241.58 - - [22/Jan/2026:07:04:10 -0500] "GET /q-~287DXRTvd5ccCVlWV9vpOq3B7VOTNSxfC34399/ HTTP/1.1" 200 - "https://idolatekno.com/?sitemap305.xml" "Mozilla/5.0 AppleWebKit/537.36 (KHTML, like Gecko; compatible; GPTBot/1.3; +https://openai.com/gptbot)"
66.249.70.36 - - [22/Jan/2026:07:04:10 -0500] "GET /pcmypage?callback=/product%2Fdetail%2m47814235770 HTTP/1.1" 403 571449 "-" "Mozilla/5.0 (Linux; Android 6.0.1; Nexus 5X Build/MMB29P) AppleWebKit/537.36 (KHTML, like Gecko) Chrome/143.0.7499.192 Mobile Safari/537.36 (compatible; GoogleOther)"
66.249.64.129 - - [22/Jan/2026:07:04:12 -0500] "GET /pcmypage?callback=/product%2Fdetail%2m74137857764 HTTP/1.1" 403 561001 "-" "Mozilla/5.0 (Linux; Android 6.0.1; Nexus 5X Build/MMB29P) AppleWebKit/537.36 (KHTML, like Gecko) Chrome/143.0.7499.192 Mobile Safari/537.36 (compatible; GoogleOther)"
74.7.241.58 - - [22/Jan/2026:07:04:13 -0500] "GET /q-~122wFbkq6DOl9KWIVbFYElCVF8eCWOF3a41006/ HTTP/1.1" 200 - "https://idolatekno.com/?sitemap503.xml" "Mozilla/5.0 AppleWebKit/537.36 (KHTML, like Gecko; compatible; GPTBot/1.3; +https://openai.com/gptbot)"
66.249.70.37 - - [22/Jan/2026:07:04:15 -0500] "GET /?pid=26304226231&channel=tap-interesting-degree&cate_id=2518&page=https://mail.idolatekno.com/remote.do?q-~238tkR8Jcr4JRpNAvUiudsDMVuDayk8HB12164/ HTTP/1.1" 200 86010 "-" "Mozilla/5.0 (Linux; Android 6.0.1; Nexus 5X Build/MMB29P) AppleWebKit/537.36 (KHTML, like Gecko) Chrome/143.0.7499.192 Mobile Safari/537.36 (compatible; GoogleOther)"
66.249.70.36 - - [22/Jan/2026:07:04:15 -0500] "GET /?b=317349719a070 HTTP/1.1" 200 86644 "-" "Mozilla/5.0 (Linux; Android 6.0.1; Nexus 5X Build/MMB29P) AppleWebKit/537.36 (KHTML, like Gecko) Chrome/143.0.7499.192 Mobile Safari/537.36 (compatible; Googlebot/2.1; +http://www.google.com/bot.html)"
114.119.153.93 - - [22/Jan/2026:07:04:16 -0500] "GET /q-~222dKkgjq2mhHWgTICBTM6ePZSA1wiheX44978/ HTTP/1.1" 200 - "https://mail.idolatekno.com/sitemapc.xml" "Mozilla/5.0 (Linux; Android 7.0;) AppleWebKit/537.36 (KHTML, like Gecko) Mobile Safari/537.36 (compatible; PetalBot;+https://webmaster.petalsearch.com/site/petalbot)"
74.7.241.58 - - [22/Jan/2026:07:04:16 -0500] "GET /q-~144fHzbiSzhnQcQ9z7BS50ONbVC5LnZNm18084/ HTTP/1.1" 200 - "https://idolatekno.com/?sitemap317.xml" "Mozilla/5.0 AppleWebKit/537.36 (KHTML, like Gecko; compatible; GPTBot/1.3; +https://openai.com/gptbot)"
66.249.64.128 - - [22/Jan/2026:07:04:17 -0500] "GET /?x=2166640003788&channel=107e18&from=https://idolatekno.com/super.py?q-~79esXKK6u3PfVUmUBsgZTW3hYzCKjXwZ19549/ HTTP/1.1" 200 85709 "-" "Mozilla/5.0 (Linux; Android 6.0.1; Nexus 5X Build/MMB29P) AppleWebKit/537.36 (KHTML, like Gecko) Chrome/143.0.7499.192 Mobile Safari/537.36 (compatible; GoogleOther)"
74.7.241.58 - - [22/Jan/2026:07:04:19 -0500] "GET /q-~199EaWxQxh5ZUF8EotWbeNvO6qAtPa5ma21921/ HTTP/1.1" 200 - "https://idolatekno.com/?sitemap1000.xml" "Mozilla/5.0 AppleWebKit/537.36 (KHTML, like Gecko; compatible; GPTBot/1.3; +https://openai.com/gptbot)"
66.249.64.129 - - [22/Jan/2026:07:04:19 -0500] "GET /?x=2166640003788&channel=107e18&from=https://idolatekno.com/super.py?items/163024022.htm HTTP/1.1" 200 85453 "-" "Mozilla/5.0 (Linux; Android 6.0.1; Nexus 5X Build/MMB29P) AppleWebKit/537.36 (KHTML, like Gecko) Chrome/143.0.7499.192 Mobile Safari/537.36 (compatible; GoogleOther)"
74.7.241.58 - - [22/Jan/2026:07:04:22 -0500] "GET /q-~215fQGifQZSJ1SJiRjX72X9O5uMcrmOKA2325/ HTTP/1.1" 200 - "https://idolatekno.com/?sitemap1000.xml" "Mozilla/5.0 AppleWebKit/537.36 (KHTML, like Gecko; compatible; GPTBot/1.3; +https://openai.com/gptbot)"
66.249.64.130 - - [22/Jan/2026:07:04:24 -0500] "GET /?x=2166640003788&channel=107e18&from=https://idolatekno.com/super.py?q-~271JGHuqwCxRUei8scmmFahcZxEjlsLLs15213/ HTTP/1.1" 200 85791 "-" "Mozilla/5.0 (Linux; Android 6.0.1; Nexus 5X Build/MMB29P) AppleWebKit/537.36 (KHTML, like Gecko) Chrome/143.0.7499.192 Mobile Safari/537.36 (compatible; GoogleOther)"
66.249.64.130 - - [22/Jan/2026:07:04:24 -0500] "GET /q-~229pEq9vCs15bqmKhe6QUidoqhwQlM5fH231/ HTTP/1.1" 200 87172 "-" "Mozilla/5.0 (Linux; Android 6.0.1; Nexus 5X Build/MMB29P) AppleWebKit/537.36 (KHTML, like Gecko) Chrome/143.0.7499.192 Mobile Safari/537.36 (compatible; Googlebot/2.1; +http://www.google.com/bot.html)"
74.7.241.58 - - [22/Jan/2026:07:04:25 -0500] "GET /q-~56eWNYaIxUPZooOp29W460voKkpqKcXE25456/ HTTP/1.1" 200 - "https://idolatekno.com/?sitemap305.xml" "Mozilla/5.0 AppleWebKit/537.36 (KHTML, like Gecko; compatible; GPTBot/1.3; +https://openai.com/gptbot)"
66.249.64.128 - - [22/Jan/2026:07:04:26 -0500] "GET /?x=2166640003788&channel=107e18&from=https://idolatekno.com/super.py?q-~105UaFSyGZ3YwZJgbuoIOQhOvuxp8emIa33223/ HTTP/1.1" 200 87088 "-" "Mozilla/5.0 (Linux; Android 6.0.1; Nexus 5X Build/MMB29P) AppleWebKit/537.36 (KHTML, like Gecko) Chrome/143.0.7499.192 Mobile Safari/537.36 (compatible; GoogleOther)"
66.249.70.38 - - [22/Jan/2026:07:04:26 -0500] "GET /?pid=26304226231&channel=shallow-city-elevator&cate_id=2518&page=https://mail.idolatekno.com/remote.do?q-~294cKebI3yqDUtam5CTA5y1eTUaTRdZHE36262/ HTTP/1.1" 200 84871 "-" "Mozilla/5.0 (Linux; Android 6.0.1; Nexus 5X Build/MMB29P) AppleWebKit/537.36 (KHTML, like Gecko) Chrome/143.0.7499.192 Mobile Safari/537.36 (compatible; Googlebot/2.1; +http://www.google.com/bot.html)"
2001:ee0:4ed1:6a45:c4ea:dcbf:12ab:5bab - - [22/Jan/2026:07:04:28 -0500] "GET /q-~62FDlTrUqMluaLinAxGEKeVSUItx6Jyg45224/ HTTP/1.1" 200 - "-" "Mozilla/5.0 (Windows; U; Windows NT 5.2; en-US) AppleWebKit/532.2 (KHTML, like Gecko) Chrome/4.0.223.2 Safari/532.2"
74.7.241.58 - - [22/Jan/2026:07:04:29 -0500] "GET /q-~227eXk07SHfxKnluRB1G2zOXAHMBM4WvV25371/ HTTP/1.1" 200 - "https://idolatekno.com/?sitemap305.xml" "Mozilla/5.0 AppleWebKit/537.36 (KHTML, like Gecko; compatible; GPTBot/1.3; +https://openai.com/gptbot)"
66.249.64.130 - - [22/Jan/2026:07:04:30 -0500] "GET /?x=2166640003788&channel=107e18&from=https://idolatekno.com/super.py?q-~198Po0knHL8CES31nhYs2UnyLY9RUAu5b32042/ HTTP/1.1" 200 87071 "-" "Mozilla/5.0 (Linux; Android 6.0.1; Nexus 5X Build/MMB29P) AppleWebKit/537.36 (KHTML, like Gecko) Chrome/143.0.7499.192 Mobile Safari/537.36 (compatible; GoogleOther)"
66.249.64.128 - - [22/Jan/2026:07:04:32 -0500] "GET /?x=2166640003788&channel=107e18&from=https://idolatekno.com/super.py?q-~282fFRgf3WJyoe5CWfPkXywji6EJezvYL46548/ HTTP/1.1" 200 85406 "-" "Mozilla/5.0 (Linux; Android 6.0.1; Nexus 5X Build/MMB29P) AppleWebKit/537.36 (KHTML, like Gecko) Chrome/143.0.7499.192 Mobile Safari/537.36 (compatible; GoogleOther)"
74.7.241.58 - - [22/Jan/2026:07:04:32 -0500] "GET /q-~117cbkD7BLZMD7TdZgGMzgy6duQbtt36o44221/ HTTP/1.1" 200 - "https://idolatekno.com/?sitemap1000.xml" "Mozilla/5.0 AppleWebKit/537.36 (KHTML, like Gecko; compatible; GPTBot/1.3; +https://openai.com/gptbot)"
74.7.241.58 - - [22/Jan/2026:07:04:35 -0500] "GET /q-~296NLaUSvn566NaudrzDlgUyalwGAJT5d12956/ HTTP/1.1" 200 - "https://idolatekno.com/?sitemap503.xml" "Mozilla/5.0 AppleWebKit/537.36 (KHTML, like Gecko; compatible; GPTBot/1.3; +https://openai.com/gptbot)"
66.249.70.38 - - [22/Jan/2026:07:04:36 -0500] "GET /?pid=26304226231&channel=calm-complexity-thing&cate_id=2518&page=https://mail.idolatekno.com/remote.do?q-~34qxtfbPYtPCVF4jVmDH907pqkq3GsDr18404/ HTTP/1.1" 200 86133 "-" "Mozilla/5.0 (Linux; Android 6.0.1; Nexus 5X Build/MMB29P) AppleWebKit/537.36 (KHTML, like Gecko) Chrome/143.0.7499.192 Mobile Safari/537.36 (compatible; GoogleOther)"
66.249.64.131 - - [22/Jan/2026:07:04:38 -0500] "GET /?x=2166640003788&channel=107e18&from=https://idolatekno.com/super.py?q-~57s52LRGqDkAcMATJO44lHXfh8b2QUaV41871/ HTTP/1.1" 200 85784 "-" "Mozilla/5.0 (Linux; Android 6.0.1; Nexus 5X Build/MMB29P) AppleWebKit/537.36 (KHTML, like Gecko) Chrome/143.0.7499.192 Mobile Safari/537.36 (compatible; GoogleOther)"
74.7.241.58 - - [22/Jan/2026:07:04:38 -0500] "GET /q-~268QfBU594ImLxbRhqcDmBTSUqZ32iVbx24390/ HTTP/1.1" 200 - "https://idolatekno.com/?sitemap1000.xml" "Mozilla/5.0 AppleWebKit/537.36 (KHTML, like Gecko; compatible; GPTBot/1.3; +https://openai.com/gptbot)"
74.7.241.58 - - [22/Jan/2026:07:04:41 -0500] "GET /q-~175yF9J3RxUOFZRitpIy6aUj5MFw6mzrM35641/ HTTP/1.1" 200 - "https://idolatekno.com/?sitemap442.xml" "Mozilla/5.0 AppleWebKit/537.36 (KHTML, like Gecko; compatible; GPTBot/1.3; +https://openai.com/gptbot)"
66.249.64.129 - - [22/Jan/2026:07:04:42 -0500] "GET /pcmypage?callback=/product%2Fdetail%2m21190703283 HTTP/1.1" 403 557944 "-" "Mozilla/5.0 (Linux; Android 6.0.1; Nexus 5X Build/MMB29P) AppleWebKit/537.36 (KHTML, like Gecko) Chrome/143.0.7499.192 Mobile Safari/537.36 (compatible; GoogleOther)"
114.119.153.93 - - [22/Jan/2026:07:04:43 -0500] "GET /q-~222an3uOvEe8eHETjsj6NYW4LU7lNdxiT29344/ HTTP/1.1" 200 - "https://mail.idolatekno.com/sitemapc.xml" "Mozilla/5.0 (Linux; Android 7.0;) AppleWebKit/537.36 (KHTML, like Gecko) Mobile Safari/537.36 (compatible; PetalBot;+https://webmaster.petalsearch.com/site/petalbot)"
66.249.70.39 - - [22/Jan/2026:07:04:44 -0500] "GET /?pid=26304226231&channel=each-relatively-borrow&cate_id=2518&page=https://mail.idolatekno.com/remote.do?items/043004538.htm HTTP/1.1" 200 85492 "-" "Mozilla/5.0 (Linux; Android 6.0.1; Nexus 5X Build/MMB29P) AppleWebKit/537.36 (KHTML, like Gecko) Chrome/143.0.7499.192 Mobile Safari/537.36 (compatible; Googlebot/2.1; +http://www.google.com/bot.html)"
66.249.70.36 - - [22/Jan/2026:07:04:44 -0500] "GET /?pid=26304226231&channel=ancestor-unfortunately-occasionally&cate_id=2518&page=https://mail.idolatekno.com/remote.do?q-~281oZrNt3r0miM22cwQHugrjigaTHPKyI4275/ HTTP/1.1" 200 86634 "-" "Mozilla/5.0 (Linux; Android 6.0.1; Nexus 5X Build/MMB29P) AppleWebKit/537.36 (KHTML, like Gecko) Chrome/143.0.7499.192 Mobile Safari/537.36 (compatible; GoogleOther)"
74.7.241.58 - - [22/Jan/2026:07:04:44 -0500] "GET /q-~16TxEJj7M1uhVKAmWCV7a5g7EjDDteou14362/ HTTP/1.1" 200 - "https://idolatekno.com/?sitemap1000.xml" "Mozilla/5.0 AppleWebKit/537.36 (KHTML, like Gecko; compatible; GPTBot/1.3; +https://openai.com/gptbot)"
74.7.241.58 - - [22/Jan/2026:07:04:47 -0500] "GET /q-~227BRiFAyn2stEYRcE9GARRaKeC9a18dH30547/ HTTP/1.1" 200 - "https://idolatekno.com/?sitemap1000.xml" "Mozilla/5.0 AppleWebKit/537.36 (KHTML, like Gecko; compatible; GPTBot/1.3; +https://openai.com/gptbot)"
66.249.64.129 - - [22/Jan/2026:07:04:48 -0500] "GET /?x=2166640003788&channel=107e18&from=https://idolatekno.com/super.py?items/226021241.htm HTTP/1.1" 200 85503 "-" "Mozilla/5.0 (Linux; Android 6.0.1; Nexus 5X Build/MMB29P) AppleWebKit/537.36 (KHTML, like Gecko) Chrome/143.0.7499.192 Mobile Safari/537.36 (compatible; GoogleOther)"
66.249.70.39 - - [22/Jan/2026:07:04:50 -0500] "GET /?pid=26304226231&channel=convict-need-reduction&cate_id=2518&page=https://mail.idolatekno.com/remote.do?items/280007891.htm HTTP/1.1" 200 85699 "-" "Mozilla/5.0 (Linux; Android 6.0.1; Nexus 5X Build/MMB29P) AppleWebKit/537.36 (KHTML, like Gecko) Chrome/143.0.7499.192 Mobile Safari/537.36 (compatible; Googlebot/2.1; +http://www.google.com/bot.html)"
66.249.70.38 - - [22/Jan/2026:07:04:50 -0500] "GET /?pid=26304226231&channel=destruction-voting-judgment&cate_id=2518&page=https://mail.idolatekno.com/remote.do?items/106018745.htm HTTP/1.1" 200 85872 "-" "Mozilla/5.0 (Linux; Android 6.0.1; Nexus 5X Build/MMB29P) AppleWebKit/537.36 (KHTML, like Gecko) Chrome/143.0.7499.192 Mobile Safari/537.36 (compatible; Googlebot/2.1; +http://www.google.com/bot.html)"
66.249.64.132 - - [22/Jan/2026:07:04:50 -0500] "GET /?x=2166640003788&channel=107e18&from=https://idolatekno.com/super.py?items/288005189.htm HTTP/1.1" 200 85885 "-" "Mozilla/5.0 (Linux; Android 6.0.1; Nexus 5X Build/MMB29P) AppleWebKit/537.36 (KHTML, like Gecko) Chrome/143.0.7499.192 Mobile Safari/537.36 (compatible; GoogleOther)"
74.7.241.58 - - [22/Jan/2026:07:04:50 -0500] "GET /q-~78XHSQHGIgwtmbmF1uUzsYLb62q61ecj21376/ HTTP/1.1" 200 - "https://idolatekno.com/?sitemap503.xml" "Mozilla/5.0 AppleWebKit/537.36 (KHTML, like Gecko; compatible; GPTBot/1.3; +https://openai.com/gptbot)"
74.7.241.58 - - [22/Jan/2026:07:04:54 -0500] "GET /q-~116XamhFI9CJN6hoZZhTlZJqwn3LMXJ6T48792/ HTTP/1.1" 200 - "https://idolatekno.com/?sitemap305.xml" "Mozilla/5.0 AppleWebKit/537.36 (KHTML, like Gecko; compatible; GPTBot/1.3; +https://openai.com/gptbot)"
66.249.70.39 - - [22/Jan/2026:07:04:54 -0500] "GET /?pid=26304226231&channel=load-framework-each&cate_id=2518&page=https://mail.idolatekno.com/remote.do?q-~140XVII5iFtCpMBbeMujL1sv4IxqJ7ipX15734/ HTTP/1.1" 200 85163 "-" "Mozilla/5.0 (Linux; Android 6.0.1; Nexus 5X Build/MMB29P) AppleWebKit/537.36 (KHTML, like Gecko) Chrome/143.0.7499.192 Mobile Safari/537.36 (compatible; GoogleOther)"
66.249.64.129 - - [22/Jan/2026:07:04:56 -0500] "GET /?x=2166640003788&channel=107e18&from=https://idolatekno.com/super.py?q-~14TmbgpgkMddx7OSQojKQVU8BTT8Bh3p13090/ HTTP/1.1" 200 85503 "-" "Mozilla/5.0 (Linux; Android 6.0.1; Nexus 5X Build/MMB29P) AppleWebKit/537.36 (KHTML, like Gecko) Chrome/143.0.7499.192 Mobile Safari/537.36 (compatible; GoogleOther)"
74.7.241.58 - - [22/Jan/2026:07:04:57 -0500] "GET /q-~138shhUd53J4FWI6mkOSYrqUmKD8pSsqS14954/ HTTP/1.1" 200 - "https://idolatekno.com/?sitemap503.xml" "Mozilla/5.0 AppleWebKit/537.36 (KHTML, like Gecko; compatible; GPTBot/1.3; +https://openai.com/gptbot)"
74.7.241.58 - - [22/Jan/2026:07:05:00 -0500] "GET /q-~104mvNCDbBCnjrKDV9YCjCrkHc27f8xth30040/ HTTP/1.1" 200 - "https://idolatekno.com/?sitemap1000.xml" "Mozilla/5.0 AppleWebKit/537.36 (KHTML, like Gecko; compatible; GPTBot/1.3; +https://openai.com/gptbot)"
66.249.64.128 - - [22/Jan/2026:07:05:00 -0500] "GET /?x=2166640003788&channel=107e18&from=https://idolatekno.com/super.py?q-~37PjYsvxwnmSFLFfMPoKF87CvpwTBkGj15163/ HTTP/1.1" 200 86082 "-" "Mozilla/5.0 (Linux; Android 6.0.1; Nexus 5X Build/MMB29P) AppleWebKit/537.36 (KHTML, like Gecko) Chrome/143.0.7499.192 Mobile Safari/537.36 (compatible; GoogleOther)"
66.249.64.128 - - [22/Jan/2026:07:05:02 -0500] "GET /?x=2166640003788&channel=107e18&from=https://idolatekno.com/super.py?q-~241gQUI46SDNMueHF5pzhXE5m3YvmAIfb7487/ HTTP/1.1" 200 86935 "-" "Mozilla/5.0 (Linux; Android 6.0.1; Nexus 5X Build/MMB29P) AppleWebKit/537.36 (KHTML, like Gecko) Chrome/143.0.7499.192 Mobile Safari/537.36 (compatible; GoogleOther)"
74.7.241.58 - - [22/Jan/2026:07:05:03 -0500] "GET /q-~272Z9S0nU9GinKkCzhPZ1nagyTyPBIIsx47292/ HTTP/1.1" 200 - "https://idolatekno.com/?sitemap503.xml" "Mozilla/5.0 AppleWebKit/537.36 (KHTML, like Gecko; compatible; GPTBot/1.3; +https://openai.com/gptbot)"
66.249.70.39 - - [22/Jan/2026:07:05:05 -0500] "GET /?pid=26304226231&channel=ceiling-ethics-learn&cate_id=2518&page=https://mail.idolatekno.com/remote.do?q-~215yeSdsIYZUc1jzK1T7DUPuWdEDne6oN30267/ HTTP/1.1" 200 85470 "-" "Mozilla/5.0 (Linux; Android 6.0.1; Nexus 5X Build/MMB29P) AppleWebKit/537.36 (KHTML, like Gecko) Chrome/143.0.7499.192 Mobile Safari/537.36 (compatible; Googlebot/2.1; +http://www.google.com/bot.html)"
74.7.241.58 - - [22/Jan/2026:07:05:06 -0500] "GET /q-~157tbUVcyjp82OwVdtlSYSdNwck739vbd44223/ HTTP/1.1" 200 - "https://idolatekno.com/?sitemap442.xml" "Mozilla/5.0 AppleWebKit/537.36 (KHTML, like Gecko; compatible; GPTBot/1.3; +https://openai.com/gptbot)"
66.249.64.128 - - [22/Jan/2026:07:05:06 -0500] "GET /?x=2166640003788&channel=107e18&from=https://idolatekno.com/super.py?q-~147NWBA0QteGEUya89rSOrf5WBqaidaWr34413/ HTTP/1.1" 200 85923 "-" "Mozilla/5.0 (Linux; Android 6.0.1; Nexus 5X Build/MMB29P) AppleWebKit/537.36 (KHTML, like Gecko) Chrome/143.0.7499.192 Mobile Safari/537.36 (compatible; GoogleOther)"
66.249.64.128 - - [22/Jan/2026:07:05:08 -0500] "GET /?x=2166640003788&channel=107e18&from=https://idolatekno.com/super.py?q-~210yP0EBCq0852JRdtCd7FvCnNBHUOKQj24720/ HTTP/1.1" 200 86935 "-" "Mozilla/5.0 (Linux; Android 6.0.1; Nexus 5X Build/MMB29P) AppleWebKit/537.36 (KHTML, like Gecko) Chrome/143.0.7499.192 Mobile Safari/537.36 (compatible; GoogleOther)"
74.7.241.58 - - [22/Jan/2026:07:05:09 -0500] "GET /q-~123ykqq0y1ZCZfcm9OEybEgYAk4ECVdkm47059/ HTTP/1.1" 200 - "https://idolatekno.com/?sitemap503.xml" "Mozilla/5.0 AppleWebKit/537.36 (KHTML, like Gecko; compatible; GPTBot/1.3; +https://openai.com/gptbot)"
114.119.130.27 - - [22/Jan/2026:07:05:11 -0500] "GET /q-~222aC45d87i6IbQ2wDw69AAI0hpTVbSTf12872/ HTTP/1.1" 200 - "https://mail.idolatekno.com/sitemape.xml" "Mozilla/5.0 (Linux; Android 7.0;) AppleWebKit/537.36 (KHTML, like Gecko) Mobile Safari/537.36 (compatible; PetalBot;+https://webmaster.petalsearch.com/site/petalbot)"
74.7.241.58 - - [22/Jan/2026:07:05:12 -0500] "GET /q-~153eQBwEQGEq1pZqR1hnmmsuo2xycJ03D30261/ HTTP/1.1" 200 - "https://idolatekno.com/?sitemap1000.xml" "Mozilla/5.0 AppleWebKit/537.36 (KHTML, like Gecko; compatible; GPTBot/1.3; +https://openai.com/gptbot)"
66.249.70.36 - - [22/Jan/2026:07:05:12 -0500] "GET /?pid=26304226231&channel=habitat-bottom-reaction&cate_id=2518&page=https://mail.idolatekno.com/remote.do?q-~105jT4pqXm7bPbefuVjdHSULvxr8r012i11527/ HTTP/1.1" 200 85760 "-" "Mozilla/5.0 (Linux; Android 6.0.1; Nexus 5X Build/MMB29P) AppleWebKit/537.36 (KHTML, like Gecko) Chrome/143.0.7499.192 Mobile Safari/537.36 (compatible; Googlebot/2.1; +http://www.google.com/bot.html)"
66.249.64.129 - - [22/Jan/2026:07:05:12 -0500] "GET /?x=2166640003788&channel=107e18&from=https://idolatekno.com/super.py?q-~222ONQP7CHooBJTtjr9xMsK1wJpaAGvTu15282/ HTTP/1.1" 200 85698 "-" "Mozilla/5.0 (Linux; Android 6.0.1; Nexus 5X Build/MMB29P) AppleWebKit/537.36 (KHTML, like Gecko) Chrome/143.0.7499.192 Mobile Safari/537.36 (compatible; GoogleOther)"
66.249.64.129 - - [22/Jan/2026:07:05:15 -0500] "GET /?x=2166640003788&channel=107e18&from=https://idolatekno.com/super.py?items/151030310.htm HTTP/1.1" 200 85651 "-" "Mozilla/5.0 (Linux; Android 6.0.1; Nexus 5X Build/MMB29P) AppleWebKit/537.36 (KHTML, like Gecko) Chrome/143.0.7499.192 Mobile Safari/537.36 (compatible; GoogleOther)"
74.7.241.58 - - [22/Jan/2026:07:05:16 -0500] "GET /q-~246JyeXMRHmZMPs7wEskJi4LqGvG3k3kK33224/ HTTP/1.1" 200 - "https://idolatekno.com/?sitemap317.xml" "Mozilla/5.0 AppleWebKit/537.36 (KHTML, like Gecko; compatible; GPTBot/1.3; +https://openai.com/gptbot)"
66.249.64.129 - - [22/Jan/2026:07:05:18 -0500] "GET /?x=2166640003788&channel=107e18&from=https://idolatekno.com/super.py?q-~162qeME6fYxQroi7TMjfH4LS0C3jLJ21E40594/ HTTP/1.1" 200 85864 "-" "Mozilla/5.0 (Linux; Android 6.0.1; Nexus 5X Build/MMB29P) AppleWebKit/537.36 (KHTML, like Gecko) Chrome/143.0.7499.192 Mobile Safari/537.36 (compatible; GoogleOther)"
74.7.241.58 - - [22/Jan/2026:07:05:19 -0500] "GET /q-~256OG8Pw652EViFsSLqcjY6AhntasyOSL10546/ HTTP/1.1" 200 - "https://idolatekno.com/?sitemap503.xml" "Mozilla/5.0 AppleWebKit/537.36 (KHTML, like Gecko; compatible; GPTBot/1.3; +https://openai.com/gptbot)"
66.249.70.36 - - [22/Jan/2026:07:05:20 -0500] "GET /?b=461992564i1c HTTP/1.1" 200 85401 "-" "Mozilla/5.0 (Linux; Android 6.0.1; Nexus 5X Build/MMB29P) AppleWebKit/537.36 (KHTML, like Gecko) Chrome/143.0.7499.192 Mobile Safari/537.36 (compatible; Googlebot/2.1; +http://www.google.com/bot.html)"
66.249.64.128 - - [22/Jan/2026:07:05:20 -0500] "GET /?x=2166640003788&channel=107e18&from=https://idolatekno.com/super.py?items/026013995.htm HTTP/1.1" 200 86792 "-" "Mozilla/5.0 (Linux; Android 6.0.1; Nexus 5X Build/MMB29P) AppleWebKit/537.36 (KHTML, like Gecko) Chrome/143.0.7499.192 Mobile Safari/537.36 (compatible; GoogleOther)"
74.7.241.58 - - [22/Jan/2026:07:05:22 -0500] "GET /q-~156CIaKa8W9NLOAF9NYPv9SwqiygJMC4N7416/ HTTP/1.1" 200 - "https://idolatekno.com/?sitemap317.xml" "Mozilla/5.0 AppleWebKit/537.36 (KHTML, like Gecko; compatible; GPTBot/1.3; +https://openai.com/gptbot)"
66.249.64.128 - - [22/Jan/2026:07:05:24 -0500] "GET /?x=2166640003788&channel=107e18&from=https://idolatekno.com/super.py?items/178015101.htm HTTP/1.1" 200 85853 "-" "Mozilla/5.0 (Linux; Android 6.0.1; Nexus 5X Build/MMB29P) AppleWebKit/537.36 (KHTML, like Gecko) Chrome/143.0.7499.192 Mobile Safari/537.36 (compatible; GoogleOther)"
74.7.241.58 - - [22/Jan/2026:07:05:25 -0500] "GET /q-~24VQAqJcTP1zps60Mfue8ojnw3vdJvzq31242/ HTTP/1.1" 200 - "https://idolatekno.com/?sitemap317.xml" "Mozilla/5.0 AppleWebKit/537.36 (KHTML, like Gecko; compatible; GPTBot/1.3; +https://openai.com/gptbot)"
66.249.64.130 - - [22/Jan/2026:07:05:26 -0500] "GET /?x=2166640003788&channel=107e18&from=https://idolatekno.com/super.py?q-~67cQgs3vr2MCOSu5ONpuQTnlJPQDUpuD44357/ HTTP/1.1" 200 85402 "-" "Mozilla/5.0 (Linux; Android 6.0.1; Nexus 5X Build/MMB29P) AppleWebKit/537.36 (KHTML, like Gecko) Chrome/143.0.7499.192 Mobile Safari/537.36 (compatible; GoogleOther)"
181.170.67.148 - - [22/Jan/2026:07:05:28 -0500] "GET /q-~62cvnKPXNg4U98cFPQzemmKPM6sSHPZa21092/ HTTP/1.1" 200 - "-" "Mozilla/5.0 (Windows; U; Windows NT 6.0; en-US; rv:1.9.2.4) Gecko/20100527 Firefox/3.6.4"
74.7.241.58 - - [22/Jan/2026:07:05:28 -0500] "GET /q-~213z2BJtMiSlsfUCkrEnDRZN32cy9M1jN13183/ HTTP/1.1" 200 - "https://idolatekno.com/?sitemap503.xml" "Mozilla/5.0 AppleWebKit/537.36 (KHTML, like Gecko; compatible; GPTBot/1.3; +https://openai.com/gptbot)"
66.249.70.36 - - [22/Jan/2026:07:05:28 -0500] "GET /?pid=26304226231&channel=company-dealer-speech&cate_id=2518&page=https://mail.idolatekno.com/remote.do?q-~251J1zONtanQK8MsTRgL88rBuFAG4vYMz22595/ HTTP/1.1" 200 85760 "-" "Mozilla/5.0 (Linux; Android 6.0.1; Nexus 5X Build/MMB29P) AppleWebKit/537.36 (KHTML, like Gecko) Chrome/143.0.7499.192 Mobile Safari/537.36 (compatible; Googlebot/2.1; +http://www.google.com/bot.html)"
66.249.64.129 - - [22/Jan/2026:07:05:30 -0500] "GET /?x=2166640003788&channel=107e18&from=https://idolatekno.com/super.py?q-~213QnIB0lLNvAyOyr3CJdu8WsBhNBEeVM47991/ HTTP/1.1" 200 86586 "-" "Mozilla/5.0 (Linux; Android 6.0.1; Nexus 5X Build/MMB29P) AppleWebKit/537.36 (KHTML, like Gecko) Chrome/143.0.7499.192 Mobile Safari/537.36 (compatible; GoogleOther)"
74.7.241.58 - - [22/Jan/2026:07:05:31 -0500] "GET /q-~242JrqkefY8hPY2plSfe7XR7Xhi7bFMLP24320/ HTTP/1.1" 200 - "https://idolatekno.com/?sitemap1000.xml" "Mozilla/5.0 AppleWebKit/537.36 (KHTML, like Gecko; compatible; GPTBot/1.3; +https://openai.com/gptbot)"
66.249.64.129 - - [22/Jan/2026:07:05:33 -0500] "GET /?x=2166640003788&channel=107e18&from=https://idolatekno.com/super.py?q-~281v6QDK7NY5GidzjbmBBMREINTDbE4lO11559/ HTTP/1.1" 200 85345 "-" "Mozilla/5.0 (Linux; Android 6.0.1; Nexus 5X Build/MMB29P) AppleWebKit/537.36 (KHTML, like Gecko) Chrome/143.0.7499.192 Mobile Safari/537.36 (compatible; GoogleOther)"
74.7.241.58 - - [22/Jan/2026:07:05:35 -0500] "GET /q-~164JqQABLbEDnSH3yATf4u23csyWj7tUq48248/ HTTP/1.1" 200 - "https://idolatekno.com/?sitemap317.xml" "Mozilla/5.0 AppleWebKit/537.36 (KHTML, like Gecko; compatible; GPTBot/1.3; +https://openai.com/gptbot)"
66.249.70.37 - - [22/Jan/2026:07:05:36 -0500] "GET /?pid=26304226231&channel=course-actress-other&cate_id=2518&page=https://mail.idolatekno.com/remote.do?q-~230H0mxBz1Iapkkabmx85vlkvEvZa8OsO22778/ HTTP/1.1" 200 86145 "-" "Mozilla/5.0 (Linux; Android 6.0.1; Nexus 5X Build/MMB29P) AppleWebKit/537.36 (KHTML, like Gecko) Chrome/143.0.7499.192 Mobile Safari/537.36 (compatible; Googlebot/2.1; +http://www.google.com/bot.html)"
66.249.70.36 - - [22/Jan/2026:07:05:36 -0500] "GET /?pid=26304226231&channel=sad-subtle-pleasant&cate_id=2518&page=https://mail.idolatekno.com/remote.do?q-~96htseUFqokDr9GJzMuaI7BQLQJJ3QrC7428/ HTTP/1.1" 200 85823 "-" "Mozilla/5.0 (Linux; Android 6.0.1; Nexus 5X Build/MMB29P) AppleWebKit/537.36 (KHTML, like Gecko) Chrome/143.0.7499.192 Mobile Safari/537.36 (compatible; Googlebot/2.1; +http://www.google.com/bot.html)"
66.249.64.131 - - [22/Jan/2026:07:05:37 -0500] "GET /?x=2166640003788&channel=107e18&from=https://idolatekno.com/super.py?q-~139u3k3dfpTv01lDukYLT5JvOoXfXIDhy26265/ HTTP/1.1" 200 86748 "-" "Mozilla/5.0 (Linux; Android 6.0.1; Nexus 5X Build/MMB29P) AppleWebKit/537.36 (KHTML, like Gecko) Chrome/143.0.7499.192 Mobile Safari/537.36 (compatible; GoogleOther)"
74.7.241.58 - - [22/Jan/2026:07:05:38 -0500] "GET /q-~161QTmWaGfDCmTXGmIZb53NLb3IfMU6fs42707/ HTTP/1.1" 200 - "https://idolatekno.com/?sitemap1000.xml" "Mozilla/5.0 AppleWebKit/537.36 (KHTML, like Gecko; compatible; GPTBot/1.3; +https://openai.com/gptbot)"
114.119.133.190 - - [22/Jan/2026:07:05:38 -0500] "GET /q-~222Z0TRrm5GgTS9eByASyOIIy2Hc4W5uU45520/ HTTP/1.1" 200 - "https://mail.idolatekno.com/sitemapd.xml" "Mozilla/5.0 (Linux; Android 7.0;) AppleWebKit/537.36 (KHTML, like Gecko) Mobile Safari/537.36 (compatible; PetalBot;+https://webmaster.petalsearch.com/site/petalbot)"
66.249.64.130 - - [22/Jan/2026:07:05:39 -0500] "GET /?x=2166640003788&channel=107e18&from=https://idolatekno.com/super.py?items/167025372.htm HTTP/1.1" 200 85346 "-" "Mozilla/5.0 (Linux; Android 6.0.1; Nexus 5X Build/MMB29P) AppleWebKit/537.36 (KHTML, like Gecko) Chrome/143.0.7499.192 Mobile Safari/537.36 (compatible; GoogleOther)"
74.7.241.58 - - [22/Jan/2026:07:05:41 -0500] "GET /q-~270CHxA6ue6Oyx3wmdYKVtA8JSuLCY6wJ24628/ HTTP/1.1" 200 - "https://idolatekno.com/?sitemap1000.xml" "Mozilla/5.0 AppleWebKit/537.36 (KHTML, like Gecko; compatible; GPTBot/1.3; +https://openai.com/gptbot)"
66.249.64.128 - - [22/Jan/2026:07:05:43 -0500] "GET /?x=2166640003788&channel=107e18&from=https://idolatekno.com/super.py?q-~154HwNhck6MOFVAEGPPTmlEnzIpmyEYHV7148/ HTTP/1.1" 200 85241 "-" "Mozilla/5.0 (Linux; Android 6.0.1; Nexus 5X Build/MMB29P) AppleWebKit/537.36 (KHTML, like Gecko) Chrome/143.0.7499.192 Mobile Safari/537.36 (compatible; GoogleOther)"
66.249.70.37 - - [22/Jan/2026:07:05:44 -0500] "GET /?pid=26304226231&channel=substantially-maintain-dramatically&cate_id=2518&page=https://mail.idolatekno.com/remote.do?items/186045453.htm HTTP/1.1" 200 86285 "-" "Mozilla/5.0 (Linux; Android 6.0.1; Nexus 5X Build/MMB29P) AppleWebKit/537.36 (KHTML, like Gecko) Chrome/143.0.7499.192 Mobile Safari/537.36 (compatible; Googlebot/2.1; +http://www.google.com/bot.html)"
74.7.241.58 - - [22/Jan/2026:07:05:44 -0500] "GET /q-~151V7K6F2mXGTE98DSllmfLXyVrsSfCiG37841/ HTTP/1.1" 200 - "https://idolatekno.com/?sitemap442.xml" "Mozilla/5.0 AppleWebKit/537.36 (KHTML, like Gecko; compatible; GPTBot/1.3; +https://openai.com/gptbot)"
66.249.70.36 - - [22/Jan/2026:07:05:44 -0500] "GET /?pid=26304226231&channel=useful-observer-nightmare&cate_id=2518&page=https://mail.idolatekno.com/remote.do?items/018000941.htm HTTP/1.1" 200 85753 "-" "Mozilla/5.0 (Linux; Android 6.0.1; Nexus 5X Build/MMB29P) AppleWebKit/537.36 (KHTML, like Gecko) Chrome/143.0.7499.192 Mobile Safari/537.36 (compatible; Googlebot/2.1; +http://www.google.com/bot.html)"
66.249.64.129 - - [22/Jan/2026:07:05:45 -0500] "GET /?x=2166640003788&channel=107e18&from=https://idolatekno.com/super.py?q-~267j4BEw6RPG9wEl0ypqG1bfduuH6VI3S39939/ HTTP/1.1" 200 85296 "-" "Mozilla/5.0 (Linux; Android 6.0.1; Nexus 5X Build/MMB29P) AppleWebKit/537.36 (KHTML, like Gecko) Chrome/143.0.7499.192 Mobile Safari/537.36 (compatible; GoogleOther)"
74.7.241.58 - - [22/Jan/2026:07:05:47 -0500] "GET /q-~105q4NucfvT0AqvLhLv6K7efkGMjcagYv38827/ HTTP/1.1" 200 - "https://idolatekno.com/?sitemap317.xml" "Mozilla/5.0 AppleWebKit/537.36 (KHTML, like Gecko; compatible; GPTBot/1.3; +https://openai.com/gptbot)"
66.249.64.129 - - [22/Jan/2026:07:05:49 -0500] "GET /?x=2166640003788&channel=107e18&from=https://idolatekno.com/super.py?q-~47eq2zbD1HTuRZKMjX1EX0nEy2U95HLS36889/ HTTP/1.1" 200 85554 "-" "Mozilla/5.0 (Linux; Android 6.0.1; Nexus 5X Build/MMB29P) AppleWebKit/537.36 (KHTML, like Gecko) Chrome/143.0.7499.192 Mobile Safari/537.36 (compatible; GoogleOther)"
74.7.241.58 - - [22/Jan/2026:07:05:50 -0500] "GET /q-~224N0PTp9JviV9eUWIQVHNhqKDXdNW6BK44678/ HTTP/1.1" 200 - "https://idolatekno.com/?sitemap317.xml" "Mozilla/5.0 AppleWebKit/537.36 (KHTML, like Gecko; compatible; GPTBot/1.3; +https://openai.com/gptbot)"
66.249.64.130 - - [22/Jan/2026:07:05:51 -0500] "GET /?x=2166640003788&channel=107e18&from=https://idolatekno.com/super.py?q-~266fivtnGkSi7LrDWovDv9ofqybLKzkxH28902/ HTTP/1.1" 200 85423 "-" "Mozilla/5.0 (Linux; Android 6.0.1; Nexus 5X Build/MMB29P) AppleWebKit/537.36 (KHTML, like Gecko) Chrome/143.0.7499.192 Mobile Safari/537.36 (compatible; GoogleOther)"
66.249.64.132 - - [22/Jan/2026:07:05:53 -0500] "GET /?x=2166640003788&channel=107e18&from=https://idolatekno.com/super.py?q-~214hjyb1vRQzyQ6upayRhcZcS6H38VSnL4524/ HTTP/1.1" 200 85140 "-" "Mozilla/5.0 (Linux; Android 6.0.1; Nexus 5X Build/MMB29P) AppleWebKit/537.36 (KHTML, like Gecko) Chrome/143.0.7499.192 Mobile Safari/537.36 (compatible; GoogleOther)"
74.7.241.58 - - [22/Jan/2026:07:05:53 -0500] "GET /q-~102XVII5iFtCpMBbeMujL1sv4IxqJ7ipX15772/ HTTP/1.1" 200 - "https://idolatekno.com/?sitemap442.xml" "Mozilla/5.0 AppleWebKit/537.36 (KHTML, like Gecko; compatible; GPTBot/1.3; +https://openai.com/gptbot)"
66.249.64.132 - - [22/Jan/2026:07:05:55 -0500] "GET /?x=2166640003788&channel=107e18&from=https://idolatekno.com/super.py?q-~174qRSEHmiWzHARr8zmcqsw0VQDNUoNko31790/ HTTP/1.1" 200 86000 "-" "Mozilla/5.0 (Linux; Android 6.0.1; Nexus 5X Build/MMB29P) AppleWebKit/537.36 (KHTML, like Gecko) Chrome/143.0.7499.192 Mobile Safari/537.36 (compatible; GoogleOther)"
74.7.241.58 - - [22/Jan/2026:07:05:56 -0500] "GET /q-~29MQ5wMN61nppwoJFswZQycdSEANk73f12219/ HTTP/1.1" 200 - "https://idolatekno.com/?sitemap305.xml" "Mozilla/5.0 AppleWebKit/537.36 (KHTML, like Gecko; compatible; GPTBot/1.3; +https://openai.com/gptbot)"
66.249.64.129 - - [22/Jan/2026:07:05:57 -0500] "GET /q-~173m3Ggx3DxyVWvgwp1T9TdkstVpy1QKZ25881/ HTTP/1.1" 200 84623 "-" "Mozilla/5.0 (Linux; Android 6.0.1; Nexus 5X Build/MMB29P) AppleWebKit/537.36 (KHTML, like Gecko) Chrome/143.0.7499.192 Mobile Safari/537.36 (compatible; GoogleOther)"
66.249.64.129 - - [22/Jan/2026:07:05:59 -0500] "GET /?x=2166640003788&channel=107e18&from=https://idolatekno.com/super.py?q-~81wLz7TirIWTKUGTa6sdqAAY72vsXv0Z29931/ HTTP/1.1" 200 85517 "-" "Mozilla/5.0 (Linux; Android 6.0.1; Nexus 5X Build/MMB29P) AppleWebKit/537.36 (KHTML, like Gecko) Chrome/143.0.7499.192 Mobile Safari/537.36 (compatible; GoogleOther)"
66.249.70.37 - - [22/Jan/2026:07:05:59 -0500] "GET /?pid=26304226231&channel=proud-beautiful-urban&cate_id=2518&page=https://mail.idolatekno.com/remote.do?items/211027572.htm HTTP/1.1" 200 85995 "-" "Mozilla/5.0 (Linux; Android 6.0.1; Nexus 5X Build/MMB29P) AppleWebKit/537.36 (KHTML, like Gecko) Chrome/143.0.7499.192 Mobile Safari/537.36 (compatible; Googlebot/2.1; +http://www.google.com/bot.html)"
74.7.241.58 - - [22/Jan/2026:07:05:59 -0500] "GET /q-~183hyeuMMndyg0UrBUltC3yhbjyI7Oq9R31221/ HTTP/1.1" 200 - "https://idolatekno.com/?sitemap317.xml" "Mozilla/5.0 AppleWebKit/537.36 (KHTML, like Gecko; compatible; GPTBot/1.3; +https://openai.com/gptbot)"
66.249.64.129 - - [22/Jan/2026:07:06:01 -0500] "GET /?x=2166640003788&channel=107e18&from=https://idolatekno.com/super.py?q-~21dpgemKMEZtBl3Sf1cDXYmQQNPp0iGq18471/ HTTP/1.1" 200 85863 "-" "Mozilla/5.0 (Linux; Android 6.0.1; Nexus 5X Build/MMB29P) AppleWebKit/537.36 (KHTML, like Gecko) Chrome/143.0.7499.192 Mobile Safari/537.36 (compatible; GoogleOther)"
74.7.241.58 - - [22/Jan/2026:07:06:03 -0500] "GET /q-~202HWA9OU48yKpfaHgXNHOTzfo1zpBvnm44842/ HTTP/1.1" 200 - "https://idolatekno.com/?sitemap503.xml" "Mozilla/5.0 AppleWebKit/537.36 (KHTML, like Gecko; compatible; GPTBot/1.3; +https://openai.com/gptbot)"
66.249.64.132 - - [22/Jan/2026:07:06:04 -0500] "GET /?x=2166640003788&channel=107e18&from=https://idolatekno.com/super.py?q-~295wuMof13WLKD1LMVSjaVDgrR7uh8bgK8279/ HTTP/1.1" 200 85691 "-" "Mozilla/5.0 (Linux; Android 6.0.1; Nexus 5X Build/MMB29P) AppleWebKit/537.36 (KHTML, like Gecko) Chrome/143.0.7499.192 Mobile Safari/537.36 (compatible; GoogleOther)"
114.119.130.27 - - [22/Jan/2026:07:06:05 -0500] "GET /q-~222MtS9yglsfpOKAT3X70k8NXybjWpyVL10998/ HTTP/1.1" 200 - "https://mail.idolatekno.com/sitemape.xml" "Mozilla/5.0 (Linux; Android 7.0;) AppleWebKit/537.36 (KHTML, like Gecko) Mobile Safari/537.36 (compatible; PetalBot;+https://webmaster.petalsearch.com/site/petalbot)"
74.7.241.58 - - [22/Jan/2026:07:06:06 -0500] "GET /q-~231JgH1IY85qUzmqmvpKSTZD5sydSS0ta43173/ HTTP/1.1" 200 - "https://idolatekno.com/?sitemap305.xml" "Mozilla/5.0 AppleWebKit/537.36 (KHTML, like Gecko; compatible; GPTBot/1.3; +https://openai.com/gptbot)"
66.249.70.37 - - [22/Jan/2026:07:06:07 -0500] "GET /?pid=26304226231&channel=fate-mill-nor&cate_id=2518&page=https://mail.idolatekno.com/remote.do?q-~45PHMBXEuVRuE0Ep8h2USRmaWLOIdyPB293/ HTTP/1.1" 200 85317 "-" "Mozilla/5.0 (Linux; Android 6.0.1; Nexus 5X Build/MMB29P) AppleWebKit/537.36 (KHTML, like Gecko) Chrome/143.0.7499.192 Mobile Safari/537.36 (compatible; Googlebot/2.1; +http://www.google.com/bot.html)"
66.249.64.129 - - [22/Jan/2026:07:06:07 -0500] "GET /?x=2166640003788&channel=107e18&from=https://idolatekno.com/super.py?q-~33jba4BOXIcu27LU4HskCBbvHNrJ8gMC15577/ HTTP/1.1" 200 85409 "-" "Mozilla/5.0 (Linux; Android 6.0.1; Nexus 5X Build/MMB29P) AppleWebKit/537.36 (KHTML, like Gecko) Chrome/143.0.7499.192 Mobile Safari/537.36 (compatible; GoogleOther)"
74.7.241.58 - - [22/Jan/2026:07:06:09 -0500] "GET /q-~290KWRf1KRcK1dGaBNvo0O7ynzfY4qMkp6970/ HTTP/1.1" 200 - "https://idolatekno.com/?sitemap1000.xml" "Mozilla/5.0 AppleWebKit/537.36 (KHTML, like Gecko; compatible; GPTBot/1.3; +https://openai.com/gptbot)"
66.249.64.129 - - [22/Jan/2026:07:06:11 -0500] "GET /?x=2166640003788&channel=107e18&from=https://idolatekno.com/super.py?q-~208PzZWFRilppg5wJKvay2gTG0H3DulGq34912/ HTTP/1.1" 200 85611 "-" "Mozilla/5.0 (Linux; Android 6.0.1; Nexus 5X Build/MMB29P) AppleWebKit/537.36 (KHTML, like Gecko) Chrome/143.0.7499.192 Mobile Safari/537.36 (compatible; GoogleOther)"
74.7.241.58 - - [22/Jan/2026:07:06:12 -0500] "GET /q-~171GVJEY1IY1v81sURXxjxuqeVozBERrg49193/ HTTP/1.1" 200 - "https://idolatekno.com/?sitemap503.xml" "Mozilla/5.0 AppleWebKit/537.36 (KHTML, like Gecko; compatible; GPTBot/1.3; +https://openai.com/gptbot)"
66.249.64.129 - - [22/Jan/2026:07:06:13 -0500] "GET /?x=2166640003788&channel=107e18&from=https://idolatekno.com/super.py?items/282037449.htm HTTP/1.1" 200 85403 "-" "Mozilla/5.0 (Linux; Android 6.0.1; Nexus 5X Build/MMB29P) AppleWebKit/537.36 (KHTML, like Gecko) Chrome/143.0.7499.192 Mobile Safari/537.36 (compatible; GoogleOther)"
2a03:2880:f80e:1c:: - - [22/Jan/2026:07:06:13 -0500] "GET /m/ball62677037?id=2693295 HTTP/1.1" 200 - "-" "meta-externalagent/1.1 (+https://developers.facebook.com/docs/sharing/webmasters/crawler)"
74.7.241.58 - - [22/Jan/2026:07:06:15 -0500] "GET /q-~254u4CbNAkpwR40AxOqzhuzriVU4ywwmR37454/ HTTP/1.1" 200 - "https://idolatekno.com/?sitemap442.xml" "Mozilla/5.0 AppleWebKit/537.36 (KHTML, like Gecko; compatible; GPTBot/1.3; +https://openai.com/gptbot)"
66.249.64.128 - - [22/Jan/2026:07:06:17 -0500] "GET /?x=2166640003788&channel=107e18&from=https://idolatekno.com/super.py?q-~143HIOrXtrMqZZ3JlTN9dO9OszGJYL5XZ19773/ HTTP/1.1" 200 86161 "-" "Mozilla/5.0 (Linux; Android 6.0.1; Nexus 5X Build/MMB29P) AppleWebKit/537.36 (KHTML, like Gecko) Chrome/143.0.7499.192 Mobile Safari/537.36 (compatible; GoogleOther)"
74.7.241.58 - - [22/Jan/2026:07:06:18 -0500] "GET /q-~210KeFVDO5ONGfucU7mjCeR1s4qF3YKck32008/ HTTP/1.1" 200 - "https://idolatekno.com/?sitemap503.xml" "Mozilla/5.0 AppleWebKit/537.36 (KHTML, like Gecko; compatible; GPTBot/1.3; +https://openai.com/gptbot)"
66.249.64.129 - - [22/Jan/2026:07:06:19 -0500] "GET /?x=2166640003788&channel=107e18&from=https://idolatekno.com/super.py?items/062032341.htm HTTP/1.1" 200 86115 "-" "Mozilla/5.0 (Linux; Android 6.0.1; Nexus 5X Build/MMB29P) AppleWebKit/537.36 (KHTML, like Gecko) Chrome/143.0.7499.192 Mobile Safari/537.36 (compatible; GoogleOther)"
74.7.241.58 - - [22/Jan/2026:07:06:21 -0500] "GET /q-~138uF0T5dFLjemNyXPyHHgtT5GPyBPJ5w23940/ HTTP/1.1" 200 - "https://idolatekno.com/?sitemap305.xml" "Mozilla/5.0 AppleWebKit/537.36 (KHTML, like Gecko; compatible; GPTBot/1.3; +https://openai.com/gptbot)"
66.249.70.36 - - [22/Jan/2026:07:06:22 -0500] "GET /?pid=26304226231&channel=always-operation-apple&cate_id=2518&page=https://mail.idolatekno.com/remote.do?items/030014603.htm HTTP/1.1" 200 85969 "-" "Mozilla/5.0 (Linux; Android 6.0.1; Nexus 5X Build/MMB29P) AppleWebKit/537.36 (KHTML, like Gecko) Chrome/143.0.7499.192 Mobile Safari/537.36 (compatible; Googlebot/2.1; +http://www.google.com/bot.html)"
66.249.64.129 - - [22/Jan/2026:07:06:23 -0500] "GET /?x=2166640003788&channel=107e18&from=https://idolatekno.com/super.py?items/134037767.htm HTTP/1.1" 200 85314 "-" "Mozilla/5.0 (Linux; Android 6.0.1; Nexus 5X Build/MMB29P) AppleWebKit/537.36 (KHTML, like Gecko) Chrome/143.0.7499.192 Mobile Safari/537.36 (compatible; GoogleOther)"
74.7.241.58 - - [22/Jan/2026:07:06:24 -0500] "GET /q-~62KQYu2ddX9aoE9XGIutYc8EjDU0jAdm47410/ HTTP/1.1" 200 - "https://idolatekno.com/?sitemap317.xml" "Mozilla/5.0 AppleWebKit/537.36 (KHTML, like Gecko; compatible; GPTBot/1.3; +https://openai.com/gptbot)"
66.249.64.130 - - [22/Jan/2026:07:06:25 -0500] "GET /?x=2166640003788&channel=107e18&from=https://idolatekno.com/super.py?q-~50dOihimBrRqDDQzPBenM0Ei1B7Doxvf27594/ HTTP/1.1" 200 85713 "-" "Mozilla/5.0 (Linux; Android 6.0.1; Nexus 5X Build/MMB29P) AppleWebKit/537.36 (KHTML, like Gecko) Chrome/143.0.7499.192 Mobile Safari/537.36 (compatible; GoogleOther)"
202.76.188.221 - - [22/Jan/2026:07:06:25 -0500] "GET /q-~64WktdSr90YfFMhYh6tihk4p7FCU5zfA2876/ HTTP/1.1" 200 - "-" "Mozilla/5.0 (Windows; U; Windows NT 5.2; en-US) AppleWebKit/532.1 (KHTML, like Gecko) Chrome/4.0.219.3 Safari/532.1"
74.7.241.58 - - [22/Jan/2026:07:06:28 -0500] "GET /q-~160kUI4RVkIvnncgnd0j7d14qlMlXCVAb1594/ HTTP/1.1" 200 - "https://idolatekno.com/?sitemap1000.xml" "Mozilla/5.0 AppleWebKit/537.36 (KHTML, like Gecko; compatible; GPTBot/1.3; +https://openai.com/gptbot)"
66.249.64.129 - - [22/Jan/2026:07:06:29 -0500] "GET /?x=2166640003788&channel=107e18&from=https://idolatekno.com/super.py?q-~23dwq4fGirg6SZyxs6eqZUTsmc5o9Vdr32221/ HTTP/1.1" 200 85806 "-" "Mozilla/5.0 (Linux; Android 6.0.1; Nexus 5X Build/MMB29P) AppleWebKit/537.36 (KHTML, like Gecko) Chrome/143.0.7499.192 Mobile Safari/537.36 (compatible; GoogleOther)"
66.249.70.37 - - [22/Jan/2026:07:06:30 -0500] "GET /?pid=26304226231&channel=structure-frustrate-transition&cate_id=2518&page=https://mail.idolatekno.com/remote.do?q-~21LM8wSc6D4HvWDoBQY9sVaokC3VUvNa20113/ HTTP/1.1" 200 85856 "-" "Mozilla/5.0 (Linux; Android 6.0.1; Nexus 5X Build/MMB29P) AppleWebKit/537.36 (KHTML, like Gecko) Chrome/143.0.7499.192 Mobile Safari/537.36 (compatible; Googlebot/2.1; +http://www.google.com/bot.html)"
74.7.241.58 - - [22/Jan/2026:07:06:31 -0500] "GET /q-~228p7sIcuKcOEb2CU0zBzOsvfaOBKUM3x11798/ HTTP/1.1" 200 - "https://idolatekno.com/?sitemap503.xml" "Mozilla/5.0 AppleWebKit/537.36 (KHTML, like Gecko; compatible; GPTBot/1.3; +https://openai.com/gptbot)"
66.249.64.128 - - [22/Jan/2026:07:06:31 -0500] "GET /?x=2166640003788&channel=107e18&from=https://idolatekno.com/super.py?q-~183qzDudML5tXDZKlSZQG38aYHJFamwhR49295/ HTTP/1.1" 200 84995 "-" "Mozilla/5.0 (Linux; Android 6.0.1; Nexus 5X Build/MMB29P) AppleWebKit/537.36 (KHTML, like Gecko) Chrome/143.0.7499.192 Mobile Safari/537.36 (compatible; GoogleOther)"
114.119.142.186 - - [22/Jan/2026:07:06:33 -0500] "GET /q-~222Mqr0XXHa66KHfYXw4dP2pFbj5OoIFZ19078/ HTTP/1.1" 200 - "https://mail.idolatekno.com/sitemapc.xml" "Mozilla/5.0 (Linux; Android 7.0;) AppleWebKit/537.36 (KHTML, like Gecko) Mobile Safari/537.36 (compatible; PetalBot;+https://webmaster.petalsearch.com/site/petalbot)"
74.7.241.58 - - [22/Jan/2026:07:06:34 -0500] "GET /q-~143QJbGezp8PG0qaEO44NOTcYv4YhHYMZ38261/ HTTP/1.1" 200 - "https://idolatekno.com/?sitemap1000.xml" "Mozilla/5.0 AppleWebKit/537.36 (KHTML, like Gecko; compatible; GPTBot/1.3; +https://openai.com/gptbot)"
66.249.64.110 - - [22/Jan/2026:07:06:36 -0500] "GET /q-~237NUlHGYiQg4CpMihpHUmIujdoFwAogx2879/ HTTP/1.1" 200 85771 "-" "Mozilla/5.0 (Linux; Android 6.0.1; Nexus 5X Build/MMB29P) AppleWebKit/537.36 (KHTML, like Gecko) Chrome/143.0.7499.192 Mobile Safari/537.36 (compatible; GoogleOther)"
74.7.241.58 - - [22/Jan/2026:07:06:37 -0500] "GET /q-~25Be3mBXlk7pSAqAL8h2QV0PZsRFimPg29899/ HTTP/1.1" 200 - "https://idolatekno.com/?sitemap1000.xml" "Mozilla/5.0 AppleWebKit/537.36 (KHTML, like Gecko; compatible; GPTBot/1.3; +https://openai.com/gptbot)"
66.249.64.129 - - [22/Jan/2026:07:06:38 -0500] "GET /?x=2166640003788&channel=107e18&from=https://idolatekno.com/super.py?q-~33Jq4INC9Wcdv4YQ1Xr80RwsqY1SOLNO47365/ HTTP/1.1" 200 86550 "-" "Mozilla/5.0 (Linux; Android 6.0.1; Nexus 5X Build/MMB29P) AppleWebKit/537.36 (KHTML, like Gecko) Chrome/143.0.7499.192 Mobile Safari/537.36 (compatible; GoogleOther)"
74.7.241.58 - - [22/Jan/2026:07:06:40 -0500] "GET /q-~22UK2Rp5WKq8KiJPOcg2tEr1Rfsaszql36548/ HTTP/1.1" 200 - "https://idolatekno.com/?sitemap1000.xml" "Mozilla/5.0 AppleWebKit/537.36 (KHTML, like Gecko; compatible; GPTBot/1.3; +https://openai.com/gptbot)"
66.249.70.36 - - [22/Jan/2026:07:06:42 -0500] "GET /?pid=26304226231&channel=try-seldom-criteria&cate_id=2518&page=https://mail.idolatekno.com/remote.do?q-~274jkqokpQL0eoc7BcERFpL2LtZuBwnNR46496/ HTTP/1.1" 200 86197 "-" "Mozilla/5.0 (Linux; Android 6.0.1; Nexus 5X Build/MMB29P) AppleWebKit/537.36 (KHTML, like Gecko) Chrome/143.0.7499.192 Mobile Safari/537.36 (compatible; GoogleOther)"
74.7.241.58 - - [22/Jan/2026:07:06:44 -0500] "GET /q-~188Udd8jhqOhQNCVj7fba2F3qzhf2hZNC34052/ HTTP/1.1" 200 - "https://idolatekno.com/?sitemap317.xml" "Mozilla/5.0 AppleWebKit/537.36 (KHTML, like Gecko; compatible; GPTBot/1.3; +https://openai.com/gptbot)"
66.249.70.37 - - [22/Jan/2026:07:06:44 -0500] "GET /?pid=26304226231&channel=softly-right-planet&cate_id=2518&page=https://mail.idolatekno.com/remote.do?items/197007364.htm HTTP/1.1" 200 85372 "-" "Mozilla/5.0 (Linux; Android 6.0.1; Nexus 5X Build/MMB29P) AppleWebKit/537.36 (KHTML, like Gecko) Chrome/143.0.7499.192 Mobile Safari/537.36 (compatible; Googlebot/2.1; +http://www.google.com/bot.html)"
66.249.64.128 - - [22/Jan/2026:07:06:44 -0500] "GET /?x=2166640003788&channel=107e18&from=https://idolatekno.com/super.py?items/132013743.htm HTTP/1.1" 200 85352 "-" "Mozilla/5.0 (Linux; Android 6.0.1; Nexus 5X Build/MMB29P) AppleWebKit/537.36 (KHTML, like Gecko) Chrome/143.0.7499.192 Mobile Safari/537.36 (compatible; GoogleOther)"
74.7.241.58 - - [22/Jan/2026:07:06:47 -0500] "GET /q-~174vd2Y1kp7faiLLDTLuWcbDzLPuX7tBI43648/ HTTP/1.1" 200 - "https://idolatekno.com/?sitemap442.xml" "Mozilla/5.0 AppleWebKit/537.36 (KHTML, like Gecko; compatible; GPTBot/1.3; +https://openai.com/gptbot)"
66.249.64.128 - - [22/Jan/2026:07:06:48 -0500] "GET /?x=2166640003788&channel=107e18&from=https://idolatekno.com/super.py?q-~292UH3zhzq57lk4ri68dWhXUGK2dhXQcq11806/ HTTP/1.1" 200 85962 "-" "Mozilla/5.0 (Linux; Android 6.0.1; Nexus 5X Build/MMB29P) AppleWebKit/537.36 (KHTML, like Gecko) Chrome/143.0.7499.192 Mobile Safari/537.36 (compatible; GoogleOther)"
74.7.241.58 - - [22/Jan/2026:07:06:50 -0500] "GET /q-~192wgvbedrvFyKnow2QQkI01IYWLv6oon35482/ HTTP/1.1" 200 - "https://idolatekno.com/?sitemap442.xml" "Mozilla/5.0 AppleWebKit/537.36 (KHTML, like Gecko; compatible; GPTBot/1.3; +https://openai.com/gptbot)"
66.249.64.128 - - [22/Jan/2026:07:06:51 -0500] "GET /?x=2166640003788&channel=107e18&from=https://idolatekno.com/super.py?q-~51C4eBfHLT8CDMQPSOyKe75ecyeGyLtf49623/ HTTP/1.1" 200 86551 "-" "Mozilla/5.0 (Linux; Android 6.0.1; Nexus 5X Build/MMB29P) AppleWebKit/537.36 (KHTML, like Gecko) Chrome/143.0.7499.192 Mobile Safari/537.36 (compatible; GoogleOther)"
