66.249.70.37 - - [22/Jan/2026:07:47:58 -0500] "GET /?pid=26304226231&channel=advise-compliance-radar&cate_id=2518&page=https://mail.idolatekno.com/remote.do?q-~169hYw2omuUDPQ8SCOuXdWRmMfjuTaosM27781/ HTTP/1.1" 200 85393 "-" "Mozilla/5.0 (Linux; Android 6.0.1; Nexus 5X Build/MMB29P) AppleWebKit/537.36 (KHTML, like Gecko) Chrome/143.0.7499.192 Mobile Safari/537.36 (compatible; Googlebot/2.1; +http://www.google.com/bot.html)"
114.119.142.186 - - [22/Jan/2026:07:48:01 -0500] "GET /q-~219CCd68CAHiXpSe5acKR8wJrO1SQ3ips9737/ HTTP/1.1" 200 - "https://mail.idolatekno.com/sitemapc.xml" "Mozilla/5.0 (Linux; Android 7.0;) AppleWebKit/537.36 (KHTML, like Gecko) Mobile Safari/537.36 (compatible; PetalBot;+https://webmaster.petalsearch.com/site/petalbot)"
74.7.241.58 - - [22/Jan/2026:07:48:01 -0500] "GET /q-~33ae9IhcUgklGqfhUc10s1cpRLQXVL7Q42259/ HTTP/1.1" 200 - "https://idolatekno.com/sitemap49.xml" "Mozilla/5.0 AppleWebKit/537.36 (KHTML, like Gecko; compatible; GPTBot/1.3; +https://openai.com/gptbot)"
74.7.241.58 - - [22/Jan/2026:07:48:04 -0500] "GET /q-~299fZy8AGBnwD0esQebFR3CtB7shyAN8C24323/ HTTP/1.1" 200 - "https://idolatekno.com/sitemap14.xml" "Mozilla/5.0 AppleWebKit/537.36 (KHTML, like Gecko; compatible; GPTBot/1.3; +https://openai.com/gptbot)"
66.249.70.38 - - [22/Jan/2026:07:48:06 -0500] "GET /?pid=26304226231&channel=uh-financial-initial&cate_id=2518&page=https://mail.idolatekno.com/remote.do?q-~162kbMItyHVahphxe19X2Zv8fKZSH5rLw23222/ HTTP/1.1" 200 85496 "-" "Mozilla/5.0 (Linux; Android 6.0.1; Nexus 5X Build/MMB29P) AppleWebKit/537.36 (KHTML, like Gecko) Chrome/143.0.7499.192 Mobile Safari/537.36 (compatible; Googlebot/2.1; +http://www.google.com/bot.html)"
74.7.241.58 - - [22/Jan/2026:07:48:07 -0500] "GET /q-~242joEZgeitDnfBU8gD80DGAhXXZb4gVE20956/ HTTP/1.1" 200 - "https://idolatekno.com/sitemap16.xml" "Mozilla/5.0 AppleWebKit/537.36 (KHTML, like Gecko; compatible; GPTBot/1.3; +https://openai.com/gptbot)"
66.249.64.129 - - [22/Jan/2026:07:48:08 -0500] "GET /pcmypage?callback=/product%2Fdetail%2m51973176202 HTTP/1.1" 403 555861 "-" "Mozilla/5.0 (Linux; Android 6.0.1; Nexus 5X Build/MMB29P) AppleWebKit/537.36 (KHTML, like Gecko) Chrome/143.0.7499.192 Mobile Safari/537.36 (compatible; GoogleOther)"
74.7.241.58 - - [22/Jan/2026:07:48:10 -0500] "GET /q-~215KACVgzPO1HwBfhG4Lw3EXqLcwKE9cZ47327/ HTTP/1.1" 200 - "https://idolatekno.com/?sitemap442.xml" "Mozilla/5.0 AppleWebKit/537.36 (KHTML, like Gecko; compatible; GPTBot/1.3; +https://openai.com/gptbot)"
66.249.64.128 - - [22/Jan/2026:07:48:12 -0500] "GET /?x=2166640003788&channel=107e18&from=https://idolatekno.com/super.py?items/034026479.htm HTTP/1.1" 200 86872 "-" "Mozilla/5.0 (Linux; Android 6.0.1; Nexus 5X Build/MMB29P) AppleWebKit/537.36 (KHTML, like Gecko) Chrome/143.0.7499.192 Mobile Safari/537.36 (compatible; GoogleOther)"
66.249.70.36 - - [22/Jan/2026:07:48:13 -0500] "GET /?pid=26304226231&channel=crop-unknown-hire&cate_id=2518&page=https://mail.idolatekno.com/remote.do?q-~42RNbHWrpr6Dkj84YTy73izrw8NZhXAi43164/ HTTP/1.1" 200 85606 "-" "Mozilla/5.0 (Linux; Android 6.0.1; Nexus 5X Build/MMB29P) AppleWebKit/537.36 (KHTML, like Gecko) Chrome/143.0.7499.192 Mobile Safari/537.36 (compatible; Googlebot/2.1; +http://www.google.com/bot.html)"
74.7.241.58 - - [22/Jan/2026:07:48:13 -0500] "GET /q-~181Tba5ATZMrDF2e4KOlJaIoMJ3vBOd5k34185/ HTTP/1.1" 200 - "https://idolatekno.com/sitemap27.xml" "Mozilla/5.0 AppleWebKit/537.36 (KHTML, like Gecko; compatible; GPTBot/1.3; +https://openai.com/gptbot)"
74.7.241.58 - - [22/Jan/2026:07:48:16 -0500] "GET /q-~57GD6BeBeLtV9iQeb23gKGR1pvCkDvyF33435/ HTTP/1.1" 200 - "https://idolatekno.com/pages.php?sitemap849.xml" "Mozilla/5.0 AppleWebKit/537.36 (KHTML, like Gecko; compatible; GPTBot/1.3; +https://openai.com/gptbot)"
74.7.241.58 - - [22/Jan/2026:07:48:20 -0500] "GET /q-~216EV4ekXEgBdYmCY6AZoNtH4Mmy9RHtR13990/ HTTP/1.1" 200 - "https://idolatekno.com/?sitemap1000.xml" "Mozilla/5.0 AppleWebKit/537.36 (KHTML, like Gecko; compatible; GPTBot/1.3; +https://openai.com/gptbot)"
66.249.70.36 - - [22/Jan/2026:07:48:20 -0500] "GET /?pid=20214391161&channel=elbow-crop-emotionally&cate_id=7944&page=https://mail.idolatekno.com/spark.xhtml?q-~28GvFNIyVDKNF3LeGEQXZJayC9FnHdFj18178/ HTTP/1.1" 403 566749 "-" "Mozilla/5.0 (Linux; Android 6.0.1; Nexus 5X Build/MMB29P) AppleWebKit/537.36 (KHTML, like Gecko) Chrome/143.0.7499.192 Mobile Safari/537.36 (compatible; Googlebot/2.1; +http://www.google.com/bot.html)"
74.7.241.58 - - [22/Jan/2026:07:48:23 -0500] "GET /q-~175j2xS6MMv7qrOuEvacUSfpaP9oaRgyv23813/ HTTP/1.1" 200 - "https://idolatekno.com/sitemap21.xml" "Mozilla/5.0 AppleWebKit/537.36 (KHTML, like Gecko; compatible; GPTBot/1.3; +https://openai.com/gptbot)"
66.249.64.128 - - [22/Jan/2026:07:48:25 -0500] "GET /pcmypage?callback=/product%2Fdetail%2m93904177983 HTTP/1.1" 403 558950 "-" "Mozilla/5.0 (Linux; Android 6.0.1; Nexus 5X Build/MMB29P) AppleWebKit/537.36 (KHTML, like Gecko) Chrome/143.0.7499.192 Mobile Safari/537.36 (compatible; GoogleOther)"
74.7.241.58 - - [22/Jan/2026:07:48:26 -0500] "GET /q-~188ikfcQGner67VnDJQGdZC27nwsTqWDm44248/ HTTP/1.1" 200 - "https://idolatekno.com/?sitemap1000.xml" "Mozilla/5.0 AppleWebKit/537.36 (KHTML, like Gecko; compatible; GPTBot/1.3; +https://openai.com/gptbot)"
114.119.135.195 - - [22/Jan/2026:07:48:27 -0500] "GET /q-~218zJmvzR07EaWa5QVB8aUSt3Xx0sKfAc29384/ HTTP/1.1" 200 - "https://mail.idolatekno.com/sitemapc.xml" "Mozilla/5.0 (Linux; Android 7.0;) AppleWebKit/537.36 (KHTML, like Gecko) Mobile Safari/537.36 (compatible; PetalBot;+https://webmaster.petalsearch.com/site/petalbot)"
66.249.64.128 - - [22/Jan/2026:07:48:27 -0500] "GET /pcmypage?callback=/product%2Fdetail%2m55245183721 HTTP/1.1" 403 559669 "-" "Mozilla/5.0 (Linux; Android 6.0.1; Nexus 5X Build/MMB29P) AppleWebKit/537.36 (KHTML, like Gecko) Chrome/143.0.7499.192 Mobile Safari/537.36 (compatible; GoogleOther)"
66.249.70.36 - - [22/Jan/2026:07:48:28 -0500] "GET /?pid=26304226231&channel=type-buck-matter&cate_id=2518&page=https://mail.idolatekno.com/remote.do?q-~81RTDhAxtl8YeeBWXvIfiHaHnJaRVaQf17679/ HTTP/1.1" 200 85438 "-" "Mozilla/5.0 (Linux; Android 6.0.1; Nexus 5X Build/MMB29P) AppleWebKit/537.36 (KHTML, like Gecko) Chrome/143.0.7499.192 Mobile Safari/537.36 (compatible; Googlebot/2.1; +http://www.google.com/bot.html)"
66.249.64.96 - - [22/Jan/2026:07:48:28 -0500] "GET /items/213031030.htm HTTP/1.1" 200 85698 "-" "Mozilla/5.0 (Linux; Android 6.0.1; Nexus 5X Build/MMB29P) AppleWebKit/537.36 (KHTML, like Gecko) Chrome/143.0.7499.192 Mobile Safari/537.36 (compatible; Googlebot/2.1; +http://www.google.com/bot.html)"
74.7.241.58 - - [22/Jan/2026:07:48:29 -0500] "GET /q-~218M2eqMSx7eIESnvB8DaYpY4NMtv2gwb6194/ HTTP/1.1" 200 - "https://idolatekno.com/?sitemap305.xml" "Mozilla/5.0 AppleWebKit/537.36 (KHTML, like Gecko; compatible; GPTBot/1.3; +https://openai.com/gptbot)"
74.7.241.58 - - [22/Jan/2026:07:48:32 -0500] "GET /q-~265DhOxqlfEfjjXE46yth2UwZ1MWYQnjD12083/ HTTP/1.1" 200 - "https://idolatekno.com/?sitemap503.xml" "Mozilla/5.0 AppleWebKit/537.36 (KHTML, like Gecko; compatible; GPTBot/1.3; +https://openai.com/gptbot)"
74.7.241.58 - - [22/Jan/2026:07:48:35 -0500] "GET /q-~232rnqYsv8vAV2gx6DYmH8Z1kQfdvMell10732/ HTTP/1.1" 200 - "https://idolatekno.com/?sitemap317.xml" "Mozilla/5.0 AppleWebKit/537.36 (KHTML, like Gecko; compatible; GPTBot/1.3; +https://openai.com/gptbot)"
66.249.70.36 - - [22/Jan/2026:07:48:35 -0500] "GET /?pid=20214391161&channel=pickup-square-tale&cate_id=7944&page=https://mail.idolatekno.com/spark.xhtml?items/128032917.htm HTTP/1.1" 403 561707 "-" "Mozilla/5.0 (Linux; Android 6.0.1; Nexus 5X Build/MMB29P) AppleWebKit/537.36 (KHTML, like Gecko) Chrome/143.0.7499.192 Mobile Safari/537.36 (compatible; Googlebot/2.1; +http://www.google.com/bot.html)"
74.7.241.58 - - [22/Jan/2026:07:48:39 -0500] "GET /q-~246SaaBsRlz4asRg4VWLMF7Wz4duONdOf29492/ HTTP/1.1" 200 - "https://idolatekno.com/sitemap785.xml" "Mozilla/5.0 AppleWebKit/537.36 (KHTML, like Gecko; compatible; GPTBot/1.3; +https://openai.com/gptbot)"
66.249.64.132 - - [22/Jan/2026:07:48:41 -0500] "GET /q-~259wdBl74Uc4GcDCgydKxOz95ZyfLJVAU27885/ HTTP/1.1" 200 85923 "-" "Mozilla/5.0 (Linux; Android 6.0.1; Nexus 5X Build/MMB29P) AppleWebKit/537.36 (KHTML, like Gecko) Chrome/143.0.7499.192 Mobile Safari/537.36 (compatible; GoogleOther)"
74.7.241.58 - - [22/Jan/2026:07:48:42 -0500] "GET /q-~264bbYX3cOAgacE43MRWC4jYMwAGbEQ5k13624/ HTTP/1.1" 200 - "https://idolatekno.com/?sitemap1000.xml" "Mozilla/5.0 AppleWebKit/537.36 (KHTML, like Gecko; compatible; GPTBot/1.3; +https://openai.com/gptbot)"
66.249.64.132 - - [22/Jan/2026:07:48:43 -0500] "GET /pcmypage?callback=/product%2Fdetail%2m21190523976 HTTP/1.1" 403 555297 "-" "Mozilla/5.0 (Linux; Android 6.0.1; Nexus 5X Build/MMB29P) AppleWebKit/537.36 (KHTML, like Gecko) Chrome/143.0.7499.192 Mobile Safari/537.36 (compatible; GoogleOther)"
66.249.70.37 - - [22/Jan/2026:07:48:43 -0500] "GET /?pid=26304226231&channel=bond-leather-screw&cate_id=2518&page=https://mail.idolatekno.com/remote.do?items/061028956.htm HTTP/1.1" 200 85489 "-" "Mozilla/5.0 (Linux; Android 6.0.1; Nexus 5X Build/MMB29P) AppleWebKit/537.36 (KHTML, like Gecko) Chrome/143.0.7499.192 Mobile Safari/537.36 (compatible; Googlebot/2.1; +http://www.google.com/bot.html)"
74.7.241.58 - - [22/Jan/2026:07:48:45 -0500] "GET /q-~130Hn3t53O9pxgosEsyylpxAORBrXtHdV49066/ HTTP/1.1" 200 - "https://idolatekno.com/sitemap1.xml" "Mozilla/5.0 AppleWebKit/537.36 (KHTML, like Gecko; compatible; GPTBot/1.3; +https://openai.com/gptbot)"
119.30.118.6 - - [22/Jan/2026:07:48:47 -0500] "GET /q-~236ZkiYk4hPP9wcAslFMlMfRbweX2iMVQ19682/ HTTP/1.1" 200 - "-" "Mozilla/5.0 (X11; U; FreeBSD i386; en-US) AppleWebKit/534.16 (KHTML, like Gecko) Chrome/10.0.648.204 Safari/534.16"
74.7.241.58 - - [22/Jan/2026:07:48:48 -0500] "GET /q-~259qpoUGG8LgRJPzUAwdvy4ctAQ7c2ugC26479/ HTTP/1.1" 200 - "https://idolatekno.com/?sitemap305.xml" "Mozilla/5.0 AppleWebKit/537.36 (KHTML, like Gecko; compatible; GPTBot/1.3; +https://openai.com/gptbot)"
66.249.70.36 - - [22/Jan/2026:07:48:50 -0500] "GET /?pid=20214391161&channel=slow-mail-opening&cate_id=7944&page=https://mail.idolatekno.com/spark.xhtml?items/140024885.htm HTTP/1.1" 403 567404 "-" "Mozilla/5.0 (Linux; Android 6.0.1; Nexus 5X Build/MMB29P) AppleWebKit/537.36 (KHTML, like Gecko) Chrome/143.0.7499.192 Mobile Safari/537.36 (compatible; Googlebot/2.1; +http://www.google.com/bot.html)"
74.7.241.58 - - [22/Jan/2026:07:48:52 -0500] "GET /q-~187Ub8toKLQlsnYx6tvKXSUZBOfb5lf1M15335/ HTTP/1.1" 200 - "https://idolatekno.com/sitemap86.xml" "Mozilla/5.0 AppleWebKit/537.36 (KHTML, like Gecko; compatible; GPTBot/1.3; +https://openai.com/gptbot)"
66.249.64.132 - - [22/Jan/2026:07:48:55 -0500] "GET /?x=2166640003788&channel=107e18&from=https://idolatekno.com/super.py?items/215022316.htm HTTP/1.1" 200 87425 "-" "Mozilla/5.0 (Linux; Android 6.0.1; Nexus 5X Build/MMB29P) AppleWebKit/537.36 (KHTML, like Gecko) Chrome/143.0.7499.192 Mobile Safari/537.36 (compatible; GoogleOther)"
74.7.241.58 - - [22/Jan/2026:07:48:55 -0500] "GET /q-~295VWNC5WjRss4ktYYeqoNTqM86hti7XZ14099/ HTTP/1.1" 200 - "https://idolatekno.com/?sitemap503.xml" "Mozilla/5.0 AppleWebKit/537.36 (KHTML, like Gecko; compatible; GPTBot/1.3; +https://openai.com/gptbot)"
114.119.132.76 - - [22/Jan/2026:07:48:55 -0500] "GET /q-~218xD1PdLtkjMrQhLoVHjUIwhWMvF8ohD8658/ HTTP/1.1" 200 - "https://mail.idolatekno.com/sitemapd.xml" "Mozilla/5.0 (Linux; Android 7.0;) AppleWebKit/537.36 (KHTML, like Gecko) Mobile Safari/537.36 (compatible; PetalBot;+https://webmaster.petalsearch.com/site/petalbot)"
74.7.241.58 - - [22/Jan/2026:07:48:58 -0500] "GET /q-~204PMwkIAXzKb14MoPnuDt4Boz3gMu3Gn3104/ HTTP/1.1" 200 - "https://idolatekno.com/sitemap73.xml" "Mozilla/5.0 AppleWebKit/537.36 (KHTML, like Gecko; compatible; GPTBot/1.3; +https://openai.com/gptbot)"
66.249.64.132 - - [22/Jan/2026:07:48:59 -0500] "GET /q-~167xLDnewvzPWWoKPwFfxOZSCHHXuPGmV25635/ HTTP/1.1" 200 85092 "-" "Mozilla/5.0 (Linux; Android 6.0.1; Nexus 5X Build/MMB29P) AppleWebKit/537.36 (KHTML, like Gecko) Chrome/143.0.7499.192 Mobile Safari/537.36 (compatible; GoogleOther)"
74.7.241.58 - - [22/Jan/2026:07:49:01 -0500] "GET /q-~96kDrNaf44GPElwj2cReY7RqJY4CATFs44322/ HTTP/1.1" 200 - "https://idolatekno.com/?sitemap305.xml" "Mozilla/5.0 AppleWebKit/537.36 (KHTML, like Gecko; compatible; GPTBot/1.3; +https://openai.com/gptbot)"
66.249.70.36 - - [22/Jan/2026:07:49:04 -0500] "GET /?pid=26304226231&channel=file-basket-ocean&cate_id=2518&page=https://mail.idolatekno.com/remote.do?q-~211ZFK0D1gJ6E00wfRwNrCtIIMrZDeCrt2023/ HTTP/1.1" 200 85480 "-" "Mozilla/5.0 (Linux; Android 6.0.1; Nexus 5X Build/MMB29P) AppleWebKit/537.36 (KHTML, like Gecko) Chrome/143.0.7499.192 Mobile Safari/537.36 (compatible; Googlebot/2.1; +http://www.google.com/bot.html)"
74.7.241.58 - - [22/Jan/2026:07:49:04 -0500] "GET /q-~293ktKkdn9xFEvfGrkz1QH69seTdJ3rYd7881/ HTTP/1.1" 200 - "https://idolatekno.com/sitemap79.xml" "Mozilla/5.0 AppleWebKit/537.36 (KHTML, like Gecko; compatible; GPTBot/1.3; +https://openai.com/gptbot)"
74.7.241.58 - - [22/Jan/2026:07:49:07 -0500] "GET /q-~273An3LIIAmGjw3nNKyI4grMhL4Eb3aEe2621/ HTTP/1.1" 200 - "https://idolatekno.com/sitemap1.xml" "Mozilla/5.0 AppleWebKit/537.36 (KHTML, like Gecko; compatible; GPTBot/1.3; +https://openai.com/gptbot)"
74.7.241.58 - - [22/Jan/2026:07:49:10 -0500] "GET /q-~195hQ3WPLPReaf3a4qRvgoI5M6SSonQqg2585/ HTTP/1.1" 200 - "https://idolatekno.com/?sitemap503.xml" "Mozilla/5.0 AppleWebKit/537.36 (KHTML, like Gecko; compatible; GPTBot/1.3; +https://openai.com/gptbot)"
66.249.64.128 - - [22/Jan/2026:07:49:11 -0500] "GET /pcmypage?callback=/product%2Fdetail%2m45871583191 HTTP/1.1" 403 551360 "-" "Mozilla/5.0 (Linux; Android 6.0.1; Nexus 5X Build/MMB29P) AppleWebKit/537.36 (KHTML, like Gecko) Chrome/143.0.7499.192 Mobile Safari/537.36 (compatible; GoogleOther)"
66.249.70.38 - - [22/Jan/2026:07:49:11 -0500] "GET /?pid=20214391161&channel=constraint-gift-chapter&cate_id=7944&page=https://mail.idolatekno.com/spark.xhtml?items/049021850.htm HTTP/1.1" 403 557892 "-" "Mozilla/5.0 (Linux; Android 6.0.1; Nexus 5X Build/MMB29P) AppleWebKit/537.36 (KHTML, like Gecko) Chrome/143.0.7499.192 Mobile Safari/537.36 (compatible; Googlebot/2.1; +http://www.google.com/bot.html)"
66.249.70.38 - - [22/Jan/2026:07:49:12 -0500] "GET /?pid=26304226231&channel=woman-enter-orientation&cate_id=2518&page=https://mail.idolatekno.com/remote.do?q-~96d5CWVcVk6zVHqWu7oiay4HzputNeiK5388/ HTTP/1.1" 200 85664 "-" "Mozilla/5.0 (Linux; Android 6.0.1; Nexus 5X Build/MMB29P) AppleWebKit/537.36 (KHTML, like Gecko) Chrome/143.0.7499.192 Mobile Safari/537.36 (compatible; Googlebot/2.1; +http://www.google.com/bot.html)"
74.7.241.58 - - [22/Jan/2026:07:49:14 -0500] "GET /q-~233owHkmLHwVdPVGlkOhghh36k6uxDM4T21335/ HTTP/1.1" 200 - "https://idolatekno.com/sitemap79.xml" "Mozilla/5.0 AppleWebKit/537.36 (KHTML, like Gecko; compatible; GPTBot/1.3; +https://openai.com/gptbot)"
66.249.70.36 - - [22/Jan/2026:07:49:15 -0500] "GET /?pid=26304226231&channel=hint-world-hurt&cate_id=2518&page=https://mail.idolatekno.com/remote.do?items/030020507.htm HTTP/1.1" 200 86424 "-" "Mozilla/5.0 (Linux; Android 6.0.1; Nexus 5X Build/MMB29P) AppleWebKit/537.36 (KHTML, like Gecko) Chrome/143.0.7499.192 Mobile Safari/537.36 (compatible; Googlebot/2.1; +http://www.google.com/bot.html)"
74.7.241.58 - - [22/Jan/2026:07:49:17 -0500] "GET /q-~244d1WDqTjclh3DoYnDi9V5t9hwRzdLcy18100/ HTTP/1.1" 200 - "https://idolatekno.com/?sitemap442.xml" "Mozilla/5.0 AppleWebKit/537.36 (KHTML, like Gecko; compatible; GPTBot/1.3; +https://openai.com/gptbot)"
66.249.64.132 - - [22/Jan/2026:07:49:17 -0500] "GET /pcmypage?callback=/product%2Fdetail%2m70976579928 HTTP/1.1" 403 558467 "-" "Mozilla/5.0 (Linux; Android 6.0.1; Nexus 5X Build/MMB29P) AppleWebKit/537.36 (KHTML, like Gecko) Chrome/143.0.7499.192 Mobile Safari/537.36 (compatible; GoogleOther)"
74.7.241.58 - - [22/Jan/2026:07:49:20 -0500] "GET /q-~36AmLI9pTLiTidFRY5MI9oC0FvxI1lbZ28858/ HTTP/1.1" 200 - "https://idolatekno.com/sitemap73.xml" "Mozilla/5.0 AppleWebKit/537.36 (KHTML, like Gecko; compatible; GPTBot/1.3; +https://openai.com/gptbot)"
66.249.70.37 - - [22/Jan/2026:07:49:21 -0500] "GET /?pid=20214391161&channel=firm-roughly-paint&cate_id=7944&page=https://mail.idolatekno.com/spark.xhtml?q-~235sP3T5qvIv4Xt8yVufvCaU54pMSKSZy22725/ HTTP/1.1" 403 556068 "-" "Mozilla/5.0 (Linux; Android 6.0.1; Nexus 5X Build/MMB29P) AppleWebKit/537.36 (KHTML, like Gecko) Chrome/143.0.7499.192 Mobile Safari/537.36 (compatible; Googlebot/2.1; +http://www.google.com/bot.html)"
114.119.133.190 - - [22/Jan/2026:07:49:23 -0500] "GET /q-~218wVvmjfrKHgswNeJ0lSKV3o41tAZTKL28998/ HTTP/1.1" 200 - "https://mail.idolatekno.com/sitemapc.xml" "Mozilla/5.0 (Linux; Android 7.0;) AppleWebKit/537.36 (KHTML, like Gecko) Mobile Safari/537.36 (compatible; PetalBot;+https://webmaster.petalsearch.com/site/petalbot)"
74.7.241.58 - - [22/Jan/2026:07:49:23 -0500] "GET /q-~295vBXnI2IgTpis2TmbuFGZsu7FyG9f5T20673/ HTTP/1.1" 200 - "https://idolatekno.com/?sitemap503.xml" "Mozilla/5.0 AppleWebKit/537.36 (KHTML, like Gecko; compatible; GPTBot/1.3; +https://openai.com/gptbot)"
66.249.64.132 - - [22/Jan/2026:07:49:23 -0500] "GET /q-~226VSz78JORd1ux1yxbgPIv4FmJJSAzZe33960/ HTTP/1.1" 200 86062 "-" "Mozilla/5.0 (Linux; Android 6.0.1; Nexus 5X Build/MMB29P) AppleWebKit/537.36 (KHTML, like Gecko) Chrome/143.0.7499.192 Mobile Safari/537.36 (compatible; GoogleOther)"
74.7.241.58 - - [22/Jan/2026:07:49:26 -0500] "GET /q-~153g7OX1BfrBK5bHOtvaOzSZc0cBCkF7p31257/ HTTP/1.1" 200 - "https://idolatekno.com/sitemap21.xml" "Mozilla/5.0 AppleWebKit/537.36 (KHTML, like Gecko; compatible; GPTBot/1.3; +https://openai.com/gptbot)"
66.249.70.37 - - [22/Jan/2026:07:49:28 -0500] "GET /?pid=26304226231&channel=negotiate-respondent-accessible&cate_id=2518&page=https://mail.idolatekno.com/remote.do?q-~289b726LCZmizuuAtPyGVh3hjoSqMUclq43883/ HTTP/1.1" 200 86430 "-" "Mozilla/5.0 (Linux; Android 6.0.1; Nexus 5X Build/MMB29P) AppleWebKit/537.36 (KHTML, like Gecko) Chrome/143.0.7499.192 Mobile Safari/537.36 (compatible; Googlebot/2.1; +http://www.google.com/bot.html)"
74.7.241.58 - - [22/Jan/2026:07:49:29 -0500] "GET /q-~72bcgV3wtKrp3lK3xxGQZ4EqH3Yzukcf26656/ HTTP/1.1" 200 - "https://idolatekno.com/sitemap27.xml" "Mozilla/5.0 AppleWebKit/537.36 (KHTML, like Gecko; compatible; GPTBot/1.3; +https://openai.com/gptbot)"
74.7.241.58 - - [22/Jan/2026:07:49:33 -0500] "GET /q-~180jEBCHp5WVjpXNCYi9S3KrxRMj2hFiS32902/ HTTP/1.1" 200 - "https://idolatekno.com/?sitemap1000.xml" "Mozilla/5.0 AppleWebKit/537.36 (KHTML, like Gecko; compatible; GPTBot/1.3; +https://openai.com/gptbot)"
2a03:2880:f80e:4d:: - - [22/Jan/2026:07:49:33 -0500] "GET /m/melt50422420?id=438678 HTTP/1.1" 200 - "-" "meta-externalagent/1.1 (+https://developers.facebook.com/docs/sharing/webmasters/crawler)"
66.249.64.132 - - [22/Jan/2026:07:49:34 -0500] "GET /q-~42eysk2dhxbPTIXO9Cyb7yaPUHE9FxJQ47568/ HTTP/1.1" 200 85444 "-" "Mozilla/5.0 (Linux; Android 6.0.1; Nexus 5X Build/MMB29P) AppleWebKit/537.36 (KHTML, like Gecko) Chrome/143.0.7499.192 Mobile Safari/537.36 (compatible; GoogleOther)"
74.7.241.58 - - [22/Jan/2026:07:49:36 -0500] "GET /q-~53oibZ4BbFVwGGuXjlCpYb9OkG48Ep3D30543/ HTTP/1.1" 200 - "https://idolatekno.com/?sitemap442.xml" "Mozilla/5.0 AppleWebKit/537.36 (KHTML, like Gecko; compatible; GPTBot/1.3; +https://openai.com/gptbot)"
66.249.70.36 - - [22/Jan/2026:07:49:36 -0500] "GET /?pid=20214391161&channel=habitat-staff-mission&cate_id=7944&page=https://mail.idolatekno.com/spark.xhtml?q-~3eYSXa0KpyLKMJK3mMGhb2SZZc1Q1pa495/ HTTP/1.1" 403 563995 "-" "Mozilla/5.0 (Linux; Android 6.0.1; Nexus 5X Build/MMB29P) AppleWebKit/537.36 (KHTML, like Gecko) Chrome/143.0.7499.192 Mobile Safari/537.36 (compatible; Googlebot/2.1; +http://www.google.com/bot.html)"
66.249.64.128 - - [22/Jan/2026:07:49:38 -0500] "GET /?x=2166640003788&channel=107e18&from=https://idolatekno.com/super.py?items/107024500.htm HTTP/1.1" 200 85559 "-" "Mozilla/5.0 (Linux; Android 6.0.1; Nexus 5X Build/MMB29P) AppleWebKit/537.36 (KHTML, like Gecko) Chrome/143.0.7499.192 Mobile Safari/537.36 (compatible; GoogleOther)"
2a03:2880:f80e:1c:: - - [22/Jan/2026:07:49:38 -0500] "GET /?t=1479300hf56a HTTP/1.1" 200 - "-" "meta-externalagent/1.1 (+https://developers.facebook.com/docs/sharing/webmasters/crawler)"
74.7.241.58 - - [22/Jan/2026:07:49:39 -0500] "GET /q-~118Grty0PqRC0kkyn4BGQqJjXp8PWDHDS41392/ HTTP/1.1" 200 - "https://idolatekno.com/sitemap14.xml" "Mozilla/5.0 AppleWebKit/537.36 (KHTML, like Gecko; compatible; GPTBot/1.3; +https://openai.com/gptbot)"
66.249.64.132 - - [22/Jan/2026:07:49:40 -0500] "GET /q-~241SdTWHp23Ax9R4bUgcd0Fc2PsEVSyIY15561/ HTTP/1.1" 200 86523 "-" "Mozilla/5.0 (Linux; Android 6.0.1; Nexus 5X Build/MMB29P) AppleWebKit/537.36 (KHTML, like Gecko) Chrome/143.0.7499.192 Mobile Safari/537.36 (compatible; GoogleOther)"
66.102.9.99 - - [22/Jan/2026:07:49:41 -0500] "HEAD /feed HTTP/1.1" 200 - "-" "FeedBurner/1.0 (http://www.FeedBurner.com)"
66.102.9.101 - - [22/Jan/2026:07:49:42 -0500] "GET /feed HTTP/1.1" 200 - "-" "FeedBurner/1.0 (http://www.FeedBurner.com)"
74.7.241.58 - - [22/Jan/2026:07:49:42 -0500] "GET /q-~166Q86NZfeYvcJKgKjm8YH1ZC7hiBhfqZ29900/ HTTP/1.1" 200 - "https://idolatekno.com/?sitemap305.xml" "Mozilla/5.0 AppleWebKit/537.36 (KHTML, like Gecko; compatible; GPTBot/1.3; +https://openai.com/gptbot)"
146.174.169.233 - - [22/Jan/2026:07:49:43 -0500] "GET /q-~237CpPaM9wY4S28AIrLqq8YrWLZLlynFM6489/ HTTP/1.1" 200 - "-" "Mozilla/5.0 (Windows; U; Windows NT 6.0; en-US) AppleWebKit/534.16 (KHTML, like Gecko) Chrome/10.0.648.133 Safari/534.16"
66.249.70.37 - - [22/Jan/2026:07:49:44 -0500] "GET /?b=2913624ch948j HTTP/1.1" 200 85332 "-" "Mozilla/5.0 (Linux; Android 6.0.1; Nexus 5X Build/MMB29P) AppleWebKit/537.36 (KHTML, like Gecko) Chrome/143.0.7499.192 Mobile Safari/537.36 (compatible; Googlebot/2.1; +http://www.google.com/bot.html)"
66.249.70.36 - - [22/Jan/2026:07:49:44 -0500] "GET /?pid=26304226231&channel=mail-slave-thanks&cate_id=2518&page=https://mail.idolatekno.com/remote.do?q-~262qtGl86Z4uM7YACN4J1DyxceowI0pDH10254/ HTTP/1.1" 200 85035 "-" "Mozilla/5.0 (Linux; Android 6.0.1; Nexus 5X Build/MMB29P) AppleWebKit/537.36 (KHTML, like Gecko) Chrome/143.0.7499.192 Mobile Safari/537.36 (compatible; Googlebot/2.1; +http://www.google.com/bot.html)"
74.7.241.58 - - [22/Jan/2026:07:49:45 -0500] "GET /q-~275UQ8iuEYCv54nmWeonuvj8gq3sAaaOg27179/ HTTP/1.1" 200 - "https://idolatekno.com/?sitemap503.xml" "Mozilla/5.0 AppleWebKit/537.36 (KHTML, like Gecko; compatible; GPTBot/1.3; +https://openai.com/gptbot)"
74.7.241.58 - - [22/Jan/2026:07:49:48 -0500] "GET /q-~230q8Ym6cQQhIOzsInpJN39gNEiwpasbY45282/ HTTP/1.1" 200 - "https://idolatekno.com/?sitemap503.xml" "Mozilla/5.0 AppleWebKit/537.36 (KHTML, like Gecko; compatible; GPTBot/1.3; +https://openai.com/gptbot)"
66.249.64.128 - - [22/Jan/2026:07:49:51 -0500] "GET /q-~262jQU0Lhqif9Mxl392DoqvTFM7GGvXxQ13038/ HTTP/1.1" 200 85135 "-" "Mozilla/5.0 (Linux; Android 6.0.1; Nexus 5X Build/MMB29P) AppleWebKit/537.36 (KHTML, like Gecko) Chrome/143.0.7499.192 Mobile Safari/537.36 (compatible; GoogleOther)"
66.249.70.36 - - [22/Jan/2026:07:49:51 -0500] "GET /?pid=26304226231&channel=faster-reporting-supplier&cate_id=2518&page=https://mail.idolatekno.com/remote.do?items/076017857.htm HTTP/1.1" 200 85285 "-" "Mozilla/5.0 (Linux; Android 6.0.1; Nexus 5X Build/MMB29P) AppleWebKit/537.36 (KHTML, like Gecko) Chrome/143.0.7499.192 Mobile Safari/537.36 (compatible; Googlebot/2.1; +http://www.google.com/bot.html)"
74.7.241.58 - - [22/Jan/2026:07:49:51 -0500] "GET /q-~69JJ8lnRaIhdSHkF7JLcGWJFG2ki63Wf37299/ HTTP/1.1" 200 - "https://idolatekno.com/pages.php?sitemap849.xml" "Mozilla/5.0 AppleWebKit/537.36 (KHTML, like Gecko; compatible; GPTBot/1.3; +https://openai.com/gptbot)"
66.249.64.128 - - [22/Jan/2026:07:49:53 -0500] "GET /?x=2166640003788&channel=107e18&from=https://idolatekno.com/super.py?items/025007740.htm HTTP/1.1" 200 85773 "-" "Mozilla/5.0 (Linux; Android 6.0.1; Nexus 5X Build/MMB29P) AppleWebKit/537.36 (KHTML, like Gecko) Chrome/143.0.7499.192 Mobile Safari/537.36 (compatible; GoogleOther)"
114.119.132.76 - - [22/Jan/2026:07:49:54 -0500] "GET /q-~218rZgap3igCRtNFAkXgs8etpb698O4Dt23818/ HTTP/1.1" 200 - "https://mail.idolatekno.com/sitemape.xml" "Mozilla/5.0 (Linux; Android 7.0;) AppleWebKit/537.36 (KHTML, like Gecko) Mobile Safari/537.36 (compatible; PetalBot;+https://webmaster.petalsearch.com/site/petalbot)"
74.7.241.58 - - [22/Jan/2026:07:49:55 -0500] "GET /q-~153y4wnWUxufXcjeWhDn4Rb3uDuuDi6wa39645/ HTTP/1.1" 200 - "https://idolatekno.com/sitemap29.xml" "Mozilla/5.0 AppleWebKit/537.36 (KHTML, like Gecko; compatible; GPTBot/1.3; +https://openai.com/gptbot)"
74.7.241.58 - - [22/Jan/2026:07:49:58 -0500] "GET /q-~225dSJNIyb2R7cmVo7pC3KHvorouL3pYd23679/ HTTP/1.1" 200 - "https://idolatekno.com/?sitemap442.xml" "Mozilla/5.0 AppleWebKit/537.36 (KHTML, like Gecko; compatible; GPTBot/1.3; +https://openai.com/gptbot)"
66.249.70.36 - - [22/Jan/2026:07:49:58 -0500] "GET /?pid=26304226231&channel=ultimately-peaceful-retailer&cate_id=2518&page=https://mail.idolatekno.com/remote.do?q-~28uoYpxu4gQQukmigJRjNRR58ZNX3cGm14406/ HTTP/1.1" 200 85673 "-" "Mozilla/5.0 (Linux; Android 6.0.1; Nexus 5X Build/MMB29P) AppleWebKit/537.36 (KHTML, like Gecko) Chrome/143.0.7499.192 Mobile Safari/537.36 (compatible; Googlebot/2.1; +http://www.google.com/bot.html)"
2a03:2880:f80e:38:: - - [22/Jan/2026:07:49:59 -0500] "GET /m/medic50137252?id=153510 HTTP/1.1" 200 - "-" "meta-externalagent/1.1 (+https://developers.facebook.com/docs/sharing/webmasters/crawler)"
74.7.241.58 - - [22/Jan/2026:07:50:01 -0500] "GET /q-~78fXaJFGMFNdVeWx7N2n71r7reUuKeVh12620/ HTTP/1.1" 200 - "https://idolatekno.com/sitemap79.xml" "Mozilla/5.0 AppleWebKit/537.36 (KHTML, like Gecko; compatible; GPTBot/1.3; +https://openai.com/gptbot)"
74.7.241.58 - - [22/Jan/2026:07:50:04 -0500] "GET /q-~280GN34odCJNwEKKQ7Bd0xe3sqyGYKqLP29810/ HTTP/1.1" 200 - "https://idolatekno.com/?sitemap442.xml" "Mozilla/5.0 AppleWebKit/537.36 (KHTML, like Gecko; compatible; GPTBot/1.3; +https://openai.com/gptbot)"
66.249.70.36 - - [22/Jan/2026:07:50:06 -0500] "GET /?pid=26304226231&channel=indicator-twenty-household&cate_id=2518&page=https://mail.idolatekno.com/remote.do?items/060004481.htm HTTP/1.1" 200 86084 "-" "Mozilla/5.0 (Linux; Android 6.0.1; Nexus 5X Build/MMB29P) AppleWebKit/537.36 (KHTML, like Gecko) Chrome/143.0.7499.192 Mobile Safari/537.36 (compatible; Googlebot/2.1; +http://www.google.com/bot.html)"
66.249.64.128 - - [22/Jan/2026:07:50:07 -0500] "GET /pcmypage?callback=/product%2Fdetail%2m88889528368 HTTP/1.1" 403 551079 "-" "Mozilla/5.0 (Linux; Android 6.0.1; Nexus 5X Build/MMB29P) AppleWebKit/537.36 (KHTML, like Gecko) Chrome/143.0.7499.192 Mobile Safari/537.36 (compatible; GoogleOther)"
74.7.241.58 - - [22/Jan/2026:07:50:07 -0500] "GET /q-~174ARMucMPQPIGr8nxmhPnYG9Y4QW0OXl14082/ HTTP/1.1" 200 - "https://idolatekno.com/sitemap21.xml" "Mozilla/5.0 AppleWebKit/537.36 (KHTML, like Gecko; compatible; GPTBot/1.3; +https://openai.com/gptbot)"
66.249.64.128 - - [22/Jan/2026:07:50:09 -0500] "GET /pcmypage?callback=/product%2Fdetail%2m95102830967 HTTP/1.1" 403 564397 "-" "Mozilla/5.0 (Linux; Android 6.0.1; Nexus 5X Build/MMB29P) AppleWebKit/537.36 (KHTML, like Gecko) Chrome/143.0.7499.192 Mobile Safari/537.36 (compatible; GoogleOther)"
74.7.241.58 - - [22/Jan/2026:07:50:10 -0500] "GET /q-~275MkfMFrDkwHDACnbHh6oib84PakJ7Su47229/ HTTP/1.1" 200 - "https://idolatekno.com/sitemap785.xml" "Mozilla/5.0 AppleWebKit/537.36 (KHTML, like Gecko; compatible; GPTBot/1.3; +https://openai.com/gptbot)"
74.7.241.58 - - [22/Jan/2026:07:50:13 -0500] "GET /q-~250IRkcmff7pQSxm7Y4codhrJQQ2qy1hw44334/ HTTP/1.1" 200 - "https://idolatekno.com/?sitemap305.xml" "Mozilla/5.0 AppleWebKit/537.36 (KHTML, like Gecko; compatible; GPTBot/1.3; +https://openai.com/gptbot)"
66.249.70.37 - - [22/Jan/2026:07:50:14 -0500] "GET /?pid=26304226231&channel=hesitate-likelihood-marriage&cate_id=2518&page=https://mail.idolatekno.com/remote.do?q-~280CwmjQKkvoZRL74kdMNnHpsCw8DkFrX10660/ HTTP/1.1" 200 85998 "-" "Mozilla/5.0 (Linux; Android 6.0.1; Nexus 5X Build/MMB29P) AppleWebKit/537.36 (KHTML, like Gecko) Chrome/143.0.7499.192 Mobile Safari/537.36 (compatible; Googlebot/2.1; +http://www.google.com/bot.html)"
74.7.241.58 - - [22/Jan/2026:07:50:17 -0500] "GET /q-~42jHr6jELxvoSoLMv7af16r0XxtTvFnb28958/ HTTP/1.1" 200 - "https://idolatekno.com/?sitemap317.xml" "Mozilla/5.0 AppleWebKit/537.36 (KHTML, like Gecko; compatible; GPTBot/1.3; +https://openai.com/gptbot)"
74.7.241.58 - - [22/Jan/2026:07:50:20 -0500] "GET /q-~216Tz6PrmVXj1fa4XdQpmvv2beoCzRdzR43298/ HTTP/1.1" 200 - "https://idolatekno.com/?sitemap442.xml" "Mozilla/5.0 AppleWebKit/537.36 (KHTML, like Gecko; compatible; GPTBot/1.3; +https://openai.com/gptbot)"
114.119.130.167 - - [22/Jan/2026:07:50:20 -0500] "GET /q-~218oSHqi8t2M47j7tO7PC3FE8UxqlA5vH21538/ HTTP/1.1" 200 - "https://mail.idolatekno.com/sitemapd.xml" "Mozilla/5.0 (Linux; Android 7.0;) AppleWebKit/537.36 (KHTML, like Gecko) Mobile Safari/537.36 (compatible; PetalBot;+https://webmaster.petalsearch.com/site/petalbot)"
66.249.64.128 - - [22/Jan/2026:07:50:21 -0500] "GET /pcmypage?callback=/product%2Fdetail%2m24004625767 HTTP/1.1" 403 554336 "-" "Mozilla/5.0 (Linux; Android 6.0.1; Nexus 5X Build/MMB29P) AppleWebKit/537.36 (KHTML, like Gecko) Chrome/143.0.7499.192 Mobile Safari/537.36 (compatible; GoogleOther)"
66.249.70.36 - - [22/Jan/2026:07:50:21 -0500] "GET /?pid=26304226231&channel=law-signal-professional&cate_id=2518&page=https://mail.idolatekno.com/remote.do?items/013016290.htm HTTP/1.1" 200 86008 "-" "Mozilla/5.0 (Linux; Android 6.0.1; Nexus 5X Build/MMB29P) AppleWebKit/537.36 (KHTML, like Gecko) Chrome/143.0.7499.192 Mobile Safari/537.36 (compatible; Googlebot/2.1; +http://www.google.com/bot.html)"
74.7.241.58 - - [22/Jan/2026:07:50:23 -0500] "GET /q-~191RqVxcJAR7ACDg2cCBW9Majvq7wp3Nm32523/ HTTP/1.1" 200 - "https://idolatekno.com/?sitemap317.xml" "Mozilla/5.0 AppleWebKit/537.36 (KHTML, like Gecko; compatible; GPTBot/1.3; +https://openai.com/gptbot)"
66.249.64.128 - - [22/Jan/2026:07:50:25 -0500] "GET /pcmypage?callback=/product%2Fdetail%2m90532874239 HTTP/1.1" 403 553226 "-" "Mozilla/5.0 (Linux; Android 6.0.1; Nexus 5X Build/MMB29P) AppleWebKit/537.36 (KHTML, like Gecko) Chrome/143.0.7499.192 Mobile Safari/537.36 (compatible; GoogleOther)"
74.7.241.58 - - [22/Jan/2026:07:50:26 -0500] "GET /q-~258BXtQoVKP8Eyu4ap9ts66fsjxZsXNbT2262/ HTTP/1.1" 200 - "https://idolatekno.com/sitemap86.xml" "Mozilla/5.0 AppleWebKit/537.36 (KHTML, like Gecko; compatible; GPTBot/1.3; +https://openai.com/gptbot)"
66.249.70.36 - - [22/Jan/2026:07:50:29 -0500] "GET /?pid=26304226231&channel=deem-everybody-grateful&cate_id=2518&page=https://mail.idolatekno.com/remote.do?q-~26N5uo9LUBC6D1faSaJeKE367ok5VakE20132/ HTTP/1.1" 200 86332 "-" "Mozilla/5.0 (Linux; Android 6.0.1; Nexus 5X Build/MMB29P) AppleWebKit/537.36 (KHTML, like Gecko) Chrome/143.0.7499.192 Mobile Safari/537.36 (compatible; Googlebot/2.1; +http://www.google.com/bot.html)"
74.7.241.58 - - [22/Jan/2026:07:50:29 -0500] "GET /q-~144Oi0ODgJbgnLDJy3t9kXEp8SfjkGnuL26626/ HTTP/1.1" 200 - "https://idolatekno.com/?sitemap305.xml" "Mozilla/5.0 AppleWebKit/537.36 (KHTML, like Gecko; compatible; GPTBot/1.3; +https://openai.com/gptbot)"
74.7.241.58 - - [22/Jan/2026:07:50:33 -0500] "GET /q-~60kzIwf3lGPA6VYsJZw8hUJzRwMQ40Xq36934/ HTTP/1.1" 200 - "https://idolatekno.com/?sitemap442.xml" "Mozilla/5.0 AppleWebKit/537.36 (KHTML, like Gecko; compatible; GPTBot/1.3; +https://openai.com/gptbot)"
66.249.64.132 - - [22/Jan/2026:07:50:35 -0500] "GET /?x=2166640003788&channel=107e18&from=https://idolatekno.com/super.py?items/253035064.htm HTTP/1.1" 200 85329 "-" "Mozilla/5.0 (Linux; Android 6.0.1; Nexus 5X Build/MMB29P) AppleWebKit/537.36 (KHTML, like Gecko) Chrome/143.0.7499.192 Mobile Safari/537.36 (compatible; GoogleOther)"
74.7.241.58 - - [22/Jan/2026:07:50:36 -0500] "GET /q-~232Q81rSwRKaxQGy2HKyEBDAJ2PDoYb4v35082/ HTTP/1.1" 200 - "https://idolatekno.com/sitemap16.xml" "Mozilla/5.0 AppleWebKit/537.36 (KHTML, like Gecko; compatible; GPTBot/1.3; +https://openai.com/gptbot)"
66.249.70.36 - - [22/Jan/2026:07:50:36 -0500] "GET /?pid=26304226231&channel=impulse-incentive-scatter&cate_id=2518&page=https://mail.idolatekno.com/remote.do?q-~61wd71nYa4z8f54na2fZ5i8HZ0bKIXjl41601/ HTTP/1.1" 200 86657 "-" "Mozilla/5.0 (Linux; Android 6.0.1; Nexus 5X Build/MMB29P) AppleWebKit/537.36 (KHTML, like Gecko) Chrome/143.0.7499.192 Mobile Safari/537.36 (compatible; Googlebot/2.1; +http://www.google.com/bot.html)"
74.7.241.58 - - [22/Jan/2026:07:50:39 -0500] "GET /q-~28CSVqSVdY0Un5L9o6j8KuDJOYtDlqHL18982/ HTTP/1.1" 200 - "https://idolatekno.com/sitemap785.xml" "Mozilla/5.0 AppleWebKit/537.36 (KHTML, like Gecko; compatible; GPTBot/1.3; +https://openai.com/gptbot)"
66.249.64.132 - - [22/Jan/2026:07:50:42 -0500] "GET /pcmypage?callback=/product%2Fdetail%2m38584844302 HTTP/1.1" 403 557533 "-" "Mozilla/5.0 (Linux; Android 6.0.1; Nexus 5X Build/MMB29P) AppleWebKit/537.36 (KHTML, like Gecko) Chrome/143.0.7499.192 Mobile Safari/537.36 (compatible; GoogleOther)"
74.7.241.58 - - [22/Jan/2026:07:50:42 -0500] "GET /q-~278JJ8lnRaIhdSHkF7JLcGWJFG2ki63Wf37090/ HTTP/1.1" 200 - "https://idolatekno.com/?sitemap305.xml" "Mozilla/5.0 AppleWebKit/537.36 (KHTML, like Gecko; compatible; GPTBot/1.3; +https://openai.com/gptbot)"
37.77.49.120 - - [22/Jan/2026:07:50:42 -0500] "GET /q-~253M6pDOgNa2ex1HO8W4PDFZnOV9pw0jd27699/ HTTP/1.1" 200 - "-" "Mozilla/5.0 (Windows; U; Windows NT 5.1; en-US) AppleWebKit/532.1 (KHTML, like Gecko) Chrome/4.0.219.0 Safari/532.1"
66.249.70.37 - - [22/Jan/2026:07:50:44 -0500] "GET /?pid=26304226231&channel=pursuit-detective-dozen&cate_id=2518&page=https://mail.idolatekno.com/remote.do?items/296045649.htm HTTP/1.1" 200 85418 "-" "Mozilla/5.0 (Linux; Android 6.0.1; Nexus 5X Build/MMB29P) AppleWebKit/537.36 (KHTML, like Gecko) Chrome/143.0.7499.192 Mobile Safari/537.36 (compatible; Googlebot/2.1; +http://www.google.com/bot.html)"
74.7.241.58 - - [22/Jan/2026:07:50:45 -0500] "GET /q-~31WRy6Nr2yX7MDWPlrhPXhV6aeVw6jUb30371/ HTTP/1.1" 200 - "https://idolatekno.com/?sitemap305.xml" "Mozilla/5.0 AppleWebKit/537.36 (KHTML, like Gecko; compatible; GPTBot/1.3; +https://openai.com/gptbot)"
114.119.142.126 - - [22/Jan/2026:07:50:47 -0500] "GET /q-~218d68M3GgG0oOX5F2xL0ps3E6GkVAlNJ28626/ HTTP/1.1" 200 - "https://mail.idolatekno.com/sitemapd.xml" "Mozilla/5.0 (Linux; Android 7.0;) AppleWebKit/537.36 (KHTML, like Gecko) Mobile Safari/537.36 (compatible; PetalBot;+https://webmaster.petalsearch.com/site/petalbot)"
74.7.241.58 - - [22/Jan/2026:07:50:48 -0500] "GET /q-~282f9yMTIXhPeK4DLgLmoeU4iqozs6jyh46458/ HTTP/1.1" 200 - "https://idolatekno.com/sitemap63.xml" "Mozilla/5.0 AppleWebKit/537.36 (KHTML, like Gecko; compatible; GPTBot/1.3; +https://openai.com/gptbot)"
66.249.64.128 - - [22/Jan/2026:07:50:50 -0500] "GET /pcmypage?callback=/product%2Fdetail%2m70618458823 HTTP/1.1" 403 561933 "-" "Mozilla/5.0 (Linux; Android 6.0.1; Nexus 5X Build/MMB29P) AppleWebKit/537.36 (KHTML, like Gecko) Chrome/143.0.7499.192 Mobile Safari/537.36 (compatible; GoogleOther)"
74.7.241.58 - - [22/Jan/2026:07:50:52 -0500] "GET /q-~104NEFEN4R9izsqFcaowHcXLV05pK7sKa47162/ HTTP/1.1" 200 - "https://idolatekno.com/?sitemap442.xml" "Mozilla/5.0 AppleWebKit/537.36 (KHTML, like Gecko; compatible; GPTBot/1.3; +https://openai.com/gptbot)"
66.249.70.36 - - [22/Jan/2026:07:50:52 -0500] "GET /?pid=26304226231&channel=policy-curve-discount&cate_id=2518&page=https://mail.idolatekno.com/remote.do?q-~180f0EwbAR4D85dvRPBONJiPM5Xiadv0N38774/ HTTP/1.1" 200 85782 "-" "Mozilla/5.0 (Linux; Android 6.0.1; Nexus 5X Build/MMB29P) AppleWebKit/537.36 (KHTML, like Gecko) Chrome/143.0.7499.192 Mobile Safari/537.36 (compatible; Googlebot/2.1; +http://www.google.com/bot.html)"
74.7.241.58 - - [22/Jan/2026:07:50:55 -0500] "GET /q-~289z4BbgwjZczMZ7RcDqnVH7Drgkn5weo46185/ HTTP/1.1" 200 - "https://idolatekno.com/sitemap14.xml" "Mozilla/5.0 AppleWebKit/537.36 (KHTML, like Gecko; compatible; GPTBot/1.3; +https://openai.com/gptbot)"
74.7.241.58 - - [22/Jan/2026:07:50:58 -0500] "GET /q-~208bfru8Neaed3wss9vzFeF5GtvFyhKCT34638/ HTTP/1.1" 200 - "https://idolatekno.com/?sitemap1000.xml" "Mozilla/5.0 AppleWebKit/537.36 (KHTML, like Gecko; compatible; GPTBot/1.3; +https://openai.com/gptbot)"
66.249.64.128 - - [22/Jan/2026:07:50:59 -0500] "GET /?x=2166640003788&channel=107e18&from=https://idolatekno.com/super.py?items/247022356.htm HTTP/1.1" 200 86823 "-" "Mozilla/5.0 (Linux; Android 6.0.1; Nexus 5X Build/MMB29P) AppleWebKit/537.36 (KHTML, like Gecko) Chrome/143.0.7499.192 Mobile Safari/537.36 (compatible; GoogleOther)"
74.7.241.58 - - [22/Jan/2026:07:51:01 -0500] "GET /q-~100nxLHdnKRNhEDjnFp40rSK4lE3kPJJW12350/ HTTP/1.1" 200 - "https://idolatekno.com/sitemap79.xml" "Mozilla/5.0 AppleWebKit/537.36 (KHTML, like Gecko; compatible; GPTBot/1.3; +https://openai.com/gptbot)"
66.249.70.37 - - [22/Jan/2026:07:51:03 -0500] "GET /?pid=26304226231&channel=genre-mean-gym&cate_id=2518&page=https://mail.idolatekno.com/remote.do?items/197007364.htm HTTP/1.1" 200 85283 "-" "Mozilla/5.0 (Linux; Android 6.0.1; Nexus 5X Build/MMB29P) AppleWebKit/537.36 (KHTML, like Gecko) Chrome/143.0.7499.192 Mobile Safari/537.36 (compatible; Googlebot/2.1; +http://www.google.com/bot.html)"
74.7.241.58 - - [22/Jan/2026:07:51:04 -0500] "GET /q-~119kHbipYmNq96dXA9Ncxe7EkwzF0LJLy46491/ HTTP/1.1" 200 - "https://idolatekno.com/sitemap16.xml" "Mozilla/5.0 AppleWebKit/537.36 (KHTML, like Gecko; compatible; GPTBot/1.3; +https://openai.com/gptbot)"
66.249.64.132 - - [22/Jan/2026:07:51:04 -0500] "GET /?x=2166640003788&channel=107e18&from=https://idolatekno.com/super.py?items/085036102.htm HTTP/1.1" 200 86030 "-" "Mozilla/5.0 (Linux; Android 6.0.1; Nexus 5X Build/MMB29P) AppleWebKit/537.36 (KHTML, like Gecko) Chrome/143.0.7499.192 Mobile Safari/537.36 (compatible; GoogleOther)"
74.7.241.58 - - [22/Jan/2026:07:51:07 -0500] "GET /q-~169q98sMe5StBZMY7OkWHiignaauNkSAS26287/ HTTP/1.1" 200 - "https://idolatekno.com/?sitemap1000.xml" "Mozilla/5.0 AppleWebKit/537.36 (KHTML, like Gecko; compatible; GPTBot/1.3; +https://openai.com/gptbot)"
74.7.241.58 - - [22/Jan/2026:07:51:10 -0500] "GET /q-~220EC4yeFIbW35xoPdFJxBfK7xvCMh2GM4004/ HTTP/1.1" 200 - "https://idolatekno.com/sitemap73.xml" "Mozilla/5.0 AppleWebKit/537.36 (KHTML, like Gecko; compatible; GPTBot/1.3; +https://openai.com/gptbot)"
66.249.70.37 - - [22/Jan/2026:07:51:10 -0500] "GET /?pid=26304226231&channel=important-traditional-output&cate_id=2518&page=https://mail.idolatekno.com/remote.do?q-~284XVfynZYuepZ8sOlfY1MCgesSi8JhOJ44720/ HTTP/1.1" 200 86498 "-" "Mozilla/5.0 (Linux; Android 6.0.1; Nexus 5X Build/MMB29P) AppleWebKit/537.36 (KHTML, like Gecko) Chrome/143.0.7499.192 Mobile Safari/537.36 (compatible; Googlebot/2.1; +http://www.google.com/bot.html)"
114.119.142.126 - - [22/Jan/2026:07:51:13 -0500] "GET /q-~218bpNtR3TbxBeTEwRUpcXpW9xghT95wS3774/ HTTP/1.1" 200 - "https://mail.idolatekno.com/sitemape.xml" "Mozilla/5.0 (Linux; Android 7.0;) AppleWebKit/537.36 (KHTML, like Gecko) Mobile Safari/537.36 (compatible; PetalBot;+https://webmaster.petalsearch.com/site/petalbot)"
74.7.241.58 - - [22/Jan/2026:07:51:14 -0500] "GET /q-~139yCFp1onf04TdxVZmpiMMdgo1skv4MX16873/ HTTP/1.1" 200 - "https://idolatekno.com/?sitemap305.xml" "Mozilla/5.0 AppleWebKit/537.36 (KHTML, like Gecko; compatible; GPTBot/1.3; +https://openai.com/gptbot)"
66.249.64.132 - - [22/Jan/2026:07:51:16 -0500] "GET /pcmypage?callback=/product%2Fdetail%2m65806415006 HTTP/1.1" 403 556308 "-" "Mozilla/5.0 (Linux; Android 6.0.1; Nexus 5X Build/MMB29P) AppleWebKit/537.36 (KHTML, like Gecko) Chrome/143.0.7499.192 Mobile Safari/537.36 (compatible; GoogleOther)"
74.7.241.58 - - [22/Jan/2026:07:51:17 -0500] "GET /q-~28c8HY7hfYB9rKYbYyxnb1idDkh9iYbp37030/ HTTP/1.1" 200 - "https://idolatekno.com/sitemap27.xml" "Mozilla/5.0 AppleWebKit/537.36 (KHTML, like Gecko; compatible; GPTBot/1.3; +https://openai.com/gptbot)"
66.249.70.36 - - [22/Jan/2026:07:51:18 -0500] "GET /?pid=26304226231&channel=fiction-locate-bear&cate_id=2518&page=https://mail.idolatekno.com/remote.do?q-~286TzSrwdwz8jZ3M52sePg7eMWg7E2e6Z44106/ HTTP/1.1" 200 85787 "-" "Mozilla/5.0 (Linux; Android 6.0.1; Nexus 5X Build/MMB29P) AppleWebKit/537.36 (KHTML, like Gecko) Chrome/143.0.7499.192 Mobile Safari/537.36 (compatible; Googlebot/2.1; +http://www.google.com/bot.html)"
66.249.70.36 - - [22/Jan/2026:07:51:18 -0500] "GET /?pid=26304226231&channel=regulate-swing-root&cate_id=2518&page=https://mail.idolatekno.com/remote.do?items/187013762.htm HTTP/1.1" 200 86585 "-" "Mozilla/5.0 (Linux; Android 6.0.1; Nexus 5X Build/MMB29P) AppleWebKit/537.36 (KHTML, like Gecko) Chrome/143.0.7499.192 Mobile Safari/537.36 (compatible; Googlebot/2.1; +http://www.google.com/bot.html)"
66.249.64.132 - - [22/Jan/2026:07:51:19 -0500] "GET /pcmypage?callback=/product%2Fdetail%2m74494675674 HTTP/1.1" 403 569596 "-" "Mozilla/5.0 (Linux; Android 6.0.1; Nexus 5X Build/MMB29P) AppleWebKit/537.36 (KHTML, like Gecko) Chrome/143.0.7499.192 Mobile Safari/537.36 (compatible; GoogleOther)"
66.249.70.36 - - [22/Jan/2026:07:51:19 -0500] "GET /?pid=26304226231&channel=including-player-bind&cate_id=2518&page=https://mail.idolatekno.com/remote.do?q-~228QEjbUdmhVctbA8lkIvkEV2akTgkvki20036/ HTTP/1.1" 200 86078 "-" "Mozilla/5.0 (Linux; Android 6.0.1; Nexus 5X Build/MMB29P) AppleWebKit/537.36 (KHTML, like Gecko) Chrome/143.0.7499.192 Mobile Safari/537.36 (compatible; Googlebot/2.1; +http://www.google.com/bot.html)"
74.7.241.58 - - [22/Jan/2026:07:51:20 -0500] "GET /q-~117Reww3qZxbWjmotKfyqRR3zhX4W0DdE12311/ HTTP/1.1" 200 - "https://idolatekno.com/?sitemap503.xml" "Mozilla/5.0 AppleWebKit/537.36 (KHTML, like Gecko; compatible; GPTBot/1.3; +https://openai.com/gptbot)"
66.249.70.37 - - [22/Jan/2026:07:51:22 -0500] "GET /?pid=26304226231&channel=nearly-angel-cure&cate_id=2518&page=https://mail.idolatekno.com/remote.do?q-~80X5zsgHFAEjz8XC06hFLbzUXXzjeI6e18074/ HTTP/1.1" 200 85251 "-" "Mozilla/5.0 (Linux; Android 6.0.1; Nexus 5X Build/MMB29P) AppleWebKit/537.36 (KHTML, like Gecko) Chrome/143.0.7499.192 Mobile Safari/537.36 (compatible; Googlebot/2.1; +http://www.google.com/bot.html)"
74.7.241.58 - - [22/Jan/2026:07:51:23 -0500] "GET /q-~264hEv7fZ76GCwoRm7hggtoL9hbMsAGjK19062/ HTTP/1.1" 200 - "https://idolatekno.com/sitemap785.xml" "Mozilla/5.0 AppleWebKit/537.36 (KHTML, like Gecko; compatible; GPTBot/1.3; +https://openai.com/gptbot)"
74.7.241.58 - - [22/Jan/2026:07:51:26 -0500] "GET /q-~220ced7iq2JJpxI23sf4vqYYQzLUWNptC15272/ HTTP/1.1" 200 - "https://idolatekno.com/sitemap27.xml" "Mozilla/5.0 AppleWebKit/537.36 (KHTML, like Gecko; compatible; GPTBot/1.3; +https://openai.com/gptbot)"
74.7.241.58 - - [22/Jan/2026:07:51:30 -0500] "GET /q-~180npCsrMyyr0Kq2BdqSp8NaU0QBYuukw17564/ HTTP/1.1" 200 - "https://idolatekno.com/sitemap14.xml" "Mozilla/5.0 AppleWebKit/537.36 (KHTML, like Gecko; compatible; GPTBot/1.3; +https://openai.com/gptbot)"
74.7.241.58 - - [22/Jan/2026:07:51:33 -0500] "GET /q-~208bPq90E8SsJxHIdlUr6Urslku8rTYIP6692/ HTTP/1.1" 200 - "https://idolatekno.com/sitemap49.xml" "Mozilla/5.0 AppleWebKit/537.36 (KHTML, like Gecko; compatible; GPTBot/1.3; +https://openai.com/gptbot)"
66.249.70.38 - - [22/Jan/2026:07:51:33 -0500] "GET /?pid=26304226231&channel=collapse-selected-energy&cate_id=2518&page=https://mail.idolatekno.com/remote.do?q-~222kQLJAXJJ4rTGUiiND6IbLOEtzLHWMB26108/ HTTP/1.1" 200 85255 "-" "Mozilla/5.0 (Linux; Android 6.0.1; Nexus 5X Build/MMB29P) AppleWebKit/537.36 (KHTML, like Gecko) Chrome/143.0.7499.192 Mobile Safari/537.36 (compatible; Googlebot/2.1; +http://www.google.com/bot.html)"
66.249.64.128 - - [22/Jan/2026:07:51:33 -0500] "GET /pcmypage?callback=/product%2Fdetail%2m54777281154 HTTP/1.1" 403 570696 "-" "Mozilla/5.0 (Linux; Android 6.0.1; Nexus 5X Build/MMB29P) AppleWebKit/537.36 (KHTML, like Gecko) Chrome/143.0.7499.192 Mobile Safari/537.36 (compatible; GoogleOther)"
66.249.64.132 - - [22/Jan/2026:07:51:35 -0500] "GET /pcmypage?callback=/product%2Fdetail%2m55032386040 HTTP/1.1" 403 562434 "-" "Mozilla/5.0 (Linux; Android 6.0.1; Nexus 5X Build/MMB29P) AppleWebKit/537.36 (KHTML, like Gecko) Chrome/143.0.7499.192 Mobile Safari/537.36 (compatible; GoogleOther)"
74.7.241.58 - - [22/Jan/2026:07:51:36 -0500] "GET /q-~81PiAMALudTln4vnJ2at37zOOLTHQG4n46013/ HTTP/1.1" 200 - "https://idolatekno.com/sitemap14.xml" "Mozilla/5.0 AppleWebKit/537.36 (KHTML, like Gecko; compatible; GPTBot/1.3; +https://openai.com/gptbot)"
74.7.241.58 - - [22/Jan/2026:07:51:39 -0500] "GET /q-~266opSybMYd6Z9X2shJvvxF3gr8NddTZu35652/ HTTP/1.1" 200 - "https://idolatekno.com/sitemap1.xml" "Mozilla/5.0 AppleWebKit/537.36 (KHTML, like Gecko; compatible; GPTBot/1.3; +https://openai.com/gptbot)"
103.146.149.136 - - [22/Jan/2026:07:51:40 -0500] "GET /q-~256A9c1J9aSUEMc20ClK40JODEWvT78cS25602/ HTTP/1.1" 200 - "-" "Mozilla/5.0 (X11; Linux x86_64) AppleWebKit/535.1 (KHTML, like Gecko) Chrome/13.0.782.41 Safari/535.1"
66.249.70.36 - - [22/Jan/2026:07:51:40 -0500] "GET /?pid=26304226231&channel=creative-brave-advance&cate_id=2518&page=https://mail.idolatekno.com/remote.do?items/168021595.htm HTTP/1.1" 200 85436 "-" "Mozilla/5.0 (Linux; Android 6.0.1; Nexus 5X Build/MMB29P) AppleWebKit/537.36 (KHTML, like Gecko) Chrome/143.0.7499.192 Mobile Safari/537.36 (compatible; Googlebot/2.1; +http://www.google.com/bot.html)"
114.119.142.126 - - [22/Jan/2026:07:51:41 -0500] "GET /q-~218b22kmRlZ8pXTM4WVXwcApcP8oBZAWR11278/ HTTP/1.1" 200 - "https://mail.idolatekno.com/sitemapd.xml" "Mozilla/5.0 (Linux; Android 7.0;) AppleWebKit/537.36 (KHTML, like Gecko) Mobile Safari/537.36 (compatible; PetalBot;+https://webmaster.petalsearch.com/site/petalbot)"
74.7.241.58 - - [22/Jan/2026:07:51:42 -0500] "GET /q-~238ZyQlIaufNYt2XQluZ9mOeMQ354NMHD1470/ HTTP/1.1" 200 - "https://idolatekno.com/?sitemap503.xml" "Mozilla/5.0 AppleWebKit/537.36 (KHTML, like Gecko; compatible; GPTBot/1.3; +https://openai.com/gptbot)"
74.7.241.58 - - [22/Jan/2026:07:51:45 -0500] "GET /q-~163TK46arokGrKqKk21rwXsLDYj3UHcUZ48587/ HTTP/1.1" 200 - "https://idolatekno.com/?sitemap503.xml" "Mozilla/5.0 AppleWebKit/537.36 (KHTML, like Gecko; compatible; GPTBot/1.3; +https://openai.com/gptbot)"
66.249.70.36 - - [22/Jan/2026:07:51:47 -0500] "GET /?pid=26304226231&channel=angle-reporting-plastic&cate_id=2518&page=https://mail.idolatekno.com/remote.do?items/233021886.htm HTTP/1.1" 200 85737 "-" "Mozilla/5.0 (Linux; Android 6.0.1; Nexus 5X Build/MMB29P) AppleWebKit/537.36 (KHTML, like Gecko) Chrome/143.0.7499.192 Mobile Safari/537.36 (compatible; Googlebot/2.1; +http://www.google.com/bot.html)"
66.249.64.128 - - [22/Jan/2026:07:51:48 -0500] "GET /pcmypage?callback=/product%2Fdetail%2m34881185875 HTTP/1.1" 403 561106 "-" "Mozilla/5.0 (Linux; Android 6.0.1; Nexus 5X Build/MMB29P) AppleWebKit/537.36 (KHTML, like Gecko) Chrome/143.0.7499.192 Mobile Safari/537.36 (compatible; GoogleOther)"
74.7.241.58 - - [22/Jan/2026:07:51:48 -0500] "GET /q-~129e10Ho1f6QcHecUVMudAUP7uenpsKYz29241/ HTTP/1.1" 200 - "https://idolatekno.com/?sitemap305.xml" "Mozilla/5.0 AppleWebKit/537.36 (KHTML, like Gecko; compatible; GPTBot/1.3; +https://openai.com/gptbot)"
66.249.64.128 - - [22/Jan/2026:07:51:50 -0500] "GET /?x=2166640003788&channel=107e18&from=https://idolatekno.com/super.py?items/199026426.htm HTTP/1.1" 200 85709 "-" "Mozilla/5.0 (Linux; Android 6.0.1; Nexus 5X Build/MMB29P) AppleWebKit/537.36 (KHTML, like Gecko) Chrome/143.0.7499.192 Mobile Safari/537.36 (compatible; GoogleOther)"
74.7.241.58 - - [22/Jan/2026:07:51:51 -0500] "GET /q-~262jFYbtsN5j1zWJq8zkk1KEhrZJGiCyM41242/ HTTP/1.1" 200 - "https://idolatekno.com/?sitemap317.xml" "Mozilla/5.0 AppleWebKit/537.36 (KHTML, like Gecko; compatible; GPTBot/1.3; +https://openai.com/gptbot)"
74.7.241.58 - - [22/Jan/2026:07:51:54 -0500] "GET /q-~177Z43kxSnt7KGzLtP4CebymZWLyOLEqo41061/ HTTP/1.1" 200 - "https://idolatekno.com/sitemap1.xml" "Mozilla/5.0 AppleWebKit/537.36 (KHTML, like Gecko; compatible; GPTBot/1.3; +https://openai.com/gptbot)"
66.249.70.36 - - [22/Jan/2026:07:51:54 -0500] "GET /?pid=26304226231&channel=chew-save-used&cate_id=2518&page=https://mail.idolatekno.com/remote.do?items/035017144.htm HTTP/1.1" 200 86427 "-" "Mozilla/5.0 (Linux; Android 6.0.1; Nexus 5X Build/MMB29P) AppleWebKit/537.36 (KHTML, like Gecko) Chrome/143.0.7499.192 Mobile Safari/537.36 (compatible; Googlebot/2.1; +http://www.google.com/bot.html)"
74.7.241.58 - - [22/Jan/2026:07:51:57 -0500] "GET /q-~161pdImOVW084x2m5caaQZRjLNxffLemj12737/ HTTP/1.1" 200 - "https://idolatekno.com/sitemap73.xml" "Mozilla/5.0 AppleWebKit/537.36 (KHTML, like Gecko; compatible; GPTBot/1.3; +https://openai.com/gptbot)"
74.7.241.58 - - [22/Jan/2026:07:52:01 -0500] "GET /q-~35lKpq7GbB9KuBeXI3OfekKNFCTB69iK45861/ HTTP/1.1" 200 - "https://idolatekno.com/sitemap1.xml" "Mozilla/5.0 AppleWebKit/537.36 (KHTML, like Gecko; compatible; GPTBot/1.3; +https://openai.com/gptbot)"
66.249.70.37 - - [22/Jan/2026:07:52:02 -0500] "GET /q-~73Lvgv9QjtHyijcZdVKBKMJ0DieBzesO21515/ HTTP/1.1" 200 86722 "-" "Mozilla/5.0 (Linux; Android 6.0.1; Nexus 5X Build/MMB29P) AppleWebKit/537.36 (KHTML, like Gecko) Chrome/143.0.7499.192 Mobile Safari/537.36 (compatible; Googlebot/2.1; +http://www.google.com/bot.html)"
66.249.70.38 - - [22/Jan/2026:07:52:02 -0500] "GET /?pid=26304226231&channel=uncle-school-freshman&cate_id=2518&page=https://mail.idolatekno.com/remote.do?q-~279aoSQOjtneorW0b9AnKqzOFnAuXfx6s39915/ HTTP/1.1" 200 85609 "-" "Mozilla/5.0 (Linux; Android 6.0.1; Nexus 5X Build/MMB29P) AppleWebKit/537.36 (KHTML, like Gecko) Chrome/143.0.7499.192 Mobile Safari/537.36 (compatible; Googlebot/2.1; +http://www.google.com/bot.html)"
66.249.64.129 - - [22/Jan/2026:07:52:02 -0500] "GET /q-~116R8S8NRuED7ixZALSNfCQ8yiu40Rozp1200/ HTTP/1.1" 200 85427 "-" "Mozilla/5.0 (Linux; Android 6.0.1; Nexus 5X Build/MMB29P) AppleWebKit/537.36 (KHTML, like Gecko) Chrome/143.0.7499.192 Mobile Safari/537.36 (compatible; GoogleOther)"
