66.249.64.132 - - [22/Jan/2026:08:45:04 -0500] "GET /q-~81lR28TsUzakMOgPJSS0wSy6jV0iSLyT43737/ HTTP/1.1" 200 85949 "-" "Mozilla/5.0 (Linux; Android 6.0.1; Nexus 5X Build/MMB29P) AppleWebKit/537.36 (KHTML, like Gecko) Chrome/143.0.7499.192 Mobile Safari/537.36 (compatible; GoogleOther)"
66.249.70.36 - - [22/Jan/2026:08:45:05 -0500] "GET /?pid=26304226231&channel=escape-never-occasional&cate_id=2518&page=https://mail.idolatekno.com/remote.do?q-~129S6RfIp6ysu11FyhTBde6uwRsReVQzu48149/ HTTP/1.1" 200 85705 "-" "Mozilla/5.0 (Linux; Android 6.0.1; Nexus 5X Build/MMB29P) AppleWebKit/537.36 (KHTML, like Gecko) Chrome/143.0.7499.192 Mobile Safari/537.36 (compatible; Googlebot/2.1; +http://www.google.com/bot.html)"
74.7.241.58 - - [22/Jan/2026:08:45:06 -0500] "GET /q-~192Lb8xJfp2cZf7xA3g4AgRRMATJckowJ29556/ HTTP/1.1" 200 - "https://idolatekno.com/sitemap79.xml" "Mozilla/5.0 AppleWebKit/537.36 (KHTML, like Gecko; compatible; GPTBot/1.3; +https://openai.com/gptbot)"
114.119.130.167 - - [22/Jan/2026:08:45:08 -0500] "GET /q-~212MnbY2Y7u0nPqEhWE9Z1V6H0E7DKo3j11174/ HTTP/1.1" 200 - "https://mail.idolatekno.com/sitemape.xml" "Mozilla/5.0 (Linux; Android 7.0;) AppleWebKit/537.36 (KHTML, like Gecko) Mobile Safari/537.36 (compatible; PetalBot;+https://webmaster.petalsearch.com/site/petalbot)"
74.7.241.58 - - [22/Jan/2026:08:45:10 -0500] "GET /q-~230aFYBrEPD9kVk0cAa0RqYI4Y1jSwOOg30272/ HTTP/1.1" 200 - "https://idolatekno.com/?sitemap442.xml" "Mozilla/5.0 AppleWebKit/537.36 (KHTML, like Gecko; compatible; GPTBot/1.3; +https://openai.com/gptbot)"
66.249.64.132 - - [22/Jan/2026:08:45:10 -0500] "GET /q-~215FYIdIDo0V1SNgAlMw8K12krGWoS0Kb48325/ HTTP/1.1" 200 85408 "-" "Mozilla/5.0 (Linux; Android 6.0.1; Nexus 5X Build/MMB29P) AppleWebKit/537.36 (KHTML, like Gecko) Chrome/143.0.7499.192 Mobile Safari/537.36 (compatible; GoogleOther)"
66.249.70.37 - - [22/Jan/2026:08:45:12 -0500] "GET /?pid=26304226231&channel=curve-tea-publication&cate_id=2518&page=https://mail.idolatekno.com/remote.do?items/201017828.htm HTTP/1.1" 200 85603 "-" "Mozilla/5.0 (Linux; Android 6.0.1; Nexus 5X Build/MMB29P) AppleWebKit/537.36 (KHTML, like Gecko) Chrome/143.0.7499.192 Mobile Safari/537.36 (compatible; Googlebot/2.1; +http://www.google.com/bot.html)"
74.7.241.58 - - [22/Jan/2026:08:45:13 -0500] "GET /q-~176nYTZuUWHr78uya6Jrk3NhDCyGqrd3T17972/ HTTP/1.1" 200 - "https://idolatekno.com/?sitemap317.xml" "Mozilla/5.0 AppleWebKit/537.36 (KHTML, like Gecko; compatible; GPTBot/1.3; +https://openai.com/gptbot)"
74.7.241.58 - - [22/Jan/2026:08:45:16 -0500] "GET /q-~272MwttpkA18qhcDZtO55FbXykw6rgpOt35946/ HTTP/1.1" 200 - "https://idolatekno.com/?sitemap442.xml" "Mozilla/5.0 AppleWebKit/537.36 (KHTML, like Gecko; compatible; GPTBot/1.3; +https://openai.com/gptbot)"
66.249.64.132 - - [22/Jan/2026:08:45:18 -0500] "GET /pcmypage?callback=/product%2Fdetail%2m58277213597 HTTP/1.1" 403 567499 "-" "Mozilla/5.0 (Linux; Android 6.0.1; Nexus 5X Build/MMB29P) AppleWebKit/537.36 (KHTML, like Gecko) Chrome/143.0.7499.192 Mobile Safari/537.36 (compatible; GoogleOther)"
66.249.70.36 - - [22/Jan/2026:08:45:20 -0500] "GET /?pid=26304226231&channel=disc-animal-measurement&cate_id=2518&page=https://mail.idolatekno.com/remote.do?q-~123fBodJFOvoEFoii6HtL8eqopVZwfO1L26607/ HTTP/1.1" 200 86189 "-" "Mozilla/5.0 (Linux; Android 6.0.1; Nexus 5X Build/MMB29P) AppleWebKit/537.36 (KHTML, like Gecko) Chrome/143.0.7499.192 Mobile Safari/537.36 (compatible; Googlebot/2.1; +http://www.google.com/bot.html)"
74.7.241.58 - - [22/Jan/2026:08:45:20 -0500] "GET /q-~287kUr95drVFxUGo4KIrIN2PzR9KMoKCQ10723/ HTTP/1.1" 200 - "https://idolatekno.com/?sitemap305.xml" "Mozilla/5.0 AppleWebKit/537.36 (KHTML, like Gecko; compatible; GPTBot/1.3; +https://openai.com/gptbot)"
74.7.241.58 - - [22/Jan/2026:08:45:22 -0500] "GET /q-~217uvK57BthpnsoSMXxqYKV7fim79JAbh35397/ HTTP/1.1" 200 - "https://idolatekno.com/sitemap63.xml" "Mozilla/5.0 AppleWebKit/537.36 (KHTML, like Gecko; compatible; GPTBot/1.3; +https://openai.com/gptbot)"
74.7.241.58 - - [22/Jan/2026:08:45:25 -0500] "GET /q-~293C9lyiK4HZRvJtHFwyDDgI2K6ulOImF12689/ HTTP/1.1" 200 - "https://idolatekno.com/sitemap16.xml" "Mozilla/5.0 AppleWebKit/537.36 (KHTML, like Gecko; compatible; GPTBot/1.3; +https://openai.com/gptbot)"
66.249.64.132 - - [22/Jan/2026:08:45:27 -0500] "GET /?x=2166640003788&channel=107e18&from=https://idolatekno.com/super.py?items/048020619.htm HTTP/1.1" 200 85392 "-" "Mozilla/5.0 (Linux; Android 6.0.1; Nexus 5X Build/MMB29P) AppleWebKit/537.36 (KHTML, like Gecko) Chrome/143.0.7499.192 Mobile Safari/537.36 (compatible; GoogleOther)"
66.249.70.36 - - [22/Jan/2026:08:45:27 -0500] "GET /?pid=26304226231&channel=thick-dictate-shoe&cate_id=2518&page=https://mail.idolatekno.com/remote.do?items/137013742.htm HTTP/1.1" 200 85364 "-" "Mozilla/5.0 (Linux; Android 6.0.1; Nexus 5X Build/MMB29P) AppleWebKit/537.36 (KHTML, like Gecko) Chrome/143.0.7499.192 Mobile Safari/537.36 (compatible; Googlebot/2.1; +http://www.google.com/bot.html)"
74.7.241.58 - - [22/Jan/2026:08:45:29 -0500] "GET /q-~89yhVI558qmVg7nRUDEcZeuJzv1GomzD22199/ HTTP/1.1" 200 - "https://idolatekno.com/?sitemap442.xml" "Mozilla/5.0 AppleWebKit/537.36 (KHTML, like Gecko; compatible; GPTBot/1.3; +https://openai.com/gptbot)"
74.7.241.58 - - [22/Jan/2026:08:45:32 -0500] "GET /q-~211uype9ECwrBxO3drFJZX1XBCJvZBA3s27889/ HTTP/1.1" 200 - "https://idolatekno.com/sitemap785.xml" "Mozilla/5.0 AppleWebKit/537.36 (KHTML, like Gecko; compatible; GPTBot/1.3; +https://openai.com/gptbot)"
66.249.64.128 - - [22/Jan/2026:08:45:33 -0500] "GET /q-~41bDKRaZhVptlkjveehDfxOrQAyZn3TE29375/ HTTP/1.1" 200 85063 "-" "Mozilla/5.0 (Linux; Android 6.0.1; Nexus 5X Build/MMB29P) AppleWebKit/537.36 (KHTML, like Gecko) Chrome/143.0.7499.192 Mobile Safari/537.36 (compatible; GoogleOther)"
2a03:2880:f80e:34:: - - [22/Jan/2026:08:45:35 -0500] "GET /m/figur62978221?id=2994479 HTTP/1.1" 200 - "-" "meta-externalagent/1.1 (+https://developers.facebook.com/docs/sharing/webmasters/crawler)"
74.7.241.58 - - [22/Jan/2026:08:45:35 -0500] "GET /q-~114J7XzQOzHBq5eFymQkvj7pY0Xd5lrdE46118/ HTTP/1.1" 200 - "https://idolatekno.com/sitemap63.xml" "Mozilla/5.0 AppleWebKit/537.36 (KHTML, like Gecko; compatible; GPTBot/1.3; +https://openai.com/gptbot)"
66.249.70.36 - - [22/Jan/2026:08:45:35 -0500] "GET /?pid=26304226231&channel=episode-contribution-metaphor&cate_id=2518&page=https://mail.idolatekno.com/remote.do?items/103035394.htm HTTP/1.1" 200 85353 "-" "Mozilla/5.0 (Linux; Android 6.0.1; Nexus 5X Build/MMB29P) AppleWebKit/537.36 (KHTML, like Gecko) Chrome/143.0.7499.192 Mobile Safari/537.36 (compatible; Googlebot/2.1; +http://www.google.com/bot.html)"
2a03:2880:f80e:4c:: - - [22/Jan/2026:08:45:36 -0500] "GET /m/upbri72789846?id=2806104 HTTP/1.1" 200 - "-" "meta-externalagent/1.1 (+https://developers.facebook.com/docs/sharing/webmasters/crawler)"
74.7.241.58 - - [22/Jan/2026:08:45:38 -0500] "GET /q-~221dWMrnbDEVM0G8Kc2hD8Wn3nPbNzjcc36103/ HTTP/1.1" 200 - "https://idolatekno.com/?sitemap317.xml" "Mozilla/5.0 AppleWebKit/537.36 (KHTML, like Gecko; compatible; GPTBot/1.3; +https://openai.com/gptbot)"
114.119.135.195 - - [22/Jan/2026:08:45:40 -0500] "GET /q-~212HXMJCZOKx6L6hJqb00svbzIV0okCWX38470/ HTTP/1.1" 200 - "https://mail.idolatekno.com/sitemapc.xml" "Mozilla/5.0 (Linux; Android 7.0;) AppleWebKit/537.36 (KHTML, like Gecko) Mobile Safari/537.36 (compatible; PetalBot;+https://webmaster.petalsearch.com/site/petalbot)"
74.7.241.58 - - [22/Jan/2026:08:45:42 -0500] "GET /q-~268T5uYLYE7lzxuZzgM45KDhxTrRkK5pg26156/ HTTP/1.1" 200 - "https://idolatekno.com/sitemap79.xml" "Mozilla/5.0 AppleWebKit/537.36 (KHTML, like Gecko; compatible; GPTBot/1.3; +https://openai.com/gptbot)"
66.249.70.37 - - [22/Jan/2026:08:45:42 -0500] "GET /?pid=26304226231&channel=finish-issue-risky&cate_id=2518&page=https://mail.idolatekno.com/remote.do?items/123041182.htm HTTP/1.1" 200 86910 "-" "Mozilla/5.0 (Linux; Android 6.0.1; Nexus 5X Build/MMB29P) AppleWebKit/537.36 (KHTML, like Gecko) Chrome/143.0.7499.192 Mobile Safari/537.36 (compatible; Googlebot/2.1; +http://www.google.com/bot.html)"
146.174.182.161 - - [22/Jan/2026:08:45:43 -0500] "GET /q-~135n8cVO7XpI51HN0NTo9yi7ymyaqsAHT32867/ HTTP/1.1" 200 - "-" "Mozilla/5.0 (Windows; U; Windows NT 6.1; lt; rv:1.9.2) Gecko/20100115 Firefox/3.6"
66.249.70.36 - - [22/Jan/2026:08:45:43 -0500] "GET /?pid=26304226231&channel=interior-teaspoon-fog&cate_id=2518&page=https://mail.idolatekno.com/remote.do?items/121027046.htm HTTP/1.1" 200 85872 "-" "Mozilla/5.0 (Linux; Android 6.0.1; Nexus 5X Build/MMB29P) AppleWebKit/537.36 (KHTML, like Gecko) Chrome/143.0.7499.192 Mobile Safari/537.36 (compatible; Googlebot/2.1; +http://www.google.com/bot.html)"
66.249.64.132 - - [22/Jan/2026:08:45:44 -0500] "GET /?x=2166640003788&channel=107e18&from=https://idolatekno.com/super.py?items/229004214.htm HTTP/1.1" 200 85172 "-" "Mozilla/5.0 (Linux; Android 6.0.1; Nexus 5X Build/MMB29P) AppleWebKit/537.36 (KHTML, like Gecko) Chrome/143.0.7499.192 Mobile Safari/537.36 (compatible; GoogleOther)"
74.7.241.58 - - [22/Jan/2026:08:45:45 -0500] "GET /q-~66qic8224KR9jOOurUSORKCQzvFfRdwl23388/ HTTP/1.1" 200 - "https://idolatekno.com/sitemap21.xml" "Mozilla/5.0 AppleWebKit/537.36 (KHTML, like Gecko; compatible; GPTBot/1.3; +https://openai.com/gptbot)"
2a03:2880:f80e:6a:: - - [22/Jan/2026:08:45:46 -0500] "GET /m/tank11082448?id=1098706 HTTP/1.1" 200 - "-" "meta-externalagent/1.1 (+https://developers.facebook.com/docs/sharing/webmasters/crawler)"
66.249.64.128 - - [22/Jan/2026:08:45:47 -0500] "GET /?x=2166640003788&channel=107e18&from=https://idolatekno.com/super.py?items/024017215.htm HTTP/1.1" 200 85494 "-" "Mozilla/5.0 (Linux; Android 6.0.1; Nexus 5X Build/MMB29P) AppleWebKit/537.36 (KHTML, like Gecko) Chrome/143.0.7499.192 Mobile Safari/537.36 (compatible; GoogleOther)"
66.249.70.36 - - [22/Jan/2026:08:45:50 -0500] "GET /?pid=26304226231&channel=against-creative-link&cate_id=2518&page=https://mail.idolatekno.com/remote.do?q-~59Q8IuybQFkMFkEQphakN4ylwM8sl2vl6849/ HTTP/1.1" 200 85732 "-" "Mozilla/5.0 (Linux; Android 6.0.1; Nexus 5X Build/MMB29P) AppleWebKit/537.36 (KHTML, like Gecko) Chrome/143.0.7499.192 Mobile Safari/537.36 (compatible; Googlebot/2.1; +http://www.google.com/bot.html)"
66.249.70.36 - - [22/Jan/2026:08:45:58 -0500] "GET /?pid=26304226231&channel=because-agreement-image&cate_id=2518&page=https://mail.idolatekno.com/remote.do?items/289047324.htm HTTP/1.1" 200 86728 "-" "Mozilla/5.0 (Linux; Android 6.0.1; Nexus 5X Build/MMB29P) AppleWebKit/537.36 (KHTML, like Gecko) Chrome/143.0.7499.192 Mobile Safari/537.36 (compatible; Googlebot/2.1; +http://www.google.com/bot.html)"
74.7.241.58 - - [22/Jan/2026:08:46:00 -0500] "GET /q-~296TQkp8Y9C9IzwctpzFEjqdGs4AG5sqE9110/ HTTP/1.1" 200 - "https://idolatekno.com/?sitemap442.xml" "Mozilla/5.0 AppleWebKit/537.36 (KHTML, like Gecko; compatible; GPTBot/1.3; +https://openai.com/gptbot)"
66.249.64.132 - - [22/Jan/2026:08:46:01 -0500] "GET /pcmypage?callback=/product%2Fdetail%2m31509412849 HTTP/1.1" 403 565449 "-" "Mozilla/5.0 (Linux; Android 6.0.1; Nexus 5X Build/MMB29P) AppleWebKit/537.36 (KHTML, like Gecko) Chrome/143.0.7499.192 Mobile Safari/537.36 (compatible; GoogleOther)"
74.7.241.58 - - [22/Jan/2026:08:46:02 -0500] "GET /q-~293K2t6IXzyXfQzEY7NInszZg6aKSDjsw16295/ HTTP/1.1" 200 - "https://idolatekno.com/?sitemap305.xml" "Mozilla/5.0 AppleWebKit/537.36 (KHTML, like Gecko; compatible; GPTBot/1.3; +https://openai.com/gptbot)"
66.249.64.108 - - [22/Jan/2026:08:46:04 -0500] "GET /q-~14xaKNqA8ZDAUa5ejRob6UN5EBuV2rgh3312/ HTTP/1.1" 200 86227 "-" "Mozilla/5.0 (Linux; Android 6.0.1; Nexus 5X Build/MMB29P) AppleWebKit/537.36 (KHTML, like Gecko) Chrome/143.0.7499.192 Mobile Safari/537.36 (compatible; GoogleOther)"
114.119.153.93 - - [22/Jan/2026:08:46:05 -0500] "GET /q-~212GvK0D2MxFI6uyLA39NvfsREnu42MMB32052/ HTTP/1.1" 200 - "https://mail.idolatekno.com/sitemapd.xml" "Mozilla/5.0 (Linux; Android 7.0;) AppleWebKit/537.36 (KHTML, like Gecko) Mobile Safari/537.36 (compatible; PetalBot;+https://webmaster.petalsearch.com/site/petalbot)"
74.7.241.58 - - [22/Jan/2026:08:46:05 -0500] "GET /q-~80Q2zswjGHheaZ1IjeoJv8dFzh2uh2BT13904/ HTTP/1.1" 200 - "https://idolatekno.com/?sitemap1000.xml" "Mozilla/5.0 AppleWebKit/537.36 (KHTML, like Gecko; compatible; GPTBot/1.3; +https://openai.com/gptbot)"
66.249.70.38 - - [22/Jan/2026:08:46:06 -0500] "GET /?pid=26304226231&channel=investigation-galaxy-crisis&cate_id=2518&page=https://mail.idolatekno.com/remote.do?q-~201oyYOBy1Vs50RpyTQYyXlSgOakUJHJJ8903/ HTTP/1.1" 200 86342 "-" "Mozilla/5.0 (Linux; Android 6.0.1; Nexus 5X Build/MMB29P) AppleWebKit/537.36 (KHTML, like Gecko) Chrome/143.0.7499.192 Mobile Safari/537.36 (compatible; Googlebot/2.1; +http://www.google.com/bot.html)"
74.7.241.58 - - [22/Jan/2026:08:46:09 -0500] "GET /q-~141xNdoZ6ZIiu6G9vEzKzEXXCUZJt14jM30509/ HTTP/1.1" 200 - "https://idolatekno.com/?sitemap442.xml" "Mozilla/5.0 AppleWebKit/537.36 (KHTML, like Gecko; compatible; GPTBot/1.3; +https://openai.com/gptbot)"
74.7.241.58 - - [22/Jan/2026:08:46:10 -0500] "GET /q-~194DpS9n3bwO3HDoSeEmb2NynaVUqo1DA43830/ HTTP/1.1" 200 - "https://idolatekno.com/sitemap86.xml" "Mozilla/5.0 AppleWebKit/537.36 (KHTML, like Gecko; compatible; GPTBot/1.3; +https://openai.com/gptbot)"
66.249.70.36 - - [22/Jan/2026:08:46:13 -0500] "GET /?pid=26304226231&channel=shore-highly-without&cate_id=2518&page=https://mail.idolatekno.com/remote.do?items/069016976.htm HTTP/1.1" 200 85634 "-" "Mozilla/5.0 (Linux; Android 6.0.1; Nexus 5X Build/MMB29P) AppleWebKit/537.36 (KHTML, like Gecko) Chrome/143.0.7499.192 Mobile Safari/537.36 (compatible; Googlebot/2.1; +http://www.google.com/bot.html)"
74.7.241.58 - - [22/Jan/2026:08:46:13 -0500] "GET /q-~103gF4yuNHyZWdl3gvsem3yuERzFq39nm8805/ HTTP/1.1" 200 - "https://idolatekno.com/pages.php?sitemap849.xml" "Mozilla/5.0 AppleWebKit/537.36 (KHTML, like Gecko; compatible; GPTBot/1.3; +https://openai.com/gptbot)"
66.249.64.132 - - [22/Jan/2026:08:46:16 -0500] "GET /?u=2699771933667&channel=132e36&from=https://idolatekno.com/remote.aspx?q-~275CsLi8o91cO5Ehy3r3CUPLHX3lIbXvz17747/ HTTP/1.1" 200 85540 "-" "Mozilla/5.0 (Linux; Android 6.0.1; Nexus 5X Build/MMB29P) AppleWebKit/537.36 (KHTML, like Gecko) Chrome/143.0.7499.192 Mobile Safari/537.36 (compatible; GoogleOther)"
74.7.241.58 - - [22/Jan/2026:08:46:17 -0500] "GET /q-~247AAPf08BuxsuEWteUyh14DfNkxNILWc13127/ HTTP/1.1" 200 - "https://idolatekno.com/sitemap1.xml" "Mozilla/5.0 AppleWebKit/537.36 (KHTML, like Gecko; compatible; GPTBot/1.3; +https://openai.com/gptbot)"
66.249.64.128 - - [22/Jan/2026:08:46:18 -0500] "GET /q-~13vWcC1IJCoUCj1BqyN10Rn7CmASjxiZ6625/ HTTP/1.1" 200 85672 "-" "Mozilla/5.0 (Linux; Android 6.0.1; Nexus 5X Build/MMB29P) AppleWebKit/537.36 (KHTML, like Gecko) Chrome/143.0.7499.192 Mobile Safari/537.36 (compatible; GoogleOther)"
74.7.241.58 - - [22/Jan/2026:08:46:20 -0500] "GET /q-~233iY9aoboxxsnVepGFq8aLhn7dE6e9Bn5849/ HTTP/1.1" 200 - "https://idolatekno.com/sitemap63.xml" "Mozilla/5.0 AppleWebKit/537.36 (KHTML, like Gecko; compatible; GPTBot/1.3; +https://openai.com/gptbot)"
66.249.70.36 - - [22/Jan/2026:08:46:21 -0500] "GET /?pid=26304226231&channel=vote-beyond-chip&cate_id=2518&page=https://mail.idolatekno.com/remote.do?q-~103f0gFWVtPBEIv0AIuVk7G4ZkFTNhxQm25923/ HTTP/1.1" 200 85715 "-" "Mozilla/5.0 (Linux; Android 6.0.1; Nexus 5X Build/MMB29P) AppleWebKit/537.36 (KHTML, like Gecko) Chrome/143.0.7499.192 Mobile Safari/537.36 (compatible; Googlebot/2.1; +http://www.google.com/bot.html)"
74.7.241.58 - - [22/Jan/2026:08:46:23 -0500] "GET /q-~246Kb848FW0oDgM4ZFvpSsEhRulKbjpAQ24850/ HTTP/1.1" 200 - "https://idolatekno.com/sitemap73.xml" "Mozilla/5.0 AppleWebKit/537.36 (KHTML, like Gecko; compatible; GPTBot/1.3; +https://openai.com/gptbot)"
74.7.241.58 - - [22/Jan/2026:08:46:26 -0500] "GET /q-~189wPwkqhx43hkOweqLdVveZIRUOe2x2a14867/ HTTP/1.1" 200 - "https://idolatekno.com/sitemap1.xml" "Mozilla/5.0 AppleWebKit/537.36 (KHTML, like Gecko; compatible; GPTBot/1.3; +https://openai.com/gptbot)"
74.7.241.58 - - [22/Jan/2026:08:46:29 -0500] "GET /q-~270aRQ3GiWExc5EngTGMAA6NnreM6B8Gx44302/ HTTP/1.1" 200 - "https://idolatekno.com/?sitemap503.xml" "Mozilla/5.0 AppleWebKit/537.36 (KHTML, like Gecko; compatible; GPTBot/1.3; +https://openai.com/gptbot)"
66.249.64.132 - - [22/Jan/2026:08:46:30 -0500] "GET /pcmypage?callback=/product%2Fdetail%2m87651839904 HTTP/1.1" 403 557634 "-" "Mozilla/5.0 (Linux; Android 6.0.1; Nexus 5X Build/MMB29P) AppleWebKit/537.36 (KHTML, like Gecko) Chrome/143.0.7499.192 Mobile Safari/537.36 (compatible; GoogleOther)"
114.119.153.93 - - [22/Jan/2026:08:46:32 -0500] "GET /q-~212GWy9yjCj8u8KJmM2DJGYYQ3C5B8f6i42914/ HTTP/1.1" 200 - "https://mail.idolatekno.com/sitemape.xml" "Mozilla/5.0 (Linux; Android 7.0;) AppleWebKit/537.36 (KHTML, like Gecko) Mobile Safari/537.36 (compatible; PetalBot;+https://webmaster.petalsearch.com/site/petalbot)"
66.249.70.36 - - [22/Jan/2026:08:46:33 -0500] "GET /?pid=26304226231&channel=similar-poet-island&cate_id=2518&page=https://mail.idolatekno.com/remote.do?q-~125tk36YmcUu0CSsrufQK3GJnEKLuEKFf2215/ HTTP/1.1" 200 85796 "-" "Mozilla/5.0 (Linux; Android 6.0.1; Nexus 5X Build/MMB29P) AppleWebKit/537.36 (KHTML, like Gecko) Chrome/143.0.7499.192 Mobile Safari/537.36 (compatible; Googlebot/2.1; +http://www.google.com/bot.html)"
74.7.241.58 - - [22/Jan/2026:08:46:33 -0500] "GET /q-~110kieiJJ9wAZ8CG43ISwxAANwVM3xngR4874/ HTTP/1.1" 200 - "https://idolatekno.com/?sitemap305.xml" "Mozilla/5.0 AppleWebKit/537.36 (KHTML, like Gecko; compatible; GPTBot/1.3; +https://openai.com/gptbot)"
66.249.64.128 - - [22/Jan/2026:08:46:35 -0500] "GET /q-~14X352sIvhMX4DKQPosLEyjb0LzWGsZd44206/ HTTP/1.1" 200 85790 "-" "Mozilla/5.0 (Linux; Android 6.0.1; Nexus 5X Build/MMB29P) AppleWebKit/537.36 (KHTML, like Gecko) Chrome/143.0.7499.192 Mobile Safari/537.36 (compatible; GoogleOther)"
74.7.241.58 - - [22/Jan/2026:08:46:36 -0500] "GET /q-~36e2z5N5Kfr2EQMOToS3sEzvsvJHGsvn48198/ HTTP/1.1" 200 - "https://idolatekno.com/?sitemap1000.xml" "Mozilla/5.0 AppleWebKit/537.36 (KHTML, like Gecko; compatible; GPTBot/1.3; +https://openai.com/gptbot)"
66.249.64.132 - - [22/Jan/2026:08:46:40 -0500] "GET /q-~271a8cHNWKVTODeyUH0AuBiApdfIVAKQA16339/ HTTP/1.1" 200 85885 "-" "Mozilla/5.0 (Linux; Android 6.0.1; Nexus 5X Build/MMB29P) AppleWebKit/537.36 (KHTML, like Gecko) Chrome/143.0.7499.192 Mobile Safari/537.36 (compatible; GoogleOther)"
66.249.70.37 - - [22/Jan/2026:08:46:40 -0500] "GET /?pid=26304226231&channel=politics-example-appeal&cate_id=2518&page=https://mail.idolatekno.com/remote.do?q-~154zMIzwrcSnH4NtEXRO3kAaYU9vcxjrB5840/ HTTP/1.1" 200 85898 "-" "Mozilla/5.0 (Linux; Android 6.0.1; Nexus 5X Build/MMB29P) AppleWebKit/537.36 (KHTML, like Gecko) Chrome/143.0.7499.192 Mobile Safari/537.36 (compatible; Googlebot/2.1; +http://www.google.com/bot.html)"
216.73.216.165 - - [22/Jan/2026:08:46:41 -0500] "GET /robots.txt HTTP/1.1" 200 95 "-" "Mozilla/5.0 AppleWebKit/537.36 (KHTML, like Gecko; compatible; ClaudeBot/1.0; +claudebot@anthropic.com)"
74.7.241.58 - - [22/Jan/2026:08:46:41 -0500] "GET /q-~247j1o3LFQOHZlQH1t8UrsdrutD7jipbi42767/ HTTP/1.1" 200 - "https://idolatekno.com/pages.php?sitemap849.xml" "Mozilla/5.0 AppleWebKit/537.36 (KHTML, like Gecko; compatible; GPTBot/1.3; +https://openai.com/gptbot)"
216.73.216.165 - - [22/Jan/2026:08:46:41 -0500] "GET /page/2 HTTP/1.1" 200 - "-" "Mozilla/5.0 AppleWebKit/537.36 (KHTML, like Gecko; compatible; ClaudeBot/1.0; +claudebot@anthropic.com)"
74.7.241.58 - - [22/Jan/2026:08:46:43 -0500] "GET /q-~10GV6Z6ujclpFhMC9gurPEwp0WbKdw5C20096/ HTTP/1.1" 200 - "https://idolatekno.com/?sitemap305.xml" "Mozilla/5.0 AppleWebKit/537.36 (KHTML, like Gecko; compatible; GPTBot/1.3; +https://openai.com/gptbot)"
66.249.64.128 - - [22/Jan/2026:08:46:45 -0500] "GET /q-~74FNSp1ebplwDqjPOpu7ZDSXa3SBVGPq15468/ HTTP/1.1" 200 85337 "-" "Mozilla/5.0 (Linux; Android 6.0.1; Nexus 5X Build/MMB29P) AppleWebKit/537.36 (KHTML, like Gecko) Chrome/143.0.7499.192 Mobile Safari/537.36 (compatible; GoogleOther)"
74.7.241.58 - - [22/Jan/2026:08:46:45 -0500] "GET /q-~209nf7EoB1pqWn4bEUpyoLgb8yUAf0cIj26785/ HTTP/1.1" 200 - "https://idolatekno.com/sitemap63.xml" "Mozilla/5.0 AppleWebKit/537.36 (KHTML, like Gecko; compatible; GPTBot/1.3; +https://openai.com/gptbot)"
66.249.70.37 - - [22/Jan/2026:08:46:47 -0500] "GET /?pid=26304226231&channel=exercise-concept-shopdetail&cate_id=2518&page=https://mail.idolatekno.com/remote.do?items/171027724.htm HTTP/1.1" 200 85325 "-" "Mozilla/5.0 (Linux; Android 6.0.1; Nexus 5X Build/MMB29P) AppleWebKit/537.36 (KHTML, like Gecko) Chrome/143.0.7499.192 Mobile Safari/537.36 (compatible; Googlebot/2.1; +http://www.google.com/bot.html)"
74.7.241.58 - - [22/Jan/2026:08:46:48 -0500] "GET /q-~139E4FQ7TIIBnrEuOOK3EqOZpHGzrua7m15791/ HTTP/1.1" 200 - "https://idolatekno.com/sitemap86.xml" "Mozilla/5.0 AppleWebKit/537.36 (KHTML, like Gecko; compatible; GPTBot/1.3; +https://openai.com/gptbot)"
74.7.241.58 - - [22/Jan/2026:08:46:51 -0500] "GET /q-~149c3QPOARehM9QMcBBp1xt7OXIvoKIZR41065/ HTTP/1.1" 200 - "https://idolatekno.com/?sitemap317.xml" "Mozilla/5.0 AppleWebKit/537.36 (KHTML, like Gecko; compatible; GPTBot/1.3; +https://openai.com/gptbot)"
66.249.64.128 - - [22/Jan/2026:08:46:52 -0500] "GET /q-~300pylkwVywKARao0pmCE8fzPa3pkRgII9072/ HTTP/1.1" 200 85466 "-" "Mozilla/5.0 (Linux; Android 6.0.1; Nexus 5X Build/MMB29P) AppleWebKit/537.36 (KHTML, like Gecko) Chrome/143.0.7499.192 Mobile Safari/537.36 (compatible; GoogleOther)"
74.7.241.58 - - [22/Jan/2026:08:46:55 -0500] "GET /q-~186Z4iovSRVtOpDNv19dVX8GgDltkQA5G31846/ HTTP/1.1" 200 - "https://idolatekno.com/?sitemap442.xml" "Mozilla/5.0 AppleWebKit/537.36 (KHTML, like Gecko; compatible; GPTBot/1.3; +https://openai.com/gptbot)"
66.249.70.37 - - [22/Jan/2026:08:46:55 -0500] "GET /?pid=26304226231&channel=bull-musician-steer&cate_id=2518&page=https://mail.idolatekno.com/remote.do?items/239029124.htm HTTP/1.1" 200 85478 "-" "Mozilla/5.0 (Linux; Android 6.0.1; Nexus 5X Build/MMB29P) AppleWebKit/537.36 (KHTML, like Gecko) Chrome/143.0.7499.192 Mobile Safari/537.36 (compatible; Googlebot/2.1; +http://www.google.com/bot.html)"
66.249.70.37 - - [22/Jan/2026:08:46:55 -0500] "GET /?pid=26304226231&channel=transport-rebel-actual&cate_id=2518&page=https://mail.idolatekno.com/remote.do?q-~174VU46W7ksYBa2hfevMuF5K2pOnL7ZGs33226/ HTTP/1.1" 200 86248 "-" "Mozilla/5.0 (Linux; Android 6.0.1; Nexus 5X Build/MMB29P) AppleWebKit/537.36 (KHTML, like Gecko) Chrome/143.0.7499.192 Mobile Safari/537.36 (compatible; Googlebot/2.1; +http://www.google.com/bot.html)"
74.7.241.58 - - [22/Jan/2026:08:46:58 -0500] "GET /q-~86n18WIu1pxaLW1ENqKRrgUa7mbGowdn27892/ HTTP/1.1" 200 - "https://idolatekno.com/sitemap16.xml" "Mozilla/5.0 AppleWebKit/537.36 (KHTML, like Gecko; compatible; GPTBot/1.3; +https://openai.com/gptbot)"
66.249.64.132 - - [22/Jan/2026:08:46:59 -0500] "GET /?u=2699771933667&channel=132e36&from=https://idolatekno.com/remote.aspx?items/034025635.htm HTTP/1.1" 200 85469 "-" "Mozilla/5.0 (Linux; Android 6.0.1; Nexus 5X Build/MMB29P) AppleWebKit/537.36 (KHTML, like Gecko) Chrome/143.0.7499.192 Mobile Safari/537.36 (compatible; GoogleOther)"
114.119.132.76 - - [22/Jan/2026:08:47:00 -0500] "GET /q-~212FGnlVLvly9rCLtjEAcEZOV1lBXYqsg49232/ HTTP/1.1" 200 - "https://mail.idolatekno.com/sitemape.xml" "Mozilla/5.0 (Linux; Android 7.0;) AppleWebKit/537.36 (KHTML, like Gecko) Mobile Safari/537.36 (compatible; PetalBot;+https://webmaster.petalsearch.com/site/petalbot)"
2001:ee0:4db1:6434:ac50:3e1a:7e31:916a - - [22/Jan/2026:08:47:00 -0500] "GET /q-~140RysKY8etHtfVNpvtS2JzSCR91hktSx44378/ HTTP/1.1" 200 - "-" "Mozilla/5.0 (Macintosh; U; Intel Mac OS X 10_6_3; en-US) AppleWebKit/534.2 (KHTML, like Gecko) Chrome/6.0.453.1 Safari/534.2"
74.7.241.58 - - [22/Jan/2026:08:47:01 -0500] "GET /q-~141i0PqvrlvwocA2xw5G5Yznx3NtKDqPZ48081/ HTTP/1.1" 200 - "https://idolatekno.com/sitemap21.xml" "Mozilla/5.0 AppleWebKit/537.36 (KHTML, like Gecko; compatible; GPTBot/1.3; +https://openai.com/gptbot)"
66.249.70.36 - - [22/Jan/2026:08:47:03 -0500] "GET /?pid=26304226231&channel=clothing-literally-distract&cate_id=2518&page=https://mail.idolatekno.com/remote.do?q-~105neIryfWD8DLb19nYTFYWx1JUA68yMW36931/ HTTP/1.1" 200 84930 "-" "Mozilla/5.0 (Linux; Android 6.0.1; Nexus 5X Build/MMB29P) AppleWebKit/537.36 (KHTML, like Gecko) Chrome/143.0.7499.192 Mobile Safari/537.36 (compatible; Googlebot/2.1; +http://www.google.com/bot.html)"
66.249.70.36 - - [22/Jan/2026:08:47:03 -0500] "GET /q-~27znxJgsuPHQ8tTQfvg4BApGF3GpFPLB6769/ HTTP/1.1" 200 86536 "-" "Mozilla/5.0 (Linux; Android 6.0.1; Nexus 5X Build/MMB29P) AppleWebKit/537.36 (KHTML, like Gecko) Chrome/143.0.7499.192 Mobile Safari/537.36 (compatible; Googlebot/2.1; +http://www.google.com/bot.html)"
74.7.241.58 - - [22/Jan/2026:08:47:04 -0500] "GET /q-~274Qp82Kij9oiTNti3dpOVeSgk9licAFa43966/ HTTP/1.1" 200 - "https://idolatekno.com/sitemap21.xml" "Mozilla/5.0 AppleWebKit/537.36 (KHTML, like Gecko; compatible; GPTBot/1.3; +https://openai.com/gptbot)"
66.249.70.38 - - [22/Jan/2026:08:47:06 -0500] "GET /?pid=26304226231&channel=ocean-overall-cute&cate_id=2518&page=https://mail.idolatekno.com/remote.do?items/061011012.htm HTTP/1.1" 200 85351 "-" "Mozilla/5.0 (Linux; Android 6.0.1; Nexus 5X Build/MMB29P) AppleWebKit/537.36 (KHTML, like Gecko) Chrome/143.0.7499.192 Mobile Safari/537.36 (compatible; Googlebot/2.1; +http://www.google.com/bot.html)"
74.7.241.58 - - [22/Jan/2026:08:47:07 -0500] "GET /q-~215ZWxLRJcouyoz6OWLhL1HCy5eFv8XaB46559/ HTTP/1.1" 200 - "https://idolatekno.com/?sitemap503.xml" "Mozilla/5.0 AppleWebKit/537.36 (KHTML, like Gecko; compatible; GPTBot/1.3; +https://openai.com/gptbot)"
66.249.64.128 - - [22/Jan/2026:08:47:10 -0500] "GET /pcmypage?callback=/product%2Fdetail%2m63928818598 HTTP/1.1" 403 554914 "-" "Mozilla/5.0 (Linux; Android 6.0.1; Nexus 5X Build/MMB29P) AppleWebKit/537.36 (KHTML, like Gecko) Chrome/143.0.7499.192 Mobile Safari/537.36 (compatible; GoogleOther)"
74.7.241.58 - - [22/Jan/2026:08:47:10 -0500] "GET /q-~101WAbkkBP9ne6nnz9wgMhn9w4hCNJeKU29627/ HTTP/1.1" 200 - "https://idolatekno.com/?sitemap305.xml" "Mozilla/5.0 AppleWebKit/537.36 (KHTML, like Gecko; compatible; GPTBot/1.3; +https://openai.com/gptbot)"
74.7.241.58 - - [22/Jan/2026:08:47:13 -0500] "GET /q-~202vbinGrKPxbb9Oq8uupU9TeS4ROp1Dn43218/ HTTP/1.1" 200 - "https://idolatekno.com/sitemap785.xml" "Mozilla/5.0 AppleWebKit/537.36 (KHTML, like Gecko; compatible; GPTBot/1.3; +https://openai.com/gptbot)"
66.249.64.132 - - [22/Jan/2026:08:47:14 -0500] "GET /pcmypage?callback=/product%2Fdetail%2m75005063171 HTTP/1.1" 403 562234 "-" "Mozilla/5.0 (Linux; Android 6.0.1; Nexus 5X Build/MMB29P) AppleWebKit/537.36 (KHTML, like Gecko) Chrome/143.0.7499.192 Mobile Safari/537.36 (compatible; GoogleOther)"
66.249.70.36 - - [22/Jan/2026:08:47:14 -0500] "GET /?pid=26304226231&channel=fisherman-tale-fighting&cate_id=2518&page=https://mail.idolatekno.com/remote.do?items/089011554.htm HTTP/1.1" 200 85651 "-" "Mozilla/5.0 (Linux; Android 6.0.1; Nexus 5X Build/MMB29P) AppleWebKit/537.36 (KHTML, like Gecko) Chrome/143.0.7499.192 Mobile Safari/537.36 (compatible; Googlebot/2.1; +http://www.google.com/bot.html)"
74.7.241.58 - - [22/Jan/2026:08:47:17 -0500] "GET /q-~235PJ21FxChryXDGVaszHC3NhIae9WPrx32893/ HTTP/1.1" 200 - "https://idolatekno.com/?sitemap317.xml" "Mozilla/5.0 AppleWebKit/537.36 (KHTML, like Gecko; compatible; GPTBot/1.3; +https://openai.com/gptbot)"
74.7.241.58 - - [22/Jan/2026:08:47:20 -0500] "GET /q-~119Cu7TuSpYu11PjdjDSmMxQ8DsurTbEo49577/ HTTP/1.1" 200 - "https://idolatekno.com/?sitemap1000.xml" "Mozilla/5.0 AppleWebKit/537.36 (KHTML, like Gecko; compatible; GPTBot/1.3; +https://openai.com/gptbot)"
66.249.70.36 - - [22/Jan/2026:08:47:22 -0500] "GET /?pid=26304226231&channel=enforcement-weekly-dispute&cate_id=2518&page=https://mail.idolatekno.com/remote.do?items/037007340.htm HTTP/1.1" 200 85466 "-" "Mozilla/5.0 (Linux; Android 6.0.1; Nexus 5X Build/MMB29P) AppleWebKit/537.36 (KHTML, like Gecko) Chrome/143.0.7499.192 Mobile Safari/537.36 (compatible; Googlebot/2.1; +http://www.google.com/bot.html)"
74.7.241.58 - - [22/Jan/2026:08:47:23 -0500] "GET /q-~80HmaDHXSdt68n3QbnuhrBKKF1a2cMML23358/ HTTP/1.1" 200 - "https://idolatekno.com/sitemap785.xml" "Mozilla/5.0 AppleWebKit/537.36 (KHTML, like Gecko; compatible; GPTBot/1.3; +https://openai.com/gptbot)"
74.7.241.58 - - [22/Jan/2026:08:47:26 -0500] "GET /q-~299fUp3wnE1qARUSpc9N1Xf1RZpqTPeEg37839/ HTTP/1.1" 200 - "https://idolatekno.com/?sitemap503.xml" "Mozilla/5.0 AppleWebKit/537.36 (KHTML, like Gecko; compatible; GPTBot/1.3; +https://openai.com/gptbot)"
114.119.130.27 - - [22/Jan/2026:08:47:26 -0500] "GET /q-~212EIYQia2VmOPNU03IXbRhXRPVazzJxa37810/ HTTP/1.1" 200 - "https://mail.idolatekno.com/sitemapb.xml" "Mozilla/5.0 (Linux; Android 7.0;) AppleWebKit/537.36 (KHTML, like Gecko) Mobile Safari/537.36 (compatible; PetalBot;+https://webmaster.petalsearch.com/site/petalbot)"
66.249.64.132 - - [22/Jan/2026:08:47:27 -0500] "GET /?x=2166640003788&channel=107e18&from=https://idolatekno.com/super.py?items/107016946.htm HTTP/1.1" 200 85999 "-" "Mozilla/5.0 (Linux; Android 6.0.1; Nexus 5X Build/MMB29P) AppleWebKit/537.36 (KHTML, like Gecko) Chrome/143.0.7499.192 Mobile Safari/537.36 (compatible; GoogleOther)"
66.249.64.132 - - [22/Jan/2026:08:47:29 -0500] "GET /pcmypage?callback=/product%2Fdetail%2m66544267757 HTTP/1.1" 403 555695 "-" "Mozilla/5.0 (Linux; Android 6.0.1; Nexus 5X Build/MMB29P) AppleWebKit/537.36 (KHTML, like Gecko) Chrome/143.0.7499.192 Mobile Safari/537.36 (compatible; GoogleOther)"
74.7.241.58 - - [22/Jan/2026:08:47:29 -0500] "GET /q-~228d9C53SrA7dUUcEcVIr9LFXGcedWzvS5712/ HTTP/1.1" 200 - "https://idolatekno.com/?sitemap317.xml" "Mozilla/5.0 AppleWebKit/537.36 (KHTML, like Gecko; compatible; GPTBot/1.3; +https://openai.com/gptbot)"
66.249.70.37 - - [22/Jan/2026:08:47:29 -0500] "GET /?pid=26304226231&channel=fur-conscience-piano&cate_id=2518&page=https://mail.idolatekno.com/remote.do?items/049027358.htm HTTP/1.1" 200 85903 "-" "Mozilla/5.0 (Linux; Android 6.0.1; Nexus 5X Build/MMB29P) AppleWebKit/537.36 (KHTML, like Gecko) Chrome/143.0.7499.192 Mobile Safari/537.36 (compatible; Googlebot/2.1; +http://www.google.com/bot.html)"
74.7.241.58 - - [22/Jan/2026:08:47:32 -0500] "GET /q-~202UKmKD6bxAyYPp6fr6CwZl7HSb7wocp22698/ HTTP/1.1" 200 - "https://idolatekno.com/sitemap86.xml" "Mozilla/5.0 AppleWebKit/537.36 (KHTML, like Gecko; compatible; GPTBot/1.3; +https://openai.com/gptbot)"
74.7.241.58 - - [22/Jan/2026:08:47:35 -0500] "GET /q-~151OFT6HEsJ5DjWwK4Ty7QVhjcJV1oXNt11301/ HTTP/1.1" 200 - "https://idolatekno.com/sitemap79.xml" "Mozilla/5.0 AppleWebKit/537.36 (KHTML, like Gecko; compatible; GPTBot/1.3; +https://openai.com/gptbot)"
66.249.70.37 - - [22/Jan/2026:08:47:37 -0500] "GET /?pid=26304226231&channel=prospect-homeland-do&cate_id=2518&page=https://mail.idolatekno.com/remote.do?q-~164dIsRskqTutQ9BHTE52ySiHycPQ6K4o5348/ HTTP/1.1" 200 85274 "-" "Mozilla/5.0 (Linux; Android 6.0.1; Nexus 5X Build/MMB29P) AppleWebKit/537.36 (KHTML, like Gecko) Chrome/143.0.7499.192 Mobile Safari/537.36 (compatible; Googlebot/2.1; +http://www.google.com/bot.html)"
74.7.241.58 - - [22/Jan/2026:08:47:39 -0500] "GET /q-~243Jf2WK77RUHTdtNB3qnGine6BBjOEfp30623/ HTTP/1.1" 200 - "https://idolatekno.com/?sitemap305.xml" "Mozilla/5.0 AppleWebKit/537.36 (KHTML, like Gecko; compatible; GPTBot/1.3; +https://openai.com/gptbot)"
74.7.241.58 - - [22/Jan/2026:08:47:42 -0500] "GET /q-~66Jq3p2qhlpOjLcVkbj1Qgyh4b9bHred26130/ HTTP/1.1" 200 - "https://idolatekno.com/?sitemap1000.xml" "Mozilla/5.0 AppleWebKit/537.36 (KHTML, like Gecko; compatible; GPTBot/1.3; +https://openai.com/gptbot)"
66.249.64.128 - - [22/Jan/2026:08:47:42 -0500] "GET /pcmypage?callback=/product%2Fdetail%2m54237783148 HTTP/1.1" 403 557056 "-" "Mozilla/5.0 (Linux; Android 6.0.1; Nexus 5X Build/MMB29P) AppleWebKit/537.36 (KHTML, like Gecko) Chrome/143.0.7499.192 Mobile Safari/537.36 (compatible; GoogleOther)"
216.244.66.248 - - [22/Jan/2026:08:47:43 -0500] "GET /wp-content/uploads/2015/11/Lemari-Es-Yang-1-pintu-dengan-yang-2-pintu.jpg HTTP/1.1" 200 - "-" "Mozilla/5.0 (compatible; DotBot/1.2; +https://opensiteexplorer.org/dotbot; help@moz.com)"
66.249.70.36 - - [22/Jan/2026:08:47:44 -0500] "GET /?pid=26304226231&channel=file-painful-tomorrow&cate_id=2518&page=https://mail.idolatekno.com/remote.do?q-~189ufJhLWQp925gfEo5X9uP4rzocjmnhC32567/ HTTP/1.1" 200 85761 "-" "Mozilla/5.0 (Linux; Android 6.0.1; Nexus 5X Build/MMB29P) AppleWebKit/537.36 (KHTML, like Gecko) Chrome/143.0.7499.192 Mobile Safari/537.36 (compatible; Googlebot/2.1; +http://www.google.com/bot.html)"
66.249.64.132 - - [22/Jan/2026:08:47:45 -0500] "GET /q-~247ZbVD7Ah2RDVpAsa5FTtIxuIxaforXt15167/ HTTP/1.1" 200 86293 "-" "Mozilla/5.0 (Linux; Android 6.0.1; Nexus 5X Build/MMB29P) AppleWebKit/537.36 (KHTML, like Gecko) Chrome/143.0.7499.192 Mobile Safari/537.36 (compatible; GoogleOther)"
74.7.241.58 - - [22/Jan/2026:08:47:45 -0500] "GET /q-~135WNcZw3yrwmH7Tgzmpo6B6nUlglH8Gz27355/ HTTP/1.1" 200 - "https://idolatekno.com/?sitemap1000.xml" "Mozilla/5.0 AppleWebKit/537.36 (KHTML, like Gecko; compatible; GPTBot/1.3; +https://openai.com/gptbot)"
74.7.241.58 - - [22/Jan/2026:08:47:48 -0500] "GET /q-~123LKlo6VdKGlCcdcW29HomwT0a7WmnuV45325/ HTTP/1.1" 200 - "https://idolatekno.com/?sitemap1000.xml" "Mozilla/5.0 AppleWebKit/537.36 (KHTML, like Gecko; compatible; GPTBot/1.3; +https://openai.com/gptbot)"
74.7.241.58 - - [22/Jan/2026:08:47:51 -0500] "GET /q-~95GEhx6TR185ApETZjZjzTPIu4sZamjh21627/ HTTP/1.1" 200 - "https://idolatekno.com/sitemap73.xml" "Mozilla/5.0 AppleWebKit/537.36 (KHTML, like Gecko; compatible; GPTBot/1.3; +https://openai.com/gptbot)"
66.249.70.38 - - [22/Jan/2026:08:47:52 -0500] "GET /?pid=26304226231&channel=tell-legitimate-fiscal&cate_id=2518&page=https://mail.idolatekno.com/remote.do?q-~89YffKSEOzdc2Dth7mgbhF79QOPMEXia13531/ HTTP/1.1" 200 85648 "-" "Mozilla/5.0 (Linux; Android 6.0.1; Nexus 5X Build/MMB29P) AppleWebKit/537.36 (KHTML, like Gecko) Chrome/143.0.7499.192 Mobile Safari/537.36 (compatible; Googlebot/2.1; +http://www.google.com/bot.html)"
74.7.241.58 - - [22/Jan/2026:08:47:54 -0500] "GET /q-~242PUpsSDk02QlnuT6ZBUXzjw5qXtBJXe48604/ HTTP/1.1" 200 - "https://idolatekno.com/?sitemap1000.xml" "Mozilla/5.0 AppleWebKit/537.36 (KHTML, like Gecko; compatible; GPTBot/1.3; +https://openai.com/gptbot)"
114.119.132.76 - - [22/Jan/2026:08:47:56 -0500] "GET /q-~212CzByAanUy3CSIxcs2IuK6QSeLOVEWK6316/ HTTP/1.1" 200 - "https://mail.idolatekno.com/sitemapd.xml" "Mozilla/5.0 (Linux; Android 7.0;) AppleWebKit/537.36 (KHTML, like Gecko) Mobile Safari/537.36 (compatible; PetalBot;+https://webmaster.petalsearch.com/site/petalbot)"
66.249.64.132 - - [22/Jan/2026:08:47:57 -0500] "GET /q-~150kEIllg4wKBH2xkOiXX9JBHal8HzPEy29976/ HTTP/1.1" 200 85763 "-" "Mozilla/5.0 (Linux; Android 6.0.1; Nexus 5X Build/MMB29P) AppleWebKit/537.36 (KHTML, like Gecko) Chrome/143.0.7499.192 Mobile Safari/537.36 (compatible; GoogleOther)"
74.7.241.58 - - [22/Jan/2026:08:47:58 -0500] "GET /q-~246DN57KmqoUylt5ot3m2TNfXKTMnmuoH3734/ HTTP/1.1" 200 - "https://idolatekno.com/sitemap27.xml" "Mozilla/5.0 AppleWebKit/537.36 (KHTML, like Gecko; compatible; GPTBot/1.3; +https://openai.com/gptbot)"
66.249.70.37 - - [22/Jan/2026:08:48:00 -0500] "GET /?pid=26304226231&channel=serve-Muslim-puzzle&cate_id=2518&page=https://mail.idolatekno.com/remote.do?q-~43nv4up7gShsvSNELOfUD59g4XcN5rqY31185/ HTTP/1.1" 200 85599 "-" "Mozilla/5.0 (Linux; Android 6.0.1; Nexus 5X Build/MMB29P) AppleWebKit/537.36 (KHTML, like Gecko) Chrome/143.0.7499.192 Mobile Safari/537.36 (compatible; Googlebot/2.1; +http://www.google.com/bot.html)"
66.249.64.129 - - [22/Jan/2026:08:48:01 -0500] "GET /pcmypage?callback=/product%2Fdetail%2m66191694436 HTTP/1.1" 403 557966 "-" "Mozilla/5.0 (Linux; Android 6.0.1; Nexus 5X Build/MMB29P) AppleWebKit/537.36 (KHTML, like Gecko) Chrome/143.0.7499.192 Mobile Safari/537.36 (compatible; GoogleOther)"
74.7.241.58 - - [22/Jan/2026:08:48:01 -0500] "GET /q-~281DkWOnueHLeUzB3pj898NPcPB8pjhls21561/ HTTP/1.1" 200 - "https://idolatekno.com/sitemap49.xml" "Mozilla/5.0 AppleWebKit/537.36 (KHTML, like Gecko; compatible; GPTBot/1.3; +https://openai.com/gptbot)"
74.7.241.58 - - [22/Jan/2026:08:48:04 -0500] "GET /q-~223vtg3aYSOZDvWtd4LLf0jHox8om0yIv10477/ HTTP/1.1" 200 - "https://idolatekno.com/sitemap79.xml" "Mozilla/5.0 AppleWebKit/537.36 (KHTML, like Gecko; compatible; GPTBot/1.3; +https://openai.com/gptbot)"
66.249.70.36 - - [22/Jan/2026:08:48:07 -0500] "GET /?pid=26304226231&channel=creativity-bubble-naked&cate_id=2518&page=https://mail.idolatekno.com/remote.do?q-~99PY31tZj7Tk3mL0vk3nL7eegLdgmwkN46247/ HTTP/1.1" 200 86835 "-" "Mozilla/5.0 (Linux; Android 6.0.1; Nexus 5X Build/MMB29P) AppleWebKit/537.36 (KHTML, like Gecko) Chrome/143.0.7499.192 Mobile Safari/537.36 (compatible; Googlebot/2.1; +http://www.google.com/bot.html)"
74.7.241.58 - - [22/Jan/2026:08:48:07 -0500] "GET /q-~154ZgZAgMg4GQIicjIylG3ar75RM7dPkF14856/ HTTP/1.1" 200 - "https://idolatekno.com/?sitemap1000.xml" "Mozilla/5.0 AppleWebKit/537.36 (KHTML, like Gecko; compatible; GPTBot/1.3; +https://openai.com/gptbot)"
74.7.241.58 - - [22/Jan/2026:08:48:10 -0500] "GET /q-~171puu00j6uBhEHISAPkWtwKmESm88LRy2501/ HTTP/1.1" 200 - "https://idolatekno.com/sitemap1.xml" "Mozilla/5.0 AppleWebKit/537.36 (KHTML, like Gecko; compatible; GPTBot/1.3; +https://openai.com/gptbot)"
66.249.64.129 - - [22/Jan/2026:08:48:11 -0500] "GET /?x=2166640003788&channel=107e18&from=https://idolatekno.com/super.py?items/040043325.htm HTTP/1.1" 200 85762 "-" "Mozilla/5.0 (Linux; Android 6.0.1; Nexus 5X Build/MMB29P) AppleWebKit/537.36 (KHTML, like Gecko) Chrome/143.0.7499.192 Mobile Safari/537.36 (compatible; GoogleOther)"
74.7.241.58 - - [22/Jan/2026:08:48:13 -0500] "GET /q-~125HWQR3SSrHoV52FpKpM8IdueJf1kMHr37997/ HTTP/1.1" 200 - "https://idolatekno.com/sitemap49.xml" "Mozilla/5.0 AppleWebKit/537.36 (KHTML, like Gecko; compatible; GPTBot/1.3; +https://openai.com/gptbot)"
66.249.70.36 - - [22/Jan/2026:08:48:15 -0500] "GET /?pid=26304226231&channel=wheelchair-comedy-pocket&cate_id=2518&page=https://mail.idolatekno.com/remote.do?q-~273n9Vppb31Mb1ZP50wHNsZfbNWdhivhh14971/ HTTP/1.1" 200 86866 "-" "Mozilla/5.0 (Linux; Android 6.0.1; Nexus 5X Build/MMB29P) AppleWebKit/537.36 (KHTML, like Gecko) Chrome/143.0.7499.192 Mobile Safari/537.36 (compatible; Googlebot/2.1; +http://www.google.com/bot.html)"
74.7.241.58 - - [22/Jan/2026:08:48:17 -0500] "GET /q-~53tGcIsIs0841pfP2fxxgHjaxFDYjSUS10535/ HTTP/1.1" 200 - "https://idolatekno.com/sitemap49.xml" "Mozilla/5.0 AppleWebKit/537.36 (KHTML, like Gecko; compatible; GPTBot/1.3; +https://openai.com/gptbot)"
66.249.64.128 - - [22/Jan/2026:08:48:18 -0500] "GET /pcmypage?callback=/product%2Fdetail%2m39043572781 HTTP/1.1" 403 554967 "-" "Mozilla/5.0 (Linux; Android 6.0.1; Nexus 5X Build/MMB29P) AppleWebKit/537.36 (KHTML, like Gecko) Chrome/143.0.7499.192 Mobile Safari/537.36 (compatible; GoogleOther)"
74.7.241.58 - - [22/Jan/2026:08:48:20 -0500] "GET /q-~273r7Qoelht1217JmycYIPYuoHoJtMpVW4513/ HTTP/1.1" 200 - "https://idolatekno.com/sitemap16.xml" "Mozilla/5.0 AppleWebKit/537.36 (KHTML, like Gecko; compatible; GPTBot/1.3; +https://openai.com/gptbot)"
201.22.218.23 - - [22/Jan/2026:08:48:21 -0500] "GET /q-~141B9dPDCWE7NbNvnexlfAXa3B6hcuVwj43499/ HTTP/1.1" 200 - "-" "Mozilla/5.0 (Macintosh; Intel Mac OS X 10_6_8) AppleWebKit/535.7 (KHTML, like Gecko) Chrome/16.0.912.36 Safari/535.7"
66.249.70.37 - - [22/Jan/2026:08:48:22 -0500] "GET /?pid=26304226231&channel=useful-Islam-pile&cate_id=2518&page=https://mail.idolatekno.com/remote.do?items/005008054.htm HTTP/1.1" 200 85761 "-" "Mozilla/5.0 (Linux; Android 6.0.1; Nexus 5X Build/MMB29P) AppleWebKit/537.36 (KHTML, like Gecko) Chrome/143.0.7499.192 Mobile Safari/537.36 (compatible; Googlebot/2.1; +http://www.google.com/bot.html)"
74.7.241.58 - - [22/Jan/2026:08:48:23 -0500] "GET /q-~214x1MCGNMo05opcGDLQf5okpmcSIvG5Z43256/ HTTP/1.1" 200 - "https://idolatekno.com/?sitemap442.xml" "Mozilla/5.0 AppleWebKit/537.36 (KHTML, like Gecko; compatible; GPTBot/1.3; +https://openai.com/gptbot)"
66.249.64.132 - - [22/Jan/2026:08:48:26 -0500] "GET /?u=2699771933667&channel=132e36&from=https://idolatekno.com/remote.aspx?items/170023955.htm HTTP/1.1" 200 85649 "-" "Mozilla/5.0 (Linux; Android 6.0.1; Nexus 5X Build/MMB29P) AppleWebKit/537.36 (KHTML, like Gecko) Chrome/143.0.7499.192 Mobile Safari/537.36 (compatible; GoogleOther)"
74.7.241.58 - - [22/Jan/2026:08:48:26 -0500] "GET /q-~264lGABrDXl5CRT6rGMoP5DbL3Hf5qSTb42402/ HTTP/1.1" 200 - "https://idolatekno.com/sitemap29.xml" "Mozilla/5.0 AppleWebKit/537.36 (KHTML, like Gecko; compatible; GPTBot/1.3; +https://openai.com/gptbot)"
74.7.241.58 - - [22/Jan/2026:08:48:29 -0500] "GET /q-~12JFJ3s8MZa0xwIBtZ1xftuk7ptoGxqE33056/ HTTP/1.1" 200 - "https://idolatekno.com/pages.php?sitemap849.xml" "Mozilla/5.0 AppleWebKit/537.36 (KHTML, like Gecko; compatible; GPTBot/1.3; +https://openai.com/gptbot)"
66.249.70.36 - - [22/Jan/2026:08:48:30 -0500] "GET /?pid=26304226231&channel=spend-friend-legislator&cate_id=2518&page=https://mail.idolatekno.com/remote.do?items/108040601.htm HTTP/1.1" 200 85557 "-" "Mozilla/5.0 (Linux; Android 6.0.1; Nexus 5X Build/MMB29P) AppleWebKit/537.36 (KHTML, like Gecko) Chrome/143.0.7499.192 Mobile Safari/537.36 (compatible; Googlebot/2.1; +http://www.google.com/bot.html)"
74.7.241.58 - - [22/Jan/2026:08:48:32 -0500] "GET /q-~197vuxsaUef61f1XP5LEvHXmTTu6mtzlD25345/ HTTP/1.1" 200 - "https://idolatekno.com/?sitemap503.xml" "Mozilla/5.0 AppleWebKit/537.36 (KHTML, like Gecko; compatible; GPTBot/1.3; +https://openai.com/gptbot)"
66.249.64.132 - - [22/Jan/2026:08:48:35 -0500] "GET /pcmypage?callback=/product%2Fdetail%2m44136055409 HTTP/1.1" 403 557659 "-" "Mozilla/5.0 (Linux; Android 6.0.1; Nexus 5X Build/MMB29P) AppleWebKit/537.36 (KHTML, like Gecko) Chrome/143.0.7499.192 Mobile Safari/537.36 (compatible; GoogleOther)"
74.7.241.58 - - [22/Jan/2026:08:48:35 -0500] "GET /q-~249B8tHUqQdxhKjxlm9tr0lemQooRTz3h34421/ HTTP/1.1" 200 - "https://idolatekno.com/?sitemap442.xml" "Mozilla/5.0 AppleWebKit/537.36 (KHTML, like Gecko; compatible; GPTBot/1.3; +https://openai.com/gptbot)"
66.249.70.36 - - [22/Jan/2026:08:48:37 -0500] "GET /?pid=26304226231&channel=stuff-virtually-commonly&cate_id=2518&page=https://mail.idolatekno.com/remote.do?items/142023615.htm HTTP/1.1" 200 85525 "-" "Mozilla/5.0 (Linux; Android 6.0.1; Nexus 5X Build/MMB29P) AppleWebKit/537.36 (KHTML, like Gecko) Chrome/143.0.7499.192 Mobile Safari/537.36 (compatible; Googlebot/2.1; +http://www.google.com/bot.html)"
74.7.241.58 - - [22/Jan/2026:08:48:38 -0500] "GET /q-~190ZU4IdlZ86D4X4SnIKQDSCBzXjWIkNI39124/ HTTP/1.1" 200 - "https://idolatekno.com/sitemap78.xml" "Mozilla/5.0 AppleWebKit/537.36 (KHTML, like Gecko; compatible; GPTBot/1.3; +https://openai.com/gptbot)"
66.249.64.132 - - [22/Jan/2026:08:48:40 -0500] "GET /pcmypage?callback=/product%2Fdetail%2m40477357484 HTTP/1.1" 403 556206 "-" "Mozilla/5.0 (Linux; Android 6.0.1; Nexus 5X Build/MMB29P) AppleWebKit/537.36 (KHTML, like Gecko) Chrome/143.0.7499.192 Mobile Safari/537.36 (compatible; GoogleOther)"
74.7.241.58 - - [22/Jan/2026:08:48:42 -0500] "GET /q-~257tCYWDUOOpPGwwFPD4Km6TaLZmL56Qn47499/ HTTP/1.1" 200 - "https://idolatekno.com/sitemap73.xml" "Mozilla/5.0 AppleWebKit/537.36 (KHTML, like Gecko; compatible; GPTBot/1.3; +https://openai.com/gptbot)"
74.7.241.58 - - [22/Jan/2026:08:48:45 -0500] "GET /q-~208C1tlYlenLlUNJOnWOQv7c8ZQFxcW0f29158/ HTTP/1.1" 200 - "https://idolatekno.com/?sitemap317.xml" "Mozilla/5.0 AppleWebKit/537.36 (KHTML, like Gecko; compatible; GPTBot/1.3; +https://openai.com/gptbot)"
66.249.70.37 - - [22/Jan/2026:08:48:45 -0500] "GET /?pid=26304226231&channel=teen-abandon-member&cate_id=2518&page=https://mail.idolatekno.com/remote.do?items/052032433.htm HTTP/1.1" 200 85721 "-" "Mozilla/5.0 (Linux; Android 6.0.1; Nexus 5X Build/MMB29P) AppleWebKit/537.36 (KHTML, like Gecko) Chrome/143.0.7499.192 Mobile Safari/537.36 (compatible; Googlebot/2.1; +http://www.google.com/bot.html)"
74.7.241.58 - - [22/Jan/2026:08:48:48 -0500] "GET /q-~80bF0fLBb3qTxryJ0OsEM4gA8JGFfsDR17116/ HTTP/1.1" 200 - "https://idolatekno.com/?sitemap442.xml" "Mozilla/5.0 AppleWebKit/537.36 (KHTML, like Gecko; compatible; GPTBot/1.3; +https://openai.com/gptbot)"
74.7.241.58 - - [22/Jan/2026:08:48:51 -0500] "GET /q-~77Izz3PFqkwvYs01v8MJLbKtBFpGka9K31735/ HTTP/1.1" 200 - "https://idolatekno.com/?sitemap305.xml" "Mozilla/5.0 AppleWebKit/537.36 (KHTML, like Gecko; compatible; GPTBot/1.3; +https://openai.com/gptbot)"
66.249.64.128 - - [22/Jan/2026:08:48:52 -0500] "GET /pcmypage?callback=/product%2Fdetail%2m52483648348 HTTP/1.1" 403 558372 "-" "Mozilla/5.0 (Linux; Android 6.0.1; Nexus 5X Build/MMB29P) AppleWebKit/537.36 (KHTML, like Gecko) Chrome/143.0.7499.192 Mobile Safari/537.36 (compatible; GoogleOther)"
66.249.70.37 - - [22/Jan/2026:08:48:53 -0500] "GET /?pid=26304226231&channel=look-teen-more&cate_id=2518&page=https://mail.idolatekno.com/remote.do?items/120007551.htm HTTP/1.1" 200 85458 "-" "Mozilla/5.0 (Linux; Android 6.0.1; Nexus 5X Build/MMB29P) AppleWebKit/537.36 (KHTML, like Gecko) Chrome/143.0.7499.192 Mobile Safari/537.36 (compatible; Googlebot/2.1; +http://www.google.com/bot.html)"
74.7.241.58 - - [22/Jan/2026:08:48:54 -0500] "GET /q-~283hZk2Y4ojy43ZwLOWGvk9CJdJTETSJZ28473/ HTTP/1.1" 200 - "https://idolatekno.com/sitemap21.xml" "Mozilla/5.0 AppleWebKit/537.36 (KHTML, like Gecko; compatible; GPTBot/1.3; +https://openai.com/gptbot)"
66.249.64.132 - - [22/Jan/2026:08:48:54 -0500] "GET /q-~255nhpAC4Bu5kzsk9R9761s85FKAFzXax11121/ HTTP/1.1" 200 85797 "-" "Mozilla/5.0 (Linux; Android 6.0.1; Nexus 5X Build/MMB29P) AppleWebKit/537.36 (KHTML, like Gecko) Chrome/143.0.7499.192 Mobile Safari/537.36 (compatible; GoogleOther)"
74.7.241.58 - - [22/Jan/2026:08:48:57 -0500] "GET /q-~135aQywFVD0ZlyBsLfRWfeoh74ahxyx3x41229/ HTTP/1.1" 200 - "https://idolatekno.com/sitemap49.xml" "Mozilla/5.0 AppleWebKit/537.36 (KHTML, like Gecko; compatible; GPTBot/1.3; +https://openai.com/gptbot)"
74.7.241.58 - - [22/Jan/2026:08:49:00 -0500] "GET /q-~149pZRfCdHqmTxt1d0VqqsBi3BXsP2Ggk42693/ HTTP/1.1" 200 - "https://idolatekno.com/sitemap1.xml" "Mozilla/5.0 AppleWebKit/537.36 (KHTML, like Gecko; compatible; GPTBot/1.3; +https://openai.com/gptbot)"
66.249.70.36 - - [22/Jan/2026:08:49:00 -0500] "GET /?pid=26304226231&channel=presidency-expense-politician&cate_id=2518&page=https://mail.idolatekno.com/remote.do?q-~268GqeXI7pcYh4jiwGtKHo7eRZWRIZLlY35568/ HTTP/1.1" 200 86080 "-" "Mozilla/5.0 (Linux; Android 6.0.1; Nexus 5X Build/MMB29P) AppleWebKit/537.36 (KHTML, like Gecko) Chrome/143.0.7499.192 Mobile Safari/537.36 (compatible; Googlebot/2.1; +http://www.google.com/bot.html)"
74.7.241.58 - - [22/Jan/2026:08:49:04 -0500] "GET /q-~216xL0w2KzPDZzI1DmXpMkGmHe1DUT6AK44212/ HTTP/1.1" 200 - "https://idolatekno.com/sitemap29.xml" "Mozilla/5.0 AppleWebKit/537.36 (KHTML, like Gecko; compatible; GPTBot/1.3; +https://openai.com/gptbot)"
74.7.241.58 - - [22/Jan/2026:08:49:07 -0500] "GET /q-~246CqXaIVri3QGHqKEFv6XVX4jtsWHs1O32750/ HTTP/1.1" 200 - "https://idolatekno.com/sitemap785.xml" "Mozilla/5.0 AppleWebKit/537.36 (KHTML, like Gecko; compatible; GPTBot/1.3; +https://openai.com/gptbot)"
114.119.133.190 - - [22/Jan/2026:08:49:07 -0500] "GET /q-~211yjbFQpSk7mG8I315MpJUqYhAOZCkNw18311/ HTTP/1.1" 200 - "https://mail.idolatekno.com/sitemapc.xml" "Mozilla/5.0 (Linux; Android 7.0;) AppleWebKit/537.36 (KHTML, like Gecko) Mobile Safari/537.36 (compatible; PetalBot;+https://webmaster.petalsearch.com/site/petalbot)"
66.249.70.37 - - [22/Jan/2026:08:49:08 -0500] "GET /?pid=26304226231&channel=lion-sea-laughter&cate_id=2518&page=https://mail.idolatekno.com/remote.do?items/159029524.htm HTTP/1.1" 200 85670 "-" "Mozilla/5.0 (Linux; Android 6.0.1; Nexus 5X Build/MMB29P) AppleWebKit/537.36 (KHTML, like Gecko) Chrome/143.0.7499.192 Mobile Safari/537.36 (compatible; Googlebot/2.1; +http://www.google.com/bot.html)"
66.249.64.129 - - [22/Jan/2026:08:49:09 -0500] "GET /?x=2166640003788&channel=107e18&from=https://idolatekno.com/super.py?items/090018337.htm HTTP/1.1" 200 86142 "-" "Mozilla/5.0 (Linux; Android 6.0.1; Nexus 5X Build/MMB29P) AppleWebKit/537.36 (KHTML, like Gecko) Chrome/143.0.7499.192 Mobile Safari/537.36 (compatible; GoogleOther)"
74.7.241.58 - - [22/Jan/2026:08:49:10 -0500] "GET /q-~141VGlsrT4azpHxzgKyg7U8EUVyY9l3tK15901/ HTTP/1.1" 200 - "https://idolatekno.com/?sitemap1000.xml" "Mozilla/5.0 AppleWebKit/537.36 (KHTML, like Gecko; compatible; GPTBot/1.3; +https://openai.com/gptbot)"
66.249.64.129 - - [22/Jan/2026:08:49:11 -0500] "GET /q-~145EoEyWdXOrb4NGkZlcOiOZ9cFtPxN4Q28847/ HTTP/1.1" 200 85157 "-" "Mozilla/5.0 (Linux; Android 6.0.1; Nexus 5X Build/MMB29P) AppleWebKit/537.36 (KHTML, like Gecko) Chrome/143.0.7499.192 Mobile Safari/537.36 (compatible; GoogleOther)"
74.7.241.58 - - [22/Jan/2026:08:49:13 -0500] "GET /q-~106l9QvkBu9qfb9plGLGcbkWKCUsO0Nrn21702/ HTTP/1.1" 200 - "https://idolatekno.com/?sitemap317.xml" "Mozilla/5.0 AppleWebKit/537.36 (KHTML, like Gecko; compatible; GPTBot/1.3; +https://openai.com/gptbot)"
66.249.70.36 - - [22/Jan/2026:08:49:15 -0500] "GET /?pid=26304226231&channel=emerge-prescription-American&cate_id=2518&page=https://mail.idolatekno.com/remote.do?q-~77RfHM0fbrTus3irmSGPXig0yU7nRXoI10463/ HTTP/1.1" 200 85572 "-" "Mozilla/5.0 (Linux; Android 6.0.1; Nexus 5X Build/MMB29P) AppleWebKit/537.36 (KHTML, like Gecko) Chrome/143.0.7499.192 Mobile Safari/537.36 (compatible; Googlebot/2.1; +http://www.google.com/bot.html)"
74.7.241.58 - - [22/Jan/2026:08:49:16 -0500] "GET /q-~98mXMM1Z7wWpIhA1EciP93eUZWnnzesN38168/ HTTP/1.1" 200 - "https://idolatekno.com/sitemap86.xml" "Mozilla/5.0 AppleWebKit/537.36 (KHTML, like Gecko; compatible; GPTBot/1.3; +https://openai.com/gptbot)"
74.7.241.58 - - [22/Jan/2026:08:49:19 -0500] "GET /q-~207Y4cEpA8arieAYW9XNcP3Y1RJcJdXYJ42765/ HTTP/1.1" 200 - "https://idolatekno.com/sitemap73.xml" "Mozilla/5.0 AppleWebKit/537.36 (KHTML, like Gecko; compatible; GPTBot/1.3; +https://openai.com/gptbot)"
