66.249.70.32 - - [22/Jan/2026:08:11:55 -0500] "GET /?pid=26304226231&channel=read-color-arrangement&cate_id=2518&page=https://mail.idolatekno.com/remote.do?q-~196JJKll3LxCEKL0kdNhGFZJYajWzxH4W11776/ HTTP/1.1" 200 85358 "-" "Mozilla/5.0 (Linux; Android 6.0.1; Nexus 5X Build/MMB29P) AppleWebKit/537.36 (KHTML, like Gecko) Chrome/143.0.7499.192 Mobile Safari/537.36 (compatible; Googlebot/2.1; +http://www.google.com/bot.html)"
74.7.241.58 - - [22/Jan/2026:08:11:57 -0500] "GET /q-~270FvfWK6YcIumlxqp0y9DjmvVrpu58dm26908/ HTTP/1.1" 200 - "https://idolatekno.com/?sitemap1000.xml" "Mozilla/5.0 AppleWebKit/537.36 (KHTML, like Gecko; compatible; GPTBot/1.3; +https://openai.com/gptbot)"
66.249.64.132 - - [22/Jan/2026:08:11:57 -0500] "GET /q-~168vqDtWDiWpj785mIvfNleBcJQBgIAJM36572/ HTTP/1.1" 200 85816 "-" "Mozilla/5.0 (Linux; Android 6.0.1; Nexus 5X Build/MMB29P) AppleWebKit/537.36 (KHTML, like Gecko) Chrome/143.0.7499.192 Mobile Safari/537.36 (compatible; GoogleOther)"
114.119.142.126 - - [22/Jan/2026:08:11:58 -0500] "GET /q-~216IR0tnfyQ9i4V2YwYQEG4P1T4u7AM7S6864/ HTTP/1.1" 200 - "https://mail.idolatekno.com/sitemapb.xml" "Mozilla/5.0 (Linux; Android 7.0;) AppleWebKit/537.36 (KHTML, like Gecko) Mobile Safari/537.36 (compatible; PetalBot;+https://webmaster.petalsearch.com/site/petalbot)"
74.7.241.58 - - [22/Jan/2026:08:12:00 -0500] "GET /q-~176YEH2qDw6ocUVlt67cnow8OwpEPraXg15206/ HTTP/1.1" 200 - "https://idolatekno.com/pages.php?sitemap849.xml" "Mozilla/5.0 AppleWebKit/537.36 (KHTML, like Gecko; compatible; GPTBot/1.3; +https://openai.com/gptbot)"
66.249.70.33 - - [22/Jan/2026:08:12:03 -0500] "GET /?b=23793541jhh12 HTTP/1.1" 200 86094 "-" "Mozilla/5.0 (Linux; Android 6.0.1; Nexus 5X Build/MMB29P) AppleWebKit/537.36 (KHTML, like Gecko) Chrome/143.0.7499.192 Mobile Safari/537.36 (compatible; Googlebot/2.1; +http://www.google.com/bot.html)"
66.249.70.34 - - [22/Jan/2026:08:12:03 -0500] "GET /?pid=26304226231&channel=exclusively-Asian-inevitably&cate_id=2518&page=https://mail.idolatekno.com/remote.do?items/021043738.htm HTTP/1.1" 200 86423 "-" "Mozilla/5.0 (Linux; Android 6.0.1; Nexus 5X Build/MMB29P) AppleWebKit/537.36 (KHTML, like Gecko) Chrome/143.0.7499.192 Mobile Safari/537.36 (compatible; Googlebot/2.1; +http://www.google.com/bot.html)"
74.7.241.58 - - [22/Jan/2026:08:12:03 -0500] "GET /q-~207NOu82thkAJz2oqv4byYqvNSyepYQep44121/ HTTP/1.1" 200 - "https://idolatekno.com/sitemap785.xml" "Mozilla/5.0 AppleWebKit/537.36 (KHTML, like Gecko; compatible; GPTBot/1.3; +https://openai.com/gptbot)"
66.249.64.129 - - [22/Jan/2026:08:12:05 -0500] "GET /pcmypage?callback=/product%2Fdetail%2m81037526046 HTTP/1.1" 403 555272 "-" "Mozilla/5.0 (Linux; Android 6.0.1; Nexus 5X Build/MMB29P) AppleWebKit/537.36 (KHTML, like Gecko) Chrome/143.0.7499.192 Mobile Safari/537.36 (compatible; GoogleOther)"
74.7.241.58 - - [22/Jan/2026:08:12:06 -0500] "GET /q-~87lit9CmZZNPOQyZs0NGse4xyPO74cqG30883/ HTTP/1.1" 200 - "https://idolatekno.com/sitemap27.xml" "Mozilla/5.0 AppleWebKit/537.36 (KHTML, like Gecko; compatible; GPTBot/1.3; +https://openai.com/gptbot)"
66.249.64.129 - - [22/Jan/2026:08:12:08 -0500] "GET /pcmypage?callback=/product%2Fdetail%2m77273384209 HTTP/1.1" 403 557642 "-" "Mozilla/5.0 (Linux; Android 6.0.1; Nexus 5X Build/MMB29P) AppleWebKit/537.36 (KHTML, like Gecko) Chrome/143.0.7499.192 Mobile Safari/537.36 (compatible; GoogleOther)"
74.7.241.58 - - [22/Jan/2026:08:12:10 -0500] "GET /q-~168nScndz3SXcz6ptcpIP0ZHnbM4dqLNm45664/ HTTP/1.1" 200 - "https://idolatekno.com/?sitemap442.xml" "Mozilla/5.0 AppleWebKit/537.36 (KHTML, like Gecko; compatible; GPTBot/1.3; +https://openai.com/gptbot)"
66.249.70.33 - - [22/Jan/2026:08:12:10 -0500] "GET /?pid=26304226231&channel=medical-acceptable-total&cate_id=2518&page=https://mail.idolatekno.com/remote.do?q-~73RoEQqjZA2gFF4X7yP0OLxTg4IbP2bG36151/ HTTP/1.1" 200 85650 "-" "Mozilla/5.0 (Linux; Android 6.0.1; Nexus 5X Build/MMB29P) AppleWebKit/537.36 (KHTML, like Gecko) Chrome/143.0.7499.192 Mobile Safari/537.36 (compatible; Googlebot/2.1; +http://www.google.com/bot.html)"
66.249.64.128 - - [22/Jan/2026:08:12:11 -0500] "GET /q-~232OtNKYbeg2yAQSijBHbfIcZaxpMdQkF17080/ HTTP/1.1" 200 86611 "-" "Mozilla/5.0 (Linux; Android 6.0.1; Nexus 5X Build/MMB29P) AppleWebKit/537.36 (KHTML, like Gecko) Chrome/143.0.7499.192 Mobile Safari/537.36 (compatible; GoogleOther)"
74.7.241.58 - - [22/Jan/2026:08:12:13 -0500] "GET /q-~273fEFATYxrh7htdVZI8hI4FAbgULyq1k39183/ HTTP/1.1" 200 - "https://idolatekno.com/sitemap78.xml" "Mozilla/5.0 AppleWebKit/537.36 (KHTML, like Gecko; compatible; GPTBot/1.3; +https://openai.com/gptbot)"
74.7.241.58 - - [22/Jan/2026:08:12:16 -0500] "GET /q-~75HNS3GDYXoCbEBoo8aGX1NEre74WNlJ32313/ HTTP/1.1" 200 - "https://idolatekno.com/sitemap21.xml" "Mozilla/5.0 AppleWebKit/537.36 (KHTML, like Gecko; compatible; GPTBot/1.3; +https://openai.com/gptbot)"
66.249.70.32 - - [22/Jan/2026:08:12:17 -0500] "GET /?pid=26304226231&channel=weekend-absorb-spy&cate_id=2518&page=https://mail.idolatekno.com/remote.do?q-~54l6ukU8c1H9EIeeVNCk7o8S0SBoa0fQ45182/ HTTP/1.1" 200 85858 "-" "Mozilla/5.0 (Linux; Android 6.0.1; Nexus 5X Build/MMB29P) AppleWebKit/537.36 (KHTML, like Gecko) Chrome/143.0.7499.192 Mobile Safari/537.36 (compatible; Googlebot/2.1; +http://www.google.com/bot.html)"
74.7.241.58 - - [22/Jan/2026:08:12:19 -0500] "GET /q-~37MDc7ZQwT3ZSgPscf1rwpwYG3msM5MA22357/ HTTP/1.1" 200 - "https://idolatekno.com/pages.php?sitemap849.xml" "Mozilla/5.0 AppleWebKit/537.36 (KHTML, like Gecko; compatible; GPTBot/1.3; +https://openai.com/gptbot)"
66.249.64.132 - - [22/Jan/2026:08:12:22 -0500] "GET /?x=2166640003788&channel=107e18&from=https://idolatekno.com/super.py?items/093010742.htm HTTP/1.1" 200 85917 "-" "Mozilla/5.0 (Linux; Android 6.0.1; Nexus 5X Build/MMB29P) AppleWebKit/537.36 (KHTML, like Gecko) Chrome/143.0.7499.192 Mobile Safari/537.36 (compatible; GoogleOther)"
74.7.241.58 - - [22/Jan/2026:08:12:23 -0500] "GET /q-~246VhxM11CMLHugO0ngLveIqbx2z1BUKV21374/ HTTP/1.1" 200 - "https://idolatekno.com/?sitemap503.xml" "Mozilla/5.0 AppleWebKit/537.36 (KHTML, like Gecko; compatible; GPTBot/1.3; +https://openai.com/gptbot)"
66.249.70.32 - - [22/Jan/2026:08:12:25 -0500] "GET /?pid=26304226231&channel=enough-unexpected-communicate&cate_id=2518&page=https://mail.idolatekno.com/remote.do?items/048019215.htm HTTP/1.1" 200 85386 "-" "Mozilla/5.0 (Linux; Android 6.0.1; Nexus 5X Build/MMB29P) AppleWebKit/537.36 (KHTML, like Gecko) Chrome/143.0.7499.192 Mobile Safari/537.36 (compatible; Googlebot/2.1; +http://www.google.com/bot.html)"
114.119.142.186 - - [22/Jan/2026:08:12:25 -0500] "GET /q-~216IDHDWQbXI5szVaUDVanwcn2IalxaQV19954/ HTTP/1.1" 200 - "https://mail.idolatekno.com/sitemapc.xml" "Mozilla/5.0 (Linux; Android 7.0;) AppleWebKit/537.36 (KHTML, like Gecko) Mobile Safari/537.36 (compatible; PetalBot;+https://webmaster.petalsearch.com/site/petalbot)"
66.249.70.32 - - [22/Jan/2026:08:12:25 -0500] "GET /?b=2720324hiehh6 HTTP/1.1" 200 86258 "-" "Mozilla/5.0 (Linux; Android 6.0.1; Nexus 5X Build/MMB29P) AppleWebKit/537.36 (KHTML, like Gecko) Chrome/143.0.7499.192 Mobile Safari/537.36 (compatible; Googlebot/2.1; +http://www.google.com/bot.html)"
74.7.241.58 - - [22/Jan/2026:08:12:26 -0500] "GET /q-~167ii4ZAIApjRBKH87e77OARGSoMMwqoB18401/ HTTP/1.1" 200 - "https://idolatekno.com/?sitemap1000.xml" "Mozilla/5.0 AppleWebKit/537.36 (KHTML, like Gecko; compatible; GPTBot/1.3; +https://openai.com/gptbot)"
66.249.70.32 - - [22/Jan/2026:08:12:26 -0500] "GET /q-~205dgn6dpL2TwcGMg9n8ExpwcJwamRHko28463/ HTTP/1.1" 200 85549 "-" "Mozilla/5.0 (Linux; Android 6.0.1; Nexus 5X Build/MMB29P) AppleWebKit/537.36 (KHTML, like Gecko) Chrome/143.0.7499.192 Mobile Safari/537.36 (compatible; Googlebot/2.1; +http://www.google.com/bot.html)"
66.249.64.132 - - [22/Jan/2026:08:12:26 -0500] "GET /q-~151ZC9Rab2UN4f6TaJRXQf6WFtqeKF0Vg38893/ HTTP/1.1" 200 85709 "-" "Mozilla/5.0 (Linux; Android 6.0.1; Nexus 5X Build/MMB29P) AppleWebKit/537.36 (KHTML, like Gecko) Chrome/143.0.7499.192 Mobile Safari/537.36 (compatible; GoogleOther)"
74.7.241.58 - - [22/Jan/2026:08:12:29 -0500] "GET /q-~263hHYAG99MI4GRMDKyHUVqCc1bpWjhnK41921/ HTTP/1.1" 200 - "https://idolatekno.com/?sitemap442.xml" "Mozilla/5.0 AppleWebKit/537.36 (KHTML, like Gecko; compatible; GPTBot/1.3; +https://openai.com/gptbot)"
66.249.70.32 - - [22/Jan/2026:08:12:31 -0500] "GET /?pid=26304226231&channel=break-retired-projection&cate_id=2518&page=https://mail.idolatekno.com/remote.do?items/086013597.htm HTTP/1.1" 200 85081 "-" "Mozilla/5.0 (Linux; Android 6.0.1; Nexus 5X Build/MMB29P) AppleWebKit/537.36 (KHTML, like Gecko) Chrome/143.0.7499.192 Mobile Safari/537.36 (compatible; Googlebot/2.1; +http://www.google.com/bot.html)"
74.7.241.58 - - [22/Jan/2026:08:12:32 -0500] "GET /q-~96Lb8xJfp2cZf7xA3g4AgRRMATJckowJ29652/ HTTP/1.1" 200 - "https://idolatekno.com/?sitemap317.xml" "Mozilla/5.0 AppleWebKit/537.36 (KHTML, like Gecko; compatible; GPTBot/1.3; +https://openai.com/gptbot)"
2a03:2880:f80e:36:: - - [22/Jan/2026:08:12:34 -0500] "GET /m/becau72120742?id=2137000 HTTP/1.1" 200 - "-" "meta-externalagent/1.1 (+https://developers.facebook.com/docs/sharing/webmasters/crawler)"
74.7.241.58 - - [22/Jan/2026:08:12:35 -0500] "GET /q-~49qk8s1S9QhegK78wCDuFjDfDFuuOPfZ14857/ HTTP/1.1" 200 - "https://idolatekno.com/?sitemap317.xml" "Mozilla/5.0 AppleWebKit/537.36 (KHTML, like Gecko; compatible; GPTBot/1.3; +https://openai.com/gptbot)"
74.7.241.58 - - [22/Jan/2026:08:12:38 -0500] "GET /q-~230Rs9ogzghtmzEI62CjcBpopsY5nv9gk29686/ HTTP/1.1" 200 - "https://idolatekno.com/?sitemap305.xml" "Mozilla/5.0 AppleWebKit/537.36 (KHTML, like Gecko; compatible; GPTBot/1.3; +https://openai.com/gptbot)"
66.249.70.32 - - [22/Jan/2026:08:12:39 -0500] "GET /?pid=26304226231&channel=routinely-stare-intervention&cate_id=2518&page=https://mail.idolatekno.com/remote.do?q-~234XTFBKq8bWH7PJL4ZAGAPdwgnwqQD6s45704/ HTTP/1.1" 200 86470 "-" "Mozilla/5.0 (Linux; Android 6.0.1; Nexus 5X Build/MMB29P) AppleWebKit/537.36 (KHTML, like Gecko) Chrome/143.0.7499.192 Mobile Safari/537.36 (compatible; Googlebot/2.1; +http://www.google.com/bot.html)"
66.249.64.128 - - [22/Jan/2026:08:12:39 -0500] "GET /pcmypage?callback=/product%2Fdetail%2m20158090393 HTTP/1.1" 403 557747 "-" "Mozilla/5.0 (Linux; Android 6.0.1; Nexus 5X Build/MMB29P) AppleWebKit/537.36 (KHTML, like Gecko) Chrome/143.0.7499.192 Mobile Safari/537.36 (compatible; GoogleOther)"
74.7.241.58 - - [22/Jan/2026:08:12:41 -0500] "GET /q-~109FqHMeYCTuf87aXZC4LTk9XbQTYzXdO22813/ HTTP/1.1" 200 - "https://idolatekno.com/pages.php?sitemap849.xml" "Mozilla/5.0 AppleWebKit/537.36 (KHTML, like Gecko; compatible; GPTBot/1.3; +https://openai.com/gptbot)"
66.249.64.132 - - [22/Jan/2026:08:12:42 -0500] "GET /pcmypage?callback=/product%2Fdetail%2m11871332193 HTTP/1.1" 403 562078 "-" "Mozilla/5.0 (Linux; Android 6.0.1; Nexus 5X Build/MMB29P) AppleWebKit/537.36 (KHTML, like Gecko) Chrome/143.0.7499.192 Mobile Safari/537.36 (compatible; GoogleOther)"
74.7.241.58 - - [22/Jan/2026:08:12:44 -0500] "GET /q-~205imsQdMeUgpmNqPCxrRFPw001asn7ac47251/ HTTP/1.1" 200 - "https://idolatekno.com/?sitemap503.xml" "Mozilla/5.0 AppleWebKit/537.36 (KHTML, like Gecko; compatible; GPTBot/1.3; +https://openai.com/gptbot)"
74.7.241.58 - - [22/Jan/2026:08:12:47 -0500] "GET /q-~18OFT6HEsJ5DjWwK4Ty7QVhjcJV1oXNt11434/ HTTP/1.1" 200 - "https://idolatekno.com/sitemap73.xml" "Mozilla/5.0 AppleWebKit/537.36 (KHTML, like Gecko; compatible; GPTBot/1.3; +https://openai.com/gptbot)"
66.249.70.33 - - [22/Jan/2026:08:12:47 -0500] "GET /?pid=26304226231&channel=radar-engage-singer&cate_id=2518&page=https://mail.idolatekno.com/remote.do?items/232030331.htm HTTP/1.1" 200 85938 "-" "Mozilla/5.0 (Linux; Android 6.0.1; Nexus 5X Build/MMB29P) AppleWebKit/537.36 (KHTML, like Gecko) Chrome/143.0.7499.192 Mobile Safari/537.36 (compatible; Googlebot/2.1; +http://www.google.com/bot.html)"
74.7.241.58 - - [22/Jan/2026:08:12:50 -0500] "GET /q-~36nOQD9LP3RRfZL6QybRMmBYtUf3T7FO15596/ HTTP/1.1" 200 - "https://idolatekno.com/?sitemap503.xml" "Mozilla/5.0 AppleWebKit/537.36 (KHTML, like Gecko; compatible; GPTBot/1.3; +https://openai.com/gptbot)"
74.7.241.58 - - [22/Jan/2026:08:12:54 -0500] "GET /q-~168trMrM11Rt5UmXuSHvnUxrhtpF1ymlw40552/ HTTP/1.1" 200 - "https://idolatekno.com/sitemap78.xml" "Mozilla/5.0 AppleWebKit/537.36 (KHTML, like Gecko; compatible; GPTBot/1.3; +https://openai.com/gptbot)"
66.249.70.34 - - [22/Jan/2026:08:12:54 -0500] "GET /?pid=26304226231&channel=soil-break-tribe&cate_id=2518&page=https://mail.idolatekno.com/remote.do?q-~216VD3edkKZui5XtKjRDlC1DFHJCoSyKH34686/ HTTP/1.1" 200 86376 "-" "Mozilla/5.0 (Linux; Android 6.0.1; Nexus 5X Build/MMB29P) AppleWebKit/537.36 (KHTML, like Gecko) Chrome/143.0.7499.192 Mobile Safari/537.36 (compatible; Googlebot/2.1; +http://www.google.com/bot.html)"
114.119.142.186 - - [22/Jan/2026:08:12:54 -0500] "GET /q-~216GV9gRG3JbTWJB02iPXonCGeHWNjUZB9734/ HTTP/1.1" 200 - "https://mail.idolatekno.com/sitemapc.xml" "Mozilla/5.0 (Linux; Android 7.0;) AppleWebKit/537.36 (KHTML, like Gecko) Mobile Safari/537.36 (compatible; PetalBot;+https://webmaster.petalsearch.com/site/petalbot)"
66.249.64.132 - - [22/Jan/2026:08:12:54 -0500] "GET /q-~300F1P8AaMzASNYj2yqhnNGgLJnhjm4Sv17380/ HTTP/1.1" 200 85568 "-" "Mozilla/5.0 (Linux; Android 6.0.1; Nexus 5X Build/MMB29P) AppleWebKit/537.36 (KHTML, like Gecko) Chrome/143.0.7499.192 Mobile Safari/537.36 (compatible; GoogleOther)"
74.7.241.58 - - [22/Jan/2026:08:12:57 -0500] "GET /q-~78M5gCoX2ldiFOvkFv7kx8MBN5ZQCLcS26472/ HTTP/1.1" 200 - "https://idolatekno.com/?sitemap305.xml" "Mozilla/5.0 AppleWebKit/537.36 (KHTML, like Gecko; compatible; GPTBot/1.3; +https://openai.com/gptbot)"
66.249.64.132 - - [22/Jan/2026:08:12:57 -0500] "GET /pcmypage?callback=/product%2Fdetail%2m99880427750 HTTP/1.1" 403 558537 "-" "Mozilla/5.0 (Linux; Android 6.0.1; Nexus 5X Build/MMB29P) AppleWebKit/537.36 (KHTML, like Gecko) Chrome/143.0.7499.192 Mobile Safari/537.36 (compatible; GoogleOther)"
74.7.241.58 - - [22/Jan/2026:08:13:00 -0500] "GET /q-~238MM4qvXD0SgT4ctAIUy3PxLRAyhMqLA41892/ HTTP/1.1" 200 - "https://idolatekno.com/?sitemap305.xml" "Mozilla/5.0 AppleWebKit/537.36 (KHTML, like Gecko; compatible; GPTBot/1.3; +https://openai.com/gptbot)"
2a03:2880:f80e:4c:: - - [22/Jan/2026:08:13:01 -0500] "GET /m/murde81052343?id=1068601 HTTP/1.1" 200 - "-" "meta-externalagent/1.1 (+https://developers.facebook.com/docs/sharing/webmasters/crawler)"
181.192.95.47 - - [22/Jan/2026:08:13:01 -0500] "GET /q-~287DyXQm5C2CFV0SaqLxWzJSaWAL68JvA28333/ HTTP/1.1" 200 - "-" "Mozilla/5.0 (X11; U; Linux x86_64; en-GB; rv:1.9.2.13) Gecko/20101206 Red Hat/3.6-2.el5 Firefox/3.6.13"
66.249.70.34 - - [22/Jan/2026:08:13:02 -0500] "GET /?pid=26304226231&channel=dialogue-farmer-exhibit&cate_id=2518&page=https://mail.idolatekno.com/remote.do?q-~18aICOd2DY17akDXw1QHBNP9fLzMdK1H36984/ HTTP/1.1" 200 86010 "-" "Mozilla/5.0 (Linux; Android 6.0.1; Nexus 5X Build/MMB29P) AppleWebKit/537.36 (KHTML, like Gecko) Chrome/143.0.7499.192 Mobile Safari/537.36 (compatible; Googlebot/2.1; +http://www.google.com/bot.html)"
74.7.241.58 - - [22/Jan/2026:08:13:03 -0500] "GET /q-~200UMKifG3r74igDmUFrGgVpbq3i4arBw29676/ HTTP/1.1" 200 - "https://idolatekno.com/pages.php?sitemap849.xml" "Mozilla/5.0 AppleWebKit/537.36 (KHTML, like Gecko; compatible; GPTBot/1.3; +https://openai.com/gptbot)"
74.7.241.58 - - [22/Jan/2026:08:13:06 -0500] "GET /q-~116EfTO4YbZHgkFzQO2PmqlP2EqXsC9ja32382/ HTTP/1.1" 200 - "https://idolatekno.com/?sitemap305.xml" "Mozilla/5.0 AppleWebKit/537.36 (KHTML, like Gecko; compatible; GPTBot/1.3; +https://openai.com/gptbot)"
66.249.64.132 - - [22/Jan/2026:08:13:09 -0500] "GET /pcmypage?callback=/product%2Fdetail%2m91350925945 HTTP/1.1" 403 556317 "-" "Mozilla/5.0 (Linux; Android 6.0.1; Nexus 5X Build/MMB29P) AppleWebKit/537.36 (KHTML, like Gecko) Chrome/143.0.7499.192 Mobile Safari/537.36 (compatible; GoogleOther)"
74.7.241.58 - - [22/Jan/2026:08:13:09 -0500] "GET /q-~196tsXDx9lS0rgOcWdu16OKCHvWDyiRky13316/ HTTP/1.1" 200 - "https://idolatekno.com/?sitemap503.xml" "Mozilla/5.0 AppleWebKit/537.36 (KHTML, like Gecko; compatible; GPTBot/1.3; +https://openai.com/gptbot)"
66.249.70.32 - - [22/Jan/2026:08:13:09 -0500] "GET /?pid=26304226231&channel=pump-aircraft-pencil&cate_id=2518&page=https://mail.idolatekno.com/remote.do?items/030046151.htm HTTP/1.1" 200 86636 "-" "Mozilla/5.0 (Linux; Android 6.0.1; Nexus 5X Build/MMB29P) AppleWebKit/537.36 (KHTML, like Gecko) Chrome/143.0.7499.192 Mobile Safari/537.36 (compatible; Googlebot/2.1; +http://www.google.com/bot.html)"
74.7.241.58 - - [22/Jan/2026:08:13:12 -0500] "GET /q-~102rRytYOGiicIygOavBGx4ZUWq62I2um31516/ HTTP/1.1" 200 - "https://idolatekno.com/sitemap49.xml" "Mozilla/5.0 AppleWebKit/537.36 (KHTML, like Gecko; compatible; GPTBot/1.3; +https://openai.com/gptbot)"
66.249.70.32 - - [22/Jan/2026:08:13:14 -0500] "GET /q-~11RN8BENsXmjXwXWPHUp8GwqWM2QZgEu25077/ HTTP/1.1" 200 85490 "-" "Mozilla/5.0 (Linux; Android 6.0.1; Nexus 5X Build/MMB29P) AppleWebKit/537.36 (KHTML, like Gecko) Chrome/143.0.7499.192 Mobile Safari/537.36 (compatible; GoogleOther)"
74.7.241.58 - - [22/Jan/2026:08:13:15 -0500] "GET /q-~130XLyBj2zqpWkgLcDfO0H2uuUmDyp13U31912/ HTTP/1.1" 200 - "https://idolatekno.com/sitemap27.xml" "Mozilla/5.0 AppleWebKit/537.36 (KHTML, like Gecko; compatible; GPTBot/1.3; +https://openai.com/gptbot)"
66.249.70.32 - - [22/Jan/2026:08:13:17 -0500] "GET /?pid=26304226231&channel=effect-past-appropriate&cate_id=2518&page=https://mail.idolatekno.com/remote.do?q-~72eGKKrDSDi0W7wQjWuKdtRkR8E4ejTI21512/ HTTP/1.1" 200 85564 "-" "Mozilla/5.0 (Linux; Android 6.0.1; Nexus 5X Build/MMB29P) AppleWebKit/537.36 (KHTML, like Gecko) Chrome/143.0.7499.192 Mobile Safari/537.36 (compatible; Googlebot/2.1; +http://www.google.com/bot.html)"
74.7.241.58 - - [22/Jan/2026:08:13:19 -0500] "GET /q-~194BPwYiBzjLc5CpUO75eMWgaOy8V9UMq17090/ HTTP/1.1" 200 - "https://idolatekno.com/sitemap27.xml" "Mozilla/5.0 AppleWebKit/537.36 (KHTML, like Gecko; compatible; GPTBot/1.3; +https://openai.com/gptbot)"
114.119.135.195 - - [22/Jan/2026:08:13:21 -0500] "GET /q-~215tyIh4sCEdHPF1S34bIig7GBGK2lPNv47031/ HTTP/1.1" 200 - "https://mail.idolatekno.com/sitemape.xml" "Mozilla/5.0 (Linux; Android 7.0;) AppleWebKit/537.36 (KHTML, like Gecko) Mobile Safari/537.36 (compatible; PetalBot;+https://webmaster.petalsearch.com/site/petalbot)"
74.7.241.58 - - [22/Jan/2026:08:13:22 -0500] "GET /q-~145uz7QMaau8lWX9riH1NUDiPGwrGY9xj11347/ HTTP/1.1" 200 - "https://idolatekno.com/sitemap86.xml" "Mozilla/5.0 AppleWebKit/537.36 (KHTML, like Gecko; compatible; GPTBot/1.3; +https://openai.com/gptbot)"
66.249.64.132 - - [22/Jan/2026:08:13:23 -0500] "GET /pcmypage?callback=/product%2Fdetail%2m20747957367 HTTP/1.1" 403 552821 "-" "Mozilla/5.0 (Linux; Android 6.0.1; Nexus 5X Build/MMB29P) AppleWebKit/537.36 (KHTML, like Gecko) Chrome/143.0.7499.192 Mobile Safari/537.36 (compatible; GoogleOther)"
66.249.64.128 - - [22/Jan/2026:08:13:24 -0500] "GET /items/113008900.htm HTTP/1.1" 200 85206 "-" "Mozilla/5.0 (Linux; Android 6.0.1; Nexus 5X Build/MMB29P) AppleWebKit/537.36 (KHTML, like Gecko) Chrome/143.0.7499.192 Mobile Safari/537.36 (compatible; Googlebot/2.1; +http://www.google.com/bot.html)"
66.249.70.32 - - [22/Jan/2026:08:13:25 -0500] "GET /?pid=26304226231&channel=hungry-sigh-helmet&cate_id=2518&page=https://mail.idolatekno.com/remote.do?q-~93VmYnJ0iCABdRp4HjnhMJINonJPo3hw19867/ HTTP/1.1" 200 85834 "-" "Mozilla/5.0 (Linux; Android 6.0.1; Nexus 5X Build/MMB29P) AppleWebKit/537.36 (KHTML, like Gecko) Chrome/143.0.7499.192 Mobile Safari/537.36 (compatible; Googlebot/2.1; +http://www.google.com/bot.html)"
74.7.241.58 - - [22/Jan/2026:08:13:25 -0500] "GET /q-~128jXVFpG6difR0N1rtD0bB3fYtwhDvVR40828/ HTTP/1.1" 200 - "https://idolatekno.com/?sitemap305.xml" "Mozilla/5.0 AppleWebKit/537.36 (KHTML, like Gecko; compatible; GPTBot/1.3; +https://openai.com/gptbot)"
74.7.241.58 - - [22/Jan/2026:08:13:28 -0500] "GET /q-~45W4VeT0yG7EqwpdPYIj9qylTdHSE1SP47367/ HTTP/1.1" 200 - "https://idolatekno.com/?sitemap317.xml" "Mozilla/5.0 AppleWebKit/537.36 (KHTML, like Gecko; compatible; GPTBot/1.3; +https://openai.com/gptbot)"
66.249.64.132 - - [22/Jan/2026:08:13:31 -0500] "GET /?x=2166640003788&channel=107e18&from=https://idolatekno.com/super.py?q-~226CCKloO6pQNzVepWX3Mrko0NgFqsXom42112/ HTTP/1.1" 200 85805 "-" "Mozilla/5.0 (Linux; Android 6.0.1; Nexus 5X Build/MMB29P) AppleWebKit/537.36 (KHTML, like Gecko) Chrome/143.0.7499.192 Mobile Safari/537.36 (compatible; GoogleOther)"
74.7.241.58 - - [22/Jan/2026:08:13:31 -0500] "GET /q-~196Grty0PqRC0kkyn4BGQqJjXp8PWDHDS41314/ HTTP/1.1" 200 - "https://idolatekno.com/sitemap16.xml" "Mozilla/5.0 AppleWebKit/537.36 (KHTML, like Gecko; compatible; GPTBot/1.3; +https://openai.com/gptbot)"
66.249.70.33 - - [22/Jan/2026:08:13:32 -0500] "GET /?pid=26304226231&channel=alliance-seventh-corruption&cate_id=2518&page=https://mail.idolatekno.com/remote.do?items/017037000.htm HTTP/1.1" 200 85449 "-" "Mozilla/5.0 (Linux; Android 6.0.1; Nexus 5X Build/MMB29P) AppleWebKit/537.36 (KHTML, like Gecko) Chrome/143.0.7499.192 Mobile Safari/537.36 (compatible; Googlebot/2.1; +http://www.google.com/bot.html)"
74.7.241.58 - - [22/Jan/2026:08:13:34 -0500] "GET /q-~85G5Z9YYkNMMgPTa5C4NkPEjiCB4Pdpm36327/ HTTP/1.1" 200 - "https://idolatekno.com/sitemap73.xml" "Mozilla/5.0 AppleWebKit/537.36 (KHTML, like Gecko; compatible; GPTBot/1.3; +https://openai.com/gptbot)"
74.7.241.58 - - [22/Jan/2026:08:13:38 -0500] "GET /q-~234Vhro4MszjGnhs3OQyb5EXWPfO9bShe21124/ HTTP/1.1" 200 - "https://idolatekno.com/sitemap29.xml" "Mozilla/5.0 AppleWebKit/537.36 (KHTML, like Gecko; compatible; GPTBot/1.3; +https://openai.com/gptbot)"
66.249.70.33 - - [22/Jan/2026:08:13:38 -0500] "GET /q-~83jB5mJGuDUXhsGk3EJ0C0DMTVWc87jK27019/ HTTP/1.1" 200 85647 "-" "Mozilla/5.0 (Linux; Android 6.0.1; Nexus 5X Build/MMB29P) AppleWebKit/537.36 (KHTML, like Gecko) Chrome/143.0.7499.192 Mobile Safari/537.36 (compatible; GoogleOther)"
66.249.70.33 - - [22/Jan/2026:08:13:40 -0500] "GET /?pid=26304226231&channel=likewise-Word-hope&cate_id=2518&page=https://mail.idolatekno.com/remote.do?items/072021533.htm HTTP/1.1" 200 85689 "-" "Mozilla/5.0 (Linux; Android 6.0.1; Nexus 5X Build/MMB29P) AppleWebKit/537.36 (KHTML, like Gecko) Chrome/143.0.7499.192 Mobile Safari/537.36 (compatible; Googlebot/2.1; +http://www.google.com/bot.html)"
74.7.241.58 - - [22/Jan/2026:08:13:41 -0500] "GET /q-~89vB8L0crLVunrQmQ4zVPqbQgpB36Dmz26751/ HTTP/1.1" 200 - "https://idolatekno.com/?sitemap317.xml" "Mozilla/5.0 AppleWebKit/537.36 (KHTML, like Gecko; compatible; GPTBot/1.3; +https://openai.com/gptbot)"
74.7.241.58 - - [22/Jan/2026:08:13:44 -0500] "GET /q-~113Zvq9Dx7bfPLJa6dKPeJ1LfGcfj9tZY15267/ HTTP/1.1" 200 - "https://idolatekno.com/?sitemap1000.xml" "Mozilla/5.0 AppleWebKit/537.36 (KHTML, like Gecko; compatible; GPTBot/1.3; +https://openai.com/gptbot)"
74.7.241.58 - - [22/Jan/2026:08:13:47 -0500] "GET /q-~47Erp9qHWDVioysdLM1awqD7Y4I2Bwsq24601/ HTTP/1.1" 200 - "https://idolatekno.com/?sitemap1000.xml" "Mozilla/5.0 AppleWebKit/537.36 (KHTML, like Gecko; compatible; GPTBot/1.3; +https://openai.com/gptbot)"
66.249.70.33 - - [22/Jan/2026:08:13:47 -0500] "GET /?pid=26304226231&channel=period-utilize-rapid&cate_id=2518&page=https://mail.idolatekno.com/remote.do?q-~170ZcGFVq4Ec3qN9JD1CNQ6y8ZcWnunEn39080/ HTTP/1.1" 200 86020 "-" "Mozilla/5.0 (Linux; Android 6.0.1; Nexus 5X Build/MMB29P) AppleWebKit/537.36 (KHTML, like Gecko) Chrome/143.0.7499.192 Mobile Safari/537.36 (compatible; Googlebot/2.1; +http://www.google.com/bot.html)"
66.249.64.132 - - [22/Jan/2026:08:13:48 -0500] "GET /q-~10pNFkyrenYEpDShSJvad6QlLL8ojHHS47730/ HTTP/1.1" 200 86436 "-" "Mozilla/5.0 (Linux; Android 6.0.1; Nexus 5X Build/MMB29P) AppleWebKit/537.36 (KHTML, like Gecko) Chrome/143.0.7499.192 Mobile Safari/537.36 (compatible; GoogleOther)"
114.119.133.190 - - [22/Jan/2026:08:13:48 -0500] "GET /q-~215s1mVaCsB8buzTE19pTiN2HFAoHy5VD48133/ HTTP/1.1" 200 - "https://mail.idolatekno.com/sitemape.xml" "Mozilla/5.0 (Linux; Android 7.0;) AppleWebKit/537.36 (KHTML, like Gecko) Mobile Safari/537.36 (compatible; PetalBot;+https://webmaster.petalsearch.com/site/petalbot)"
74.7.241.58 - - [22/Jan/2026:08:13:50 -0500] "GET /q-~116TSfyh3gbGrgQhqbn7c4EiW1pkqWCQp21548/ HTTP/1.1" 200 - "https://idolatekno.com/?sitemap305.xml" "Mozilla/5.0 AppleWebKit/537.36 (KHTML, like Gecko; compatible; GPTBot/1.3; +https://openai.com/gptbot)"
66.249.64.132 - - [22/Jan/2026:08:13:52 -0500] "GET /?x=2166640003788&channel=107e18&from=https://idolatekno.com/super.py?items/060019931.htm HTTP/1.1" 200 85136 "-" "Mozilla/5.0 (Linux; Android 6.0.1; Nexus 5X Build/MMB29P) AppleWebKit/537.36 (KHTML, like Gecko) Chrome/143.0.7499.192 Mobile Safari/537.36 (compatible; GoogleOther)"
74.7.241.58 - - [22/Jan/2026:08:13:53 -0500] "GET /q-~65BN5jvVTSoCjMNn3j1l4qKBTIoX1IAG48079/ HTTP/1.1" 200 - "https://idolatekno.com/sitemap1.xml" "Mozilla/5.0 AppleWebKit/537.36 (KHTML, like Gecko; compatible; GPTBot/1.3; +https://openai.com/gptbot)"
2a03:2880:f80e:21:: - - [22/Jan/2026:08:13:54 -0500] "GET /m/assis21853553?id=1869811 HTTP/1.1" 200 - "-" "meta-externalagent/1.1 (+https://developers.facebook.com/docs/sharing/webmasters/crawler)"
66.249.70.34 - - [22/Jan/2026:08:13:55 -0500] "GET /?pid=26304226231&channel=oral-thumb-sweep&cate_id=2518&page=https://mail.idolatekno.com/remote.do?items/061037628.htm HTTP/1.1" 200 85657 "-" "Mozilla/5.0 (Linux; Android 6.0.1; Nexus 5X Build/MMB29P) AppleWebKit/537.36 (KHTML, like Gecko) Chrome/143.0.7499.192 Mobile Safari/537.36 (compatible; Googlebot/2.1; +http://www.google.com/bot.html)"
74.7.241.58 - - [22/Jan/2026:08:13:56 -0500] "GET /q-~116H1JbuT7yOfCZll5FTZpgfZ9OdIrm8T23600/ HTTP/1.1" 200 - "https://idolatekno.com/?sitemap442.xml" "Mozilla/5.0 AppleWebKit/537.36 (KHTML, like Gecko; compatible; GPTBot/1.3; +https://openai.com/gptbot)"
74.7.241.58 - - [22/Jan/2026:08:14:00 -0500] "GET /q-~297YXSmJf2cqIfmqASzdsIX5qsd0F3jHw37081/ HTTP/1.1" 200 - "https://idolatekno.com/sitemap73.xml" "Mozilla/5.0 AppleWebKit/537.36 (KHTML, like Gecko; compatible; GPTBot/1.3; +https://openai.com/gptbot)"
74.7.241.58 - - [22/Jan/2026:08:14:03 -0500] "GET /q-~241PGjgXlg9UsqnIX7U6eIpveM0AJqSEc47629/ HTTP/1.1" 200 - "https://idolatekno.com/sitemap63.xml" "Mozilla/5.0 AppleWebKit/537.36 (KHTML, like Gecko; compatible; GPTBot/1.3; +https://openai.com/gptbot)"
66.249.70.34 - - [22/Jan/2026:08:14:03 -0500] "GET /?pid=26304226231&channel=treasure-deposit-prime&cate_id=2518&page=https://mail.idolatekno.com/remote.do?items/181020178.htm HTTP/1.1" 200 85507 "-" "Mozilla/5.0 (Linux; Android 6.0.1; Nexus 5X Build/MMB29P) AppleWebKit/537.36 (KHTML, like Gecko) Chrome/143.0.7499.192 Mobile Safari/537.36 (compatible; Googlebot/2.1; +http://www.google.com/bot.html)"
66.249.64.129 - - [22/Jan/2026:08:14:05 -0500] "GET /q-~15nZSm24lLpi0DuAVm3RwzqsB3q8vZQY27969/ HTTP/1.1" 200 86247 "-" "Mozilla/5.0 (Linux; Android 6.0.1; Nexus 5X Build/MMB29P) AppleWebKit/537.36 (KHTML, like Gecko) Chrome/143.0.7499.192 Mobile Safari/537.36 (compatible; GoogleOther)"
74.7.241.58 - - [22/Jan/2026:08:14:06 -0500] "GET /q-~133ykAiWk5Cg00Mkto5nZFfTIPqZO5yzX1353/ HTTP/1.1" 200 - "https://idolatekno.com/sitemap14.xml" "Mozilla/5.0 AppleWebKit/537.36 (KHTML, like Gecko; compatible; GPTBot/1.3; +https://openai.com/gptbot)"
66.249.64.128 - - [22/Jan/2026:08:14:07 -0500] "GET /q-~253Xuv0m6ESFiOog9yRJB0IxWiYzE0eLe32835/ HTTP/1.1" 200 86384 "-" "Mozilla/5.0 (Linux; Android 6.0.1; Nexus 5X Build/MMB29P) AppleWebKit/537.36 (KHTML, like Gecko) Chrome/143.0.7499.192 Mobile Safari/537.36 (compatible; GoogleOther)"
74.7.241.58 - - [22/Jan/2026:08:14:09 -0500] "GET /q-~54oibZ4BbFVwGGuXjlCpYb9OkG48Ep3D30542/ HTTP/1.1" 200 - "https://idolatekno.com/?sitemap305.xml" "Mozilla/5.0 AppleWebKit/537.36 (KHTML, like Gecko; compatible; GPTBot/1.3; +https://openai.com/gptbot)"
66.249.70.33 - - [22/Jan/2026:08:14:10 -0500] "GET /?pid=26304226231&channel=conversion-net-verdict&cate_id=2518&page=https://mail.idolatekno.com/remote.do?items/181004606.htm HTTP/1.1" 200 85540 "-" "Mozilla/5.0 (Linux; Android 6.0.1; Nexus 5X Build/MMB29P) AppleWebKit/537.36 (KHTML, like Gecko) Chrome/143.0.7499.192 Mobile Safari/537.36 (compatible; Googlebot/2.1; +http://www.google.com/bot.html)"
74.7.241.58 - - [22/Jan/2026:08:14:12 -0500] "GET /q-~252nJHn8y7fcb9PgwATYDeztGRwG5dwko27296/ HTTP/1.1" 200 - "https://idolatekno.com/?sitemap442.xml" "Mozilla/5.0 AppleWebKit/537.36 (KHTML, like Gecko; compatible; GPTBot/1.3; +https://openai.com/gptbot)"
74.7.241.58 - - [22/Jan/2026:08:14:16 -0500] "GET /q-~209opNQOte1Er2ZNzYitZ5RoHq0IZhAtJ40169/ HTTP/1.1" 200 - "https://idolatekno.com/?sitemap442.xml" "Mozilla/5.0 AppleWebKit/537.36 (KHTML, like Gecko; compatible; GPTBot/1.3; +https://openai.com/gptbot)"
2001:4458:c00f:f2a1:9d5e:3f1c:839f:c60b - - [22/Jan/2026:08:14:18 -0500] "GET /q-~291B2BeL5x80A9XqAVYXVvBrNPbL0IsQF28349/ HTTP/1.1" 200 - "-" "Mozilla/5.0 (X11; U; Linux x86_64; en-US) AppleWebKit/534.13 (KHTML, like Gecko) Ubuntu/10.04 Chromium/9.0.595.0 Chrome/9.0.595.0 Safari/534.13"
114.119.142.186 - - [22/Jan/2026:08:14:18 -0500] "GET /q-~215rBbfJ4iaf8AQfehbWcYb9esVWXLQnZ34407/ HTTP/1.1" 200 - "https://mail.idolatekno.com/sitemape.xml" "Mozilla/5.0 (Linux; Android 7.0;) AppleWebKit/537.36 (KHTML, like Gecko) Mobile Safari/537.36 (compatible; PetalBot;+https://webmaster.petalsearch.com/site/petalbot)"
74.7.241.58 - - [22/Jan/2026:08:14:19 -0500] "GET /q-~282xT4WERjD63mMrLeLACcHARLhvFD9wD22582/ HTTP/1.1" 200 - "https://idolatekno.com/sitemap27.xml" "Mozilla/5.0 AppleWebKit/537.36 (KHTML, like Gecko; compatible; GPTBot/1.3; +https://openai.com/gptbot)"
66.249.64.128 - - [22/Jan/2026:08:14:21 -0500] "GET /pcmypage?callback=/product%2Fdetail%2m44358272195 HTTP/1.1" 403 558101 "-" "Mozilla/5.0 (Linux; Android 6.0.1; Nexus 5X Build/MMB29P) AppleWebKit/537.36 (KHTML, like Gecko) Chrome/143.0.7499.192 Mobile Safari/537.36 (compatible; GoogleOther)"
74.7.241.58 - - [22/Jan/2026:08:14:22 -0500] "GET /q-~296F5QmgIwBZkENp2yfSU43mBIQ1qDWBo29016/ HTTP/1.1" 200 - "https://idolatekno.com/sitemap79.xml" "Mozilla/5.0 AppleWebKit/537.36 (KHTML, like Gecko; compatible; GPTBot/1.3; +https://openai.com/gptbot)"
66.249.64.128 - - [22/Jan/2026:08:14:23 -0500] "GET /pcmypage?callback=/product%2Fdetail%2m30089776949 HTTP/1.1" 403 554715 "-" "Mozilla/5.0 (Linux; Android 6.0.1; Nexus 5X Build/MMB29P) AppleWebKit/537.36 (KHTML, like Gecko) Chrome/143.0.7499.192 Mobile Safari/537.36 (compatible; GoogleOther)"
66.249.70.32 - - [22/Jan/2026:08:14:24 -0500] "GET /?pid=26304226231&channel=command-diversity-essential&cate_id=2518&page=https://mail.idolatekno.com/remote.do?q-~94ZojB7T9347gH3ZRORCSfAnGnp6Wvxo28288/ HTTP/1.1" 200 85595 "-" "Mozilla/5.0 (Linux; Android 6.0.1; Nexus 5X Build/MMB29P) AppleWebKit/537.36 (KHTML, like Gecko) Chrome/143.0.7499.192 Mobile Safari/537.36 (compatible; Googlebot/2.1; +http://www.google.com/bot.html)"
2a03:2880:f80e:14:: - - [22/Jan/2026:08:14:25 -0500] "GET /m/snow70169214?id=185472 HTTP/1.1" 200 - "-" "meta-externalagent/1.1 (+https://developers.facebook.com/docs/sharing/webmasters/crawler)"
74.7.241.58 - - [22/Jan/2026:08:14:25 -0500] "GET /q-~178o1nF2ucHx4ntbHu96MnKjjWPpoOPHB30170/ HTTP/1.1" 200 - "https://idolatekno.com/?sitemap503.xml" "Mozilla/5.0 AppleWebKit/537.36 (KHTML, like Gecko; compatible; GPTBot/1.3; +https://openai.com/gptbot)"
74.7.241.58 - - [22/Jan/2026:08:14:28 -0500] "GET /q-~230Gt7v02LbmPhnPTLkDFzNJ2efFJrSKe42792/ HTTP/1.1" 200 - "https://idolatekno.com/?sitemap305.xml" "Mozilla/5.0 AppleWebKit/537.36 (KHTML, like Gecko; compatible; GPTBot/1.3; +https://openai.com/gptbot)"
74.7.241.58 - - [22/Jan/2026:08:14:31 -0500] "GET /q-~153Kve8oF1eZOqAge3ZAYDuZDNr4B5OwY45673/ HTTP/1.1" 200 - "https://idolatekno.com/sitemap73.xml" "Mozilla/5.0 AppleWebKit/537.36 (KHTML, like Gecko; compatible; GPTBot/1.3; +https://openai.com/gptbot)"
66.249.70.32 - - [22/Jan/2026:08:14:31 -0500] "GET /?pid=26304226231&channel=quickly-actress-relation&cate_id=2518&page=https://mail.idolatekno.com/remote.do?items/084000613.htm HTTP/1.1" 200 86178 "-" "Mozilla/5.0 (Linux; Android 6.0.1; Nexus 5X Build/MMB29P) AppleWebKit/537.36 (KHTML, like Gecko) Chrome/143.0.7499.192 Mobile Safari/537.36 (compatible; Googlebot/2.1; +http://www.google.com/bot.html)"
74.7.241.58 - - [22/Jan/2026:08:14:34 -0500] "GET /q-~24WV9xAiBLQKmwBx3K3iuWWAU7f2vwuo24126/ HTTP/1.1" 200 - "https://idolatekno.com/?sitemap442.xml" "Mozilla/5.0 AppleWebKit/537.36 (KHTML, like Gecko; compatible; GPTBot/1.3; +https://openai.com/gptbot)"
66.249.64.132 - - [22/Jan/2026:08:14:35 -0500] "GET /?x=2166640003788&channel=107e18&from=https://idolatekno.com/super.py?items/117025582.htm HTTP/1.1" 200 85670 "-" "Mozilla/5.0 (Linux; Android 6.0.1; Nexus 5X Build/MMB29P) AppleWebKit/537.36 (KHTML, like Gecko) Chrome/143.0.7499.192 Mobile Safari/537.36 (compatible; GoogleOther)"
74.7.241.58 - - [22/Jan/2026:08:14:38 -0500] "GET /q-~228zApVZZ4keYjM3rIroMyIK90JMK8qGr45016/ HTTP/1.1" 200 - "https://idolatekno.com/?sitemap305.xml" "Mozilla/5.0 AppleWebKit/537.36 (KHTML, like Gecko; compatible; GPTBot/1.3; +https://openai.com/gptbot)"
66.249.70.32 - - [22/Jan/2026:08:14:38 -0500] "GET /?pid=26304226231&channel=during-motion-passion&cate_id=2518&page=https://mail.idolatekno.com/remote.do?items/264032731.htm HTTP/1.1" 200 85858 "-" "Mozilla/5.0 (Linux; Android 6.0.1; Nexus 5X Build/MMB29P) AppleWebKit/537.36 (KHTML, like Gecko) Chrome/143.0.7499.192 Mobile Safari/537.36 (compatible; Googlebot/2.1; +http://www.google.com/bot.html)"
17.22.253.188 - - [22/Jan/2026:08:14:39 -0500] "GET /tag/harga-laptop-asus/feed/ HTTP/1.1" 200 - "-" "Mozilla/5.0 (Macintosh; Intel Mac OS X 10_15_7) AppleWebKit/605.1.15 (KHTML, like Gecko) Version/17.4 Safari/605.1.15 (Applebot/0.1; +http://www.apple.com/go/applebot)"
66.249.64.132 - - [22/Jan/2026:08:14:39 -0500] "GET /pcmypage?callback=/product%2Fdetail%2m51240368604 HTTP/1.1" 403 571401 "-" "Mozilla/5.0 (Linux; Android 6.0.1; Nexus 5X Build/MMB29P) AppleWebKit/537.36 (KHTML, like Gecko) Chrome/143.0.7499.192 Mobile Safari/537.36 (compatible; GoogleOther)"
74.7.241.58 - - [22/Jan/2026:08:14:41 -0500] "GET /q-~295C35m5F7vkYCFyqze2TpBbEPPhOuuXe9691/ HTTP/1.1" 200 - "https://idolatekno.com/?sitemap317.xml" "Mozilla/5.0 AppleWebKit/537.36 (KHTML, like Gecko; compatible; GPTBot/1.3; +https://openai.com/gptbot)"
74.7.241.58 - - [22/Jan/2026:08:14:44 -0500] "GET /q-~93JyQQyPkNAqOmit91u9k1owHy8JgaTm35251/ HTTP/1.1" 200 - "https://idolatekno.com/sitemap78.xml" "Mozilla/5.0 AppleWebKit/537.36 (KHTML, like Gecko; compatible; GPTBot/1.3; +https://openai.com/gptbot)"
114.119.133.190 - - [22/Jan/2026:08:14:44 -0500] "GET /q-~215fbPFtFgCbheXGe5zAmnBTZsqAulqyI7011/ HTTP/1.1" 200 - "https://mail.idolatekno.com/sitemape.xml" "Mozilla/5.0 (Linux; Android 7.0;) AppleWebKit/537.36 (KHTML, like Gecko) Mobile Safari/537.36 (compatible; PetalBot;+https://webmaster.petalsearch.com/site/petalbot)"
66.249.70.33 - - [22/Jan/2026:08:14:46 -0500] "GET /?pid=26304226231&channel=doctor-suite-planning&cate_id=2518&page=https://mail.idolatekno.com/remote.do?q-~276dhUHVDYO9RsyhzoMLCVudFUXNyn6gG7900/ HTTP/1.1" 200 86522 "-" "Mozilla/5.0 (Linux; Android 6.0.1; Nexus 5X Build/MMB29P) AppleWebKit/537.36 (KHTML, like Gecko) Chrome/143.0.7499.192 Mobile Safari/537.36 (compatible; Googlebot/2.1; +http://www.google.com/bot.html)"
74.7.241.58 - - [22/Jan/2026:08:14:47 -0500] "GET /q-~22RcUVJzYZpf7oU7kspUhVBBl59r4SOV24180/ HTTP/1.1" 200 - "https://idolatekno.com/?sitemap442.xml" "Mozilla/5.0 AppleWebKit/537.36 (KHTML, like Gecko; compatible; GPTBot/1.3; +https://openai.com/gptbot)"
66.249.64.132 - - [22/Jan/2026:08:14:50 -0500] "GET /q-~151xD1PdLtkjMrQhLoVHjUIwhWMvF8ohD8725/ HTTP/1.1" 200 87332 "-" "Mozilla/5.0 (Linux; Android 6.0.1; Nexus 5X Build/MMB29P) AppleWebKit/537.36 (KHTML, like Gecko) Chrome/143.0.7499.192 Mobile Safari/537.36 (compatible; GoogleOther)"
74.7.241.58 - - [22/Jan/2026:08:14:51 -0500] "GET /q-~13OL9hmtAnkmD2cN4C4XK7pkqCbqsVot21577/ HTTP/1.1" 200 - "https://idolatekno.com/sitemap16.xml" "Mozilla/5.0 AppleWebKit/537.36 (KHTML, like Gecko; compatible; GPTBot/1.3; +https://openai.com/gptbot)"
66.249.70.32 - - [22/Jan/2026:08:14:53 -0500] "GET /?pid=26304226231&channel=roll-communicate-dirty&cate_id=2518&page=https://mail.idolatekno.com/remote.do?items/089007742.htm HTTP/1.1" 200 85205 "-" "Mozilla/5.0 (Linux; Android 6.0.1; Nexus 5X Build/MMB29P) AppleWebKit/537.36 (KHTML, like Gecko) Chrome/143.0.7499.192 Mobile Safari/537.36 (compatible; Googlebot/2.1; +http://www.google.com/bot.html)"
74.7.241.58 - - [22/Jan/2026:08:14:54 -0500] "GET /q-~230YAAJInjZj4hc7bSpkHk2ucM5r0nRVZ6902/ HTTP/1.1" 200 - "https://idolatekno.com/sitemap21.xml" "Mozilla/5.0 AppleWebKit/537.36 (KHTML, like Gecko; compatible; GPTBot/1.3; +https://openai.com/gptbot)"
66.249.64.132 - - [22/Jan/2026:08:14:56 -0500] "GET /q-~90qTmX4nicN0SMMOZQ6uVrEvEf87SKGu2348/ HTTP/1.1" 200 85263 "-" "Mozilla/5.0 (Linux; Android 6.0.1; Nexus 5X Build/MMB29P) AppleWebKit/537.36 (KHTML, like Gecko) Chrome/143.0.7499.192 Mobile Safari/537.36 (compatible; GoogleOther)"
74.7.241.58 - - [22/Jan/2026:08:14:57 -0500] "GET /q-~112XXEqnrvv8sWNiV4d3xktd0BvcZNriS46456/ HTTP/1.1" 200 - "https://idolatekno.com/?sitemap305.xml" "Mozilla/5.0 AppleWebKit/537.36 (KHTML, like Gecko; compatible; GPTBot/1.3; +https://openai.com/gptbot)"
2a03:2880:f80e:14:: - - [22/Jan/2026:08:15:00 -0500] "GET /m/idle20487217?id=503475 HTTP/1.1" 200 - "-" "meta-externalagent/1.1 (+https://developers.facebook.com/docs/sharing/webmasters/crawler)"
74.7.241.58 - - [22/Jan/2026:08:15:00 -0500] "GET /q-~200szgvunqdnz0D4FJFue3KywV41bZMjw45190/ HTTP/1.1" 200 - "https://idolatekno.com/?sitemap503.xml" "Mozilla/5.0 AppleWebKit/537.36 (KHTML, like Gecko; compatible; GPTBot/1.3; +https://openai.com/gptbot)"
66.249.70.34 - - [22/Jan/2026:08:15:00 -0500] "GET /?pid=26304226231&channel=combined-persist-outstanding&cate_id=2518&page=https://mail.idolatekno.com/remote.do?q-~207jFaFbchtNOAImDaPnR7feMqherhz7D25515/ HTTP/1.1" 200 86393 "-" "Mozilla/5.0 (Linux; Android 6.0.1; Nexus 5X Build/MMB29P) AppleWebKit/537.36 (KHTML, like Gecko) Chrome/143.0.7499.192 Mobile Safari/537.36 (compatible; Googlebot/2.1; +http://www.google.com/bot.html)"
74.7.241.58 - - [22/Jan/2026:08:15:03 -0500] "GET /q-~212Q9NDKdG3frsrrplMI9EIGyn2eOJOXe35652/ HTTP/1.1" 200 - "https://idolatekno.com/sitemap49.xml" "Mozilla/5.0 AppleWebKit/537.36 (KHTML, like Gecko; compatible; GPTBot/1.3; +https://openai.com/gptbot)"
66.249.64.129 - - [22/Jan/2026:08:15:04 -0500] "GET /pcmypage?callback=/product%2Fdetail%2m75159098057 HTTP/1.1" 403 558022 "-" "Mozilla/5.0 (Linux; Android 6.0.1; Nexus 5X Build/MMB29P) AppleWebKit/537.36 (KHTML, like Gecko) Chrome/143.0.7499.192 Mobile Safari/537.36 (compatible; GoogleOther)"
74.7.241.58 - - [22/Jan/2026:08:15:06 -0500] "GET /q-~155kr05ASsrwkAa9w8yydGxEbQZl0tADv18021/ HTTP/1.1" 200 - "https://idolatekno.com/sitemap73.xml" "Mozilla/5.0 AppleWebKit/537.36 (KHTML, like Gecko; compatible; GPTBot/1.3; +https://openai.com/gptbot)"
66.249.70.32 - - [22/Jan/2026:08:15:08 -0500] "GET /?pid=26304226231&channel=material-ignore-passenger&cate_id=2518&page=https://mail.idolatekno.com/remote.do?items/276028827.htm HTTP/1.1" 200 85662 "-" "Mozilla/5.0 (Linux; Android 6.0.1; Nexus 5X Build/MMB29P) AppleWebKit/537.36 (KHTML, like Gecko) Chrome/143.0.7499.192 Mobile Safari/537.36 (compatible; Googlebot/2.1; +http://www.google.com/bot.html)"
66.249.64.132 - - [22/Jan/2026:08:15:08 -0500] "GET /items/105041566.htm HTTP/1.1" 200 86125 "-" "Mozilla/5.0 (Linux; Android 6.0.1; Nexus 5X Build/MMB29P) AppleWebKit/537.36 (KHTML, like Gecko) Chrome/143.0.7499.192 Mobile Safari/537.36 (compatible; Googlebot/2.1; +http://www.google.com/bot.html)"
74.7.241.58 - - [22/Jan/2026:08:15:10 -0500] "GET /q-~284wkLMks0VMTSWAp9WWzNmoi1meNup7z29002/ HTTP/1.1" 200 - "https://idolatekno.com/?sitemap317.xml" "Mozilla/5.0 AppleWebKit/537.36 (KHTML, like Gecko; compatible; GPTBot/1.3; +https://openai.com/gptbot)"
114.119.130.27 - - [22/Jan/2026:08:15:11 -0500] "GET /q-~215c6GsrHovdm9bhnlyxNfjKo7cKJCCNq46021/ HTTP/1.1" 200 - "https://mail.idolatekno.com/sitemapb.xml" "Mozilla/5.0 (Linux; Android 7.0;) AppleWebKit/537.36 (KHTML, like Gecko) Mobile Safari/537.36 (compatible; PetalBot;+https://webmaster.petalsearch.com/site/petalbot)"
74.7.241.58 - - [22/Jan/2026:08:15:13 -0500] "GET /q-~26kye0CErrd2QhjMUm55gFWDr4tJdpqK40480/ HTTP/1.1" 200 - "https://idolatekno.com/?sitemap442.xml" "Mozilla/5.0 AppleWebKit/537.36 (KHTML, like Gecko; compatible; GPTBot/1.3; +https://openai.com/gptbot)"
66.249.70.32 - - [22/Jan/2026:08:15:13 -0500] "GET /q-~92yQCwGN52hAbEb9uEZRhHTlHBHxo7zM14900/ HTTP/1.1" 200 86451 "-" "Mozilla/5.0 (Linux; Android 6.0.1; Nexus 5X Build/MMB29P) AppleWebKit/537.36 (KHTML, like Gecko) Chrome/143.0.7499.192 Mobile Safari/537.36 (compatible; GoogleOther)"
66.249.70.32 - - [22/Jan/2026:08:15:16 -0500] "GET /?pid=26304226231&channel=brick-distinction-flag&cate_id=2518&page=https://mail.idolatekno.com/remote.do?q-~292VJF6UEvrRLyaEoJVGKuT8LRF2WhjZP26852/ HTTP/1.1" 200 85610 "-" "Mozilla/5.0 (Linux; Android 6.0.1; Nexus 5X Build/MMB29P) AppleWebKit/537.36 (KHTML, like Gecko) Chrome/143.0.7499.192 Mobile Safari/537.36 (compatible; Googlebot/2.1; +http://www.google.com/bot.html)"
74.7.241.58 - - [22/Jan/2026:08:15:17 -0500] "GET /q-~231UK2Rp5WKq8KiJPOcg2tEr1Rfsaszql36339/ HTTP/1.1" 200 - "https://idolatekno.com/pages.php?sitemap849.xml" "Mozilla/5.0 AppleWebKit/537.36 (KHTML, like Gecko; compatible; GPTBot/1.3; +https://openai.com/gptbot)"
66.249.64.132 - - [22/Jan/2026:08:15:19 -0500] "GET /q-~35kMS3dmjmj8jNwjDwvQn7f6OPFXqkeo36697/ HTTP/1.1" 200 86089 "-" "Mozilla/5.0 (Linux; Android 6.0.1; Nexus 5X Build/MMB29P) AppleWebKit/537.36 (KHTML, like Gecko) Chrome/143.0.7499.192 Mobile Safari/537.36 (compatible; GoogleOther)"
74.7.241.58 - - [22/Jan/2026:08:15:22 -0500] "GET /q-~292vfdZJGFaL2GwrO4Jj9FUN7EXKkMfFA17764/ HTTP/1.1" 200 - "https://idolatekno.com/?sitemap305.xml" "Mozilla/5.0 AppleWebKit/537.36 (KHTML, like Gecko; compatible; GPTBot/1.3; +https://openai.com/gptbot)"
74.7.241.58 - - [22/Jan/2026:08:15:23 -0500] "GET /q-~61QK4jGtkqhIBibybCVTy366eEbm5pYp45611/ HTTP/1.1" 200 - "https://idolatekno.com/sitemap14.xml" "Mozilla/5.0 AppleWebKit/537.36 (KHTML, like Gecko; compatible; GPTBot/1.3; +https://openai.com/gptbot)"
66.249.70.33 - - [22/Jan/2026:08:15:23 -0500] "GET /?pid=26304226231&channel=romantic-sweat-bullet&cate_id=2518&page=https://mail.idolatekno.com/remote.do?q-~276fCjCB7CCiVa5KrHBcwmHB0J04jru1O4636/ HTTP/1.1" 200 85750 "-" "Mozilla/5.0 (Linux; Android 6.0.1; Nexus 5X Build/MMB29P) AppleWebKit/537.36 (KHTML, like Gecko) Chrome/143.0.7499.192 Mobile Safari/537.36 (compatible; Googlebot/2.1; +http://www.google.com/bot.html)"
74.7.241.58 - - [22/Jan/2026:08:15:25 -0500] "GET /q-~60SISMMt7EjxVlqKCQAvrP4AO020tjUv34538/ HTTP/1.1" 200 - "https://idolatekno.com/sitemap14.xml" "Mozilla/5.0 AppleWebKit/537.36 (KHTML, like Gecko; compatible; GPTBot/1.3; +https://openai.com/gptbot)"
74.7.241.58 - - [22/Jan/2026:08:15:28 -0500] "GET /q-~139TzO41XwxwmLFbrFJH9wtfVtpOa2uDH10501/ HTTP/1.1" 200 - "https://idolatekno.com/?sitemap317.xml" "Mozilla/5.0 AppleWebKit/537.36 (KHTML, like Gecko; compatible; GPTBot/1.3; +https://openai.com/gptbot)"
66.249.70.33 - - [22/Jan/2026:08:15:30 -0500] "GET /?pid=26304226231&channel=jungle-billion-service&cate_id=2518&page=https://mail.idolatekno.com/remote.do?items/146004767.htm HTTP/1.1" 200 86112 "-" "Mozilla/5.0 (Linux; Android 6.0.1; Nexus 5X Build/MMB29P) AppleWebKit/537.36 (KHTML, like Gecko) Chrome/143.0.7499.192 Mobile Safari/537.36 (compatible; Googlebot/2.1; +http://www.google.com/bot.html)"
66.249.64.132 - - [22/Jan/2026:08:15:30 -0500] "GET /pcmypage?callback=/product%2Fdetail%2m52670191442 HTTP/1.1" 403 561003 "-" "Mozilla/5.0 (Linux; Android 6.0.1; Nexus 5X Build/MMB29P) AppleWebKit/537.36 (KHTML, like Gecko) Chrome/143.0.7499.192 Mobile Safari/537.36 (compatible; GoogleOther)"
74.7.241.58 - - [22/Jan/2026:08:15:33 -0500] "GET /q-~122cUY4yEHI52xqxAdKrANtyZNNtu0LxT13698/ HTTP/1.1" 200 - "https://idolatekno.com/sitemap16.xml" "Mozilla/5.0 AppleWebKit/537.36 (KHTML, like Gecko; compatible; GPTBot/1.3; +https://openai.com/gptbot)"
66.249.64.132 - - [22/Jan/2026:08:15:33 -0500] "GET /?u=2699771933667&channel=132e36&from=https://idolatekno.com/remote.aspx?items/173035832.htm HTTP/1.1" 200 85878 "-" "Mozilla/5.0 (Linux; Android 6.0.1; Nexus 5X Build/MMB29P) AppleWebKit/537.36 (KHTML, like Gecko) Chrome/143.0.7499.192 Mobile Safari/537.36 (compatible; GoogleOther)"
74.7.241.58 - - [22/Jan/2026:08:15:35 -0500] "GET /q-~266l6aNGvdivPAg1RiVZnnkEwg9s3vYMS29818/ HTTP/1.1" 200 - "https://idolatekno.com/?sitemap1000.xml" "Mozilla/5.0 AppleWebKit/537.36 (KHTML, like Gecko; compatible; GPTBot/1.3; +https://openai.com/gptbot)"
66.249.70.32 - - [22/Jan/2026:08:15:37 -0500] "GET /?pid=26304226231&channel=option-valley-anywhere&cate_id=2518&page=https://mail.idolatekno.com/remote.do?q-~174rtWZIyucB77RefenVudt91a2Ycnhyo34478/ HTTP/1.1" 200 86349 "-" "Mozilla/5.0 (Linux; Android 6.0.1; Nexus 5X Build/MMB29P) AppleWebKit/537.36 (KHTML, like Gecko) Chrome/143.0.7499.192 Mobile Safari/537.36 (compatible; Googlebot/2.1; +http://www.google.com/bot.html)"
190.104.246.120 - - [22/Jan/2026:08:15:38 -0500] "GET /q-~293c1kNAMVz2saa7P76NvtS26VrV2hLRq279/ HTTP/1.1" 200 - "-" "Mozilla/5.0 (Macintosh; Intel Mac OS X 10_5_8) AppleWebKit/535.1 (KHTML, like Gecko) Chrome/14.0.801.0 Safari/535.1"
74.7.241.58 - - [22/Jan/2026:08:15:38 -0500] "GET /q-~75YZGBaTW7ZyP1Xf7YFHYO87FQkKgjmB26685/ HTTP/1.1" 200 - "https://idolatekno.com/sitemap14.xml" "Mozilla/5.0 AppleWebKit/537.36 (KHTML, like Gecko; compatible; GPTBot/1.3; +https://openai.com/gptbot)"
114.119.142.186 - - [22/Jan/2026:08:15:38 -0500] "GET /q-~215bjRDUqbAuNjlXGCav2dtsEg6btcbkE43075/ HTTP/1.1" 200 - "https://mail.idolatekno.com/sitemapd.xml" "Mozilla/5.0 (Linux; Android 7.0;) AppleWebKit/537.36 (KHTML, like Gecko) Mobile Safari/537.36 (compatible; PetalBot;+https://webmaster.petalsearch.com/site/petalbot)"
66.249.70.32 - - [22/Jan/2026:08:15:38 -0500] "GET /?pid=26304226231&channel=circumstance-fewer-inevitable&cate_id=2518&page=https://mail.idolatekno.com/remote.do?q-~275DKXyLCnQlCSTDBj3PHjhi3sMPDLVyD39445/ HTTP/1.1" 200 86379 "-" "Mozilla/5.0 (Linux; Android 6.0.1; Nexus 5X Build/MMB29P) AppleWebKit/537.36 (KHTML, like Gecko) Chrome/143.0.7499.192 Mobile Safari/537.36 (compatible; Googlebot/2.1; +http://www.google.com/bot.html)"
74.7.241.58 - - [22/Jan/2026:08:15:41 -0500] "GET /q-~40RtuyfMw04b1qQy4oDND8CXYqDXyxBT12234/ HTTP/1.1" 200 - "https://idolatekno.com/?sitemap317.xml" "Mozilla/5.0 AppleWebKit/537.36 (KHTML, like Gecko; compatible; GPTBot/1.3; +https://openai.com/gptbot)"
66.249.70.32 - - [22/Jan/2026:08:15:46 -0500] "GET /?pid=26304226231&channel=ultimate-loss-foreigner&cate_id=2518&page=https://mail.idolatekno.com/remote.do?q-~297D0U24axChDnZpw7BswgaUoA2DdJkrZ28817/ HTTP/1.1" 200 85814 "-" "Mozilla/5.0 (Linux; Android 6.0.1; Nexus 5X Build/MMB29P) AppleWebKit/537.36 (KHTML, like Gecko) Chrome/143.0.7499.192 Mobile Safari/537.36 (compatible; Googlebot/2.1; +http://www.google.com/bot.html)"
66.249.64.132 - - [22/Jan/2026:08:15:47 -0500] "GET /pcmypage?callback=/product%2Fdetail%2m75553247643 HTTP/1.1" 403 553507 "-" "Mozilla/5.0 (Linux; Android 6.0.1; Nexus 5X Build/MMB29P) AppleWebKit/537.36 (KHTML, like Gecko) Chrome/143.0.7499.192 Mobile Safari/537.36 (compatible; GoogleOther)"
74.7.241.58 - - [22/Jan/2026:08:15:48 -0500] "GET /q-~215M1wGcnxCbQzjmq2Qs15F0vxwjoprhC42121/ HTTP/1.1" 200 - "https://idolatekno.com/?sitemap442.xml" "Mozilla/5.0 AppleWebKit/537.36 (KHTML, like Gecko; compatible; GPTBot/1.3; +https://openai.com/gptbot)"
66.249.70.34 - - [22/Jan/2026:08:15:50 -0500] "GET /q-~295DFuRsdTLRDK4zoat2PTLD68xLtS19T38185/ HTTP/1.1" 200 85585 "-" "Mozilla/5.0 (Linux; Android 6.0.1; Nexus 5X Build/MMB29P) AppleWebKit/537.36 (KHTML, like Gecko) Chrome/143.0.7499.192 Mobile Safari/537.36 (compatible; GoogleOther)"
74.7.241.58 - - [22/Jan/2026:08:15:50 -0500] "GET /q-~232Tz6PrmVXj1fa4XdQpmvv2beoCzRdzR43282/ HTTP/1.1" 200 - "https://idolatekno.com/sitemap63.xml" "Mozilla/5.0 AppleWebKit/537.36 (KHTML, like Gecko; compatible; GPTBot/1.3; +https://openai.com/gptbot)"
74.7.241.58 - - [22/Jan/2026:08:15:52 -0500] "GET /q-~261wblTAtRK63WNRnOfO3npY7nYiGbTrA41511/ HTTP/1.1" 200 - "https://idolatekno.com/sitemap1.xml" "Mozilla/5.0 AppleWebKit/537.36 (KHTML, like Gecko; compatible; GPTBot/1.3; +https://openai.com/gptbot)"
66.249.70.32 - - [22/Jan/2026:08:15:53 -0500] "GET /?pid=26304226231&channel=make-association-pie&cate_id=2518&page=https://mail.idolatekno.com/remote.do?q-~185xYrbshcuyLvftdolwOXdQjBzgQd3RP31135/ HTTP/1.1" 200 85578 "-" "Mozilla/5.0 (Linux; Android 6.0.1; Nexus 5X Build/MMB29P) AppleWebKit/537.36 (KHTML, like Gecko) Chrome/143.0.7499.192 Mobile Safari/537.36 (compatible; Googlebot/2.1; +http://www.google.com/bot.html)"
66.249.70.33 - - [22/Jan/2026:08:15:53 -0500] "GET /?pid=26304226231&channel=possible-nothing-sofa&cate_id=2518&page=https://mail.idolatekno.com/remote.do?items/298005037.htm HTTP/1.1" 200 86131 "-" "Mozilla/5.0 (Linux; Android 6.0.1; Nexus 5X Build/MMB29P) AppleWebKit/537.36 (KHTML, like Gecko) Chrome/143.0.7499.192 Mobile Safari/537.36 (compatible; Googlebot/2.1; +http://www.google.com/bot.html)"
74.7.241.58 - - [22/Jan/2026:08:15:54 -0500] "GET /q-~166ktelpV07hawiNhu0FJ6FoWvJxH6iyZ11630/ HTTP/1.1" 200 - "https://idolatekno.com/sitemap79.xml" "Mozilla/5.0 AppleWebKit/537.36 (KHTML, like Gecko; compatible; GPTBot/1.3; +https://openai.com/gptbot)"
66.249.70.33 - - [22/Jan/2026:08:15:57 -0500] "GET /?pid=26304226231&channel=attraction-Supreme-predict&cate_id=2518&page=https://mail.idolatekno.com/remote.do?items/161032642.htm HTTP/1.1" 200 85813 "-" "Mozilla/5.0 (Linux; Android 6.0.1; Nexus 5X Build/MMB29P) AppleWebKit/537.36 (KHTML, like Gecko) Chrome/143.0.7499.192 Mobile Safari/537.36 (compatible; Googlebot/2.1; +http://www.google.com/bot.html)"
