74.7.241.58 - - [22/Jan/2026:08:49:23 -0500] "GET /q-~127Icr7uYBrUjkrPl4WbDDtiCiQp9Q0DD14019/ HTTP/1.1" 200 - "https://idolatekno.com/sitemap86.xml" "Mozilla/5.0 AppleWebKit/537.36 (KHTML, like Gecko; compatible; GPTBot/1.3; +https://openai.com/gptbot)"
66.249.70.36 - - [22/Jan/2026:08:49:23 -0500] "GET /?pid=26304226231&channel=reporter-chest-coach&cate_id=2518&page=https://mail.idolatekno.com/remote.do?q-~277fxIlmEKddxO36RxeJU9cNFBl0524aX11973/ HTTP/1.1" 200 85368 "-" "Mozilla/5.0 (Linux; Android 6.0.1; Nexus 5X Build/MMB29P) AppleWebKit/537.36 (KHTML, like Gecko) Chrome/143.0.7499.192 Mobile Safari/537.36 (compatible; Googlebot/2.1; +http://www.google.com/bot.html)"
66.249.64.128 - - [22/Jan/2026:08:49:23 -0500] "GET /?x=2166640003788&channel=107e18&from=https://idolatekno.com/super.py?items/052036283.htm HTTP/1.1" 200 85685 "-" "Mozilla/5.0 (Linux; Android 6.0.1; Nexus 5X Build/MMB29P) AppleWebKit/537.36 (KHTML, like Gecko) Chrome/143.0.7499.192 Mobile Safari/537.36 (compatible; GoogleOther)"
74.7.241.58 - - [22/Jan/2026:08:49:26 -0500] "GET /q-~176PElVy5lb6dF3tnEcmHZHvTHpn7a5Km33018/ HTTP/1.1" 200 - "https://idolatekno.com/?sitemap305.xml" "Mozilla/5.0 AppleWebKit/537.36 (KHTML, like Gecko; compatible; GPTBot/1.3; +https://openai.com/gptbot)"
66.249.70.36 - - [22/Jan/2026:08:49:26 -0500] "GET /q-~101z7u1BTDfmLtR6JJ5kLexZi0Yvk1Uuy655/ HTTP/1.1" 200 85649 "-" "Mozilla/5.0 (Linux; Android 6.0.1; Nexus 5X Build/MMB29P) AppleWebKit/537.36 (KHTML, like Gecko) Chrome/143.0.7499.192 Mobile Safari/537.36 (compatible; GoogleOther)"
74.7.241.58 - - [22/Jan/2026:08:49:29 -0500] "GET /q-~235xIHWD4TkgdS6hh4a23AoEWhmLbDymD16783/ HTTP/1.1" 200 - "https://idolatekno.com/sitemap14.xml" "Mozilla/5.0 AppleWebKit/537.36 (KHTML, like Gecko; compatible; GPTBot/1.3; +https://openai.com/gptbot)"
74.7.241.58 - - [22/Jan/2026:08:49:32 -0500] "GET /q-~262hNUHlwN8XZJE187AEcrZurivRuvOpI18158/ HTTP/1.1" 200 - "https://idolatekno.com/?sitemap442.xml" "Mozilla/5.0 AppleWebKit/537.36 (KHTML, like Gecko; compatible; GPTBot/1.3; +https://openai.com/gptbot)"
74.7.241.58 - - [22/Jan/2026:08:49:35 -0500] "GET /q-~272I6noyysjxXQodeogecG2LjS83YNnzN27866/ HTTP/1.1" 200 - "https://idolatekno.com/?sitemap1000.xml" "Mozilla/5.0 AppleWebKit/537.36 (KHTML, like Gecko; compatible; GPTBot/1.3; +https://openai.com/gptbot)"
202.76.133.90 - - [22/Jan/2026:08:49:36 -0500] "GET /q-~145SOiJB6NNYF2oImbs3SATca6LnStxxO39619/ HTTP/1.1" 200 - "-" "Mozilla/5.0 (Windows NT 5.1) AppleWebKit/535.1 (KHTML, like Gecko) Chrome/14.0.810.0 Safari/535.1"
66.249.64.132 - - [22/Jan/2026:08:49:36 -0500] "GET /?x=2166640003788&channel=107e18&from=https://idolatekno.com/super.py?items/140011133.htm HTTP/1.1" 200 85389 "-" "Mozilla/5.0 (Linux; Android 6.0.1; Nexus 5X Build/MMB29P) AppleWebKit/537.36 (KHTML, like Gecko) Chrome/143.0.7499.192 Mobile Safari/537.36 (compatible; GoogleOther)"
66.249.70.36 - - [22/Jan/2026:08:49:36 -0500] "GET /?pid=26304226231&channel=ratio-off-voluntary&cate_id=2518&page=https://mail.idolatekno.com/remote.do?items/019013244.htm HTTP/1.1" 200 85130 "-" "Mozilla/5.0 (Linux; Android 6.0.1; Nexus 5X Build/MMB29P) AppleWebKit/537.36 (KHTML, like Gecko) Chrome/143.0.7499.192 Mobile Safari/537.36 (compatible; Googlebot/2.1; +http://www.google.com/bot.html)"
66.249.64.132 - - [22/Jan/2026:08:49:38 -0500] "GET /?x=2166640003788&channel=107e18&from=https://idolatekno.com/super.py?items/217022684.htm HTTP/1.1" 200 85491 "-" "Mozilla/5.0 (Linux; Android 6.0.1; Nexus 5X Build/MMB29P) AppleWebKit/537.36 (KHTML, like Gecko) Chrome/143.0.7499.192 Mobile Safari/537.36 (compatible; GoogleOther)"
74.7.241.58 - - [22/Jan/2026:08:49:38 -0500] "GET /q-~107sgl4Bo4tBjljjuoaX4pcQnLfZ1cB9m35623/ HTTP/1.1" 200 - "https://idolatekno.com/sitemap29.xml" "Mozilla/5.0 AppleWebKit/537.36 (KHTML, like Gecko; compatible; GPTBot/1.3; +https://openai.com/gptbot)"
74.7.241.58 - - [22/Jan/2026:08:49:41 -0500] "GET /q-~223ZAd5mdZ0tXANjQvMvws8B0jZQEbk9A25833/ HTTP/1.1" 200 - "https://idolatekno.com/?sitemap503.xml" "Mozilla/5.0 AppleWebKit/537.36 (KHTML, like Gecko; compatible; GPTBot/1.3; +https://openai.com/gptbot)"
66.249.64.132 - - [22/Jan/2026:08:49:42 -0500] "GET /?x=2166640003788&channel=107e18&from=https://idolatekno.com/super.py?q-~279yke1dSnt742zGoq8Lh7mqqRxQRtniQ589/ HTTP/1.1" 200 85446 "-" "Mozilla/5.0 (Linux; Android 6.0.1; Nexus 5X Build/MMB29P) AppleWebKit/537.36 (KHTML, like Gecko) Chrome/143.0.7499.192 Mobile Safari/537.36 (compatible; GoogleOther)"
66.249.70.37 - - [22/Jan/2026:08:49:44 -0500] "GET /?pid=26304226231&channel=height-controversy-update&cate_id=2518&page=https://mail.idolatekno.com/remote.do?items/157030778.htm HTTP/1.1" 200 85332 "-" "Mozilla/5.0 (Linux; Android 6.0.1; Nexus 5X Build/MMB29P) AppleWebKit/537.36 (KHTML, like Gecko) Chrome/143.0.7499.192 Mobile Safari/537.36 (compatible; Googlebot/2.1; +http://www.google.com/bot.html)"
74.7.241.58 - - [22/Jan/2026:08:49:44 -0500] "GET /q-~255ecO4rYv2pQ4hx9NotrEc9VSVwSoVTl8827/ HTTP/1.1" 200 - "https://idolatekno.com/?sitemap1000.xml" "Mozilla/5.0 AppleWebKit/537.36 (KHTML, like Gecko; compatible; GPTBot/1.3; +https://openai.com/gptbot)"
66.249.64.128 - - [22/Jan/2026:08:49:44 -0500] "GET /?x=2166640003788&channel=107e18&from=https://idolatekno.com/super.py?items/281004446.htm HTTP/1.1" 200 86073 "-" "Mozilla/5.0 (Linux; Android 6.0.1; Nexus 5X Build/MMB29P) AppleWebKit/537.36 (KHTML, like Gecko) Chrome/143.0.7499.192 Mobile Safari/537.36 (compatible; GoogleOther)"
74.7.241.58 - - [22/Jan/2026:08:49:48 -0500] "GET /q-~147R9JOvYFmcGK0KXLiGfn8FcX5M2cAir35825/ HTTP/1.1" 200 - "https://idolatekno.com/?sitemap442.xml" "Mozilla/5.0 AppleWebKit/537.36 (KHTML, like Gecko; compatible; GPTBot/1.3; +https://openai.com/gptbot)"
74.7.241.58 - - [22/Jan/2026:08:49:51 -0500] "GET /q-~38jauhREFYNjFT4qiFbPF5SxiYZ6n70J37592/ HTTP/1.1" 200 - "https://idolatekno.com/?sitemap503.xml" "Mozilla/5.0 AppleWebKit/537.36 (KHTML, like Gecko; compatible; GPTBot/1.3; +https://openai.com/gptbot)"
66.249.70.36 - - [22/Jan/2026:08:49:51 -0500] "GET /?pid=26304226231&channel=dependent-curriculum-liability&cate_id=2518&page=https://mail.idolatekno.com/remote.do?items/096030087.htm HTTP/1.1" 200 84861 "-" "Mozilla/5.0 (Linux; Android 6.0.1; Nexus 5X Build/MMB29P) AppleWebKit/537.36 (KHTML, like Gecko) Chrome/143.0.7499.192 Mobile Safari/537.36 (compatible; Googlebot/2.1; +http://www.google.com/bot.html)"
66.249.64.129 - - [22/Jan/2026:08:49:52 -0500] "GET /pcmypage?callback=/product%2Fdetail%2m12035849475 HTTP/1.1" 403 555805 "-" "Mozilla/5.0 (Linux; Android 6.0.1; Nexus 5X Build/MMB29P) AppleWebKit/537.36 (KHTML, like Gecko) Chrome/143.0.7499.192 Mobile Safari/537.36 (compatible; GoogleOther)"
74.7.241.58 - - [22/Jan/2026:08:49:54 -0500] "GET /q-~277mHmMHbfEm4NFXjJFj349OMe3KygCXI49121/ HTTP/1.1" 200 - "https://idolatekno.com/sitemap29.xml" "Mozilla/5.0 AppleWebKit/537.36 (KHTML, like Gecko; compatible; GPTBot/1.3; +https://openai.com/gptbot)"
74.7.241.58 - - [22/Jan/2026:08:49:57 -0500] "GET /q-~78jQmKkYWYUhP6x5om7VYd9f1ofPDACn26218/ HTTP/1.1" 200 - "https://idolatekno.com/sitemap29.xml" "Mozilla/5.0 AppleWebKit/537.36 (KHTML, like Gecko; compatible; GPTBot/1.3; +https://openai.com/gptbot)"
66.249.70.37 - - [22/Jan/2026:08:49:58 -0500] "GET /?pid=26304226231&channel=family-flip-sneak&cate_id=2518&page=https://mail.idolatekno.com/remote.do?items/219029982.htm HTTP/1.1" 200 85863 "-" "Mozilla/5.0 (Linux; Android 6.0.1; Nexus 5X Build/MMB29P) AppleWebKit/537.36 (KHTML, like Gecko) Chrome/143.0.7499.192 Mobile Safari/537.36 (compatible; Googlebot/2.1; +http://www.google.com/bot.html)"
66.249.70.37 - - [22/Jan/2026:08:49:58 -0500] "GET /?pid=26304226231&channel=confuse-media-cognitive&cate_id=2518&page=https://mail.idolatekno.com/remote.do?q-~194LZ2gh7xLM5OeR7VqzNjrkUwnR07Z2e30890/ HTTP/1.1" 200 86162 "-" "Mozilla/5.0 (Linux; Android 6.0.1; Nexus 5X Build/MMB29P) AppleWebKit/537.36 (KHTML, like Gecko) Chrome/143.0.7499.192 Mobile Safari/537.36 (compatible; Googlebot/2.1; +http://www.google.com/bot.html)"
74.7.241.58 - - [22/Jan/2026:08:50:00 -0500] "GET /q-~229xJMEzW5bjiNiXCAcKPuyNb12s9b6OP47029/ HTTP/1.1" 200 - "https://idolatekno.com/sitemap16.xml" "Mozilla/5.0 AppleWebKit/537.36 (KHTML, like Gecko; compatible; GPTBot/1.3; +https://openai.com/gptbot)"
66.249.64.129 - - [22/Jan/2026:08:50:01 -0500] "GET /pcmypage?callback=/product%2Fdetail%2m67679433917 HTTP/1.1" 403 560301 "-" "Mozilla/5.0 (Linux; Android 6.0.1; Nexus 5X Build/MMB29P) AppleWebKit/537.36 (KHTML, like Gecko) Chrome/143.0.7499.192 Mobile Safari/537.36 (compatible; GoogleOther)"
66.249.70.38 - - [22/Jan/2026:08:50:02 -0500] "GET /?pid=26304226231&channel=subject-choice-preserve&cate_id=2518&page=https://mail.idolatekno.com/remote.do?q-~250ynfbkEdpan9X7nHPTezPpwMVlYEvbl18096/ HTTP/1.1" 200 86281 "-" "Mozilla/5.0 (Linux; Android 6.0.1; Nexus 5X Build/MMB29P) AppleWebKit/537.36 (KHTML, like Gecko) Chrome/143.0.7499.192 Mobile Safari/537.36 (compatible; Googlebot/2.1; +http://www.google.com/bot.html)"
74.7.241.58 - - [22/Jan/2026:08:50:03 -0500] "GET /q-~244JOJ5JYGBEtJPxjKkIfb1PS02NVvtQo32058/ HTTP/1.1" 200 - "https://idolatekno.com/?sitemap1000.xml" "Mozilla/5.0 AppleWebKit/537.36 (KHTML, like Gecko; compatible; GPTBot/1.3; +https://openai.com/gptbot)"
66.249.64.128 - - [22/Jan/2026:08:50:06 -0500] "GET /pcmypage?callback=/product%2Fdetail%2m46769472025 HTTP/1.1" 403 563189 "-" "Mozilla/5.0 (Linux; Android 6.0.1; Nexus 5X Build/MMB29P) AppleWebKit/537.36 (KHTML, like Gecko) Chrome/143.0.7499.192 Mobile Safari/537.36 (compatible; GoogleOther)"
74.7.241.58 - - [22/Jan/2026:08:50:06 -0500] "GET /q-~249jnRXEADRfm9eaGlKw2iKf0E2eG2Ljc36305/ HTTP/1.1" 200 - "https://idolatekno.com/sitemap29.xml" "Mozilla/5.0 AppleWebKit/537.36 (KHTML, like Gecko; compatible; GPTBot/1.3; +https://openai.com/gptbot)"
66.249.70.37 - - [22/Jan/2026:08:50:09 -0500] "GET /?pid=26304226231&channel=explode-poor-aim&cate_id=2518&page=https://mail.idolatekno.com/remote.do?items/096030087.htm HTTP/1.1" 200 84613 "-" "Mozilla/5.0 (Linux; Android 6.0.1; Nexus 5X Build/MMB29P) AppleWebKit/537.36 (KHTML, like Gecko) Chrome/143.0.7499.192 Mobile Safari/537.36 (compatible; Googlebot/2.1; +http://www.google.com/bot.html)"
74.7.241.58 - - [22/Jan/2026:08:50:10 -0500] "GET /q-~178dKzZXyANbEfsdR7YAGiMG1I57rb4hD9748/ HTTP/1.1" 200 - "https://idolatekno.com/?sitemap317.xml" "Mozilla/5.0 AppleWebKit/537.36 (KHTML, like Gecko; compatible; GPTBot/1.3; +https://openai.com/gptbot)"
2a03:2880:f80e:37:: - - [22/Jan/2026:08:50:12 -0500] "GET /m/octob71653126?id=1669384 HTTP/1.1" 200 - "-" "meta-externalagent/1.1 (+https://developers.facebook.com/docs/sharing/webmasters/crawler)"
74.7.241.58 - - [22/Jan/2026:08:50:13 -0500] "GET /q-~238Xw8pmsNkRPBfRYrOSkD1z80lKMqMmF23034/ HTTP/1.1" 200 - "https://idolatekno.com/?sitemap442.xml" "Mozilla/5.0 AppleWebKit/537.36 (KHTML, like Gecko; compatible; GPTBot/1.3; +https://openai.com/gptbot)"
74.7.241.58 - - [22/Jan/2026:08:50:16 -0500] "GET /q-~257uTo2sRt7jRL9hrYsBTvpt6jS6WLhJZ23429/ HTTP/1.1" 200 - "https://idolatekno.com/?sitemap442.xml" "Mozilla/5.0 AppleWebKit/537.36 (KHTML, like Gecko; compatible; GPTBot/1.3; +https://openai.com/gptbot)"
66.249.70.36 - - [22/Jan/2026:08:50:16 -0500] "GET /?pid=26304226231&channel=vehicle-paper-mentor&cate_id=2518&page=https://mail.idolatekno.com/remote.do?q-~43FkK4J9tJn66kE5hzy1fbmu6MZmgu7x19637/ HTTP/1.1" 200 85206 "-" "Mozilla/5.0 (Linux; Android 6.0.1; Nexus 5X Build/MMB29P) AppleWebKit/537.36 (KHTML, like Gecko) Chrome/143.0.7499.192 Mobile Safari/537.36 (compatible; Googlebot/2.1; +http://www.google.com/bot.html)"
66.249.64.132 - - [22/Jan/2026:08:50:18 -0500] "GET /q-~154ZeQmTZwRsvO5sA9LqDd2ABFVFoxQ7Z28094/ HTTP/1.1" 200 86057 "-" "Mozilla/5.0 (Linux; Android 6.0.1; Nexus 5X Build/MMB29P) AppleWebKit/537.36 (KHTML, like Gecko) Chrome/143.0.7499.192 Mobile Safari/537.36 (compatible; GoogleOther)"
74.7.241.58 - - [22/Jan/2026:08:50:19 -0500] "GET /q-~296wcUfrk01bUK5K02tKOlUeNhxqZSOtC5182/ HTTP/1.1" 200 - "https://idolatekno.com/?sitemap1000.xml" "Mozilla/5.0 AppleWebKit/537.36 (KHTML, like Gecko; compatible; GPTBot/1.3; +https://openai.com/gptbot)"
66.249.64.132 - - [22/Jan/2026:08:50:21 -0500] "GET /q-~237NAcpUP4O3yPZxLzD0DDnHU5OM5xsFh35621/ HTTP/1.1" 200 86876 "-" "Mozilla/5.0 (Linux; Android 6.0.1; Nexus 5X Build/MMB29P) AppleWebKit/537.36 (KHTML, like Gecko) Chrome/143.0.7499.192 Mobile Safari/537.36 (compatible; GoogleOther)"
74.7.241.58 - - [22/Jan/2026:08:50:22 -0500] "GET /q-~35FbKRm5YfY9KPV015YnbWOFTHxLTxDo26503/ HTTP/1.1" 200 - "https://idolatekno.com/?sitemap305.xml" "Mozilla/5.0 AppleWebKit/537.36 (KHTML, like Gecko; compatible; GPTBot/1.3; +https://openai.com/gptbot)"
66.249.64.132 - - [22/Jan/2026:08:50:23 -0500] "GET /q-~288IDnFsPRtmQfrpmcS0ZA1YuOBQnY37X35746/ HTTP/1.1" 200 86314 "-" "Mozilla/5.0 (Linux; Android 6.0.1; Nexus 5X Build/MMB29P) AppleWebKit/537.36 (KHTML, like Gecko) Chrome/143.0.7499.192 Mobile Safari/537.36 (compatible; GoogleOther)"
66.249.70.36 - - [22/Jan/2026:08:50:24 -0500] "GET /?pid=26304226231&channel=coordinator-ask-orientation&cate_id=2518&page=https://mail.idolatekno.com/remote.do?items/257017042.htm HTTP/1.1" 200 86194 "-" "Mozilla/5.0 (Linux; Android 6.0.1; Nexus 5X Build/MMB29P) AppleWebKit/537.36 (KHTML, like Gecko) Chrome/143.0.7499.192 Mobile Safari/537.36 (compatible; Googlebot/2.1; +http://www.google.com/bot.html)"
114.119.153.93 - - [22/Jan/2026:08:50:25 -0500] "GET /q-~211rgqzZe58nh2Oau5WFWMZyF1jdLhWjR47787/ HTTP/1.1" 200 - "https://mail.idolatekno.com/sitemapc.xml" "Mozilla/5.0 (Linux; Android 7.0;) AppleWebKit/537.36 (KHTML, like Gecko) Mobile Safari/537.36 (compatible; PetalBot;+https://webmaster.petalsearch.com/site/petalbot)"
74.7.241.58 - - [22/Jan/2026:08:50:25 -0500] "GET /q-~287shFrlwqTrPSZ02uTx4ATgLX7YL2pds18053/ HTTP/1.1" 200 - "https://idolatekno.com/sitemap78.xml" "Mozilla/5.0 AppleWebKit/537.36 (KHTML, like Gecko; compatible; GPTBot/1.3; +https://openai.com/gptbot)"
74.7.241.58 - - [22/Jan/2026:08:50:29 -0500] "GET /q-~157SyIWxRqwlxbUOkZS2n0UKGb8X7HR5Z31145/ HTTP/1.1" 200 - "https://idolatekno.com/?sitemap442.xml" "Mozilla/5.0 AppleWebKit/537.36 (KHTML, like Gecko; compatible; GPTBot/1.3; +https://openai.com/gptbot)"
66.249.70.37 - - [22/Jan/2026:08:50:32 -0500] "GET /?pid=26304226231&channel=some-mess-pulse&cate_id=2518&page=https://mail.idolatekno.com/remote.do?items/067037874.htm HTTP/1.1" 200 86440 "-" "Mozilla/5.0 (Linux; Android 6.0.1; Nexus 5X Build/MMB29P) AppleWebKit/537.36 (KHTML, like Gecko) Chrome/143.0.7499.192 Mobile Safari/537.36 (compatible; Googlebot/2.1; +http://www.google.com/bot.html)"
74.7.241.58 - - [22/Jan/2026:08:50:32 -0500] "GET /q-~12aGz7axNWamQ0UUummim26qVJpIq0ql13998/ HTTP/1.1" 200 - "https://idolatekno.com/sitemap21.xml" "Mozilla/5.0 AppleWebKit/537.36 (KHTML, like Gecko; compatible; GPTBot/1.3; +https://openai.com/gptbot)"
66.249.64.132 - - [22/Jan/2026:08:50:35 -0500] "GET /pcmypage?callback=/product%2Fdetail%2m50127550897 HTTP/1.1" 403 558450 "-" "Mozilla/5.0 (Linux; Android 6.0.1; Nexus 5X Build/MMB29P) AppleWebKit/537.36 (KHTML, like Gecko) Chrome/143.0.7499.192 Mobile Safari/537.36 (compatible; GoogleOther)"
74.7.241.58 - - [22/Jan/2026:08:50:35 -0500] "GET /q-~164GPkcHw7Yx3EeFcxkexttVHN5n1zx2t26560/ HTTP/1.1" 200 - "https://idolatekno.com/sitemap785.xml" "Mozilla/5.0 AppleWebKit/537.36 (KHTML, like Gecko; compatible; GPTBot/1.3; +https://openai.com/gptbot)"
114.119.132.76 - - [22/Jan/2026:08:50:36 -0500] "GET /q-~211k9REuhMIWTzu4y75FOkadV14BBgaEb15497/ HTTP/1.1" 200 - "https://mail.idolatekno.com/sitemapc.xml" "Mozilla/5.0 (Linux; Android 7.0;) AppleWebKit/537.36 (KHTML, like Gecko) Mobile Safari/537.36 (compatible; PetalBot;+https://webmaster.petalsearch.com/site/petalbot)"
66.249.64.128 - - [22/Jan/2026:08:50:37 -0500] "GET /?x=2166640003788&channel=107e18&from=https://idolatekno.com/super.py?items/027004080.htm HTTP/1.1" 200 84885 "-" "Mozilla/5.0 (Linux; Android 6.0.1; Nexus 5X Build/MMB29P) AppleWebKit/537.36 (KHTML, like Gecko) Chrome/143.0.7499.192 Mobile Safari/537.36 (compatible; GoogleOther)"
74.7.241.58 - - [22/Jan/2026:08:50:38 -0500] "GET /q-~170Dvydvd0gUwbNO0Bee5yBi4xCB1jUEZ25378/ HTTP/1.1" 200 - "https://idolatekno.com/?sitemap1000.xml" "Mozilla/5.0 AppleWebKit/537.36 (KHTML, like Gecko; compatible; GPTBot/1.3; +https://openai.com/gptbot)"
66.249.70.36 - - [22/Jan/2026:08:50:39 -0500] "GET /?pid=26304226231&channel=earnings-perhaps-mutual&cate_id=2518&page=https://mail.idolatekno.com/remote.do?q-~57SGoywzfk9HTULfRZaZo6cxY07noqDt32069/ HTTP/1.1" 200 85372 "-" "Mozilla/5.0 (Linux; Android 6.0.1; Nexus 5X Build/MMB29P) AppleWebKit/537.36 (KHTML, like Gecko) Chrome/143.0.7499.192 Mobile Safari/537.36 (compatible; Googlebot/2.1; +http://www.google.com/bot.html)"
74.7.241.58 - - [22/Jan/2026:08:50:42 -0500] "GET /q-~183NYbIif1CZxymsFDF0fN96qPQ5FRlsV4991/ HTTP/1.1" 200 - "https://idolatekno.com/sitemap29.xml" "Mozilla/5.0 AppleWebKit/537.36 (KHTML, like Gecko; compatible; GPTBot/1.3; +https://openai.com/gptbot)"
74.7.241.58 - - [22/Jan/2026:08:50:45 -0500] "GET /q-~218d9jDQcOML2atghnQjEoTEj1QhB4JuE12856/ HTTP/1.1" 200 - "https://idolatekno.com/sitemap21.xml" "Mozilla/5.0 AppleWebKit/537.36 (KHTML, like Gecko; compatible; GPTBot/1.3; +https://openai.com/gptbot)"
114.119.133.190 - - [22/Jan/2026:08:50:45 -0500] "GET /q-~211hfsnGMaO8iKEWvKbruFuqK1Iv7yA5U18009/ HTTP/1.1" 200 - "https://mail.idolatekno.com/sitemapb.xml" "Mozilla/5.0 (Linux; Android 7.0;) AppleWebKit/537.36 (KHTML, like Gecko) Mobile Safari/537.36 (compatible; PetalBot;+https://webmaster.petalsearch.com/site/petalbot)"
66.249.70.37 - - [22/Jan/2026:08:50:47 -0500] "GET /?pid=26304226231&channel=follow-note-whatever&cate_id=2518&page=https://mail.idolatekno.com/remote.do?items/220011251.htm HTTP/1.1" 200 85763 "-" "Mozilla/5.0 (Linux; Android 6.0.1; Nexus 5X Build/MMB29P) AppleWebKit/537.36 (KHTML, like Gecko) Chrome/143.0.7499.192 Mobile Safari/537.36 (compatible; Googlebot/2.1; +http://www.google.com/bot.html)"
114.119.135.195 - - [22/Jan/2026:08:50:47 -0500] "GET /q-~211fjwGTmgScm0pxBi9ATUec9a1L0rPPw38181/ HTTP/1.1" 200 - "https://mail.idolatekno.com/sitemape.xml" "Mozilla/5.0 (Linux; Android 7.0;) AppleWebKit/537.36 (KHTML, like Gecko) Mobile Safari/537.36 (compatible; PetalBot;+https://webmaster.petalsearch.com/site/petalbot)"
74.7.241.58 - - [22/Jan/2026:08:50:48 -0500] "GET /q-~101q2luA8ZgmKtmbTvBKBOOjk232bETDL1027/ HTTP/1.1" 200 - "https://idolatekno.com/?sitemap1000.xml" "Mozilla/5.0 AppleWebKit/537.36 (KHTML, like Gecko; compatible; GPTBot/1.3; +https://openai.com/gptbot)"
66.249.64.132 - - [22/Jan/2026:08:50:50 -0500] "GET /?x=2166640003788&channel=107e18&from=https://idolatekno.com/super.py?items/226024223.htm HTTP/1.1" 200 85851 "-" "Mozilla/5.0 (Linux; Android 6.0.1; Nexus 5X Build/MMB29P) AppleWebKit/537.36 (KHTML, like Gecko) Chrome/143.0.7499.192 Mobile Safari/537.36 (compatible; GoogleOther)"
74.7.241.58 - - [22/Jan/2026:08:50:51 -0500] "GET /q-~237FNAcIJPqUqr0vDt6emZp07SUKvRlrr27767/ HTTP/1.1" 200 - "https://idolatekno.com/sitemap49.xml" "Mozilla/5.0 AppleWebKit/537.36 (KHTML, like Gecko; compatible; GPTBot/1.3; +https://openai.com/gptbot)"
66.249.64.129 - - [22/Jan/2026:08:50:52 -0500] "GET /pcmypage?callback=/product%2Fdetail%2m70141421528 HTTP/1.1" 403 555944 "-" "Mozilla/5.0 (Linux; Android 6.0.1; Nexus 5X Build/MMB29P) AppleWebKit/537.36 (KHTML, like Gecko) Chrome/143.0.7499.192 Mobile Safari/537.36 (compatible; GoogleOther)"
74.7.241.58 - - [22/Jan/2026:08:50:54 -0500] "GET /q-~174nB1PbCSbm5abXqgDvii2NIsh1IaSKv20016/ HTTP/1.1" 200 - "https://idolatekno.com/?sitemap305.xml" "Mozilla/5.0 AppleWebKit/537.36 (KHTML, like Gecko; compatible; GPTBot/1.3; +https://openai.com/gptbot)"
66.249.70.37 - - [22/Jan/2026:08:50:54 -0500] "GET /?pid=26304226231&channel=publicly-silent-one-third&cate_id=2518&page=https://mail.idolatekno.com/remote.do?items/252009941.htm HTTP/1.1" 200 86490 "-" "Mozilla/5.0 (Linux; Android 6.0.1; Nexus 5X Build/MMB29P) AppleWebKit/537.36 (KHTML, like Gecko) Chrome/143.0.7499.192 Mobile Safari/537.36 (compatible; Googlebot/2.1; +http://www.google.com/bot.html)"
196.179.153.234 - - [22/Jan/2026:08:50:55 -0500] "GET /q-~146k90ORoHrfZVrXqEov06l9XwC4YZdnE45376/ HTTP/1.1" 200 - "-" "Mozilla/5.0 (Windows; U; Windows NT 5.1; hu; rv:1.9.2.17) Gecko/20110420 Firefox/3.6.17 (.NET CLR 3.5.30729)"
74.7.241.58 - - [22/Jan/2026:08:50:57 -0500] "GET /q-~47Zyw5Q5lHGD3RfUDV7dhr8nzeqvyOeb48425/ HTTP/1.1" 200 - "https://idolatekno.com/sitemap29.xml" "Mozilla/5.0 AppleWebKit/537.36 (KHTML, like Gecko; compatible; GPTBot/1.3; +https://openai.com/gptbot)"
74.7.241.58 - - [22/Jan/2026:08:51:01 -0500] "GET /q-~213jO9H4mRCGjheG2eWRFfosPZOIR0iwz25521/ HTTP/1.1" 200 - "https://idolatekno.com/?sitemap317.xml" "Mozilla/5.0 AppleWebKit/537.36 (KHTML, like Gecko; compatible; GPTBot/1.3; +https://openai.com/gptbot)"
66.249.70.38 - - [22/Jan/2026:08:51:02 -0500] "GET /?pid=26304226231&channel=definitely-annual-earnings&cate_id=2518&page=https://mail.idolatekno.com/remote.do?q-~110uUe9gHwa3EjR869vN1g4ToxUL1IWkl45076/ HTTP/1.1" 200 86106 "-" "Mozilla/5.0 (Linux; Android 6.0.1; Nexus 5X Build/MMB29P) AppleWebKit/537.36 (KHTML, like Gecko) Chrome/143.0.7499.192 Mobile Safari/537.36 (compatible; Googlebot/2.1; +http://www.google.com/bot.html)"
74.7.241.58 - - [22/Jan/2026:08:51:04 -0500] "GET /q-~193TwH5zKdawXBXfCr0RQw8N5jgqIB6wa33935/ HTTP/1.1" 200 - "https://idolatekno.com/sitemap16.xml" "Mozilla/5.0 AppleWebKit/537.36 (KHTML, like Gecko; compatible; GPTBot/1.3; +https://openai.com/gptbot)"
114.119.142.186 - - [22/Jan/2026:08:51:04 -0500] "GET /q-~211f1FQ1YSrcpAYM2xvNTpa5cg2laaIps37351/ HTTP/1.1" 200 - "https://mail.idolatekno.com/sitemapd.xml" "Mozilla/5.0 (Linux; Android 7.0;) AppleWebKit/537.36 (KHTML, like Gecko) Mobile Safari/537.36 (compatible; PetalBot;+https://webmaster.petalsearch.com/site/petalbot)"
66.249.64.128 - - [22/Jan/2026:08:51:04 -0500] "GET /pcmypage?callback=/product%2Fdetail%2m56578599702 HTTP/1.1" 403 557086 "-" "Mozilla/5.0 (Linux; Android 6.0.1; Nexus 5X Build/MMB29P) AppleWebKit/537.36 (KHTML, like Gecko) Chrome/143.0.7499.192 Mobile Safari/537.36 (compatible; GoogleOther)"
74.7.241.58 - - [22/Jan/2026:08:51:07 -0500] "GET /q-~155ZmL5l4Rsarr4OCYKQdzc5gkm1tiOta9299/ HTTP/1.1" 200 - "https://idolatekno.com/?sitemap1000.xml" "Mozilla/5.0 AppleWebKit/537.36 (KHTML, like Gecko; compatible; GPTBot/1.3; +https://openai.com/gptbot)"
66.249.64.132 - - [22/Jan/2026:08:51:09 -0500] "GET /pcmypage?callback=/product%2Fdetail%2m80987147784 HTTP/1.1" 403 556713 "-" "Mozilla/5.0 (Linux; Android 6.0.1; Nexus 5X Build/MMB29P) AppleWebKit/537.36 (KHTML, like Gecko) Chrome/143.0.7499.192 Mobile Safari/537.36 (compatible; GoogleOther)"
74.7.241.58 - - [22/Jan/2026:08:51:10 -0500] "GET /q-~245hNjco6IwglUMxLkP2CkNwxA49o2Vdl2855/ HTTP/1.1" 200 - "https://idolatekno.com/sitemap63.xml" "Mozilla/5.0 AppleWebKit/537.36 (KHTML, like Gecko; compatible; GPTBot/1.3; +https://openai.com/gptbot)"
74.7.241.58 - - [22/Jan/2026:08:51:13 -0500] "GET /q-~180zSbXAsYqI8Tho71ia7FFNdMY0QpZNA4676/ HTTP/1.1" 200 - "https://idolatekno.com/sitemap63.xml" "Mozilla/5.0 AppleWebKit/537.36 (KHTML, like Gecko; compatible; GPTBot/1.3; +https://openai.com/gptbot)"
66.249.70.33 - - [22/Jan/2026:08:51:16 -0500] "GET /?pid=26304226231&channel=diabetes-rid-instructor&cate_id=2518&page=https://mail.idolatekno.com/remote.do?q-~235xskPIIj1Aptu56bKefF0uaQA3l2Mmm43713/ HTTP/1.1" 200 86519 "-" "Mozilla/5.0 (Linux; Android 6.0.1; Nexus 5X Build/MMB29P) AppleWebKit/537.36 (KHTML, like Gecko) Chrome/143.0.7499.192 Mobile Safari/537.36 (compatible; Googlebot/2.1; +http://www.google.com/bot.html)"
66.249.70.32 - - [22/Jan/2026:08:51:16 -0500] "GET /?pid=26304226231&channel=whenever-born-twist&cate_id=2518&page=https://mail.idolatekno.com/remote.do?q-~258G87u13VSnJMNaNGRUD9CQrKC9zXb3i45718/ HTTP/1.1" 200 86091 "-" "Mozilla/5.0 (Linux; Android 6.0.1; Nexus 5X Build/MMB29P) AppleWebKit/537.36 (KHTML, like Gecko) Chrome/143.0.7499.192 Mobile Safari/537.36 (compatible; Googlebot/2.1; +http://www.google.com/bot.html)"
74.7.241.58 - - [22/Jan/2026:08:51:16 -0500] "GET /q-~113aCD4wKUHfnFcfnPt9ldFqQ6o4DQf8r25737/ HTTP/1.1" 200 - "https://idolatekno.com/sitemap78.xml" "Mozilla/5.0 AppleWebKit/537.36 (KHTML, like Gecko; compatible; GPTBot/1.3; +https://openai.com/gptbot)"
114.119.142.186 - - [22/Jan/2026:08:51:19 -0500] "GET /q-~211eCiH10FuGuvPATlJt6aEZCNIuk61JW7233/ HTTP/1.1" 200 - "https://mail.idolatekno.com/sitemapc.xml" "Mozilla/5.0 (Linux; Android 7.0;) AppleWebKit/537.36 (KHTML, like Gecko) Mobile Safari/537.36 (compatible; PetalBot;+https://webmaster.petalsearch.com/site/petalbot)"
66.249.64.132 - - [22/Jan/2026:08:51:18 -0500] "GET /q-~158DZiplYYeW5WfCdrAXRjKqwG7c960MI47222/ HTTP/1.1" 200 85399 "-" "Mozilla/5.0 (Linux; Android 6.0.1; Nexus 5X Build/MMB29P) AppleWebKit/537.36 (KHTML, like Gecko) Chrome/143.0.7499.192 Mobile Safari/537.36 (compatible; GoogleOther)"
66.249.70.32 - - [22/Jan/2026:08:51:20 -0500] "GET /?pid=26304226231&channel=hate-examine-origin&cate_id=2518&page=https://mail.idolatekno.com/remote.do?q-~59C4LpT7sfA11Bug0UPrCR89gEOHAJGy16837/ HTTP/1.1" 200 86024 "-" "Mozilla/5.0 (Linux; Android 6.0.1; Nexus 5X Build/MMB29P) AppleWebKit/537.36 (KHTML, like Gecko) Chrome/143.0.7499.192 Mobile Safari/537.36 (compatible; Googlebot/2.1; +http://www.google.com/bot.html)"
65.19.141.115 - - [22/Jan/2026:08:51:20 -0500] "GET / HTTP/1.1" 200 - "-" "Mozilla/5.0 (Macintosh; Intel Mac OS X 10_15_7) AppleWebKit/537.36 (KHTML, like Gecko) Chrome/141.0.7390.66 Safari/537.36"
74.7.241.58 - - [22/Jan/2026:08:51:20 -0500] "GET /q-~248PgX7MoMtI4q6OSIFNpVNBdAd8DA1Bl46802/ HTTP/1.1" 200 - "https://idolatekno.com/sitemap29.xml" "Mozilla/5.0 AppleWebKit/537.36 (KHTML, like Gecko; compatible; GPTBot/1.3; +https://openai.com/gptbot)"
74.7.241.58 - - [22/Jan/2026:08:51:23 -0500] "GET /q-~190g71df1T75LSQpfJxWwvsNLXsaNzKSJ16798/ HTTP/1.1" 200 - "https://idolatekno.com/?sitemap317.xml" "Mozilla/5.0 AppleWebKit/537.36 (KHTML, like Gecko; compatible; GPTBot/1.3; +https://openai.com/gptbot)"
66.249.70.33 - - [22/Jan/2026:08:51:25 -0500] "GET /?pid=26304226231&channel=rider-carbon-sprinkle&cate_id=2518&page=https://mail.idolatekno.com/remote.do?q-~49QiR8iSfVVk9v4mel8X1QZ06FbgMzSZ38783/ HTTP/1.1" 200 86507 "-" "Mozilla/5.0 (Linux; Android 6.0.1; Nexus 5X Build/MMB29P) AppleWebKit/537.36 (KHTML, like Gecko) Chrome/143.0.7499.192 Mobile Safari/537.36 (compatible; Googlebot/2.1; +http://www.google.com/bot.html)"
74.7.241.58 - - [22/Jan/2026:08:51:26 -0500] "GET /q-~261UzugaWtHzEgJ9G3LBg2hhbPTlav3xD16991/ HTTP/1.1" 200 - "https://idolatekno.com/?sitemap317.xml" "Mozilla/5.0 AppleWebKit/537.36 (KHTML, like Gecko; compatible; GPTBot/1.3; +https://openai.com/gptbot)"
66.249.64.108 - - [22/Jan/2026:08:51:26 -0500] "GET /q-~270eThw5GfbbsHf1iMBt5UnRFVQUrA8LE5052/ HTTP/1.1" 200 85810 "-" "Mozilla/5.0 (Linux; Android 6.0.1; Nexus 5X Build/MMB29P) AppleWebKit/537.36 (KHTML, like Gecko) Chrome/143.0.7499.192 Mobile Safari/537.36 (compatible; GoogleOther)"
74.7.241.58 - - [22/Jan/2026:08:51:29 -0500] "GET /q-~229Y1JFQyXwWwY0UiZ3XgOrJdKQz5GokO30839/ HTTP/1.1" 200 - "https://idolatekno.com/?sitemap442.xml" "Mozilla/5.0 AppleWebKit/537.36 (KHTML, like Gecko; compatible; GPTBot/1.3; +https://openai.com/gptbot)"
74.7.241.58 - - [22/Jan/2026:08:51:32 -0500] "GET /q-~140k3pPXaC3t6IK1PtmJNcp2MeFTwJzpV21216/ HTTP/1.1" 200 - "https://idolatekno.com/?sitemap503.xml" "Mozilla/5.0 AppleWebKit/537.36 (KHTML, like Gecko; compatible; GPTBot/1.3; +https://openai.com/gptbot)"
66.249.64.132 - - [22/Jan/2026:08:51:33 -0500] "GET /?u=2699771933667&channel=132e36&from=https://idolatekno.com/remote.aspx?items/077015770.htm HTTP/1.1" 200 85577 "-" "Mozilla/5.0 (Linux; Android 6.0.1; Nexus 5X Build/MMB29P) AppleWebKit/537.36 (KHTML, like Gecko) Chrome/143.0.7499.192 Mobile Safari/537.36 (compatible; GoogleOther)"
66.249.70.32 - - [22/Jan/2026:08:51:33 -0500] "GET /?pid=26304226231&channel=portion-hit-film&cate_id=2518&page=https://mail.idolatekno.com/remote.do?items/172018827.htm HTTP/1.1" 200 85367 "-" "Mozilla/5.0 (Linux; Android 6.0.1; Nexus 5X Build/MMB29P) AppleWebKit/537.36 (KHTML, like Gecko) Chrome/143.0.7499.192 Mobile Safari/537.36 (compatible; Googlebot/2.1; +http://www.google.com/bot.html)"
74.7.241.58 - - [22/Jan/2026:08:51:35 -0500] "GET /q-~70U6U7ccu2JxRGDZ6ccVAtb6LTSMDyje48326/ HTTP/1.1" 200 - "https://idolatekno.com/sitemap29.xml" "Mozilla/5.0 AppleWebKit/537.36 (KHTML, like Gecko; compatible; GPTBot/1.3; +https://openai.com/gptbot)"
114.119.153.93 - - [22/Jan/2026:08:51:37 -0500] "GET /q-~211Z4oX5ssI37wKyLjqEmT1Hs3SSjOUqX37773/ HTTP/1.1" 200 - "https://mail.idolatekno.com/sitemapb.xml" "Mozilla/5.0 (Linux; Android 7.0;) AppleWebKit/537.36 (KHTML, like Gecko) Mobile Safari/537.36 (compatible; PetalBot;+https://webmaster.petalsearch.com/site/petalbot)"
74.7.241.58 - - [22/Jan/2026:08:51:38 -0500] "GET /q-~247GYZxZWvVZSVY3vBNouf0qsTnn13WHf46441/ HTTP/1.1" 200 - "https://idolatekno.com/?sitemap442.xml" "Mozilla/5.0 AppleWebKit/537.36 (KHTML, like Gecko; compatible; GPTBot/1.3; +https://openai.com/gptbot)"
66.249.70.33 - - [22/Jan/2026:08:51:40 -0500] "GET /?pid=26304226231&channel=apply-welfare-legislature&cate_id=2518&page=https://mail.idolatekno.com/remote.do?q-~197pOQtOPRKAgYyNCa4F7gKNrR7FBKuzE15203/ HTTP/1.1" 200 86268 "-" "Mozilla/5.0 (Linux; Android 6.0.1; Nexus 5X Build/MMB29P) AppleWebKit/537.36 (KHTML, like Gecko) Chrome/143.0.7499.192 Mobile Safari/537.36 (compatible; Googlebot/2.1; +http://www.google.com/bot.html)"
74.7.241.58 - - [22/Jan/2026:08:51:42 -0500] "GET /q-~173LAXdbrvgHB0QbdY7gFa7kYZu0HuUdM46707/ HTTP/1.1" 200 - "https://idolatekno.com/?sitemap1000.xml" "Mozilla/5.0 AppleWebKit/537.36 (KHTML, like Gecko; compatible; GPTBot/1.3; +https://openai.com/gptbot)"
66.249.64.132 - - [22/Jan/2026:08:51:43 -0500] "GET /pcmypage?callback=/product%2Fdetail%2m38261510175 HTTP/1.1" 403 556791 "-" "Mozilla/5.0 (Linux; Android 6.0.1; Nexus 5X Build/MMB29P) AppleWebKit/537.36 (KHTML, like Gecko) Chrome/143.0.7499.192 Mobile Safari/537.36 (compatible; GoogleOther)"
74.7.241.58 - - [22/Jan/2026:08:51:45 -0500] "GET /q-~53BJc8WDpREsQ0eiSPrcz1pcgD1nR7WO37443/ HTTP/1.1" 200 - "https://idolatekno.com/sitemap27.xml" "Mozilla/5.0 AppleWebKit/537.36 (KHTML, like Gecko; compatible; GPTBot/1.3; +https://openai.com/gptbot)"
66.249.64.128 - - [22/Jan/2026:08:51:47 -0500] "GET /pcmypage?callback=/product%2Fdetail%2m16692190671 HTTP/1.1" 403 560708 "-" "Mozilla/5.0 (Linux; Android 6.0.1; Nexus 5X Build/MMB29P) AppleWebKit/537.36 (KHTML, like Gecko) Chrome/143.0.7499.192 Mobile Safari/537.36 (compatible; GoogleOther)"
74.7.241.58 - - [22/Jan/2026:08:51:48 -0500] "GET /q-~255CBOzSLCKcibeKayDUY2gOH1K56Gi6Z42269/ HTTP/1.1" 200 - "https://idolatekno.com/?sitemap503.xml" "Mozilla/5.0 AppleWebKit/537.36 (KHTML, like Gecko; compatible; GPTBot/1.3; +https://openai.com/gptbot)"
74.7.241.58 - - [22/Jan/2026:08:51:51 -0500] "GET /q-~283rPOXU06rjXq3lbRIOghwlOfCP3Ye9Z12439/ HTTP/1.1" 200 - "https://idolatekno.com/?sitemap305.xml" "Mozilla/5.0 AppleWebKit/537.36 (KHTML, like Gecko; compatible; GPTBot/1.3; +https://openai.com/gptbot)"
66.249.70.33 - - [22/Jan/2026:08:51:54 -0500] "GET /?pid=26304226231&channel=shrimp-lens-broken&cate_id=2518&page=https://mail.idolatekno.com/remote.do?items/295003854.htm HTTP/1.1" 200 85652 "-" "Mozilla/5.0 (Linux; Android 6.0.1; Nexus 5X Build/MMB29P) AppleWebKit/537.36 (KHTML, like Gecko) Chrome/143.0.7499.192 Mobile Safari/537.36 (compatible; Googlebot/2.1; +http://www.google.com/bot.html)"
74.7.241.58 - - [22/Jan/2026:08:51:55 -0500] "GET /q-~146PzlePuOvmfg9edk20PQclC3hQdOR1y27866/ HTTP/1.1" 200 - "https://idolatekno.com/sitemap14.xml" "Mozilla/5.0 AppleWebKit/537.36 (KHTML, like Gecko; compatible; GPTBot/1.3; +https://openai.com/gptbot)"
74.7.241.58 - - [22/Jan/2026:08:51:58 -0500] "GET /q-~265MWz2zdSdSkYuQeCSarAml89vOb7E2G33225/ HTTP/1.1" 200 - "https://idolatekno.com/?sitemap1000.xml" "Mozilla/5.0 AppleWebKit/537.36 (KHTML, like Gecko; compatible; GPTBot/1.3; +https://openai.com/gptbot)"
66.249.64.129 - - [22/Jan/2026:08:52:00 -0500] "GET /?u=2699771933667&channel=132e36&from=https://idolatekno.com/remote.aspx?items/285029154.htm HTTP/1.1" 200 85413 "-" "Mozilla/5.0 (Linux; Android 6.0.1; Nexus 5X Build/MMB29P) AppleWebKit/537.36 (KHTML, like Gecko) Chrome/143.0.7499.192 Mobile Safari/537.36 (compatible; GoogleOther)"
74.7.241.58 - - [22/Jan/2026:08:52:01 -0500] "GET /q-~12cwbh5BO2dlMTH4brPUBOzJ4yW8jgkd13484/ HTTP/1.1" 200 - "https://idolatekno.com/?sitemap442.xml" "Mozilla/5.0 AppleWebKit/537.36 (KHTML, like Gecko; compatible; GPTBot/1.3; +https://openai.com/gptbot)"
66.249.70.32 - - [22/Jan/2026:08:52:01 -0500] "GET /?pid=26304226231&channel=cop-discussion-sun&cate_id=2518&page=https://mail.idolatekno.com/remote.do?items/235040150.htm HTTP/1.1" 200 86062 "-" "Mozilla/5.0 (Linux; Android 6.0.1; Nexus 5X Build/MMB29P) AppleWebKit/537.36 (KHTML, like Gecko) Chrome/143.0.7499.192 Mobile Safari/537.36 (compatible; Googlebot/2.1; +http://www.google.com/bot.html)"
66.249.70.34 - - [22/Jan/2026:08:52:02 -0500] "GET /q-~191vjQV1ddtD9pEry9XD74bLiXxTzuRoJ35747/ HTTP/1.1" 200 86531 "-" "Mozilla/5.0 (Linux; Android 6.0.1; Nexus 5X Build/MMB29P) AppleWebKit/537.36 (KHTML, like Gecko) Chrome/143.0.7499.192 Mobile Safari/537.36 (compatible; Googlebot/2.1; +http://www.google.com/bot.html)"
66.249.64.132 - - [22/Jan/2026:08:52:03 -0500] "GET /pcmypage?callback=/product%2Fdetail%2m57904705434 HTTP/1.1" 403 553597 "-" "Mozilla/5.0 (Linux; Android 6.0.1; Nexus 5X Build/MMB29P) AppleWebKit/537.36 (KHTML, like Gecko) Chrome/143.0.7499.192 Mobile Safari/537.36 (compatible; GoogleOther)"
74.7.241.58 - - [22/Jan/2026:08:52:04 -0500] "GET /q-~73TGxiEB02mqmWLh7hZFAtU5dXg6FPcT24323/ HTTP/1.1" 200 - "https://idolatekno.com/sitemap86.xml" "Mozilla/5.0 AppleWebKit/537.36 (KHTML, like Gecko; compatible; GPTBot/1.3; +https://openai.com/gptbot)"
114.119.132.76 - - [22/Jan/2026:08:52:04 -0500] "GET /q-~211XU6dhU1xe6oPthGtAy6HS7X9GtHVFY1325/ HTTP/1.1" 200 - "https://mail.idolatekno.com/sitemapc.xml" "Mozilla/5.0 (Linux; Android 7.0;) AppleWebKit/537.36 (KHTML, like Gecko) Mobile Safari/537.36 (compatible; PetalBot;+https://webmaster.petalsearch.com/site/petalbot)"
74.7.241.58 - - [22/Jan/2026:08:52:07 -0500] "GET /q-~293wPwkqhx43hkOweqLdVveZIRUOe2x2a14763/ HTTP/1.1" 200 - "https://idolatekno.com/?sitemap305.xml" "Mozilla/5.0 AppleWebKit/537.36 (KHTML, like Gecko; compatible; GPTBot/1.3; +https://openai.com/gptbot)"
66.249.70.32 - - [22/Jan/2026:08:52:09 -0500] "GET /?pid=26304226231&channel=huge-totally-flour&cate_id=2518&page=https://mail.idolatekno.com/remote.do?items/082023135.htm HTTP/1.1" 200 85639 "-" "Mozilla/5.0 (Linux; Android 6.0.1; Nexus 5X Build/MMB29P) AppleWebKit/537.36 (KHTML, like Gecko) Chrome/143.0.7499.192 Mobile Safari/537.36 (compatible; Googlebot/2.1; +http://www.google.com/bot.html)"
74.7.241.58 - - [22/Jan/2026:08:52:10 -0500] "GET /q-~141VG51a2LNzPy1yJYUzlnk2amMuapfnC22643/ HTTP/1.1" 200 - "https://idolatekno.com/?sitemap1000.xml" "Mozilla/5.0 AppleWebKit/537.36 (KHTML, like Gecko; compatible; GPTBot/1.3; +https://openai.com/gptbot)"
2a03:2880:f80e:9:: - - [22/Jan/2026:08:52:11 -0500] "GET /m/door42564091?id=2580349 HTTP/1.1" 200 - "-" "meta-externalagent/1.1 (+https://developers.facebook.com/docs/sharing/webmasters/crawler)"
212.35.73.186 - - [22/Jan/2026:08:52:14 -0500] "GET /q-~147ZsGBvSO8aHn6ccp6X18IBwlIXJhqka21465/ HTTP/1.1" 200 - "-" "Mozilla/5.0 (X11; Linux i686) AppleWebKit/534.30 (KHTML, like Gecko) Ubuntu/10.10 Chromium/12.0.742.112 Chrome/12.0.742.112 Safari/534.30"
74.7.241.58 - - [22/Jan/2026:08:52:14 -0500] "GET /q-~155wLVL3HLZY1djl8T5JuZIGeWUKIttNe33055/ HTTP/1.1" 200 - "https://idolatekno.com/sitemap21.xml" "Mozilla/5.0 AppleWebKit/537.36 (KHTML, like Gecko; compatible; GPTBot/1.3; +https://openai.com/gptbot)"
66.249.64.132 - - [22/Jan/2026:08:52:16 -0500] "GET /pcmypage?callback=/product%2Fdetail%2m16018627546 HTTP/1.1" 403 558560 "-" "Mozilla/5.0 (Linux; Android 6.0.1; Nexus 5X Build/MMB29P) AppleWebKit/537.36 (KHTML, like Gecko) Chrome/143.0.7499.192 Mobile Safari/537.36 (compatible; GoogleOther)"
66.249.70.32 - - [22/Jan/2026:08:52:16 -0500] "GET /?pid=26304226231&channel=notebook-lately-be&cate_id=2518&page=https://mail.idolatekno.com/remote.do?q-~121s3Gx4gnsabX1pZ3lunNVRTMbTOQkuK15215/ HTTP/1.1" 200 86645 "-" "Mozilla/5.0 (Linux; Android 6.0.1; Nexus 5X Build/MMB29P) AppleWebKit/537.36 (KHTML, like Gecko) Chrome/143.0.7499.192 Mobile Safari/537.36 (compatible; Googlebot/2.1; +http://www.google.com/bot.html)"
74.7.241.58 - - [22/Jan/2026:08:52:17 -0500] "GET /q-~186XpXgKTIz9pUuX0Uo4Jd4UrVaxUETdm11328/ HTTP/1.1" 200 - "https://idolatekno.com/?sitemap317.xml" "Mozilla/5.0 AppleWebKit/537.36 (KHTML, like Gecko; compatible; GPTBot/1.3; +https://openai.com/gptbot)"
66.249.70.32 - - [22/Jan/2026:08:52:17 -0500] "GET /?pid=26304226231&channel=Palestinian-repeatedly-gray&cate_id=2518&page=https://mail.idolatekno.com/remote.do?q-~189oC5VQRkPWLJfStNN9GZ7UIF86tH9PN47535/ HTTP/1.1" 200 85746 "-" "Mozilla/5.0 (Linux; Android 6.0.1; Nexus 5X Build/MMB29P) AppleWebKit/537.36 (KHTML, like Gecko) Chrome/143.0.7499.192 Mobile Safari/537.36 (compatible; Googlebot/2.1; +http://www.google.com/bot.html)"
66.249.64.128 - - [22/Jan/2026:08:52:18 -0500] "GET /pcmypage?callback=/product%2Fdetail%2m751290521 HTTP/1.1" 403 558120 "-" "Mozilla/5.0 (Linux; Android 6.0.1; Nexus 5X Build/MMB29P) AppleWebKit/537.36 (KHTML, like Gecko) Chrome/143.0.7499.192 Mobile Safari/537.36 (compatible; GoogleOther)"
74.7.241.58 - - [22/Jan/2026:08:52:20 -0500] "GET /q-~228ZgZAgMg4GQIicjIylG3ar75RM7dPkF14782/ HTTP/1.1" 200 - "https://idolatekno.com/?sitemap442.xml" "Mozilla/5.0 AppleWebKit/537.36 (KHTML, like Gecko; compatible; GPTBot/1.3; +https://openai.com/gptbot)"
66.249.70.32 - - [22/Jan/2026:08:52:20 -0500] "GET /?pid=26304226231&channel=terrain-recruit-finish&cate_id=2518&page=https://mail.idolatekno.com/remote.do?q-~13ZU4IdlZ86D4X4SnIKQDSCBzXjWIkNI39301/ HTTP/1.1" 200 85356 "-" "Mozilla/5.0 (Linux; Android 6.0.1; Nexus 5X Build/MMB29P) AppleWebKit/537.36 (KHTML, like Gecko) Chrome/143.0.7499.192 Mobile Safari/537.36 (compatible; Googlebot/2.1; +http://www.google.com/bot.html)"
74.7.241.58 - - [22/Jan/2026:08:52:23 -0500] "GET /q-~102oNsiArgHNR50TLnFun6jBLgyNzH9HJ19294/ HTTP/1.1" 200 - "https://idolatekno.com/sitemap27.xml" "Mozilla/5.0 AppleWebKit/537.36 (KHTML, like Gecko; compatible; GPTBot/1.3; +https://openai.com/gptbot)"
66.249.70.33 - - [22/Jan/2026:08:52:26 -0500] "GET /?pid=26304226231&channel=tobacco-generally-breeze&cate_id=2518&page=https://mail.idolatekno.com/remote.do?q-~104dWcqpVvSBjDVsypqQAjjsFGwEJy1yb37342/ HTTP/1.1" 200 85915 "-" "Mozilla/5.0 (Linux; Android 6.0.1; Nexus 5X Build/MMB29P) AppleWebKit/537.36 (KHTML, like Gecko) Chrome/143.0.7499.192 Mobile Safari/537.36 (compatible; Googlebot/2.1; +http://www.google.com/bot.html)"
74.7.241.58 - - [22/Jan/2026:08:52:27 -0500] "GET /q-~188QFY7wNSMufb7Ec8CQMJJNK6nbDtcCX48194/ HTTP/1.1" 200 - "https://idolatekno.com/?sitemap503.xml" "Mozilla/5.0 AppleWebKit/537.36 (KHTML, like Gecko; compatible; GPTBot/1.3; +https://openai.com/gptbot)"
2a03:2880:f80e:4b:: - - [22/Jan/2026:08:52:27 -0500] "GET /m/advic30440922?id=457180 HTTP/1.1" 200 - "-" "meta-externalagent/1.1 (+https://developers.facebook.com/docs/sharing/webmasters/crawler)"
74.7.241.58 - - [22/Jan/2026:08:52:30 -0500] "GET /q-~262HhOpG1Db7kg5p3apqe0EnrINMpnaNn26450/ HTTP/1.1" 200 - "https://idolatekno.com/sitemap21.xml" "Mozilla/5.0 AppleWebKit/537.36 (KHTML, like Gecko; compatible; GPTBot/1.3; +https://openai.com/gptbot)"
66.249.64.128 - - [22/Jan/2026:08:52:30 -0500] "GET /pcmypage?callback=/product%2Fdetail%2m39512797962 HTTP/1.1" 403 560732 "-" "Mozilla/5.0 (Linux; Android 6.0.1; Nexus 5X Build/MMB29P) AppleWebKit/537.36 (KHTML, like Gecko) Chrome/143.0.7499.192 Mobile Safari/537.36 (compatible; GoogleOther)"
114.119.135.195 - - [22/Jan/2026:08:52:32 -0500] "GET /q-~211SdaDPiKFaed7vfLu5BEUVW1PxQNmlk42527/ HTTP/1.1" 200 - "https://mail.idolatekno.com/sitemapc.xml" "Mozilla/5.0 (Linux; Android 7.0;) AppleWebKit/537.36 (KHTML, like Gecko) Mobile Safari/537.36 (compatible; PetalBot;+https://webmaster.petalsearch.com/site/petalbot)"
74.7.241.58 - - [22/Jan/2026:08:52:33 -0500] "GET /q-~99MvOJmH0Ssn1tQrtQFwp895pRWyBBNy13897/ HTTP/1.1" 200 - "https://idolatekno.com/sitemap49.xml" "Mozilla/5.0 AppleWebKit/537.36 (KHTML, like Gecko; compatible; GPTBot/1.3; +https://openai.com/gptbot)"
66.249.64.128 - - [22/Jan/2026:08:52:35 -0500] "GET /pcmypage?callback=/product%2Fdetail%2m93868307584 HTTP/1.1" 403 554880 "-" "Mozilla/5.0 (Linux; Android 6.0.1; Nexus 5X Build/MMB29P) AppleWebKit/537.36 (KHTML, like Gecko) Chrome/143.0.7499.192 Mobile Safari/537.36 (compatible; GoogleOther)"
66.249.70.34 - - [22/Jan/2026:08:52:35 -0500] "GET /?pid=26304226231&channel=survive-data-bottle&cate_id=2518&page=https://mail.idolatekno.com/remote.do?q-~185An246l2k25qd4cnu8747Qsa3JcoLqg43375/ HTTP/1.1" 200 86987 "-" "Mozilla/5.0 (Linux; Android 6.0.1; Nexus 5X Build/MMB29P) AppleWebKit/537.36 (KHTML, like Gecko) Chrome/143.0.7499.192 Mobile Safari/537.36 (compatible; Googlebot/2.1; +http://www.google.com/bot.html)"
66.249.70.34 - - [22/Jan/2026:08:52:35 -0500] "GET /?b=119521884i809 HTTP/1.1" 200 86474 "-" "Mozilla/5.0 (Linux; Android 6.0.1; Nexus 5X Build/MMB29P) AppleWebKit/537.36 (KHTML, like Gecko) Chrome/143.0.7499.192 Mobile Safari/537.36 (compatible; Googlebot/2.1; +http://www.google.com/bot.html)"
74.7.241.58 - - [22/Jan/2026:08:52:36 -0500] "GET /q-~227Zs2MEkQ7vykz4jwZbPi3OR0msFtjEo25023/ HTTP/1.1" 200 - "https://idolatekno.com/sitemap21.xml" "Mozilla/5.0 AppleWebKit/537.36 (KHTML, like Gecko; compatible; GPTBot/1.3; +https://openai.com/gptbot)"
66.249.64.132 - - [22/Jan/2026:08:52:36 -0500] "GET /items/005045628.htm HTTP/1.1" 200 85189 "-" "Mozilla/5.0 (Linux; Android 6.0.1; Nexus 5X Build/MMB29P) AppleWebKit/537.36 (KHTML, like Gecko) Chrome/143.0.7499.192 Mobile Safari/537.36 (compatible; Googlebot/2.1; +http://www.google.com/bot.html)"
74.7.241.58 - - [22/Jan/2026:08:52:39 -0500] "GET /q-~241Ar4xVlQn7RdmdBfraByV7MgGBHm2Mb40201/ HTTP/1.1" 200 - "https://idolatekno.com/?sitemap305.xml" "Mozilla/5.0 AppleWebKit/537.36 (KHTML, like Gecko; compatible; GPTBot/1.3; +https://openai.com/gptbot)"
66.249.70.33 - - [22/Jan/2026:08:52:41 -0500] "GET /?pid=26304226231&channel=surprised-signature-pro&cate_id=2518&page=https://mail.idolatekno.com/remote.do?q-~144qJBqERBrJ6EwD3URTHm35n5fAIZ4xh14408/ HTTP/1.1" 200 85936 "-" "Mozilla/5.0 (Linux; Android 6.0.1; Nexus 5X Build/MMB29P) AppleWebKit/537.36 (KHTML, like Gecko) Chrome/143.0.7499.192 Mobile Safari/537.36 (compatible; Googlebot/2.1; +http://www.google.com/bot.html)"
74.7.241.58 - - [22/Jan/2026:08:52:43 -0500] "GET /q-~274dxKenr2x5QdvRWQvnSF0NA6uVXmxtG48542/ HTTP/1.1" 200 - "https://idolatekno.com/?sitemap503.xml" "Mozilla/5.0 AppleWebKit/537.36 (KHTML, like Gecko; compatible; GPTBot/1.3; +https://openai.com/gptbot)"
66.249.64.129 - - [22/Jan/2026:08:52:45 -0500] "GET /q-~81i2efQKP9Yb8AmaLpzaDIoUs3rCNNSR41009/ HTTP/1.1" 200 85741 "-" "Mozilla/5.0 (Linux; Android 6.0.1; Nexus 5X Build/MMB29P) AppleWebKit/537.36 (KHTML, like Gecko) Chrome/143.0.7499.192 Mobile Safari/537.36 (compatible; GoogleOther)"
74.7.241.58 - - [22/Jan/2026:08:52:46 -0500] "GET /q-~14QCJGRCiukFKuvQkA7Bp6GwPH41El5k47064/ HTTP/1.1" 200 - "https://idolatekno.com/sitemap86.xml" "Mozilla/5.0 AppleWebKit/537.36 (KHTML, like Gecko; compatible; GPTBot/1.3; +https://openai.com/gptbot)"
66.249.70.32 - - [22/Jan/2026:08:52:48 -0500] "GET /?pid=26304226231&channel=ratio-wish-abuse&cate_id=2518&page=https://mail.idolatekno.com/remote.do?q-~266E7Kzqb2stEMDwHgx69wqprb8WsF1HH538/ HTTP/1.1" 200 86701 "-" "Mozilla/5.0 (Linux; Android 6.0.1; Nexus 5X Build/MMB29P) AppleWebKit/537.36 (KHTML, like Gecko) Chrome/143.0.7499.192 Mobile Safari/537.36 (compatible; Googlebot/2.1; +http://www.google.com/bot.html)"
74.7.241.58 - - [22/Jan/2026:08:52:49 -0500] "GET /q-~250XFzDe92IcxtG9iMgFnLgT3gpHNSG5l35494/ HTTP/1.1" 200 - "https://idolatekno.com/?sitemap317.xml" "Mozilla/5.0 AppleWebKit/537.36 (KHTML, like Gecko; compatible; GPTBot/1.3; +https://openai.com/gptbot)"
66.249.64.129 - - [22/Jan/2026:08:52:52 -0500] "GET /?x=2166640003788&channel=107e18&from=https://idolatekno.com/super.py?items/237045758.htm HTTP/1.1" 200 85976 "-" "Mozilla/5.0 (Linux; Android 6.0.1; Nexus 5X Build/MMB29P) AppleWebKit/537.36 (KHTML, like Gecko) Chrome/143.0.7499.192 Mobile Safari/537.36 (compatible; GoogleOther)"
74.7.241.58 - - [22/Jan/2026:08:52:52 -0500] "GET /q-~210M9tAOiWhcVGVuJVLPJJ6UM1qpUdB2d20088/ HTTP/1.1" 200 - "https://idolatekno.com/?sitemap1000.xml" "Mozilla/5.0 AppleWebKit/537.36 (KHTML, like Gecko; compatible; GPTBot/1.3; +https://openai.com/gptbot)"
74.7.241.58 - - [22/Jan/2026:08:52:55 -0500] "GET /q-~207ynn6KSqh5X7BJPyyVAh5OnD5ZYbuOV29921/ HTTP/1.1" 200 - "https://idolatekno.com/sitemap21.xml" "Mozilla/5.0 AppleWebKit/537.36 (KHTML, like Gecko; compatible; GPTBot/1.3; +https://openai.com/gptbot)"
66.249.70.35 - - [22/Jan/2026:08:52:56 -0500] "GET /?pid=26304226231&channel=oh-currently-piece&cate_id=2518&page=https://mail.idolatekno.com/remote.do?items/264022417.htm HTTP/1.1" 200 86466 "-" "Mozilla/5.0 (Linux; Android 6.0.1; Nexus 5X Build/MMB29P) AppleWebKit/537.36 (KHTML, like Gecko) Chrome/143.0.7499.192 Mobile Safari/537.36 (compatible; Googlebot/2.1; +http://www.google.com/bot.html)"
2a03:2880:f80e:65:: - - [22/Jan/2026:08:52:56 -0500] "GET /index.php/?t=355054537583g HTTP/1.1" 200 - "-" "meta-externalagent/1.1 (+https://developers.facebook.com/docs/sharing/webmasters/crawler)"
74.7.241.58 - - [22/Jan/2026:08:52:58 -0500] "GET /q-~168enMlJgAgB2JX5tBABv4BX94RHjPVbV29344/ HTTP/1.1" 200 - "https://idolatekno.com/sitemap73.xml" "Mozilla/5.0 AppleWebKit/537.36 (KHTML, like Gecko; compatible; GPTBot/1.3; +https://openai.com/gptbot)"
66.249.64.132 - - [22/Jan/2026:08:52:59 -0500] "GET /?x=2166640003788&channel=107e18&from=https://idolatekno.com/super.py?items/106040543.htm HTTP/1.1" 200 86150 "-" "Mozilla/5.0 (Linux; Android 6.0.1; Nexus 5X Build/MMB29P) AppleWebKit/537.36 (KHTML, like Gecko) Chrome/143.0.7499.192 Mobile Safari/537.36 (compatible; GoogleOther)"
114.119.133.190 - - [22/Jan/2026:08:53:00 -0500] "GET /q-~211SEzeOKxa5vz2aOtuyZ8yytQ8fsgr5Z6085/ HTTP/1.1" 200 - "https://mail.idolatekno.com/sitemapc.xml" "Mozilla/5.0 (Linux; Android 7.0;) AppleWebKit/537.36 (KHTML, like Gecko) Mobile Safari/537.36 (compatible; PetalBot;+https://webmaster.petalsearch.com/site/petalbot)"
74.7.241.58 - - [22/Jan/2026:08:53:02 -0500] "GET /q-~274Hi9tJWbKI0oGS9axL0VtM2VILTzVdN21728/ HTTP/1.1" 200 - "https://idolatekno.com/?sitemap317.xml" "Mozilla/5.0 AppleWebKit/537.36 (KHTML, like Gecko; compatible; GPTBot/1.3; +https://openai.com/gptbot)"
66.249.70.33 - - [22/Jan/2026:08:53:04 -0500] "GET /?pid=26304226231&channel=delight-debut-until&cate_id=2518&page=https://mail.idolatekno.com/remote.do?items/142030065.htm HTTP/1.1" 200 85624 "-" "Mozilla/5.0 (Linux; Android 6.0.1; Nexus 5X Build/MMB29P) AppleWebKit/537.36 (KHTML, like Gecko) Chrome/143.0.7499.192 Mobile Safari/537.36 (compatible; Googlebot/2.1; +http://www.google.com/bot.html)"
74.7.241.58 - - [22/Jan/2026:08:53:08 -0500] "GET /q-~148oEsFNf91xK1oqmgH9tvbytZbiL4GGt47644/ HTTP/1.1" 200 - "https://idolatekno.com/?sitemap1000.xml" "Mozilla/5.0 AppleWebKit/537.36 (KHTML, like Gecko; compatible; GPTBot/1.3; +https://openai.com/gptbot)"
66.249.64.132 - - [22/Jan/2026:08:53:09 -0500] "GET /q-~261AjqXKIDPiYtulCIbN5NJ5aHmrV51VL34471/ HTTP/1.1" 200 86011 "-" "Mozilla/5.0 (Linux; Android 6.0.1; Nexus 5X Build/MMB29P) AppleWebKit/537.36 (KHTML, like Gecko) Chrome/143.0.7499.192 Mobile Safari/537.36 (compatible; GoogleOther)"
74.7.241.58 - - [22/Jan/2026:08:53:10 -0500] "GET /q-~98y1kgTdwaa3axlTZZYrS8TTcPv1fF8H11082/ HTTP/1.1" 200 - "https://idolatekno.com/?sitemap317.xml" "Mozilla/5.0 AppleWebKit/537.36 (KHTML, like Gecko; compatible; GPTBot/1.3; +https://openai.com/gptbot)"
66.249.70.32 - - [22/Jan/2026:08:53:11 -0500] "GET /?pid=26304226231&channel=wheat-tension-inventory&cate_id=2518&page=https://mail.idolatekno.com/remote.do?items/264017831.htm HTTP/1.1" 200 86057 "-" "Mozilla/5.0 (Linux; Android 6.0.1; Nexus 5X Build/MMB29P) AppleWebKit/537.36 (KHTML, like Gecko) Chrome/143.0.7499.192 Mobile Safari/537.36 (compatible; Googlebot/2.1; +http://www.google.com/bot.html)"
74.7.241.58 - - [22/Jan/2026:08:53:12 -0500] "GET /q-~212a8BFcfO4bbhI8BjkvBV3ZnjaPEB3Be29922/ HTTP/1.1" 200 - "https://idolatekno.com/sitemap27.xml" "Mozilla/5.0 AppleWebKit/537.36 (KHTML, like Gecko; compatible; GPTBot/1.3; +https://openai.com/gptbot)"
66.249.64.132 - - [22/Jan/2026:08:53:13 -0500] "GET /pcmypage?callback=/product%2Fdetail%2m81182693132 HTTP/1.1" 403 557272 "-" "Mozilla/5.0 (Linux; Android 6.0.1; Nexus 5X Build/MMB29P) AppleWebKit/537.36 (KHTML, like Gecko) Chrome/143.0.7499.192 Mobile Safari/537.36 (compatible; GoogleOther)"
74.7.241.58 - - [22/Jan/2026:08:53:15 -0500] "GET /q-~182cQ9resI5UJWVhZKQlI16mZj5fujhmh21816/ HTTP/1.1" 200 - "https://idolatekno.com/?sitemap305.xml" "Mozilla/5.0 AppleWebKit/537.36 (KHTML, like Gecko; compatible; GPTBot/1.3; +https://openai.com/gptbot)"
74.7.241.58 - - [22/Jan/2026:08:53:18 -0500] "GET /q-~265ff7RF8EPoQvdbwteHsMHitHZtF24ty49411/ HTTP/1.1" 200 - "https://idolatekno.com/sitemap63.xml" "Mozilla/5.0 AppleWebKit/537.36 (KHTML, like Gecko; compatible; GPTBot/1.3; +https://openai.com/gptbot)"
74.7.241.58 - - [22/Jan/2026:08:53:21 -0500] "GET /q-~219EJ1ITMmMsgx1HQmGQGFi8XUN5FKttA25317/ HTTP/1.1" 200 - "https://idolatekno.com/sitemap1.xml" "Mozilla/5.0 AppleWebKit/537.36 (KHTML, like Gecko; compatible; GPTBot/1.3; +https://openai.com/gptbot)"
74.7.241.58 - - [22/Jan/2026:08:53:24 -0500] "GET /q-~206mHLIHfbJCHG8GpqUm79EYWoDp2O6Fe19892/ HTTP/1.1" 200 - "https://idolatekno.com/sitemap49.xml" "Mozilla/5.0 AppleWebKit/537.36 (KHTML, like Gecko; compatible; GPTBot/1.3; +https://openai.com/gptbot)"
