74.7.241.58 - - [22/Jan/2026:07:52:04 -0500] "GET /q-~126MPyeFQbFBg7ziSxXa0BJfk22zYbXSZ24712/ HTTP/1.1" 200 - "https://idolatekno.com/sitemap86.xml" "Mozilla/5.0 AppleWebKit/537.36 (KHTML, like Gecko; compatible; GPTBot/1.3; +https://openai.com/gptbot)"
74.7.241.58 - - [22/Jan/2026:07:52:07 -0500] "GET /q-~291k09qOlAs6UUoOSbDHEY4Prjhr1KYYo30571/ HTTP/1.1" 200 - "https://idolatekno.com/sitemap14.xml" "Mozilla/5.0 AppleWebKit/537.36 (KHTML, like Gecko; compatible; GPTBot/1.3; +https://openai.com/gptbot)"
66.249.64.101 - - [22/Jan/2026:07:52:08 -0500] "GET /q-~156cy75i8N3L8jwxCKnrrteZA15O5Ri9W24150/ HTTP/1.1" 200 87146 "-" "Mozilla/5.0 (Linux; Android 6.0.1; Nexus 5X Build/MMB29P) AppleWebKit/537.36 (KHTML, like Gecko) Chrome/143.0.7499.192 Mobile Safari/537.36 (compatible; GoogleOther)"
114.119.132.76 - - [22/Jan/2026:07:52:09 -0500] "GET /q-~218TqAXfe4WbV8P27HBbLRv2wZAr2iLWY3932/ HTTP/1.1" 200 - "https://mail.idolatekno.com/sitemapb.xml" "Mozilla/5.0 (Linux; Android 7.0;) AppleWebKit/537.36 (KHTML, like Gecko) Mobile Safari/537.36 (compatible; PetalBot;+https://webmaster.petalsearch.com/site/petalbot)"
74.7.241.58 - - [22/Jan/2026:07:52:10 -0500] "GET /q-~217IP3M6JlMG656ibLFiASspCLqAamAlX6141/ HTTP/1.1" 200 - "https://idolatekno.com/sitemap49.xml" "Mozilla/5.0 AppleWebKit/537.36 (KHTML, like Gecko; compatible; GPTBot/1.3; +https://openai.com/gptbot)"
74.7.241.58 - - [22/Jan/2026:07:52:13 -0500] "GET /q-~52YoJKktu2gpBh3G8yY5DytzMt5ekowP29784/ HTTP/1.1" 200 - "https://idolatekno.com/?sitemap442.xml" "Mozilla/5.0 AppleWebKit/537.36 (KHTML, like Gecko; compatible; GPTBot/1.3; +https://openai.com/gptbot)"
66.249.70.36 - - [22/Jan/2026:07:52:13 -0500] "GET /?pid=26304226231&channel=lay-cousin-rubber&cate_id=2518&page=https://mail.idolatekno.com/remote.do?q-~40pdImOVW084x2m5caaQZRjLNxffLemj12858/ HTTP/1.1" 200 85833 "-" "Mozilla/5.0 (Linux; Android 6.0.1; Nexus 5X Build/MMB29P) AppleWebKit/537.36 (KHTML, like Gecko) Chrome/143.0.7499.192 Mobile Safari/537.36 (compatible; Googlebot/2.1; +http://www.google.com/bot.html)"
66.249.64.132 - - [22/Jan/2026:07:52:16 -0500] "GET /pcmypage?callback=/product%2Fdetail%2m29177684473 HTTP/1.1" 403 560487 "-" "Mozilla/5.0 (Linux; Android 6.0.1; Nexus 5X Build/MMB29P) AppleWebKit/537.36 (KHTML, like Gecko) Chrome/143.0.7499.192 Mobile Safari/537.36 (compatible; GoogleOther)"
74.7.241.58 - - [22/Jan/2026:07:52:16 -0500] "GET /q-~178DLwOajbYL0QYzBbvtawj7geGR8Fw3K10734/ HTTP/1.1" 200 - "https://idolatekno.com/sitemap29.xml" "Mozilla/5.0 AppleWebKit/537.36 (KHTML, like Gecko; compatible; GPTBot/1.3; +https://openai.com/gptbot)"
74.7.241.58 - - [22/Jan/2026:07:52:19 -0500] "GET /q-~72FOfQ1ZVtXlJCPNTTn7ocapoeQl194O21802/ HTTP/1.1" 200 - "https://idolatekno.com/sitemap27.xml" "Mozilla/5.0 AppleWebKit/537.36 (KHTML, like Gecko; compatible; GPTBot/1.3; +https://openai.com/gptbot)"
66.249.70.36 - - [22/Jan/2026:07:52:21 -0500] "GET /?pid=26304226231&channel=tube-region-anymore&cate_id=2518&page=https://mail.idolatekno.com/remote.do?items/062001071.htm HTTP/1.1" 200 85731 "-" "Mozilla/5.0 (Linux; Android 6.0.1; Nexus 5X Build/MMB29P) AppleWebKit/537.36 (KHTML, like Gecko) Chrome/143.0.7499.192 Mobile Safari/537.36 (compatible; Googlebot/2.1; +http://www.google.com/bot.html)"
74.7.241.58 - - [22/Jan/2026:07:52:22 -0500] "GET /q-~82WHGYBPEKYDWxznJsXdB4ypTgk7194T42478/ HTTP/1.1" 200 - "https://idolatekno.com/?sitemap503.xml" "Mozilla/5.0 AppleWebKit/537.36 (KHTML, like Gecko; compatible; GPTBot/1.3; +https://openai.com/gptbot)"
66.249.64.132 - - [22/Jan/2026:07:52:25 -0500] "GET /pcmypage?callback=/product%2Fdetail%2m28027635408 HTTP/1.1" 403 561507 "-" "Mozilla/5.0 (Linux; Android 6.0.1; Nexus 5X Build/MMB29P) AppleWebKit/537.36 (KHTML, like Gecko) Chrome/143.0.7499.192 Mobile Safari/537.36 (compatible; GoogleOther)"
74.7.241.58 - - [22/Jan/2026:07:52:26 -0500] "GET /q-~97drbRqRF8hUw74GOwyT2RPXNYbJaT4v39175/ HTTP/1.1" 200 - "https://idolatekno.com/sitemap785.xml" "Mozilla/5.0 AppleWebKit/537.36 (KHTML, like Gecko; compatible; GPTBot/1.3; +https://openai.com/gptbot)"
66.249.70.36 - - [22/Jan/2026:07:52:28 -0500] "GET /?pid=26304226231&channel=herself-installation-carve&cate_id=2518&page=https://mail.idolatekno.com/remote.do?q-~229yT10SKp9YMzgaaWvNLQ0HRv7upPTzg13507/ HTTP/1.1" 200 86146 "-" "Mozilla/5.0 (Linux; Android 6.0.1; Nexus 5X Build/MMB29P) AppleWebKit/537.36 (KHTML, like Gecko) Chrome/143.0.7499.192 Mobile Safari/537.36 (compatible; Googlebot/2.1; +http://www.google.com/bot.html)"
74.7.241.58 - - [22/Jan/2026:07:52:29 -0500] "GET /q-~102Q1Mg3gpOyOtS5gpBf7MCB7cUUvUccF18768/ HTTP/1.1" 200 - "https://idolatekno.com/sitemap14.xml" "Mozilla/5.0 AppleWebKit/537.36 (KHTML, like Gecko; compatible; GPTBot/1.3; +https://openai.com/gptbot)"
66.249.64.132 - - [22/Jan/2026:07:52:31 -0500] "GET /q-~59zUENRwL1phWUZQqyY91MfSdeBFBsvy4953/ HTTP/1.1" 200 85574 "-" "Mozilla/5.0 (Linux; Android 6.0.1; Nexus 5X Build/MMB29P) AppleWebKit/537.36 (KHTML, like Gecko) Chrome/143.0.7499.192 Mobile Safari/537.36 (compatible; GoogleOther)"
74.7.241.58 - - [22/Jan/2026:07:52:32 -0500] "GET /q-~90WV9xAiBLQKmwBx3K3iuWWAU7f2vwuo24060/ HTTP/1.1" 200 - "https://idolatekno.com/?sitemap503.xml" "Mozilla/5.0 AppleWebKit/537.36 (KHTML, like Gecko; compatible; GPTBot/1.3; +https://openai.com/gptbot)"
74.7.241.58 - - [22/Jan/2026:07:52:35 -0500] "GET /q-~20hRIyWW5hJabZvf10ez0r2TSOvVkJwE20372/ HTTP/1.1" 200 - "https://idolatekno.com/sitemap78.xml" "Mozilla/5.0 AppleWebKit/537.36 (KHTML, like Gecko; compatible; GPTBot/1.3; +https://openai.com/gptbot)"
66.249.70.37 - - [22/Jan/2026:07:52:35 -0500] "GET /?pid=26304226231&channel=spill-costume-doll&cate_id=2518&page=https://mail.idolatekno.com/remote.do?q-~115TeFHLTIlm9X8yjbweYLxb8u20AnpXm17883/ HTTP/1.1" 200 85480 "-" "Mozilla/5.0 (Linux; Android 6.0.1; Nexus 5X Build/MMB29P) AppleWebKit/537.36 (KHTML, like Gecko) Chrome/143.0.7499.192 Mobile Safari/537.36 (compatible; Googlebot/2.1; +http://www.google.com/bot.html)"
114.119.142.126 - - [22/Jan/2026:07:52:37 -0500] "GET /q-~218SdOwuChz9ryzgHjiK5u7eXR18F8dll21674/ HTTP/1.1" 200 - "https://mail.idolatekno.com/sitemape.xml" "Mozilla/5.0 (Linux; Android 7.0;) AppleWebKit/537.36 (KHTML, like Gecko) Mobile Safari/537.36 (compatible; PetalBot;+https://webmaster.petalsearch.com/site/petalbot)"
74.7.241.58 - - [22/Jan/2026:07:52:39 -0500] "GET /q-~235bPlN7CZtZmqaYpcDpqd3G2XaIz6v6H24143/ HTTP/1.1" 200 - "https://idolatekno.com/?sitemap442.xml" "Mozilla/5.0 AppleWebKit/537.36 (KHTML, like Gecko; compatible; GPTBot/1.3; +https://openai.com/gptbot)"
79.177.149.40 - - [22/Jan/2026:07:52:40 -0500] "GET /q-~259eR4yRFAjYAkybO6WsUacnTfRxxUQEB15795/ HTTP/1.1" 200 - "-" "Mozilla/5.0 (Macintosh; U; PPC Mac OS X; en)  AppleWebKit/125.2 (KHTML, like Gecko) Safari/125.8"
74.7.241.58 - - [22/Jan/2026:07:52:42 -0500] "GET /q-~229kpbblHPYNB6voC4b9jA1eeuw3MxVYn11319/ HTTP/1.1" 200 - "https://idolatekno.com/?sitemap1000.xml" "Mozilla/5.0 AppleWebKit/537.36 (KHTML, like Gecko; compatible; GPTBot/1.3; +https://openai.com/gptbot)"
66.249.64.132 - - [22/Jan/2026:07:52:42 -0500] "GET /q-~153zNm8c5HaJj4wBM7dzNsfnhO59NkXtv17169/ HTTP/1.1" 200 85928 "-" "Mozilla/5.0 (Linux; Android 6.0.1; Nexus 5X Build/MMB29P) AppleWebKit/537.36 (KHTML, like Gecko) Chrome/143.0.7499.192 Mobile Safari/537.36 (compatible; GoogleOther)"
66.249.70.36 - - [22/Jan/2026:07:52:43 -0500] "GET /?b=2064984ae6f7g HTTP/1.1" 200 85599 "-" "Mozilla/5.0 (Linux; Android 6.0.1; Nexus 5X Build/MMB29P) AppleWebKit/537.36 (KHTML, like Gecko) Chrome/143.0.7499.192 Mobile Safari/537.36 (compatible; Googlebot/2.1; +http://www.google.com/bot.html)"
66.249.70.36 - - [22/Jan/2026:07:52:43 -0500] "GET /?pid=26304226231&channel=alley-toxic-bet&cate_id=2518&page=https://mail.idolatekno.com/remote.do?items/097003942.htm HTTP/1.1" 200 86358 "-" "Mozilla/5.0 (Linux; Android 6.0.1; Nexus 5X Build/MMB29P) AppleWebKit/537.36 (KHTML, like Gecko) Chrome/143.0.7499.192 Mobile Safari/537.36 (compatible; Googlebot/2.1; +http://www.google.com/bot.html)"
74.7.241.58 - - [22/Jan/2026:07:52:45 -0500] "GET /q-~284DQPAQo01I8wzFJBKMmKig93aAwuMsv24334/ HTTP/1.1" 200 - "https://idolatekno.com/sitemap79.xml" "Mozilla/5.0 AppleWebKit/537.36 (KHTML, like Gecko; compatible; GPTBot/1.3; +https://openai.com/gptbot)"
66.249.64.132 - - [22/Jan/2026:07:52:45 -0500] "GET /q-~171cqpsxy1B49VwQkp7HOgGIgetSltymK21261/ HTTP/1.1" 200 86401 "-" "Mozilla/5.0 (Linux; Android 6.0.1; Nexus 5X Build/MMB29P) AppleWebKit/537.36 (KHTML, like Gecko) Chrome/143.0.7499.192 Mobile Safari/537.36 (compatible; GoogleOther)"
66.249.70.36 - - [22/Jan/2026:07:52:46 -0500] "GET /?pid=26304226231&channel=drunk-pillow-indicate&cate_id=2518&page=https://mail.idolatekno.com/remote.do?items/193020620.htm HTTP/1.1" 200 86579 "-" "Mozilla/5.0 (Linux; Android 6.0.1; Nexus 5X Build/MMB29P) AppleWebKit/537.36 (KHTML, like Gecko) Chrome/143.0.7499.192 Mobile Safari/537.36 (compatible; Googlebot/2.1; +http://www.google.com/bot.html)"
74.7.241.58 - - [22/Jan/2026:07:52:48 -0500] "GET /q-~283faNpsdevMVfmUM5lJi5PFFHHm48kdV40745/ HTTP/1.1" 200 - "https://idolatekno.com/sitemap16.xml" "Mozilla/5.0 AppleWebKit/537.36 (KHTML, like Gecko; compatible; GPTBot/1.3; +https://openai.com/gptbot)"
74.7.241.58 - - [22/Jan/2026:07:52:51 -0500] "GET /q-~271fDy9SEWxjqijYGT631KfNwyWH5JykR31709/ HTTP/1.1" 200 - "https://idolatekno.com/sitemap79.xml" "Mozilla/5.0 AppleWebKit/537.36 (KHTML, like Gecko; compatible; GPTBot/1.3; +https://openai.com/gptbot)"
66.249.70.37 - - [22/Jan/2026:07:52:53 -0500] "GET /?pid=26304226231&channel=artistic-weekly-trail&cate_id=2518&page=https://mail.idolatekno.com/remote.do?items/039000330.htm HTTP/1.1" 200 85890 "-" "Mozilla/5.0 (Linux; Android 6.0.1; Nexus 5X Build/MMB29P) AppleWebKit/537.36 (KHTML, like Gecko) Chrome/143.0.7499.192 Mobile Safari/537.36 (compatible; Googlebot/2.1; +http://www.google.com/bot.html)"
74.7.241.58 - - [22/Jan/2026:07:52:54 -0500] "GET /q-~128v6lsHnjGLcZqGny2aO6z6SHAGPXxnJ26952/ HTTP/1.1" 200 - "https://idolatekno.com/?sitemap503.xml" "Mozilla/5.0 AppleWebKit/537.36 (KHTML, like Gecko; compatible; GPTBot/1.3; +https://openai.com/gptbot)"
74.7.241.58 - - [22/Jan/2026:07:52:57 -0500] "GET /q-~117AfvgAAThrkNMWLTA63RM5TaylND2RM48843/ HTTP/1.1" 200 - "https://idolatekno.com/sitemap785.xml" "Mozilla/5.0 AppleWebKit/537.36 (KHTML, like Gecko; compatible; GPTBot/1.3; +https://openai.com/gptbot)"
66.249.64.128 - - [22/Jan/2026:07:52:59 -0500] "GET /?x=2166640003788&channel=107e18&from=https://idolatekno.com/super.py?items/274032403.htm HTTP/1.1" 200 85782 "-" "Mozilla/5.0 (Linux; Android 6.0.1; Nexus 5X Build/MMB29P) AppleWebKit/537.36 (KHTML, like Gecko) Chrome/143.0.7499.192 Mobile Safari/537.36 (compatible; GoogleOther)"
74.7.241.58 - - [22/Jan/2026:07:53:00 -0500] "GET /q-~142UWtIvUAddVauxQJ6fRNZV4QBI8B9ZF13962/ HTTP/1.1" 200 - "https://idolatekno.com/?sitemap442.xml" "Mozilla/5.0 AppleWebKit/537.36 (KHTML, like Gecko; compatible; GPTBot/1.3; +https://openai.com/gptbot)"
66.249.64.132 - - [22/Jan/2026:07:53:01 -0500] "GET /?x=2166640003788&channel=107e18&from=https://idolatekno.com/super.py?items/155003114.htm HTTP/1.1" 200 85345 "-" "Mozilla/5.0 (Linux; Android 6.0.1; Nexus 5X Build/MMB29P) AppleWebKit/537.36 (KHTML, like Gecko) Chrome/143.0.7499.192 Mobile Safari/537.36 (compatible; GoogleOther)"
74.7.241.58 - - [22/Jan/2026:07:53:03 -0500] "GET /q-~212NY3fNsF9lg1wMctfkg8LY6bccmgWFw25182/ HTTP/1.1" 200 - "https://idolatekno.com/sitemap78.xml" "Mozilla/5.0 AppleWebKit/537.36 (KHTML, like Gecko; compatible; GPTBot/1.3; +https://openai.com/gptbot)"
66.249.70.37 - - [22/Jan/2026:07:53:04 -0500] "GET /?pid=26304226231&channel=reputation-workplace-safely&cate_id=2518&page=https://mail.idolatekno.com/remote.do?q-~152JuCplyrSBEpVDpGf4N9Sgx0taypxEE45000/ HTTP/1.1" 200 85674 "-" "Mozilla/5.0 (Linux; Android 6.0.1; Nexus 5X Build/MMB29P) AppleWebKit/537.36 (KHTML, like Gecko) Chrome/143.0.7499.192 Mobile Safari/537.36 (compatible; Googlebot/2.1; +http://www.google.com/bot.html)"
114.119.130.27 - - [22/Jan/2026:07:53:04 -0500] "GET /q-~218SWhQLYTFiJ20tmrZQO2tkN8lRH4BRs20110/ HTTP/1.1" 200 - "https://mail.idolatekno.com/sitemapb.xml" "Mozilla/5.0 (Linux; Android 7.0;) AppleWebKit/537.36 (KHTML, like Gecko) Mobile Safari/537.36 (compatible; PetalBot;+https://webmaster.petalsearch.com/site/petalbot)"
74.7.241.58 - - [22/Jan/2026:07:53:06 -0500] "GET /q-~235J3aZCaJKHDFl5xcczxdvD4aIQ4dWmZ21375/ HTTP/1.1" 200 - "https://idolatekno.com/sitemap63.xml" "Mozilla/5.0 AppleWebKit/537.36 (KHTML, like Gecko; compatible; GPTBot/1.3; +https://openai.com/gptbot)"
74.7.241.58 - - [22/Jan/2026:07:53:10 -0500] "GET /q-~245ZMkmcJZ1Kyrb5IVFhXPk3lB55hktYU14481/ HTTP/1.1" 200 - "https://idolatekno.com/sitemap86.xml" "Mozilla/5.0 AppleWebKit/537.36 (KHTML, like Gecko; compatible; GPTBot/1.3; +https://openai.com/gptbot)"
74.7.241.58 - - [22/Jan/2026:07:53:13 -0500] "GET /q-~250JJ8lnRaIhdSHkF7JLcGWJFG2ki63Wf37118/ HTTP/1.1" 200 - "https://idolatekno.com/?sitemap503.xml" "Mozilla/5.0 AppleWebKit/537.36 (KHTML, like Gecko; compatible; GPTBot/1.3; +https://openai.com/gptbot)"
66.249.64.132 - - [22/Jan/2026:07:53:14 -0500] "GET /q-~71SXkk7tJE9IEAEDFY68HPJ7utHhOjIj14117/ HTTP/1.1" 200 86172 "-" "Mozilla/5.0 (Linux; Android 6.0.1; Nexus 5X Build/MMB29P) AppleWebKit/537.36 (KHTML, like Gecko) Chrome/143.0.7499.192 Mobile Safari/537.36 (compatible; GoogleOther)"
74.7.241.58 - - [22/Jan/2026:07:53:16 -0500] "GET /q-~62s2Qibv4dTIi5ErxiFq1jCtpxTc3hyX45714/ HTTP/1.1" 200 - "https://idolatekno.com/sitemap49.xml" "Mozilla/5.0 AppleWebKit/537.36 (KHTML, like Gecko; compatible; GPTBot/1.3; +https://openai.com/gptbot)"
66.249.64.132 - - [22/Jan/2026:07:53:16 -0500] "GET /?x=2166640003788&channel=107e18&from=https://idolatekno.com/super.py?q-~223Q2c8sCVgywVmjt9CF7P6dK9NJnokuV25361/ HTTP/1.1" 200 86111 "-" "Mozilla/5.0 (Linux; Android 6.0.1; Nexus 5X Build/MMB29P) AppleWebKit/537.36 (KHTML, like Gecko) Chrome/143.0.7499.192 Mobile Safari/537.36 (compatible; GoogleOther)"
66.249.70.36 - - [22/Jan/2026:07:53:18 -0500] "GET /?pid=26304226231&channel=heart-dilemma-boat&cate_id=2518&page=https://mail.idolatekno.com/remote.do?q-~277rN3IlrJYQ1xX7ZN3Em06OkJ2ygnIFn3255/ HTTP/1.1" 200 85901 "-" "Mozilla/5.0 (Linux; Android 6.0.1; Nexus 5X Build/MMB29P) AppleWebKit/537.36 (KHTML, like Gecko) Chrome/143.0.7499.192 Mobile Safari/537.36 (compatible; Googlebot/2.1; +http://www.google.com/bot.html)"
74.7.241.58 - - [22/Jan/2026:07:53:19 -0500] "GET /q-~87Wq4HCj8H7SbuvdrdIGd80ixbTRzCot41335/ HTTP/1.1" 200 - "https://idolatekno.com/?sitemap1000.xml" "Mozilla/5.0 AppleWebKit/537.36 (KHTML, like Gecko; compatible; GPTBot/1.3; +https://openai.com/gptbot)"
66.249.64.128 - - [22/Jan/2026:07:53:21 -0500] "GET /?x=2166640003788&channel=107e18&from=https://idolatekno.com/super.py?q-~187TLU3GUFQvQflkyctYl4EQHYqmdMYFo4613/ HTTP/1.1" 200 86649 "-" "Mozilla/5.0 (Linux; Android 6.0.1; Nexus 5X Build/MMB29P) AppleWebKit/537.36 (KHTML, like Gecko) Chrome/143.0.7499.192 Mobile Safari/537.36 (compatible; GoogleOther)"
74.7.241.58 - - [22/Jan/2026:07:53:22 -0500] "GET /q-~156D9i2YyzdeSSf4SgrslC8FXRDSeaovo22480/ HTTP/1.1" 200 - "https://idolatekno.com/?sitemap1000.xml" "Mozilla/5.0 AppleWebKit/537.36 (KHTML, like Gecko; compatible; GPTBot/1.3; +https://openai.com/gptbot)"
74.7.241.58 - - [22/Jan/2026:07:53:25 -0500] "GET /q-~193pSxpggTqjrah1QOQ7yOJuOb4G9VySk17573/ HTTP/1.1" 200 - "https://idolatekno.com/sitemap63.xml" "Mozilla/5.0 AppleWebKit/537.36 (KHTML, like Gecko; compatible; GPTBot/1.3; +https://openai.com/gptbot)"
66.249.70.36 - - [22/Jan/2026:07:53:25 -0500] "GET /?pid=26304226231&channel=duty-door-argue&cate_id=2518&page=https://mail.idolatekno.com/remote.do?q-~192aoSQOjtneorW0b9AnKqzOFnAuXfx6s40002/ HTTP/1.1" 200 86353 "-" "Mozilla/5.0 (Linux; Android 6.0.1; Nexus 5X Build/MMB29P) AppleWebKit/537.36 (KHTML, like Gecko) Chrome/143.0.7499.192 Mobile Safari/537.36 (compatible; Googlebot/2.1; +http://www.google.com/bot.html)"
66.249.64.128 - - [22/Jan/2026:07:53:28 -0500] "GET /pcmypage?callback=/product%2Fdetail%2m69009434262 HTTP/1.1" 403 557868 "-" "Mozilla/5.0 (Linux; Android 6.0.1; Nexus 5X Build/MMB29P) AppleWebKit/537.36 (KHTML, like Gecko) Chrome/143.0.7499.192 Mobile Safari/537.36 (compatible; GoogleOther)"
74.7.241.58 - - [22/Jan/2026:07:53:29 -0500] "GET /q-~50GSuSEkHCoG0To4KDKiXIQe96hTul0E30986/ HTTP/1.1" 200 - "https://idolatekno.com/sitemap14.xml" "Mozilla/5.0 AppleWebKit/537.36 (KHTML, like Gecko; compatible; GPTBot/1.3; +https://openai.com/gptbot)"
74.7.241.58 - - [22/Jan/2026:07:53:32 -0500] "GET /q-~221OlQRI7rLBNo9qgLMWyEXaO81GGWTWv48295/ HTTP/1.1" 200 - "https://idolatekno.com/sitemap1.xml" "Mozilla/5.0 AppleWebKit/537.36 (KHTML, like Gecko; compatible; GPTBot/1.3; +https://openai.com/gptbot)"
114.119.130.27 - - [22/Jan/2026:07:53:32 -0500] "GET /q-~218P18NsJLbzvXYnmIqmWo12teIFoGXeo47642/ HTTP/1.1" 200 - "https://mail.idolatekno.com/sitemapd.xml" "Mozilla/5.0 (Linux; Android 7.0;) AppleWebKit/537.36 (KHTML, like Gecko) Mobile Safari/537.36 (compatible; PetalBot;+https://webmaster.petalsearch.com/site/petalbot)"
66.249.70.36 - - [22/Jan/2026:07:53:33 -0500] "GET /?pid=26304226231&channel=key-comprehensive-envision&cate_id=2518&page=https://mail.idolatekno.com/remote.do?items/087017620.htm HTTP/1.1" 200 86349 "-" "Mozilla/5.0 (Linux; Android 6.0.1; Nexus 5X Build/MMB29P) AppleWebKit/537.36 (KHTML, like Gecko) Chrome/143.0.7499.192 Mobile Safari/537.36 (compatible; Googlebot/2.1; +http://www.google.com/bot.html)"
66.249.64.132 - - [22/Jan/2026:07:53:33 -0500] "GET /?x=2166640003788&channel=107e18&from=https://idolatekno.com/super.py?q-~99U2yDEgADYA82haJL7E4DiNQk81I2SM9441/ HTTP/1.1" 200 85480 "-" "Mozilla/5.0 (Linux; Android 6.0.1; Nexus 5X Build/MMB29P) AppleWebKit/537.36 (KHTML, like Gecko) Chrome/143.0.7499.192 Mobile Safari/537.36 (compatible; GoogleOther)"
66.249.70.36 - - [22/Jan/2026:07:53:33 -0500] "GET /?b=954458a8g9g7 HTTP/1.1" 200 85735 "-" "Mozilla/5.0 (Linux; Android 6.0.1; Nexus 5X Build/MMB29P) AppleWebKit/537.36 (KHTML, like Gecko) Chrome/143.0.7499.192 Mobile Safari/537.36 (compatible; Googlebot/2.1; +http://www.google.com/bot.html)"
74.7.241.58 - - [22/Jan/2026:07:53:35 -0500] "GET /q-~204NfBaVzV4FyfJRL512TbzlhGRwsETSH44516/ HTTP/1.1" 200 - "https://idolatekno.com/sitemap785.xml" "Mozilla/5.0 AppleWebKit/537.36 (KHTML, like Gecko; compatible; GPTBot/1.3; +https://openai.com/gptbot)"
74.7.241.58 - - [22/Jan/2026:07:53:38 -0500] "GET /q-~250hZk2Y4ojy43ZwLOWGvk9CJdJTETSJZ28506/ HTTP/1.1" 200 - "https://idolatekno.com/?sitemap305.xml" "Mozilla/5.0 AppleWebKit/537.36 (KHTML, like Gecko; compatible; GPTBot/1.3; +https://openai.com/gptbot)"
66.249.70.36 - - [22/Jan/2026:07:53:38 -0500] "GET /?pid=26304226231&channel=chop-wheelchair-shortly&cate_id=2518&page=https://mail.idolatekno.com/remote.do?q-~250T3A9SPU3WfZHZc9VTxKcpoXemqdbTy4496/ HTTP/1.1" 200 86700 "-" "Mozilla/5.0 (Linux; Android 6.0.1; Nexus 5X Build/MMB29P) AppleWebKit/537.36 (KHTML, like Gecko) Chrome/143.0.7499.192 Mobile Safari/537.36 (compatible; Googlebot/2.1; +http://www.google.com/bot.html)"
66.249.70.37 - - [22/Jan/2026:07:53:39 -0500] "GET /?pid=26304226231&channel=flood-mirror-format&cate_id=2518&page=https://mail.idolatekno.com/remote.do?items/077014342.htm HTTP/1.1" 200 87039 "-" "Mozilla/5.0 (Linux; Android 6.0.1; Nexus 5X Build/MMB29P) AppleWebKit/537.36 (KHTML, like Gecko) Chrome/143.0.7499.192 Mobile Safari/537.36 (compatible; Googlebot/2.1; +http://www.google.com/bot.html)"
46.213.164.39 - - [22/Jan/2026:07:53:40 -0500] "GET /q-~286cZj5buwVhCTo3Bhf5lpQJolfc3GwZZ8736/ HTTP/1.1" 200 - "-" "Mozilla/5.0 (Windows; U; Windows NT 6.1; en-GB; rv:1.9.2.3) Gecko/20100401 Firefox/3.6;MEGAUPLOAD 1.0"
74.7.241.58 - - [22/Jan/2026:07:53:41 -0500] "GET /q-~143x1tjMM8FXQCLjhKCLDz14XAjWW4AYP11053/ HTTP/1.1" 200 - "https://idolatekno.com/sitemap21.xml" "Mozilla/5.0 AppleWebKit/537.36 (KHTML, like Gecko; compatible; GPTBot/1.3; +https://openai.com/gptbot)"
66.249.64.132 - - [22/Jan/2026:07:53:43 -0500] "GET /q-~82sfyY9rLLX7pNlnijUtXq73JjMRg5Qo12358/ HTTP/1.1" 200 85673 "-" "Mozilla/5.0 (Linux; Android 6.0.1; Nexus 5X Build/MMB29P) AppleWebKit/537.36 (KHTML, like Gecko) Chrome/143.0.7499.192 Mobile Safari/537.36 (compatible; GoogleOther)"
74.7.241.58 - - [22/Jan/2026:07:53:44 -0500] "GET /q-~130IHqEAHrDuYu2Sef4k7OtUkkhY1waUu37462/ HTTP/1.1" 200 - "https://idolatekno.com/?sitemap305.xml" "Mozilla/5.0 AppleWebKit/537.36 (KHTML, like Gecko; compatible; GPTBot/1.3; +https://openai.com/gptbot)"
66.249.70.37 - - [22/Jan/2026:07:53:47 -0500] "GET /?pid=26304226231&channel=hopefully-marble-suitable&cate_id=2518&page=https://mail.idolatekno.com/remote.do?items/204008461.htm HTTP/1.1" 200 85383 "-" "Mozilla/5.0 (Linux; Android 6.0.1; Nexus 5X Build/MMB29P) AppleWebKit/537.36 (KHTML, like Gecko) Chrome/143.0.7499.192 Mobile Safari/537.36 (compatible; Googlebot/2.1; +http://www.google.com/bot.html)"
74.7.241.58 - - [22/Jan/2026:07:53:48 -0500] "GET /q-~167ioksZyZhgLyoR6wa8seERn2ViD3jyh26343/ HTTP/1.1" 200 - "https://idolatekno.com/?sitemap442.xml" "Mozilla/5.0 AppleWebKit/537.36 (KHTML, like Gecko; compatible; GPTBot/1.3; +https://openai.com/gptbot)"
66.249.64.128 - - [22/Jan/2026:07:53:50 -0500] "GET /pcmypage?callback=/product%2Fdetail%2m21279020202 HTTP/1.1" 403 566654 "-" "Mozilla/5.0 (Linux; Android 6.0.1; Nexus 5X Build/MMB29P) AppleWebKit/537.36 (KHTML, like Gecko) Chrome/143.0.7499.192 Mobile Safari/537.36 (compatible; GoogleOther)"
74.7.241.58 - - [22/Jan/2026:07:53:51 -0500] "GET /q-~296vp3Z10ob4exgdyevVzXqdZLqEeGe7b5608/ HTTP/1.1" 200 - "https://idolatekno.com/sitemap27.xml" "Mozilla/5.0 AppleWebKit/537.36 (KHTML, like Gecko; compatible; GPTBot/1.3; +https://openai.com/gptbot)"
74.7.241.58 - - [22/Jan/2026:07:53:54 -0500] "GET /q-~10PPLIIzbjqtLggbc0z6ME2S2eA8HuIj38106/ HTTP/1.1" 200 - "https://idolatekno.com/?sitemap305.xml" "Mozilla/5.0 AppleWebKit/537.36 (KHTML, like Gecko; compatible; GPTBot/1.3; +https://openai.com/gptbot)"
66.249.70.38 - - [22/Jan/2026:07:53:54 -0500] "GET /?pid=26304226231&channel=trip-experienced-columnist&cate_id=2518&page=https://mail.idolatekno.com/remote.do?q-~131vWo3YauSeKmCVzPxrL7mF1OGSifL4u15761/ HTTP/1.1" 200 85658 "-" "Mozilla/5.0 (Linux; Android 6.0.1; Nexus 5X Build/MMB29P) AppleWebKit/537.36 (KHTML, like Gecko) Chrome/143.0.7499.192 Mobile Safari/537.36 (compatible; Googlebot/2.1; +http://www.google.com/bot.html)"
74.7.241.58 - - [22/Jan/2026:07:53:57 -0500] "GET /q-~109eIDqVLiA8w6ffD2DnJhZwjFf4TFm1z39387/ HTTP/1.1" 200 - "https://idolatekno.com/sitemap29.xml" "Mozilla/5.0 AppleWebKit/537.36 (KHTML, like Gecko; compatible; GPTBot/1.3; +https://openai.com/gptbot)"
66.249.64.132 - - [22/Jan/2026:07:53:57 -0500] "GET /q-~97kYp8ONoTQIC7GmVIlNubb5mvBeF9sZ14771/ HTTP/1.1" 200 85790 "-" "Mozilla/5.0 (Linux; Android 6.0.1; Nexus 5X Build/MMB29P) AppleWebKit/537.36 (KHTML, like Gecko) Chrome/143.0.7499.192 Mobile Safari/537.36 (compatible; GoogleOther)"
114.119.142.186 - - [22/Jan/2026:07:53:59 -0500] "GET /q-~218MDBgUSnfwxaFCPE5j60lJn58AvZiGe3206/ HTTP/1.1" 200 - "https://mail.idolatekno.com/sitemape.xml" "Mozilla/5.0 (Linux; Android 7.0;) AppleWebKit/537.36 (KHTML, like Gecko) Mobile Safari/537.36 (compatible; PetalBot;+https://webmaster.petalsearch.com/site/petalbot)"
74.7.241.58 - - [22/Jan/2026:07:54:00 -0500] "GET /q-~221cAxKnF513IiDJHr7hveum4brONaAvX5151/ HTTP/1.1" 200 - "https://idolatekno.com/?sitemap317.xml" "Mozilla/5.0 AppleWebKit/537.36 (KHTML, like Gecko; compatible; GPTBot/1.3; +https://openai.com/gptbot)"
66.249.70.37 - - [22/Jan/2026:07:54:02 -0500] "GET /?pid=26304226231&channel=mansion-American-root&cate_id=2518&page=https://mail.idolatekno.com/remote.do?items/053011662.htm HTTP/1.1" 200 87074 "-" "Mozilla/5.0 (Linux; Android 6.0.1; Nexus 5X Build/MMB29P) AppleWebKit/537.36 (KHTML, like Gecko) Chrome/143.0.7499.192 Mobile Safari/537.36 (compatible; Googlebot/2.1; +http://www.google.com/bot.html)"
74.7.241.58 - - [22/Jan/2026:07:54:03 -0500] "GET /q-~220Ym2SaLowWM44vGfouYeczXgR00gvKP33466/ HTTP/1.1" 200 - "https://idolatekno.com/pages.php?sitemap849.xml" "Mozilla/5.0 AppleWebKit/537.36 (KHTML, like Gecko; compatible; GPTBot/1.3; +https://openai.com/gptbot)"
74.7.241.58 - - [22/Jan/2026:07:54:06 -0500] "GET /q-~273Zz4PuuLnfK2XpfLL7P2NxghV4CaWXf26101/ HTTP/1.1" 200 - "https://idolatekno.com/sitemap27.xml" "Mozilla/5.0 AppleWebKit/537.36 (KHTML, like Gecko; compatible; GPTBot/1.3; +https://openai.com/gptbot)"
66.249.64.129 - - [22/Jan/2026:07:54:07 -0500] "GET /?x=2166640003788&channel=107e18&from=https://idolatekno.com/super.py?items/070014447.htm HTTP/1.1" 200 85283 "-" "Mozilla/5.0 (Linux; Android 6.0.1; Nexus 5X Build/MMB29P) AppleWebKit/537.36 (KHTML, like Gecko) Chrome/143.0.7499.192 Mobile Safari/537.36 (compatible; GoogleOther)"
74.7.241.58 - - [22/Jan/2026:07:54:09 -0500] "GET /q-~15gs2uYq9eEMAthAWb2dktVvXEj53ThR35621/ HTTP/1.1" 200 - "https://idolatekno.com/sitemap78.xml" "Mozilla/5.0 AppleWebKit/537.36 (KHTML, like Gecko; compatible; GPTBot/1.3; +https://openai.com/gptbot)"
66.249.70.38 - - [22/Jan/2026:07:54:09 -0500] "GET /?pid=26304226231&channel=meanwhile-pond-flash&cate_id=2518&page=https://mail.idolatekno.com/remote.do?items/254045059.htm HTTP/1.1" 200 85481 "-" "Mozilla/5.0 (Linux; Android 6.0.1; Nexus 5X Build/MMB29P) AppleWebKit/537.36 (KHTML, like Gecko) Chrome/143.0.7499.192 Mobile Safari/537.36 (compatible; Googlebot/2.1; +http://www.google.com/bot.html)"
74.7.241.58 - - [22/Jan/2026:07:54:12 -0500] "GET /q-~135OK74SfTs3KcpRR4ptYvlihn1Rrnigx25997/ HTTP/1.1" 200 - "https://idolatekno.com/sitemap86.xml" "Mozilla/5.0 AppleWebKit/537.36 (KHTML, like Gecko; compatible; GPTBot/1.3; +https://openai.com/gptbot)"
66.249.64.132 - - [22/Jan/2026:07:54:13 -0500] "GET /q-~73kDFWHzvOWP2oTJyMJkhQojSdsXH3XL6853/ HTTP/1.1" 200 86620 "-" "Mozilla/5.0 (Linux; Android 6.0.1; Nexus 5X Build/MMB29P) AppleWebKit/537.36 (KHTML, like Gecko) Chrome/143.0.7499.192 Mobile Safari/537.36 (compatible; GoogleOther)"
74.7.241.58 - - [22/Jan/2026:07:54:15 -0500] "GET /q-~207Ra8mBqj7I6Z2JIvGctqWNsaPzP9wmd26055/ HTTP/1.1" 200 - "https://idolatekno.com/sitemap63.xml" "Mozilla/5.0 AppleWebKit/537.36 (KHTML, like Gecko; compatible; GPTBot/1.3; +https://openai.com/gptbot)"
66.249.70.36 - - [22/Jan/2026:07:54:17 -0500] "GET /?pid=26304226231&channel=minimize-rape-absorb&cate_id=2518&page=https://mail.idolatekno.com/remote.do?items/006036857.htm HTTP/1.1" 200 85887 "-" "Mozilla/5.0 (Linux; Android 6.0.1; Nexus 5X Build/MMB29P) AppleWebKit/537.36 (KHTML, like Gecko) Chrome/143.0.7499.192 Mobile Safari/537.36 (compatible; Googlebot/2.1; +http://www.google.com/bot.html)"
74.7.241.58 - - [22/Jan/2026:07:54:19 -0500] "GET /q-~63RerRVhW6GOBSSAsQJ8s5KIPG2WZW6r23503/ HTTP/1.1" 200 - "https://idolatekno.com/?sitemap317.xml" "Mozilla/5.0 AppleWebKit/537.36 (KHTML, like Gecko; compatible; GPTBot/1.3; +https://openai.com/gptbot)"
74.7.241.58 - - [22/Jan/2026:07:54:22 -0500] "GET /q-~96A1swvnFA9oyolqrw6PBapaYA1mx1dA16740/ HTTP/1.1" 200 - "https://idolatekno.com/?sitemap1000.xml" "Mozilla/5.0 AppleWebKit/537.36 (KHTML, like Gecko; compatible; GPTBot/1.3; +https://openai.com/gptbot)"
66.249.64.103 - - [22/Jan/2026:07:54:24 -0500] "GET /items/190012643.htm HTTP/1.1" 200 85538 "-" "Mozilla/5.0 (Linux; Android 6.0.1; Nexus 5X Build/MMB29P) AppleWebKit/537.36 (KHTML, like Gecko) Chrome/143.0.7499.192 Mobile Safari/537.36 (compatible; Googlebot/2.1; +http://www.google.com/bot.html)"
66.249.64.132 - - [22/Jan/2026:07:54:24 -0500] "GET /q-~34cbnbuDu2bznCdz4Zyw7SEnXy4V6Rzq28742/ HTTP/1.1" 200 86260 "-" "Mozilla/5.0 (Linux; Android 6.0.1; Nexus 5X Build/MMB29P) AppleWebKit/537.36 (KHTML, like Gecko) Chrome/143.0.7499.192 Mobile Safari/537.36 (compatible; GoogleOther)"
74.7.241.58 - - [22/Jan/2026:07:54:25 -0500] "GET /q-~225dA6Mugx8OM5zWdV5pExSl9VJRcEFOK44515/ HTTP/1.1" 200 - "https://idolatekno.com/sitemap21.xml" "Mozilla/5.0 AppleWebKit/537.36 (KHTML, like Gecko; compatible; GPTBot/1.3; +https://openai.com/gptbot)"
66.249.70.36 - - [22/Jan/2026:07:54:25 -0500] "GET /?pid=26304226231&channel=representation-correlation-love&cate_id=2518&page=https://mail.idolatekno.com/remote.do?items/066003719.htm HTTP/1.1" 200 85922 "-" "Mozilla/5.0 (Linux; Android 6.0.1; Nexus 5X Build/MMB29P) AppleWebKit/537.36 (KHTML, like Gecko) Chrome/143.0.7499.192 Mobile Safari/537.36 (compatible; Googlebot/2.1; +http://www.google.com/bot.html)"
66.249.64.132 - - [22/Jan/2026:07:54:26 -0500] "GET /?x=2166640003788&channel=107e18&from=https://idolatekno.com/super.py?items/029038518.htm HTTP/1.1" 200 86019 "-" "Mozilla/5.0 (Linux; Android 6.0.1; Nexus 5X Build/MMB29P) AppleWebKit/537.36 (KHTML, like Gecko) Chrome/143.0.7499.192 Mobile Safari/537.36 (compatible; GoogleOther)"
114.119.130.167 - - [22/Jan/2026:07:54:27 -0500] "GET /q-~218IOoHOqjf4Ap7UwdxtRC2gogbnMabvr13592/ HTTP/1.1" 200 - "https://mail.idolatekno.com/sitemape.xml" "Mozilla/5.0 (Linux; Android 7.0;) AppleWebKit/537.36 (KHTML, like Gecko) Mobile Safari/537.36 (compatible; PetalBot;+https://webmaster.petalsearch.com/site/petalbot)"
74.7.241.58 - - [22/Jan/2026:07:54:28 -0500] "GET /q-~292ke3IcVcK6K3lyaIEdfhryVT7DpCgKs45746/ HTTP/1.1" 200 - "https://idolatekno.com/sitemap86.xml" "Mozilla/5.0 AppleWebKit/537.36 (KHTML, like Gecko; compatible; GPTBot/1.3; +https://openai.com/gptbot)"
74.7.241.58 - - [22/Jan/2026:07:54:31 -0500] "GET /q-~48GG3pwgYrWsWa1xVk7WczF7l7GxoiTZ17980/ HTTP/1.1" 200 - "https://idolatekno.com/?sitemap317.xml" "Mozilla/5.0 AppleWebKit/537.36 (KHTML, like Gecko; compatible; GPTBot/1.3; +https://openai.com/gptbot)"
66.249.70.36 - - [22/Jan/2026:07:54:32 -0500] "GET /?pid=26304226231&channel=improvement-municipal-revolution&cate_id=2518&page=https://mail.idolatekno.com/remote.do?items/066003807.htm HTTP/1.1" 200 87008 "-" "Mozilla/5.0 (Linux; Android 6.0.1; Nexus 5X Build/MMB29P) AppleWebKit/537.36 (KHTML, like Gecko) Chrome/143.0.7499.192 Mobile Safari/537.36 (compatible; Googlebot/2.1; +http://www.google.com/bot.html)"
74.7.241.58 - - [22/Jan/2026:07:54:34 -0500] "GET /q-~240j92JyaDjdyLzEF0LB0Bp3sPuMzEwHB28646/ HTTP/1.1" 200 - "https://idolatekno.com/sitemap78.xml" "Mozilla/5.0 AppleWebKit/537.36 (KHTML, like Gecko; compatible; GPTBot/1.3; +https://openai.com/gptbot)"
146.174.178.182 - - [22/Jan/2026:07:54:37 -0500] "GET /q-~289moD2OquXqmEaHW2leAE6iSvrhXSbQE9561/ HTTP/1.1" 200 - "-" "Mozilla/5.0 (Windows NT 6.1; rv:22.0) Gecko/20130405 Firefox/22.0"
74.7.241.58 - - [22/Jan/2026:07:54:37 -0500] "GET /q-~228xi536jOHftEcPf0cKZeSxVxxYyY4ee39700/ HTTP/1.1" 200 - "https://idolatekno.com/?sitemap317.xml" "Mozilla/5.0 AppleWebKit/537.36 (KHTML, like Gecko; compatible; GPTBot/1.3; +https://openai.com/gptbot)"
66.249.70.37 - - [22/Jan/2026:07:54:40 -0500] "GET /?pid=26304226231&channel=advance-left-inmate&cate_id=2518&page=https://mail.idolatekno.com/remote.do?q-~84Pvfju7jSjoZiXsy0fntvyQrz7q37he14108/ HTTP/1.1" 200 85415 "-" "Mozilla/5.0 (Linux; Android 6.0.1; Nexus 5X Build/MMB29P) AppleWebKit/537.36 (KHTML, like Gecko) Chrome/143.0.7499.192 Mobile Safari/537.36 (compatible; Googlebot/2.1; +http://www.google.com/bot.html)"
66.249.64.128 - - [22/Jan/2026:07:54:40 -0500] "GET /?x=2166640003788&channel=107e18&from=https://idolatekno.com/super.py?items/284046299.htm HTTP/1.1" 200 86590 "-" "Mozilla/5.0 (Linux; Android 6.0.1; Nexus 5X Build/MMB29P) AppleWebKit/537.36 (KHTML, like Gecko) Chrome/143.0.7499.192 Mobile Safari/537.36 (compatible; GoogleOther)"
74.7.241.58 - - [22/Jan/2026:07:54:41 -0500] "GET /q-~162zL6RgJo95wxBlsxJcN6JO6jlFVbGET20332/ HTTP/1.1" 200 - "https://idolatekno.com/sitemap63.xml" "Mozilla/5.0 AppleWebKit/537.36 (KHTML, like Gecko; compatible; GPTBot/1.3; +https://openai.com/gptbot)"
66.249.64.128 - - [22/Jan/2026:07:54:42 -0500] "GET /pcmypage?callback=/product%2Fdetail%2m49736212350 HTTP/1.1" 403 571659 "-" "Mozilla/5.0 (Linux; Android 6.0.1; Nexus 5X Build/MMB29P) AppleWebKit/537.36 (KHTML, like Gecko) Chrome/143.0.7499.192 Mobile Safari/537.36 (compatible; GoogleOther)"
74.7.241.58 - - [22/Jan/2026:07:54:44 -0500] "GET /q-~45M0cJHsUMagehTXMKF9U5W5gtyuGw2j27055/ HTTP/1.1" 200 - "https://idolatekno.com/?sitemap305.xml" "Mozilla/5.0 AppleWebKit/537.36 (KHTML, like Gecko; compatible; GPTBot/1.3; +https://openai.com/gptbot)"
74.7.241.58 - - [22/Jan/2026:07:54:47 -0500] "GET /q-~57AAXMVy6y4a16swupglXJfHZPnMnP8q32535/ HTTP/1.1" 200 - "https://idolatekno.com/sitemap49.xml" "Mozilla/5.0 AppleWebKit/537.36 (KHTML, like Gecko; compatible; GPTBot/1.3; +https://openai.com/gptbot)"
66.249.70.36 - - [22/Jan/2026:07:54:47 -0500] "GET /?pid=26304226231&channel=panel-case-harm&cate_id=2518&page=https://mail.idolatekno.com/remote.do?items/052047755.htm HTTP/1.1" 200 86036 "-" "Mozilla/5.0 (Linux; Android 6.0.1; Nexus 5X Build/MMB29P) AppleWebKit/537.36 (KHTML, like Gecko) Chrome/143.0.7499.192 Mobile Safari/537.36 (compatible; Googlebot/2.1; +http://www.google.com/bot.html)"
74.7.241.58 - - [22/Jan/2026:07:54:50 -0500] "GET /q-~262z82rtS6vDAAYbYyKsHv1RAElRNg5WU39236/ HTTP/1.1" 200 - "https://idolatekno.com/sitemap21.xml" "Mozilla/5.0 AppleWebKit/537.36 (KHTML, like Gecko; compatible; GPTBot/1.3; +https://openai.com/gptbot)"
74.7.241.58 - - [22/Jan/2026:07:54:53 -0500] "GET /q-~63LLfHJRgMpQcpIvAvhDA0I42ok43hDZ46995/ HTTP/1.1" 200 - "https://idolatekno.com/?sitemap305.xml" "Mozilla/5.0 AppleWebKit/537.36 (KHTML, like Gecko; compatible; GPTBot/1.3; +https://openai.com/gptbot)"
114.119.130.167 - - [22/Jan/2026:07:54:54 -0500] "GET /q-~218F3wNkt4DCEsMxEUgV6tzhR2Z5KZtjk31234/ HTTP/1.1" 200 - "https://mail.idolatekno.com/sitemapc.xml" "Mozilla/5.0 (Linux; Android 7.0;) AppleWebKit/537.36 (KHTML, like Gecko) Mobile Safari/537.36 (compatible; PetalBot;+https://webmaster.petalsearch.com/site/petalbot)"
66.249.64.132 - - [22/Jan/2026:07:54:55 -0500] "GET /?x=2166640003788&channel=107e18&from=https://idolatekno.com/super.py?items/275030154.htm HTTP/1.1" 200 86304 "-" "Mozilla/5.0 (Linux; Android 6.0.1; Nexus 5X Build/MMB29P) AppleWebKit/537.36 (KHTML, like Gecko) Chrome/143.0.7499.192 Mobile Safari/537.36 (compatible; GoogleOther)"
66.249.70.36 - - [22/Jan/2026:07:54:55 -0500] "GET /?pid=26304226231&channel=encounter-happily-spending&cate_id=2518&page=https://mail.idolatekno.com/remote.do?items/221029388.htm HTTP/1.1" 200 85817 "-" "Mozilla/5.0 (Linux; Android 6.0.1; Nexus 5X Build/MMB29P) AppleWebKit/537.36 (KHTML, like Gecko) Chrome/143.0.7499.192 Mobile Safari/537.36 (compatible; Googlebot/2.1; +http://www.google.com/bot.html)"
74.7.241.58 - - [22/Jan/2026:07:54:56 -0500] "GET /q-~152VvDafUVNK76zG3LBEZ1DA5Oqtfzudv11270/ HTTP/1.1" 200 - "https://idolatekno.com/sitemap86.xml" "Mozilla/5.0 AppleWebKit/537.36 (KHTML, like Gecko; compatible; GPTBot/1.3; +https://openai.com/gptbot)"
66.249.64.132 - - [22/Jan/2026:07:54:59 -0500] "GET /pcmypage?callback=/product%2Fdetail%2m76735592524 HTTP/1.1" 403 556090 "-" "Mozilla/5.0 (Linux; Android 6.0.1; Nexus 5X Build/MMB29P) AppleWebKit/537.36 (KHTML, like Gecko) Chrome/143.0.7499.192 Mobile Safari/537.36 (compatible; GoogleOther)"
74.7.241.58 - - [22/Jan/2026:07:54:59 -0500] "GET /q-~184u1je5oyWMff9mLSU97XVUkfZmWVcjb33172/ HTTP/1.1" 200 - "https://idolatekno.com/sitemap16.xml" "Mozilla/5.0 AppleWebKit/537.36 (KHTML, like Gecko; compatible; GPTBot/1.3; +https://openai.com/gptbot)"
2a03:2880:f80e:1:: - - [22/Jan/2026:07:55:01 -0500] "GET /?t=28202767b52j4 HTTP/1.1" 200 - "-" "meta-externalagent/1.1 (+https://developers.facebook.com/docs/sharing/webmasters/crawler)"
74.7.241.58 - - [22/Jan/2026:07:55:02 -0500] "GET /q-~25L8MtW1RxKMN1oiqI2LiKGfBrRwJA2j38445/ HTTP/1.1" 200 - "https://idolatekno.com/?sitemap442.xml" "Mozilla/5.0 AppleWebKit/537.36 (KHTML, like Gecko; compatible; GPTBot/1.3; +https://openai.com/gptbot)"
66.249.70.38 - - [22/Jan/2026:07:55:03 -0500] "GET /?pid=26304226231&channel=pension-utility-Word&cate_id=2518&page=https://mail.idolatekno.com/remote.do?items/174013083.htm HTTP/1.1" 200 87207 "-" "Mozilla/5.0 (Linux; Android 6.0.1; Nexus 5X Build/MMB29P) AppleWebKit/537.36 (KHTML, like Gecko) Chrome/143.0.7499.192 Mobile Safari/537.36 (compatible; Googlebot/2.1; +http://www.google.com/bot.html)"
74.7.241.58 - - [22/Jan/2026:07:55:06 -0500] "GET /q-~247efcFgzfkMlP21hmTcz99xWj6kyDAzS1689/ HTTP/1.1" 200 - "https://idolatekno.com/?sitemap503.xml" "Mozilla/5.0 AppleWebKit/537.36 (KHTML, like Gecko; compatible; GPTBot/1.3; +https://openai.com/gptbot)"
74.7.241.58 - - [22/Jan/2026:07:55:09 -0500] "GET /q-~215hD5BJv2JF7hN3gEhB8UwUzRAmBRmgI13237/ HTTP/1.1" 200 - "https://idolatekno.com/sitemap27.xml" "Mozilla/5.0 AppleWebKit/537.36 (KHTML, like Gecko; compatible; GPTBot/1.3; +https://openai.com/gptbot)"
66.249.64.132 - - [22/Jan/2026:07:55:09 -0500] "GET /q-~238ftePdflzO8bsa5z2fcZytuhsegLyMc1258/ HTTP/1.1" 200 85624 "-" "Mozilla/5.0 (Linux; Android 6.0.1; Nexus 5X Build/MMB29P) AppleWebKit/537.36 (KHTML, like Gecko) Chrome/143.0.7499.192 Mobile Safari/537.36 (compatible; GoogleOther)"
66.249.70.37 - - [22/Jan/2026:07:55:10 -0500] "GET /?pid=26304226231&channel=sweep-creature-horizon&cate_id=2518&page=https://mail.idolatekno.com/remote.do?items/182034937.htm HTTP/1.1" 200 86010 "-" "Mozilla/5.0 (Linux; Android 6.0.1; Nexus 5X Build/MMB29P) AppleWebKit/537.36 (KHTML, like Gecko) Chrome/143.0.7499.192 Mobile Safari/537.36 (compatible; Googlebot/2.1; +http://www.google.com/bot.html)"
74.7.241.58 - - [22/Jan/2026:07:55:12 -0500] "GET /q-~173uoY8vs63mSTbNmE7sABwFGCfeS8vec15621/ HTTP/1.1" 200 - "https://idolatekno.com/sitemap1.xml" "Mozilla/5.0 AppleWebKit/537.36 (KHTML, like Gecko; compatible; GPTBot/1.3; +https://openai.com/gptbot)"
74.7.241.58 - - [22/Jan/2026:07:55:15 -0500] "GET /q-~294NR9jjR0ivPtKTz12dOqalBEoXCyOQL15292/ HTTP/1.1" 200 - "https://idolatekno.com/sitemap14.xml" "Mozilla/5.0 AppleWebKit/537.36 (KHTML, like Gecko; compatible; GPTBot/1.3; +https://openai.com/gptbot)"
66.249.64.128 - - [22/Jan/2026:07:55:16 -0500] "GET /pcmypage?callback=/product%2Fdetail%2m78674960150 HTTP/1.1" 403 564450 "-" "Mozilla/5.0 (Linux; Android 6.0.1; Nexus 5X Build/MMB29P) AppleWebKit/537.36 (KHTML, like Gecko) Chrome/143.0.7499.192 Mobile Safari/537.36 (compatible; GoogleOther)"
66.249.70.36 - - [22/Jan/2026:07:55:18 -0500] "GET /?pid=26304226231&channel=reach-faith-unfortunately&cate_id=2518&page=https://mail.idolatekno.com/remote.do?items/209026110.htm HTTP/1.1" 200 85373 "-" "Mozilla/5.0 (Linux; Android 6.0.1; Nexus 5X Build/MMB29P) AppleWebKit/537.36 (KHTML, like Gecko) Chrome/143.0.7499.192 Mobile Safari/537.36 (compatible; Googlebot/2.1; +http://www.google.com/bot.html)"
74.7.241.58 - - [22/Jan/2026:07:55:18 -0500] "GET /q-~141Vx0LLfh1AJoQtAHZSc0utfzi5kxQpS18369/ HTTP/1.1" 200 - "https://idolatekno.com/sitemap21.xml" "Mozilla/5.0 AppleWebKit/537.36 (KHTML, like Gecko; compatible; GPTBot/1.3; +https://openai.com/gptbot)"
74.7.241.58 - - [22/Jan/2026:07:55:21 -0500] "GET /q-~147A54uc2PWHd4guNTAmFqGW9RuElhqsz42209/ HTTP/1.1" 200 - "https://idolatekno.com/sitemap86.xml" "Mozilla/5.0 AppleWebKit/537.36 (KHTML, like Gecko; compatible; GPTBot/1.3; +https://openai.com/gptbot)"
66.249.64.132 - - [22/Jan/2026:07:55:23 -0500] "GET /?x=2166640003788&channel=107e18&from=https://idolatekno.com/super.py?items/007025978.htm HTTP/1.1" 200 86114 "-" "Mozilla/5.0 (Linux; Android 6.0.1; Nexus 5X Build/MMB29P) AppleWebKit/537.36 (KHTML, like Gecko) Chrome/143.0.7499.192 Mobile Safari/537.36 (compatible; GoogleOther)"
74.7.241.58 - - [22/Jan/2026:07:55:24 -0500] "GET /q-~294C3pCKANlmbKGvBb21xLh9hGfzz0GOF5434/ HTTP/1.1" 200 - "https://idolatekno.com/?sitemap317.xml" "Mozilla/5.0 AppleWebKit/537.36 (KHTML, like Gecko; compatible; GPTBot/1.3; +https://openai.com/gptbot)"
66.249.70.36 - - [22/Jan/2026:07:55:25 -0500] "GET /?pid=26304226231&channel=darkness-habitat-look&cate_id=2518&page=https://mail.idolatekno.com/remote.do?q-~52ZkaW3rrLVRR2C6RpMMCtjSqUOq4lyX854/ HTTP/1.1" 200 85610 "-" "Mozilla/5.0 (Linux; Android 6.0.1; Nexus 5X Build/MMB29P) AppleWebKit/537.36 (KHTML, like Gecko) Chrome/143.0.7499.192 Mobile Safari/537.36 (compatible; Googlebot/2.1; +http://www.google.com/bot.html)"
114.119.132.76 - - [22/Jan/2026:07:55:26 -0500] "GET /q-~218CCd68CAHiXpSe5acKR8wJrO1SQ3ips9738/ HTTP/1.1" 200 - "https://mail.idolatekno.com/sitemapc.xml" "Mozilla/5.0 (Linux; Android 7.0;) AppleWebKit/537.36 (KHTML, like Gecko) Mobile Safari/537.36 (compatible; PetalBot;+https://webmaster.petalsearch.com/site/petalbot)"
74.7.241.58 - - [22/Jan/2026:07:55:28 -0500] "GET /q-~238NlSkEBiGxDOkz7pi4aY3OO8dMzj0ZC36840/ HTTP/1.1" 200 - "https://idolatekno.com/?sitemap503.xml" "Mozilla/5.0 AppleWebKit/537.36 (KHTML, like Gecko; compatible; GPTBot/1.3; +https://openai.com/gptbot)"
74.7.241.58 - - [22/Jan/2026:07:55:31 -0500] "GET /q-~244ruDklyYiMBV63RyKEi2e8HeusvuHaI36268/ HTTP/1.1" 200 - "https://idolatekno.com/?sitemap503.xml" "Mozilla/5.0 AppleWebKit/537.36 (KHTML, like Gecko; compatible; GPTBot/1.3; +https://openai.com/gptbot)"
66.249.64.132 - - [22/Jan/2026:07:55:33 -0500] "GET /q-~197DkNl5uNbyU651OYRTeaAneGhUW8pEC27861/ HTTP/1.1" 200 86486 "-" "Mozilla/5.0 (Linux; Android 6.0.1; Nexus 5X Build/MMB29P) AppleWebKit/537.36 (KHTML, like Gecko) Chrome/143.0.7499.192 Mobile Safari/537.36 (compatible; GoogleOther)"
66.249.70.37 - - [22/Jan/2026:07:55:33 -0500] "GET /?pid=26304226231&channel=compare-already-reverse&cate_id=2518&page=https://mail.idolatekno.com/remote.do?q-~47vFZTPnZe3AZZ8eCUepj4POx7INazSx44803/ HTTP/1.1" 200 86134 "-" "Mozilla/5.0 (Linux; Android 6.0.1; Nexus 5X Build/MMB29P) AppleWebKit/537.36 (KHTML, like Gecko) Chrome/143.0.7499.192 Mobile Safari/537.36 (compatible; Googlebot/2.1; +http://www.google.com/bot.html)"
74.7.241.58 - - [22/Jan/2026:07:55:34 -0500] "GET /q-~73dhzVb29Yr5QugI6lXYN1uWQQadNPgf29385/ HTTP/1.1" 200 - "https://idolatekno.com/?sitemap1000.xml" "Mozilla/5.0 AppleWebKit/537.36 (KHTML, like Gecko; compatible; GPTBot/1.3; +https://openai.com/gptbot)"
66.249.70.36 - - [22/Jan/2026:07:55:37 -0500] "GET /?pid=26304226231&channel=exclusively-boost-forward&cate_id=2518&page=https://mail.idolatekno.com/remote.do?q-~16g5tH1H76PmlPzdKmUs6rCKgBF6g3pJ16836/ HTTP/1.1" 200 87557 "-" "Mozilla/5.0 (Linux; Android 6.0.1; Nexus 5X Build/MMB29P) AppleWebKit/537.36 (KHTML, like Gecko) Chrome/143.0.7499.192 Mobile Safari/537.36 (compatible; Googlebot/2.1; +http://www.google.com/bot.html)"
74.7.241.58 - - [22/Jan/2026:07:55:37 -0500] "GET /q-~45sGG3V6dDZuT6PMdZHlHMmBfr7yp0CU14407/ HTTP/1.1" 200 - "https://idolatekno.com/?sitemap442.xml" "Mozilla/5.0 AppleWebKit/537.36 (KHTML, like Gecko; compatible; GPTBot/1.3; +https://openai.com/gptbot)"
66.249.64.128 - - [22/Jan/2026:07:55:38 -0500] "GET /pcmypage?callback=/product%2Fdetail%2m54612875521 HTTP/1.1" 403 556797 "-" "Mozilla/5.0 (Linux; Android 6.0.1; Nexus 5X Build/MMB29P) AppleWebKit/537.36 (KHTML, like Gecko) Chrome/143.0.7499.192 Mobile Safari/537.36 (compatible; GoogleOther)"
74.7.241.58 - - [22/Jan/2026:07:55:41 -0500] "GET /q-~284yx7x5Jar1OPaaVNrpVto5tzDZmG6Ul18502/ HTTP/1.1" 200 - "https://idolatekno.com/?sitemap503.xml" "Mozilla/5.0 AppleWebKit/537.36 (KHTML, like Gecko; compatible; GPTBot/1.3; +https://openai.com/gptbot)"
66.249.70.37 - - [22/Jan/2026:07:55:41 -0500] "GET /?pid=26304226231&channel=generous-promote-watch&cate_id=2518&page=https://mail.idolatekno.com/remote.do?items/014017489.htm HTTP/1.1" 200 85461 "-" "Mozilla/5.0 (Linux; Android 6.0.1; Nexus 5X Build/MMB29P) AppleWebKit/537.36 (KHTML, like Gecko) Chrome/143.0.7499.192 Mobile Safari/537.36 (compatible; Googlebot/2.1; +http://www.google.com/bot.html)"
74.7.241.58 - - [22/Jan/2026:07:55:44 -0500] "GET /q-~15Uc21hvh6BDoCalrqfzT3a7NTVaMLDc19535/ HTTP/1.1" 200 - "https://idolatekno.com/?sitemap503.xml" "Mozilla/5.0 AppleWebKit/537.36 (KHTML, like Gecko; compatible; GPTBot/1.3; +https://openai.com/gptbot)"
74.7.241.58 - - [22/Jan/2026:07:55:47 -0500] "GET /q-~189hQXVGz9Cfe8SNHC5JdCxizE1gfeGPh33979/ HTTP/1.1" 200 - "https://idolatekno.com/?sitemap503.xml" "Mozilla/5.0 AppleWebKit/537.36 (KHTML, like Gecko; compatible; GPTBot/1.3; +https://openai.com/gptbot)"
66.249.70.38 - - [22/Jan/2026:07:55:48 -0500] "GET /?pid=26304226231&channel=shot-symbolic-yield&cate_id=2518&page=https://mail.idolatekno.com/remote.do?q-~281NUv6cM3Lb7OULlWBeDIfP7TBNYBy4j12981/ HTTP/1.1" 200 86185 "-" "Mozilla/5.0 (Linux; Android 6.0.1; Nexus 5X Build/MMB29P) AppleWebKit/537.36 (KHTML, like Gecko) Chrome/143.0.7499.192 Mobile Safari/537.36 (compatible; Googlebot/2.1; +http://www.google.com/bot.html)"
45.7.66.219 - - [22/Jan/2026:07:55:49 -0500] "GET /q-~292R4Gso8HZtS4xGxjixDRiiyqTulYqnM20004/ HTTP/1.1" 200 - "-" "Mozilla/5.0 (Macintosh; U; Intel Mac OS X 10_6_4; en-US) AppleWebKit/534.13 (KHTML, like Gecko) Chrome/9.0.597.0 Safari/534.13"
66.249.64.128 - - [22/Jan/2026:07:55:50 -0500] "GET /?x=2166640003788&channel=107e18&from=https://idolatekno.com/super.py?items/203049640.htm HTTP/1.1" 200 85230 "-" "Mozilla/5.0 (Linux; Android 6.0.1; Nexus 5X Build/MMB29P) AppleWebKit/537.36 (KHTML, like Gecko) Chrome/143.0.7499.192 Mobile Safari/537.36 (compatible; GoogleOther)"
74.7.241.58 - - [22/Jan/2026:07:55:50 -0500] "GET /q-~69Nb5OGQ7sHYCs4U73vHvpCKASnQjQbb16741/ HTTP/1.1" 200 - "https://idolatekno.com/sitemap86.xml" "Mozilla/5.0 AppleWebKit/537.36 (KHTML, like Gecko; compatible; GPTBot/1.3; +https://openai.com/gptbot)"
66.249.64.132 - - [22/Jan/2026:07:55:52 -0500] "GET /q-~223sh0poDTgkbPD9nyGAg9puEVTrcdXvL21129/ HTTP/1.1" 200 86659 "-" "Mozilla/5.0 (Linux; Android 6.0.1; Nexus 5X Build/MMB29P) AppleWebKit/537.36 (KHTML, like Gecko) Chrome/143.0.7499.192 Mobile Safari/537.36 (compatible; GoogleOther)"
74.7.241.58 - - [22/Jan/2026:07:55:54 -0500] "GET /q-~11C3Pj8lWB8odrncCz55BaaOyfpqZkNu39503/ HTTP/1.1" 200 - "https://idolatekno.com/sitemap1.xml" "Mozilla/5.0 AppleWebKit/537.36 (KHTML, like Gecko; compatible; GPTBot/1.3; +https://openai.com/gptbot)"
114.119.153.93 - - [22/Jan/2026:07:55:55 -0500] "GET /q-~217vp9RuA0FC8ckkamMJfUzRJOLDbc9RD18285/ HTTP/1.1" 200 - "https://mail.idolatekno.com/sitemapb.xml" "Mozilla/5.0 (Linux; Android 7.0;) AppleWebKit/537.36 (KHTML, like Gecko) Mobile Safari/537.36 (compatible; PetalBot;+https://webmaster.petalsearch.com/site/petalbot)"
66.249.70.37 - - [22/Jan/2026:07:55:56 -0500] "GET /?pid=26304226231&channel=rub-defendant-toward&cate_id=2518&page=https://mail.idolatekno.com/remote.do?items/281048104.htm HTTP/1.1" 200 86069 "-" "Mozilla/5.0 (Linux; Android 6.0.1; Nexus 5X Build/MMB29P) AppleWebKit/537.36 (KHTML, like Gecko) Chrome/143.0.7499.192 Mobile Safari/537.36 (compatible; Googlebot/2.1; +http://www.google.com/bot.html)"
74.7.241.58 - - [22/Jan/2026:07:55:57 -0500] "GET /q-~263DYoR95RhiZH3aETVjwvr3ZTxirv6Zp15135/ HTTP/1.1" 200 - "https://idolatekno.com/?sitemap305.xml" "Mozilla/5.0 AppleWebKit/537.36 (KHTML, like Gecko; compatible; GPTBot/1.3; +https://openai.com/gptbot)"
74.7.241.58 - - [22/Jan/2026:07:56:00 -0500] "GET /q-~210rQLhAI0uvh5RdGEEjy19GzvfnoElfJ43040/ HTTP/1.1" 200 - "https://idolatekno.com/?sitemap317.xml" "Mozilla/5.0 AppleWebKit/537.36 (KHTML, like Gecko; compatible; GPTBot/1.3; +https://openai.com/gptbot)"
74.7.241.58 - - [22/Jan/2026:07:56:03 -0500] "GET /q-~77r5OsRjLFVi0LnsXmgNu5jm82XBzaXT33861/ HTTP/1.1" 200 - "https://idolatekno.com/?sitemap317.xml" "Mozilla/5.0 AppleWebKit/537.36 (KHTML, like Gecko; compatible; GPTBot/1.3; +https://openai.com/gptbot)"
66.249.70.37 - - [22/Jan/2026:07:56:03 -0500] "GET /?pid=26304226231&channel=floor-ought-smoke&cate_id=2518&page=https://mail.idolatekno.com/remote.do?q-~155RrwlteDEHlxWy2JchEM10rtWwBYqAA35285/ HTTP/1.1" 200 85484 "-" "Mozilla/5.0 (Linux; Android 6.0.1; Nexus 5X Build/MMB29P) AppleWebKit/537.36 (KHTML, like Gecko) Chrome/143.0.7499.192 Mobile Safari/537.36 (compatible; Googlebot/2.1; +http://www.google.com/bot.html)"
74.7.241.58 - - [22/Jan/2026:07:56:06 -0500] "GET /q-~152Tturbaa5GD8qbvvGZP5BtxfifH73dP37962/ HTTP/1.1" 200 - "https://idolatekno.com/?sitemap442.xml" "Mozilla/5.0 AppleWebKit/537.36 (KHTML, like Gecko; compatible; GPTBot/1.3; +https://openai.com/gptbot)"
66.249.64.128 - - [22/Jan/2026:07:56:07 -0500] "GET /pcmypage?callback=/product%2Fdetail%2m53943820641 HTTP/1.1" 403 560719 "-" "Mozilla/5.0 (Linux; Android 6.0.1; Nexus 5X Build/MMB29P) AppleWebKit/537.36 (KHTML, like Gecko) Chrome/143.0.7499.192 Mobile Safari/537.36 (compatible; GoogleOther)"
66.249.64.129 - - [22/Jan/2026:07:56:09 -0500] "GET /?x=2166640003788&channel=107e18&from=https://idolatekno.com/super.py?items/171027630.htm HTTP/1.1" 200 85501 "-" "Mozilla/5.0 (Linux; Android 6.0.1; Nexus 5X Build/MMB29P) AppleWebKit/537.36 (KHTML, like Gecko) Chrome/143.0.7499.192 Mobile Safari/537.36 (compatible; GoogleOther)"
74.7.241.58 - - [22/Jan/2026:07:56:10 -0500] "GET /q-~230Uu9ZTtVQyZFWXUYQnKB99a2JESA3dW33796/ HTTP/1.1" 200 - "https://idolatekno.com/sitemap78.xml" "Mozilla/5.0 AppleWebKit/537.36 (KHTML, like Gecko; compatible; GPTBot/1.3; +https://openai.com/gptbot)"
66.249.70.36 - - [22/Jan/2026:07:56:11 -0500] "GET /?pid=26304226231&channel=busy-honestly-atop&cate_id=2518&page=https://mail.idolatekno.com/remote.do?q-~262R8S8NRuED7ixZALSNfCQ8yiu40Rozp1054/ HTTP/1.1" 200 85387 "-" "Mozilla/5.0 (Linux; Android 6.0.1; Nexus 5X Build/MMB29P) AppleWebKit/537.36 (KHTML, like Gecko) Chrome/143.0.7499.192 Mobile Safari/537.36 (compatible; Googlebot/2.1; +http://www.google.com/bot.html)"
74.7.241.58 - - [22/Jan/2026:07:56:13 -0500] "GET /q-~237uQu2pv1aVPd8CRzSAZ0b1MCZXVqzcW13705/ HTTP/1.1" 200 - "https://idolatekno.com/sitemap785.xml" "Mozilla/5.0 AppleWebKit/537.36 (KHTML, like Gecko; compatible; GPTBot/1.3; +https://openai.com/gptbot)"
74.7.241.58 - - [22/Jan/2026:07:56:16 -0500] "GET /q-~169PGjgXlg9UsqnIX7U6eIpveM0AJqSEc47701/ HTTP/1.1" 200 - "https://idolatekno.com/?sitemap1000.xml" "Mozilla/5.0 AppleWebKit/537.36 (KHTML, like Gecko; compatible; GPTBot/1.3; +https://openai.com/gptbot)"
