114.119.132.76 - - [22/Jan/2026:09:04:58 -0500] "GET /q-~210GXUomCwI23b8I3UDypFGSrElZC6zJW48608/ HTTP/1.1" 200 - "https://mail.idolatekno.com/sitemapd.xml" "Mozilla/5.0 (Linux; Android 7.0;) AppleWebKit/537.36 (KHTML, like Gecko) Mobile Safari/537.36 (compatible; PetalBot;+https://webmaster.petalsearch.com/site/petalbot)"
66.249.64.129 - - [22/Jan/2026:09:04:59 -0500] "GET /pcmypage?callback=/product%2Fdetail%2m60289092751 HTTP/1.1" 403 563217 "-" "Mozilla/5.0 (Linux; Android 6.0.1; Nexus 5X Build/MMB29P) AppleWebKit/537.36 (KHTML, like Gecko) Chrome/143.0.7499.192 Mobile Safari/537.36 (compatible; GoogleOther)"
66.249.70.38 - - [22/Jan/2026:09:05:00 -0500] "GET /?pid=26304226231&channel=cousin-own-file&cate_id=2518&page=https://mail.idolatekno.com/remote.do?items/093041636.htm HTTP/1.1" 200 85923 "-" "Mozilla/5.0 (Linux; Android 6.0.1; Nexus 5X Build/MMB29P) AppleWebKit/537.36 (KHTML, like Gecko) Chrome/143.0.7499.192 Mobile Safari/537.36 (compatible; Googlebot/2.1; +http://www.google.com/bot.html)"
74.7.241.58 - - [22/Jan/2026:09:05:01 -0500] "GET /q-~60HC4iKClTHcR3WNQA7585OIOL508DWT28700/ HTTP/1.1" 200 - "https://idolatekno.com/sitemap27.xml" "Mozilla/5.0 AppleWebKit/537.36 (KHTML, like Gecko; compatible; GPTBot/1.3; +https://openai.com/gptbot)"
146.174.169.49 - - [22/Jan/2026:09:05:03 -0500] "GET /q-~133DNOLXM6F8Ho3luOjkTiZzZy8SwRhlH36891/ HTTP/1.1" 200 - "-" "Mozilla/5.0 (Windows; U; Windows NT 6.1; en-US) AppleWebKit/534.3 (KHTML, like Gecko) Chrome/6.0.460.0 Safari/534.3"
74.7.241.58 - - [22/Jan/2026:09:05:04 -0500] "GET /q-~203ngis5KYqI6c5S7Au090TMhl6I3rgOG8085/ HTTP/1.1" 200 - "https://idolatekno.com/sitemap78.xml" "Mozilla/5.0 AppleWebKit/537.36 (KHTML, like Gecko; compatible; GPTBot/1.3; +https://openai.com/gptbot)"
66.249.70.32 - - [22/Jan/2026:09:05:04 -0500] "GET /?pid=26304226231&channel=elephant-officially-statistics&cate_id=2518&page=https://mail.idolatekno.com/remote.do?q-~298oNrCAmgqZECaBKWFM3wzkv5Puz0tGG40034/ HTTP/1.1" 200 86103 "-" "Mozilla/5.0 (Linux; Android 6.0.1; Nexus 5X Build/MMB29P) AppleWebKit/537.36 (KHTML, like Gecko) Chrome/143.0.7499.192 Mobile Safari/537.36 (compatible; Googlebot/2.1; +http://www.google.com/bot.html)"
74.7.241.58 - - [22/Jan/2026:09:05:07 -0500] "GET /q-~41R4TXFL92ERVmh6i1ar5n4E3Uza6dvD42613/ HTTP/1.1" 200 - "https://idolatekno.com/?sitemap305.xml" "Mozilla/5.0 AppleWebKit/537.36 (KHTML, like Gecko; compatible; GPTBot/1.3; +https://openai.com/gptbot)"
66.249.70.32 - - [22/Jan/2026:09:05:07 -0500] "GET /?pid=26304226231&channel=privilege-contend-digital&cate_id=2518&page=https://mail.idolatekno.com/remote.do?items/277035134.htm HTTP/1.1" 200 85894 "-" "Mozilla/5.0 (Linux; Android 6.0.1; Nexus 5X Build/MMB29P) AppleWebKit/537.36 (KHTML, like Gecko) Chrome/143.0.7499.192 Mobile Safari/537.36 (compatible; Googlebot/2.1; +http://www.google.com/bot.html)"
66.249.70.35 - - [22/Jan/2026:09:05:08 -0500] "GET /?pid=26304226231&channel=sales-discovery-volume&cate_id=2518&page=https://mail.idolatekno.com/remote.do?items/187001104.htm HTTP/1.1" 200 85363 "-" "Mozilla/5.0 (Linux; Android 6.0.1; Nexus 5X Build/MMB29P) AppleWebKit/537.36 (KHTML, like Gecko) Chrome/143.0.7499.192 Mobile Safari/537.36 (compatible; Googlebot/2.1; +http://www.google.com/bot.html)"
66.249.64.132 - - [22/Jan/2026:09:05:08 -0500] "GET /pcmypage?callback=/product%2Fdetail%2m40382684370 HTTP/1.1" 403 556510 "-" "Mozilla/5.0 (Linux; Android 6.0.1; Nexus 5X Build/MMB29P) AppleWebKit/537.36 (KHTML, like Gecko) Chrome/143.0.7499.192 Mobile Safari/537.36 (compatible; GoogleOther)"
74.7.241.58 - - [22/Jan/2026:09:05:10 -0500] "GET /q-~54aC45d87i6IbQ2wDw69AAI0hpTVbSTf13040/ HTTP/1.1" 200 - "https://idolatekno.com/?sitemap305.xml" "Mozilla/5.0 AppleWebKit/537.36 (KHTML, like Gecko; compatible; GPTBot/1.3; +https://openai.com/gptbot)"
66.249.70.36 - - [22/Jan/2026:09:05:11 -0500] "GET /?pid=26304226231&channel=big-muscle-sleep&cate_id=2518&page=https://mail.idolatekno.com/remote.do?q-~108RUjuaC6YiIGuPzd9w0u7KNawVRnBDI38636/ HTTP/1.1" 200 85745 "-" "Mozilla/5.0 (Linux; Android 6.0.1; Nexus 5X Build/MMB29P) AppleWebKit/537.36 (KHTML, like Gecko) Chrome/143.0.7499.192 Mobile Safari/537.36 (compatible; Googlebot/2.1; +http://www.google.com/bot.html)"
74.7.241.58 - - [22/Jan/2026:09:05:13 -0500] "GET /q-~50zgmq14cIlGxus9oZZ066U5Ud0Jq8yb26866/ HTTP/1.1" 200 - "https://idolatekno.com/sitemap49.xml" "Mozilla/5.0 AppleWebKit/537.36 (KHTML, like Gecko; compatible; GPTBot/1.3; +https://openai.com/gptbot)"
66.249.64.132 - - [22/Jan/2026:09:05:13 -0500] "GET /q-~17OdlOrNN4gLVw5wfCs2EKBfX9QimgXn3023/ HTTP/1.1" 200 85834 "-" "Mozilla/5.0 (Linux; Android 6.0.1; Nexus 5X Build/MMB29P) AppleWebKit/537.36 (KHTML, like Gecko) Chrome/143.0.7499.192 Mobile Safari/537.36 (compatible; GoogleOther)"
66.249.70.36 - - [22/Jan/2026:09:05:14 -0500] "GET /?pid=26304226231&channel=raw-placement-vary&cate_id=2518&page=https://mail.idolatekno.com/remote.do?items/293031750.htm HTTP/1.1" 200 85710 "-" "Mozilla/5.0 (Linux; Android 6.0.1; Nexus 5X Build/MMB29P) AppleWebKit/537.36 (KHTML, like Gecko) Chrome/143.0.7499.192 Mobile Safari/537.36 (compatible; Googlebot/2.1; +http://www.google.com/bot.html)"
66.249.70.35 - - [22/Jan/2026:09:05:15 -0500] "GET /?pid=26304226231&channel=helmet-structure-no&cate_id=2518&page=https://mail.idolatekno.com/remote.do?items/105041874.htm HTTP/1.1" 200 85358 "-" "Mozilla/5.0 (Linux; Android 6.0.1; Nexus 5X Build/MMB29P) AppleWebKit/537.36 (KHTML, like Gecko) Chrome/143.0.7499.192 Mobile Safari/537.36 (compatible; Googlebot/2.1; +http://www.google.com/bot.html)"
74.7.241.58 - - [22/Jan/2026:09:05:16 -0500] "GET /q-~31B6FS22Z9BgS80WHAtIlhXGYgGn955E13289/ HTTP/1.1" 200 - "https://idolatekno.com/?sitemap1000.xml" "Mozilla/5.0 AppleWebKit/537.36 (KHTML, like Gecko; compatible; GPTBot/1.3; +https://openai.com/gptbot)"
74.7.241.58 - - [22/Jan/2026:09:05:20 -0500] "GET /q-~58MFU1ZKQ2m6T7hXR05QNXH36EU5tjxp36828/ HTTP/1.1" 200 - "https://idolatekno.com/?sitemap1000.xml" "Mozilla/5.0 AppleWebKit/537.36 (KHTML, like Gecko; compatible; GPTBot/1.3; +https://openai.com/gptbot)"
66.249.70.34 - - [22/Jan/2026:09:05:21 -0500] "GET /?pid=26304226231&channel=credibility-insert-suspect&cate_id=2518&page=https://mail.idolatekno.com/remote.do?items/274016433.htm HTTP/1.1" 200 85830 "-" "Mozilla/5.0 (Linux; Android 6.0.1; Nexus 5X Build/MMB29P) AppleWebKit/537.36 (KHTML, like Gecko) Chrome/143.0.7499.192 Mobile Safari/537.36 (compatible; Googlebot/2.1; +http://www.google.com/bot.html)"
66.249.70.32 - - [22/Jan/2026:09:05:22 -0500] "GET /?pid=26304226231&channel=sensation-might-tax&cate_id=2518&page=https://mail.idolatekno.com/remote.do?items/141003734.htm HTTP/1.1" 200 86639 "-" "Mozilla/5.0 (Linux; Android 6.0.1; Nexus 5X Build/MMB29P) AppleWebKit/537.36 (KHTML, like Gecko) Chrome/143.0.7499.192 Mobile Safari/537.36 (compatible; Googlebot/2.1; +http://www.google.com/bot.html)"
74.7.241.58 - - [22/Jan/2026:09:05:23 -0500] "GET /q-~76MtmqC5g781OV8HF18vS59eYnsNYpAQ15952/ HTTP/1.1" 200 - "https://idolatekno.com/?sitemap442.xml" "Mozilla/5.0 AppleWebKit/537.36 (KHTML, like Gecko; compatible; GPTBot/1.3; +https://openai.com/gptbot)"
66.249.70.34 - - [22/Jan/2026:09:05:23 -0500] "GET /?pid=26304226231&channel=agree-push-gang&cate_id=2518&page=https://mail.idolatekno.com/remote.do?items/123020692.htm HTTP/1.1" 200 85163 "-" "Mozilla/5.0 (Linux; Android 6.0.1; Nexus 5X Build/MMB29P) AppleWebKit/537.36 (KHTML, like Gecko) Chrome/143.0.7499.192 Mobile Safari/537.36 (compatible; Googlebot/2.1; +http://www.google.com/bot.html)"
66.249.64.132 - - [22/Jan/2026:09:05:24 -0500] "GET /pcmypage?callback=/product%2Fdetail%2m32408348052 HTTP/1.1" 403 558823 "-" "Mozilla/5.0 (Linux; Android 6.0.1; Nexus 5X Build/MMB29P) AppleWebKit/537.36 (KHTML, like Gecko) Chrome/143.0.7499.192 Mobile Safari/537.36 (compatible; GoogleOther)"
74.7.241.58 - - [22/Jan/2026:09:05:26 -0500] "GET /q-~65ZvweQ3M0NC0kjs1fR2Ktjw3kE530Af19435/ HTTP/1.1" 200 - "https://idolatekno.com/sitemap785.xml" "Mozilla/5.0 AppleWebKit/537.36 (KHTML, like Gecko; compatible; GPTBot/1.3; +https://openai.com/gptbot)"
114.119.153.93 - - [22/Jan/2026:09:05:26 -0500] "GET /q-~210A1SJ3t28oImEcdjCjMNh6NcEsFLPnA1038/ HTTP/1.1" 200 - "https://mail.idolatekno.com/sitemapc.xml" "Mozilla/5.0 (Linux; Android 7.0;) AppleWebKit/537.36 (KHTML, like Gecko) Mobile Safari/537.36 (compatible; PetalBot;+https://webmaster.petalsearch.com/site/petalbot)"
2a03:2880:f80e:6b:: - - [22/Jan/2026:09:05:27 -0500] "GET /m/stare42207683?id=2223941 HTTP/1.1" 200 - "-" "meta-externalagent/1.1 (+https://developers.facebook.com/docs/sharing/webmasters/crawler)"
66.249.64.132 - - [22/Jan/2026:09:05:28 -0500] "GET /pcmypage?callback=/product%2Fdetail%2m64777543657 HTTP/1.1" 403 555070 "-" "Mozilla/5.0 (Linux; Android 6.0.1; Nexus 5X Build/MMB29P) AppleWebKit/537.36 (KHTML, like Gecko) Chrome/143.0.7499.192 Mobile Safari/537.36 (compatible; GoogleOther)"
66.249.70.34 - - [22/Jan/2026:09:05:28 -0500] "GET /?pid=26304226231&channel=cope-architect-nutrient&cate_id=2518&page=https://mail.idolatekno.com/remote.do?q-~192oNsiArgHNR50TLnFun6jBLgyNzH9HJ19204/ HTTP/1.1" 200 86529 "-" "Mozilla/5.0 (Linux; Android 6.0.1; Nexus 5X Build/MMB29P) AppleWebKit/537.36 (KHTML, like Gecko) Chrome/143.0.7499.192 Mobile Safari/537.36 (compatible; Googlebot/2.1; +http://www.google.com/bot.html)"
74.7.241.58 - - [22/Jan/2026:09:05:29 -0500] "GET /q-~34X36wv7Az3w9p5mBa29AKOEWwoES6pX22048/ HTTP/1.1" 200 - "https://idolatekno.com/?sitemap317.xml" "Mozilla/5.0 AppleWebKit/537.36 (KHTML, like Gecko; compatible; GPTBot/1.3; +https://openai.com/gptbot)"
66.249.70.32 - - [22/Jan/2026:09:05:31 -0500] "GET /?pid=26304226231&channel=vendor-ball-budget&cate_id=2518&page=https://mail.idolatekno.com/remote.do?items/123028484.htm HTTP/1.1" 200 85610 "-" "Mozilla/5.0 (Linux; Android 6.0.1; Nexus 5X Build/MMB29P) AppleWebKit/537.36 (KHTML, like Gecko) Chrome/143.0.7499.192 Mobile Safari/537.36 (compatible; Googlebot/2.1; +http://www.google.com/bot.html)"
74.7.241.58 - - [22/Jan/2026:09:05:32 -0500] "GET /q-~97mA2iIo4QbKXMSIz61t9T80dK6fPw8w18857/ HTTP/1.1" 200 - "https://idolatekno.com/pages.php?sitemap849.xml" "Mozilla/5.0 AppleWebKit/537.36 (KHTML, like Gecko; compatible; GPTBot/1.3; +https://openai.com/gptbot)"
74.7.241.58 - - [22/Jan/2026:09:05:35 -0500] "GET /q-~245JjP5VCkhi3i4pS22Kb0MTp48rx2PIn2639/ HTTP/1.1" 200 - "https://idolatekno.com/?sitemap503.xml" "Mozilla/5.0 AppleWebKit/537.36 (KHTML, like Gecko; compatible; GPTBot/1.3; +https://openai.com/gptbot)"
66.249.70.35 - - [22/Jan/2026:09:05:36 -0500] "GET /?pid=26304226231&channel=mixture-inventory-loss&cate_id=2518&page=https://mail.idolatekno.com/remote.do?items/091033030.htm HTTP/1.1" 200 85700 "-" "Mozilla/5.0 (Linux; Android 6.0.1; Nexus 5X Build/MMB29P) AppleWebKit/537.36 (KHTML, like Gecko) Chrome/143.0.7499.192 Mobile Safari/537.36 (compatible; Googlebot/2.1; +http://www.google.com/bot.html)"
74.7.241.58 - - [22/Jan/2026:09:05:39 -0500] "GET /q-~76Uy9cm3cFcBuQ8L27894u1kKryHFrfZ14932/ HTTP/1.1" 200 - "https://idolatekno.com/?sitemap1000.xml" "Mozilla/5.0 AppleWebKit/537.36 (KHTML, like Gecko; compatible; GPTBot/1.3; +https://openai.com/gptbot)"
66.249.70.35 - - [22/Jan/2026:09:05:38 -0500] "GET /?pid=26304226231&channel=neck-final-corporate&cate_id=2518&page=https://mail.idolatekno.com/remote.do?q-~187npfds9qkOb6lFAYY6ORXY25nnVaAxD1019/ HTTP/1.1" 200 86156 "-" "Mozilla/5.0 (Linux; Android 6.0.1; Nexus 5X Build/MMB29P) AppleWebKit/537.36 (KHTML, like Gecko) Chrome/143.0.7499.192 Mobile Safari/537.36 (compatible; Googlebot/2.1; +http://www.google.com/bot.html)"
66.249.64.132 - - [22/Jan/2026:09:05:42 -0500] "GET /q-~194QvqCeGPsUfVF7dkIMJQcxvHkK1Lvar11806/ HTTP/1.1" 200 85497 "-" "Mozilla/5.0 (Linux; Android 6.0.1; Nexus 5X Build/MMB29P) AppleWebKit/537.36 (KHTML, like Gecko) Chrome/143.0.7499.192 Mobile Safari/537.36 (compatible; GoogleOther)"
74.7.241.58 - - [22/Jan/2026:09:05:42 -0500] "GET /q-~125Lk28dO9u2RPuiwuK2IS5y2p47duFNa6509/ HTTP/1.1" 200 - "https://idolatekno.com/sitemap78.xml" "Mozilla/5.0 AppleWebKit/537.36 (KHTML, like Gecko; compatible; GPTBot/1.3; +https://openai.com/gptbot)"
66.249.64.128 - - [22/Jan/2026:09:05:44 -0500] "GET /pcmypage?callback=/product%2Fdetail%2m39076266895 HTTP/1.1" 403 553567 "-" "Mozilla/5.0 (Linux; Android 6.0.1; Nexus 5X Build/MMB29P) AppleWebKit/537.36 (KHTML, like Gecko) Chrome/143.0.7499.192 Mobile Safari/537.36 (compatible; GoogleOther)"
74.7.241.58 - - [22/Jan/2026:09:05:45 -0500] "GET /q-~18D7D9a22mH2dU4nmg2Xdk76yFCsSWwQ43810/ HTTP/1.1" 200 - "https://idolatekno.com/?sitemap317.xml" "Mozilla/5.0 AppleWebKit/537.36 (KHTML, like Gecko; compatible; GPTBot/1.3; +https://openai.com/gptbot)"
66.249.70.35 - - [22/Jan/2026:09:05:46 -0500] "GET /?pid=26304226231&channel=affair-nature-death&cate_id=2518&page=https://mail.idolatekno.com/remote.do?q-~43FeqINll4FmuiQCzW5B4UiXeEXjB6Kd14063/ HTTP/1.1" 200 85641 "-" "Mozilla/5.0 (Linux; Android 6.0.1; Nexus 5X Build/MMB29P) AppleWebKit/537.36 (KHTML, like Gecko) Chrome/143.0.7499.192 Mobile Safari/537.36 (compatible; Googlebot/2.1; +http://www.google.com/bot.html)"
66.249.70.32 - - [22/Jan/2026:09:05:47 -0500] "GET /?pid=26304226231&channel=require-telescope-thoroughly&cate_id=2518&page=https://mail.idolatekno.com/remote.do?q-~157U1aUqUWu0P6r1irOw5B7rqkCBVJfUf47029/ HTTP/1.1" 200 85510 "-" "Mozilla/5.0 (Linux; Android 6.0.1; Nexus 5X Build/MMB29P) AppleWebKit/537.36 (KHTML, like Gecko) Chrome/143.0.7499.192 Mobile Safari/537.36 (compatible; Googlebot/2.1; +http://www.google.com/bot.html)"
74.7.241.58 - - [22/Jan/2026:09:05:48 -0500] "GET /q-~48J1mI9svCZGtr1S6TT5LB5cRlf129qn17884/ HTTP/1.1" 200 - "https://idolatekno.com/sitemap63.xml" "Mozilla/5.0 AppleWebKit/537.36 (KHTML, like Gecko; compatible; GPTBot/1.3; +https://openai.com/gptbot)"
74.7.241.58 - - [22/Jan/2026:09:05:51 -0500] "GET /q-~149EjkKF77u795QkvrdX1yAXC5F4q8lhc7467/ HTTP/1.1" 200 - "https://idolatekno.com/?sitemap305.xml" "Mozilla/5.0 AppleWebKit/537.36 (KHTML, like Gecko; compatible; GPTBot/1.3; +https://openai.com/gptbot)"
66.249.70.36 - - [22/Jan/2026:09:05:53 -0500] "GET /?pid=26304226231&channel=uncle-reader-garbage&cate_id=2518&page=https://mail.idolatekno.com/remote.do?items/052005353.htm HTTP/1.1" 200 85775 "-" "Mozilla/5.0 (Linux; Android 6.0.1; Nexus 5X Build/MMB29P) AppleWebKit/537.36 (KHTML, like Gecko) Chrome/143.0.7499.192 Mobile Safari/537.36 (compatible; Googlebot/2.1; +http://www.google.com/bot.html)"
114.119.135.195 - - [22/Jan/2026:09:05:53 -0500] "GET /q-~20vluxS19Xf5PaLUyPZACY7QzSPJtq0Z33834/ HTTP/1.1" 200 - "https://mail.idolatekno.com/sitemapb.xml" "Mozilla/5.0 (Linux; Android 7.0;) AppleWebKit/537.36 (KHTML, like Gecko) Mobile Safari/537.36 (compatible; PetalBot;+https://webmaster.petalsearch.com/site/petalbot)"
66.249.70.35 - - [22/Jan/2026:09:05:54 -0500] "GET /?pid=26304226231&channel=constitute-closed-preach&cate_id=2518&page=https://mail.idolatekno.com/remote.do?q-~211k3lu33BOZxegyOMM0MBIYbXYAhzQiJ12471/ HTTP/1.1" 200 85932 "-" "Mozilla/5.0 (Linux; Android 6.0.1; Nexus 5X Build/MMB29P) AppleWebKit/537.36 (KHTML, like Gecko) Chrome/143.0.7499.192 Mobile Safari/537.36 (compatible; Googlebot/2.1; +http://www.google.com/bot.html)"
66.249.70.35 - - [22/Jan/2026:09:05:54 -0500] "GET /?pid=26304226231&channel=remote-melt-substance&cate_id=2518&page=https://mail.idolatekno.com/remote.do?q-~29bvhkVQv38uZURFXFnRze2eH075oWgb29531/ HTTP/1.1" 200 87078 "-" "Mozilla/5.0 (Linux; Android 6.0.1; Nexus 5X Build/MMB29P) AppleWebKit/537.36 (KHTML, like Gecko) Chrome/143.0.7499.192 Mobile Safari/537.36 (compatible; Googlebot/2.1; +http://www.google.com/bot.html)"
74.7.241.58 - - [22/Jan/2026:09:05:54 -0500] "GET /q-~84sr36yu7QGUok9816lkeSt1vzN9bITS34994/ HTTP/1.1" 200 - "https://idolatekno.com/sitemap86.xml" "Mozilla/5.0 AppleWebKit/537.36 (KHTML, like Gecko; compatible; GPTBot/1.3; +https://openai.com/gptbot)"
66.249.64.132 - - [22/Jan/2026:09:05:57 -0500] "GET /pcmypage?callback=/product%2Fdetail%2m89504723068 HTTP/1.1" 403 557652 "-" "Mozilla/5.0 (Linux; Android 6.0.1; Nexus 5X Build/MMB29P) AppleWebKit/537.36 (KHTML, like Gecko) Chrome/143.0.7499.192 Mobile Safari/537.36 (compatible; GoogleOther)"
74.7.241.58 - - [22/Jan/2026:09:05:58 -0500] "GET /q-~210VUr5CwQe1G1ikoDz922Y39x4gqaDfa5102/ HTTP/1.1" 200 - "https://idolatekno.com/?sitemap442.xml" "Mozilla/5.0 AppleWebKit/537.36 (KHTML, like Gecko; compatible; GPTBot/1.3; +https://openai.com/gptbot)"
202.76.179.41 - - [22/Jan/2026:09:05:58 -0500] "GET /q-~133e0W7IWyZMEQKZ2Z14pPFxmYnYYkZpO18427/ HTTP/1.1" 200 - "-" "Mozilla/5.0 (X11; U; Linux i686; de; rv:1.9.2.3) Gecko/20100423 Ubuntu/10.04 (lucid) Firefox/3.6.3"
66.249.70.32 - - [22/Jan/2026:09:05:59 -0500] "GET /?pid=26304226231&channel=district-eating-ambition&cate_id=2518&page=https://mail.idolatekno.com/remote.do?items/094001387.htm HTTP/1.1" 200 85513 "-" "Mozilla/5.0 (Linux; Android 6.0.1; Nexus 5X Build/MMB29P) AppleWebKit/537.36 (KHTML, like Gecko) Chrome/143.0.7499.192 Mobile Safari/537.36 (compatible; Googlebot/2.1; +http://www.google.com/bot.html)"
66.249.64.129 - - [22/Jan/2026:09:05:59 -0500] "GET /q-~73G9WrTDLNrCJb1SeD0tjZHOsxNlit9j3677/ HTTP/1.1" 200 85662 "-" "Mozilla/5.0 (Linux; Android 6.0.1; Nexus 5X Build/MMB29P) AppleWebKit/537.36 (KHTML, like Gecko) Chrome/143.0.7499.192 Mobile Safari/537.36 (compatible; GoogleOther)"
74.7.241.58 - - [22/Jan/2026:09:06:01 -0500] "GET /q-~87cZjJMOOU88ehr7r7G0BZL65T5G6Ehp12385/ HTTP/1.1" 200 - "https://idolatekno.com/?sitemap305.xml" "Mozilla/5.0 AppleWebKit/537.36 (KHTML, like Gecko; compatible; GPTBot/1.3; +https://openai.com/gptbot)"
66.249.70.37 - - [22/Jan/2026:09:06:01 -0500] "GET /?pid=26304226231&channel=movie-Israeli-strictly&cate_id=2518&page=https://mail.idolatekno.com/remote.do?items/031019608.htm HTTP/1.1" 200 86292 "-" "Mozilla/5.0 (Linux; Android 6.0.1; Nexus 5X Build/MMB29P) AppleWebKit/537.36 (KHTML, like Gecko) Chrome/143.0.7499.192 Mobile Safari/537.36 (compatible; Googlebot/2.1; +http://www.google.com/bot.html)"
2a03:2880:f80e:33:: - - [22/Jan/2026:09:06:02 -0500] "GET /m/rough20262801?id=279059 HTTP/1.1" 200 - "-" "meta-externalagent/1.1 (+https://developers.facebook.com/docs/sharing/webmasters/crawler)"
74.7.241.58 - - [22/Jan/2026:09:06:04 -0500] "GET /q-~51J1mI9svCZGtr1S6TT5LB5cRlf129qn17881/ HTTP/1.1" 200 - "https://idolatekno.com/sitemap14.xml" "Mozilla/5.0 AppleWebKit/537.36 (KHTML, like Gecko; compatible; GPTBot/1.3; +https://openai.com/gptbot)"
66.249.70.34 - - [22/Jan/2026:09:06:06 -0500] "GET /?pid=26304226231&channel=fatal-estate-enemy&cate_id=2518&page=https://mail.idolatekno.com/remote.do?items/113046762.htm HTTP/1.1" 200 85716 "-" "Mozilla/5.0 (Linux; Android 6.0.1; Nexus 5X Build/MMB29P) AppleWebKit/537.36 (KHTML, like Gecko) Chrome/143.0.7499.192 Mobile Safari/537.36 (compatible; Googlebot/2.1; +http://www.google.com/bot.html)"
74.7.241.58 - - [22/Jan/2026:09:06:07 -0500] "GET /q-~192nC0bQw9spg71Kz3TRgi1wBf73BNg4G3118/ HTTP/1.1" 200 - "https://idolatekno.com/?sitemap1000.xml" "Mozilla/5.0 AppleWebKit/537.36 (KHTML, like Gecko; compatible; GPTBot/1.3; +https://openai.com/gptbot)"
66.249.70.35 - - [22/Jan/2026:09:06:09 -0500] "GET /?pid=26304226231&channel=approve-not-selected&cate_id=2518&page=https://mail.idolatekno.com/remote.do?q-~212iVKkxXiCAyFfrIYGQZufiklry7Ckhi46284/ HTTP/1.1" 200 86275 "-" "Mozilla/5.0 (Linux; Android 6.0.1; Nexus 5X Build/MMB29P) AppleWebKit/537.36 (KHTML, like Gecko) Chrome/143.0.7499.192 Mobile Safari/537.36 (compatible; Googlebot/2.1; +http://www.google.com/bot.html)"
74.7.241.58 - - [22/Jan/2026:09:06:10 -0500] "GET /q-~34A9c1J9aSUEMc20ClK40JODEWvT78cS25824/ HTTP/1.1" 200 - "https://idolatekno.com/?sitemap1000.xml" "Mozilla/5.0 AppleWebKit/537.36 (KHTML, like Gecko; compatible; GPTBot/1.3; +https://openai.com/gptbot)"
66.249.64.132 - - [22/Jan/2026:09:06:11 -0500] "GET /pcmypage?callback=/product%2Fdetail%2m10400703089 HTTP/1.1" 403 558401 "-" "Mozilla/5.0 (Linux; Android 6.0.1; Nexus 5X Build/MMB29P) AppleWebKit/537.36 (KHTML, like Gecko) Chrome/143.0.7499.192 Mobile Safari/537.36 (compatible; GoogleOther)"
74.7.241.58 - - [22/Jan/2026:09:06:13 -0500] "GET /q-~50UqP5VWCGDpGZhp2fr98Y3o7A010pDD36894/ HTTP/1.1" 200 - "https://idolatekno.com/?sitemap503.xml" "Mozilla/5.0 AppleWebKit/537.36 (KHTML, like Gecko; compatible; GPTBot/1.3; +https://openai.com/gptbot)"
66.249.70.35 - - [22/Jan/2026:09:06:14 -0500] "GET /?pid=26304226231&channel=dense-migration-repair&cate_id=2518&page=https://mail.idolatekno.com/remote.do?items/101025232.htm HTTP/1.1" 200 85360 "-" "Mozilla/5.0 (Linux; Android 6.0.1; Nexus 5X Build/MMB29P) AppleWebKit/537.36 (KHTML, like Gecko) Chrome/143.0.7499.192 Mobile Safari/537.36 (compatible; Googlebot/2.1; +http://www.google.com/bot.html)"
66.249.64.132 - - [22/Jan/2026:09:06:16 -0500] "GET /q-~135v9CCVWeUmwhhYAwzYLkpAhIpQVys7E18447/ HTTP/1.1" 200 85712 "-" "Mozilla/5.0 (Linux; Android 6.0.1; Nexus 5X Build/MMB29P) AppleWebKit/537.36 (KHTML, like Gecko) Chrome/143.0.7499.192 Mobile Safari/537.36 (compatible; GoogleOther)"
74.7.241.58 - - [22/Jan/2026:09:06:16 -0500] "GET /q-~299VNu6i4JRs76Yc6Ge29D4gFw0eGIRWD6073/ HTTP/1.1" 200 - "https://idolatekno.com/sitemap86.xml" "Mozilla/5.0 AppleWebKit/537.36 (KHTML, like Gecko; compatible; GPTBot/1.3; +https://openai.com/gptbot)"
66.249.70.33 - - [22/Jan/2026:09:06:16 -0500] "GET /?pid=26304226231&channel=harassment-desert-couple&cate_id=2518&page=https://mail.idolatekno.com/remote.do?items/300000307.htm HTTP/1.1" 200 85664 "-" "Mozilla/5.0 (Linux; Android 6.0.1; Nexus 5X Build/MMB29P) AppleWebKit/537.36 (KHTML, like Gecko) Chrome/143.0.7499.192 Mobile Safari/537.36 (compatible; Googlebot/2.1; +http://www.google.com/bot.html)"
74.7.241.58 - - [22/Jan/2026:09:06:20 -0500] "GET /q-~90fh01U3lww9wlp3p8dI17NoeCbqxK8n26076/ HTTP/1.1" 200 - "https://idolatekno.com/?sitemap317.xml" "Mozilla/5.0 AppleWebKit/537.36 (KHTML, like Gecko; compatible; GPTBot/1.3; +https://openai.com/gptbot)"
114.119.153.93 - - [22/Jan/2026:09:06:21 -0500] "GET /q-~20rFjU0YDRWKQ4HF5QLS12STfoWPUcnC10234/ HTTP/1.1" 200 - "https://mail.idolatekno.com/sitemapc.xml" "Mozilla/5.0 (Linux; Android 7.0;) AppleWebKit/537.36 (KHTML, like Gecko) Mobile Safari/537.36 (compatible; PetalBot;+https://webmaster.petalsearch.com/site/petalbot)"
66.249.70.34 - - [22/Jan/2026:09:06:22 -0500] "GET /?pid=26304226231&channel=historically-meeting-percentage&cate_id=2518&page=https://mail.idolatekno.com/remote.do?q-~166sJ5M5PC1mfVc0EaGfYmKSr8uPvtYZj33590/ HTTP/1.1" 200 85612 "-" "Mozilla/5.0 (Linux; Android 6.0.1; Nexus 5X Build/MMB29P) AppleWebKit/537.36 (KHTML, like Gecko) Chrome/143.0.7499.192 Mobile Safari/537.36 (compatible; Googlebot/2.1; +http://www.google.com/bot.html)"
74.7.241.58 - - [22/Jan/2026:09:06:23 -0500] "GET /q-~86Gy2Ti501zoQc92ycPATE9gi9FU1TTk12678/ HTTP/1.1" 200 - "https://idolatekno.com/?sitemap503.xml" "Mozilla/5.0 AppleWebKit/537.36 (KHTML, like Gecko; compatible; GPTBot/1.3; +https://openai.com/gptbot)"
66.249.70.32 - - [22/Jan/2026:09:06:24 -0500] "GET /?pid=26304226231&channel=contribute-mistake-get&cate_id=2518&page=https://mail.idolatekno.com/remote.do?items/241047812.htm HTTP/1.1" 200 85648 "-" "Mozilla/5.0 (Linux; Android 6.0.1; Nexus 5X Build/MMB29P) AppleWebKit/537.36 (KHTML, like Gecko) Chrome/143.0.7499.192 Mobile Safari/537.36 (compatible; Googlebot/2.1; +http://www.google.com/bot.html)"
66.249.64.132 - - [22/Jan/2026:09:06:25 -0500] "GET /q-~96pmYmTR4PrVMaErjW7u30ozkH1qj7Wk28706/ HTTP/1.1" 200 86459 "-" "Mozilla/5.0 (Linux; Android 6.0.1; Nexus 5X Build/MMB29P) AppleWebKit/537.36 (KHTML, like Gecko) Chrome/143.0.7499.192 Mobile Safari/537.36 (compatible; GoogleOther)"
74.7.241.58 - - [22/Jan/2026:09:06:26 -0500] "GET /q-~76x0Wbch8T4950tDiT0ItpAFRW5cU3mN28134/ HTTP/1.1" 200 - "https://idolatekno.com/sitemap73.xml" "Mozilla/5.0 AppleWebKit/537.36 (KHTML, like Gecko; compatible; GPTBot/1.3; +https://openai.com/gptbot)"
74.7.241.58 - - [22/Jan/2026:09:06:29 -0500] "GET /q-~14UyIu4Q56o3IA7m94SvOh4xkP8SYSzi17876/ HTTP/1.1" 200 - "https://idolatekno.com/?sitemap305.xml" "Mozilla/5.0 AppleWebKit/537.36 (KHTML, like Gecko; compatible; GPTBot/1.3; +https://openai.com/gptbot)"
66.249.70.33 - - [22/Jan/2026:09:06:31 -0500] "GET /?pid=26304226231&channel=building-flood-religious&cate_id=2518&page=https://mail.idolatekno.com/remote.do?q-~80Qkb3ARd7w4CzUGhIxuFcDg7iJ3HTLo20146/ HTTP/1.1" 200 87250 "-" "Mozilla/5.0 (Linux; Android 6.0.1; Nexus 5X Build/MMB29P) AppleWebKit/537.36 (KHTML, like Gecko) Chrome/143.0.7499.192 Mobile Safari/537.36 (compatible; Googlebot/2.1; +http://www.google.com/bot.html)"
74.7.241.58 - - [22/Jan/2026:09:06:32 -0500] "GET /q-~172o2ZETt30yZO0W1w68hCFCRHP2sb1lC9568/ HTTP/1.1" 200 - "https://idolatekno.com/?sitemap503.xml" "Mozilla/5.0 AppleWebKit/537.36 (KHTML, like Gecko; compatible; GPTBot/1.3; +https://openai.com/gptbot)"
66.249.64.128 - - [22/Jan/2026:09:06:33 -0500] "GET /pcmypage?callback=/product%2Fdetail%2m18839044514 HTTP/1.1" 403 557974 "-" "Mozilla/5.0 (Linux; Android 6.0.1; Nexus 5X Build/MMB29P) AppleWebKit/537.36 (KHTML, like Gecko) Chrome/143.0.7499.192 Mobile Safari/537.36 (compatible; GoogleOther)"
66.249.70.32 - - [22/Jan/2026:09:06:33 -0500] "GET /?pid=26304226231&channel=interpretation-finger-phenomenon&cate_id=2518&page=https://mail.idolatekno.com/remote.do?q-~217fg8jQrw3RkDkAeXQmNCt7tWYnegGfc16609/ HTTP/1.1" 200 86965 "-" "Mozilla/5.0 (Linux; Android 6.0.1; Nexus 5X Build/MMB29P) AppleWebKit/537.36 (KHTML, like Gecko) Chrome/143.0.7499.192 Mobile Safari/537.36 (compatible; Googlebot/2.1; +http://www.google.com/bot.html)"
74.7.241.58 - - [22/Jan/2026:09:06:35 -0500] "GET /q-~282UD82m41D51yEz78hrafLlG1JRagGCL2690/ HTTP/1.1" 200 - "https://idolatekno.com/sitemap78.xml" "Mozilla/5.0 AppleWebKit/537.36 (KHTML, like Gecko; compatible; GPTBot/1.3; +https://openai.com/gptbot)"
74.7.241.58 - - [22/Jan/2026:09:06:38 -0500] "GET /q-~138fRd4h8on2md1EQM8EDna43Lwq9l9VD1154/ HTTP/1.1" 200 - "https://idolatekno.com/?sitemap317.xml" "Mozilla/5.0 AppleWebKit/537.36 (KHTML, like Gecko; compatible; GPTBot/1.3; +https://openai.com/gptbot)"
66.249.70.32 - - [22/Jan/2026:09:06:39 -0500] "GET /?pid=26304226231&channel=okay-dramatic-refuse&cate_id=2518&page=https://mail.idolatekno.com/remote.do?items/059029930.htm HTTP/1.1" 200 85676 "-" "Mozilla/5.0 (Linux; Android 6.0.1; Nexus 5X Build/MMB29P) AppleWebKit/537.36 (KHTML, like Gecko) Chrome/143.0.7499.192 Mobile Safari/537.36 (compatible; Googlebot/2.1; +http://www.google.com/bot.html)"
66.249.64.128 - - [22/Jan/2026:09:06:40 -0500] "GET /pcmypage?callback=/product%2Fdetail%2m19439808068 HTTP/1.1" 403 559320 "-" "Mozilla/5.0 (Linux; Android 6.0.1; Nexus 5X Build/MMB29P) AppleWebKit/537.36 (KHTML, like Gecko) Chrome/143.0.7499.192 Mobile Safari/537.36 (compatible; GoogleOther)"
66.249.70.34 - - [22/Jan/2026:09:06:40 -0500] "GET /?pid=26304226231&channel=reasonable-any-wheel&cate_id=2518&page=https://mail.idolatekno.com/remote.do?items/145032428.htm HTTP/1.1" 200 86934 "-" "Mozilla/5.0 (Linux; Android 6.0.1; Nexus 5X Build/MMB29P) AppleWebKit/537.36 (KHTML, like Gecko) Chrome/143.0.7499.192 Mobile Safari/537.36 (compatible; Googlebot/2.1; +http://www.google.com/bot.html)"
74.7.241.58 - - [22/Jan/2026:09:06:42 -0500] "GET /q-~118wA9l3wYD7kk2puTh7i93OICewLA10m1990/ HTTP/1.1" 200 - "https://idolatekno.com/sitemap21.xml" "Mozilla/5.0 AppleWebKit/537.36 (KHTML, like Gecko; compatible; GPTBot/1.3; +https://openai.com/gptbot)"
74.7.241.58 - - [22/Jan/2026:09:06:45 -0500] "GET /q-~42uhQXFNQp0IV5Zp90Dff16q26I9hPbk34634/ HTTP/1.1" 200 - "https://idolatekno.com/pages.php?sitemap849.xml" "Mozilla/5.0 AppleWebKit/537.36 (KHTML, like Gecko; compatible; GPTBot/1.3; +https://openai.com/gptbot)"
66.249.70.32 - - [22/Jan/2026:09:06:47 -0500] "GET /?pid=26304226231&channel=mess-analyst-spectacular&cate_id=2518&page=https://mail.idolatekno.com/remote.do?items/056023673.htm HTTP/1.1" 200 86051 "-" "Mozilla/5.0 (Linux; Android 6.0.1; Nexus 5X Build/MMB29P) AppleWebKit/537.36 (KHTML, like Gecko) Chrome/143.0.7499.192 Mobile Safari/537.36 (compatible; Googlebot/2.1; +http://www.google.com/bot.html)"
66.249.70.34 - - [22/Jan/2026:09:06:48 -0500] "GET /?pid=26304226231&channel=switch-vegetable-judge&cate_id=2518&page=https://mail.idolatekno.com/remote.do?q-~284jXGlQzPEavHZEn81luF1ORZAOdmtVk32954/ HTTP/1.1" 200 85476 "-" "Mozilla/5.0 (Linux; Android 6.0.1; Nexus 5X Build/MMB29P) AppleWebKit/537.36 (KHTML, like Gecko) Chrome/143.0.7499.192 Mobile Safari/537.36 (compatible; Googlebot/2.1; +http://www.google.com/bot.html)"
74.7.241.58 - - [22/Jan/2026:09:06:48 -0500] "GET /q-~31Y3G1F4UleYBYg6644ff5Ef7eswitJg40907/ HTTP/1.1" 200 - "https://idolatekno.com/sitemap49.xml" "Mozilla/5.0 AppleWebKit/537.36 (KHTML, like Gecko; compatible; GPTBot/1.3; +https://openai.com/gptbot)"
114.119.133.190 - - [22/Jan/2026:09:06:49 -0500] "GET /q-~20p7sIcuKcOEb2CU0zBzOsvfaOBKUM3x12006/ HTTP/1.1" 200 - "https://mail.idolatekno.com/sitemapb.xml" "Mozilla/5.0 (Linux; Android 7.0;) AppleWebKit/537.36 (KHTML, like Gecko) Mobile Safari/537.36 (compatible; PetalBot;+https://webmaster.petalsearch.com/site/petalbot)"
66.249.64.128 - - [22/Jan/2026:09:06:50 -0500] "GET /?x=2166640003788&channel=107e18&from=https://idolatekno.com/super.py?q-~140Lqd6kTluoTnFVyBQ5woS51DQroXTvX39048/ HTTP/1.1" 200 85556 "-" "Mozilla/5.0 (Linux; Android 6.0.1; Nexus 5X Build/MMB29P) AppleWebKit/537.36 (KHTML, like Gecko) Chrome/143.0.7499.192 Mobile Safari/537.36 (compatible; GoogleOther)"
74.7.241.58 - - [22/Jan/2026:09:06:51 -0500] "GET /q-~67J1mI9svCZGtr1S6TT5LB5cRlf129qn17865/ HTTP/1.1" 200 - "https://idolatekno.com/sitemap16.xml" "Mozilla/5.0 AppleWebKit/537.36 (KHTML, like Gecko; compatible; GPTBot/1.3; +https://openai.com/gptbot)"
146.174.179.15 - - [22/Jan/2026:09:06:53 -0500] "GET /q-~138ZdiZSkR6eZU4t98KCtraZFCEfgPJxO38088/ HTTP/1.1" 200 - "-" "Mozilla/5.0 (Windows NT 6.1; WOW64) AppleWebKit/536.6 (KHTML, like Gecko) Chrome/20.0.1092.0 Safari/536.6"
66.249.64.129 - - [22/Jan/2026:09:06:54 -0500] "GET /q-~39d1WDqTjclh3DoYnDi9V5t9hwRzdLcy18305/ HTTP/1.1" 200 85630 "-" "Mozilla/5.0 (Linux; Android 6.0.1; Nexus 5X Build/MMB29P) AppleWebKit/537.36 (KHTML, like Gecko) Chrome/143.0.7499.192 Mobile Safari/537.36 (compatible; GoogleOther)"
74.7.241.58 - - [22/Jan/2026:09:06:55 -0500] "GET /q-~117wv0u9qF81o1U2TJ3q2aweGtvAXYv6T9287/ HTTP/1.1" 200 - "https://idolatekno.com/?sitemap317.xml" "Mozilla/5.0 AppleWebKit/537.36 (KHTML, like Gecko; compatible; GPTBot/1.3; +https://openai.com/gptbot)"
66.249.70.34 - - [22/Jan/2026:09:06:55 -0500] "GET /?pid=26304226231&channel=on-human-arrange&cate_id=2518&page=https://mail.idolatekno.com/remote.do?q-~260fbwdLRvIey4oOHLIHSfnXuureUwUQp22206/ HTTP/1.1" 200 85884 "-" "Mozilla/5.0 (Linux; Android 6.0.1; Nexus 5X Build/MMB29P) AppleWebKit/537.36 (KHTML, like Gecko) Chrome/143.0.7499.192 Mobile Safari/537.36 (compatible; Googlebot/2.1; +http://www.google.com/bot.html)"
66.249.70.32 - - [22/Jan/2026:09:06:56 -0500] "GET /?pid=26304226231&channel=coach-man-desperate&cate_id=2518&page=https://mail.idolatekno.com/remote.do?items/190029773.htm HTTP/1.1" 200 85671 "-" "Mozilla/5.0 (Linux; Android 6.0.1; Nexus 5X Build/MMB29P) AppleWebKit/537.36 (KHTML, like Gecko) Chrome/143.0.7499.192 Mobile Safari/537.36 (compatible; Googlebot/2.1; +http://www.google.com/bot.html)"
74.7.241.58 - - [22/Jan/2026:09:06:58 -0500] "GET /q-~81iZPe6Pv8fS43n5UP4654WWAvgKaGTG26641/ HTTP/1.1" 200 - "https://idolatekno.com/sitemap785.xml" "Mozilla/5.0 AppleWebKit/537.36 (KHTML, like Gecko; compatible; GPTBot/1.3; +https://openai.com/gptbot)"
66.249.64.129 - - [22/Jan/2026:09:06:59 -0500] "GET /?x=2166640003788&channel=107e18&from=https://idolatekno.com/super.py?items/057018428.htm HTTP/1.1" 200 85534 "-" "Mozilla/5.0 (Linux; Android 6.0.1; Nexus 5X Build/MMB29P) AppleWebKit/537.36 (KHTML, like Gecko) Chrome/143.0.7499.192 Mobile Safari/537.36 (compatible; GoogleOther)"
74.7.241.58 - - [22/Jan/2026:09:07:01 -0500] "GET /q-~28fRbZ98o2CRorHNWq2SNKYsBE61771e35292/ HTTP/1.1" 200 - "https://idolatekno.com/?sitemap442.xml" "Mozilla/5.0 AppleWebKit/537.36 (KHTML, like Gecko; compatible; GPTBot/1.3; +https://openai.com/gptbot)"
2a03:2880:f80e:36:: - - [22/Jan/2026:09:07:02 -0500] "GET /?t=3938838036h9g HTTP/1.1" 200 - "-" "meta-externalagent/1.1 (+https://developers.facebook.com/docs/sharing/webmasters/crawler)"
66.249.70.35 - - [22/Jan/2026:09:07:02 -0500] "GET /?pid=26304226231&channel=generous-deploy-coat&cate_id=2518&page=https://mail.idolatekno.com/remote.do?q-~99G5Z9YYkNMMgPTa5C4NkPEjiCB4Pdpm36313/ HTTP/1.1" 200 86398 "-" "Mozilla/5.0 (Linux; Android 6.0.1; Nexus 5X Build/MMB29P) AppleWebKit/537.36 (KHTML, like Gecko) Chrome/143.0.7499.192 Mobile Safari/537.36 (compatible; Googlebot/2.1; +http://www.google.com/bot.html)"
66.249.70.33 - - [22/Jan/2026:09:07:03 -0500] "GET /q-~271sMAfpbdcmYEKbSrt9D7UPH7gMFoNzo42805/ HTTP/1.1" 200 86302 "-" "Mozilla/5.0 (Linux; Android 6.0.1; Nexus 5X Build/MMB29P) AppleWebKit/537.36 (KHTML, like Gecko) Chrome/143.0.7499.192 Mobile Safari/537.36 (compatible; Googlebot/2.1; +http://www.google.com/bot.html)"
66.249.70.32 - - [22/Jan/2026:09:07:03 -0500] "GET /?pid=26304226231&channel=envision-residential-judgment&cate_id=2518&page=https://mail.idolatekno.com/remote.do?q-~135DyC0wMvZSf21P02xM5yWsJghYhG73j1159/ HTTP/1.1" 200 86919 "-" "Mozilla/5.0 (Linux; Android 6.0.1; Nexus 5X Build/MMB29P) AppleWebKit/537.36 (KHTML, like Gecko) Chrome/143.0.7499.192 Mobile Safari/537.36 (compatible; Googlebot/2.1; +http://www.google.com/bot.html)"
74.7.241.58 - - [22/Jan/2026:09:07:04 -0500] "GET /q-~35hJ1eWFezh2QW72iESPrA95p489kbho37901/ HTTP/1.1" 200 - "https://idolatekno.com/sitemap86.xml" "Mozilla/5.0 AppleWebKit/537.36 (KHTML, like Gecko; compatible; GPTBot/1.3; +https://openai.com/gptbot)"
74.7.241.58 - - [22/Jan/2026:09:07:07 -0500] "GET /q-~67z9IULoZbDOr0L7G43aB235GNaCo1tc21587/ HTTP/1.1" 200 - "https://idolatekno.com/sitemap29.xml" "Mozilla/5.0 AppleWebKit/537.36 (KHTML, like Gecko; compatible; GPTBot/1.3; +https://openai.com/gptbot)"
66.249.64.128 - - [22/Jan/2026:09:07:07 -0500] "GET /pcmypage?callback=/product%2Fdetail%2m79605436204 HTTP/1.1" 403 553241 "-" "Mozilla/5.0 (Linux; Android 6.0.1; Nexus 5X Build/MMB29P) AppleWebKit/537.36 (KHTML, like Gecko) Chrome/143.0.7499.192 Mobile Safari/537.36 (compatible; GoogleOther)"
66.249.70.33 - - [22/Jan/2026:09:07:09 -0500] "GET /?pid=26304226231&channel=experienced-bind-detailed&cate_id=2518&page=https://mail.idolatekno.com/remote.do?q-~66fi98uejlzkKJKMpmaDIG5RHNefDSpY7746/ HTTP/1.1" 200 86913 "-" "Mozilla/5.0 (Linux; Android 6.0.1; Nexus 5X Build/MMB29P) AppleWebKit/537.36 (KHTML, like Gecko) Chrome/143.0.7499.192 Mobile Safari/537.36 (compatible; Googlebot/2.1; +http://www.google.com/bot.html)"
66.249.70.32 - - [22/Jan/2026:09:07:10 -0500] "GET /?pid=26304226231&channel=widely-lunch-expand&cate_id=2518&page=https://mail.idolatekno.com/remote.do?q-~92gj9v6ooDGiYaFJ2xAIaTcnktED1IAO30334/ HTTP/1.1" 200 84907 "-" "Mozilla/5.0 (Linux; Android 6.0.1; Nexus 5X Build/MMB29P) AppleWebKit/537.36 (KHTML, like Gecko) Chrome/143.0.7499.192 Mobile Safari/537.36 (compatible; Googlebot/2.1; +http://www.google.com/bot.html)"
66.249.64.128 - - [22/Jan/2026:09:07:10 -0500] "GET /pcmypage?callback=/product%2Fdetail%2m58265507207 HTTP/1.1" 403 565820 "-" "Mozilla/5.0 (Linux; Android 6.0.1; Nexus 5X Build/MMB29P) AppleWebKit/537.36 (KHTML, like Gecko) Chrome/143.0.7499.192 Mobile Safari/537.36 (compatible; GoogleOther)"
74.7.241.58 - - [22/Jan/2026:09:07:10 -0500] "GET /q-~73l82xN4PjyASw0tSN99xqB7AmcYa54t19863/ HTTP/1.1" 200 - "https://idolatekno.com/?sitemap442.xml" "Mozilla/5.0 AppleWebKit/537.36 (KHTML, like Gecko; compatible; GPTBot/1.3; +https://openai.com/gptbot)"
74.7.241.58 - - [22/Jan/2026:09:07:13 -0500] "GET /q-~287gtl8J2zcQoTb4C4G94x2vIA6S7zVxg4737/ HTTP/1.1" 200 - "https://idolatekno.com/?sitemap305.xml" "Mozilla/5.0 AppleWebKit/537.36 (KHTML, like Gecko; compatible; GPTBot/1.3; +https://openai.com/gptbot)"
74.7.241.58 - - [22/Jan/2026:09:07:16 -0500] "GET /q-~128SpmSfyQ3i9Pxrj2Zm17a9xKR1ga92C5964/ HTTP/1.1" 200 - "https://idolatekno.com/sitemap63.xml" "Mozilla/5.0 AppleWebKit/537.36 (KHTML, like Gecko; compatible; GPTBot/1.3; +https://openai.com/gptbot)"
114.119.130.167 - - [22/Jan/2026:09:07:16 -0500] "GET /q-~20nbyjq57ofZVpCxW8PX9slB2FvlRLTL3554/ HTTP/1.1" 200 - "https://mail.idolatekno.com/sitemape.xml" "Mozilla/5.0 (Linux; Android 7.0;) AppleWebKit/537.36 (KHTML, like Gecko) Mobile Safari/537.36 (compatible; PetalBot;+https://webmaster.petalsearch.com/site/petalbot)"
66.249.70.33 - - [22/Jan/2026:09:07:17 -0500] "GET /?pid=26304226231&channel=price-mutual-teaspoon&cate_id=2518&page=https://mail.idolatekno.com/remote.do?items/195036380.htm HTTP/1.1" 200 86043 "-" "Mozilla/5.0 (Linux; Android 6.0.1; Nexus 5X Build/MMB29P) AppleWebKit/537.36 (KHTML, like Gecko) Chrome/143.0.7499.192 Mobile Safari/537.36 (compatible; Googlebot/2.1; +http://www.google.com/bot.html)"
66.249.70.33 - - [22/Jan/2026:09:07:17 -0500] "GET /?pid=26304226231&channel=transportation-auto-monitor&cate_id=2518&page=https://mail.idolatekno.com/remote.do?items/088046531.htm HTTP/1.1" 200 86286 "-" "Mozilla/5.0 (Linux; Android 6.0.1; Nexus 5X Build/MMB29P) AppleWebKit/537.36 (KHTML, like Gecko) Chrome/143.0.7499.192 Mobile Safari/537.36 (compatible; Googlebot/2.1; +http://www.google.com/bot.html)"
74.7.241.58 - - [22/Jan/2026:09:07:19 -0500] "GET /q-~80x9Q0d9Ia5tdHkV1kps6XTn1b0xvz8S32712/ HTTP/1.1" 200 - "https://idolatekno.com/sitemap16.xml" "Mozilla/5.0 AppleWebKit/537.36 (KHTML, like Gecko; compatible; GPTBot/1.3; +https://openai.com/gptbot)"
74.7.241.58 - - [22/Jan/2026:09:07:23 -0500] "GET /q-~98ItoBzHd4u81efh17KswT590eO5cnHi10146/ HTTP/1.1" 200 - "https://idolatekno.com/?sitemap503.xml" "Mozilla/5.0 AppleWebKit/537.36 (KHTML, like Gecko; compatible; GPTBot/1.3; +https://openai.com/gptbot)"
66.249.64.129 - - [22/Jan/2026:09:07:23 -0500] "GET /pcmypage?callback=/product%2Fdetail%2m78596724465 HTTP/1.1" 403 557131 "-" "Mozilla/5.0 (Linux; Android 6.0.1; Nexus 5X Build/MMB29P) AppleWebKit/537.36 (KHTML, like Gecko) Chrome/143.0.7499.192 Mobile Safari/537.36 (compatible; GoogleOther)"
66.249.70.33 - - [22/Jan/2026:09:07:24 -0500] "GET /?pid=26304226231&channel=replacement-surgeon-branch&cate_id=2518&page=https://mail.idolatekno.com/remote.do?q-~76fM5upzzgQKc88nQDe9BHPdy1BCNPCH19998/ HTTP/1.1" 200 85515 "-" "Mozilla/5.0 (Linux; Android 6.0.1; Nexus 5X Build/MMB29P) AppleWebKit/537.36 (KHTML, like Gecko) Chrome/143.0.7499.192 Mobile Safari/537.36 (compatible; Googlebot/2.1; +http://www.google.com/bot.html)"
66.249.70.33 - - [22/Jan/2026:09:07:25 -0500] "GET /?pid=26304226231&channel=receiver-patron-bay&cate_id=2518&page=https://mail.idolatekno.com/remote.do?items/172010003.htm HTTP/1.1" 200 85660 "-" "Mozilla/5.0 (Linux; Android 6.0.1; Nexus 5X Build/MMB29P) AppleWebKit/537.36 (KHTML, like Gecko) Chrome/143.0.7499.192 Mobile Safari/537.36 (compatible; Googlebot/2.1; +http://www.google.com/bot.html)"
66.249.70.32 - - [22/Jan/2026:09:07:25 -0500] "GET /?b=14959502ie2d HTTP/1.1" 200 85613 "-" "Mozilla/5.0 (Linux; Android 6.0.1; Nexus 5X Build/MMB29P) AppleWebKit/537.36 (KHTML, like Gecko) Chrome/143.0.7499.192 Mobile Safari/537.36 (compatible; Googlebot/2.1; +http://www.google.com/bot.html)"
66.249.70.34 - - [22/Jan/2026:09:07:25 -0500] "GET /?pid=26304226231&channel=theater-competitive-predator&cate_id=2518&page=https://mail.idolatekno.com/remote.do?items/122032915.htm HTTP/1.1" 200 85277 "-" "Mozilla/5.0 (Linux; Android 6.0.1; Nexus 5X Build/MMB29P) AppleWebKit/537.36 (KHTML, like Gecko) Chrome/143.0.7499.192 Mobile Safari/537.36 (compatible; Googlebot/2.1; +http://www.google.com/bot.html)"
66.249.64.129 - - [22/Jan/2026:09:07:26 -0500] "GET /pcmypage?callback=/product%2Fdetail%2m44192838647 HTTP/1.1" 403 558912 "-" "Mozilla/5.0 (Linux; Android 6.0.1; Nexus 5X Build/MMB29P) AppleWebKit/537.36 (KHTML, like Gecko) Chrome/143.0.7499.192 Mobile Safari/537.36 (compatible; GoogleOther)"
74.7.241.58 - - [22/Jan/2026:09:07:26 -0500] "GET /q-~81lL0iKeNdC13BOGl509n7ZGJh79jVac32883/ HTTP/1.1" 200 - "https://idolatekno.com/?sitemap317.xml" "Mozilla/5.0 AppleWebKit/537.36 (KHTML, like Gecko; compatible; GPTBot/1.3; +https://openai.com/gptbot)"
74.7.241.58 - - [22/Jan/2026:09:07:29 -0500] "GET /q-~61HC4iKClTHcR3WNQA7585OIOL508DWT28699/ HTTP/1.1" 200 - "https://idolatekno.com/?sitemap317.xml" "Mozilla/5.0 AppleWebKit/537.36 (KHTML, like Gecko; compatible; GPTBot/1.3; +https://openai.com/gptbot)"
74.7.241.58 - - [22/Jan/2026:09:07:32 -0500] "GET /q-~120wA9l3wYD7kk2puTh7i93OICewLA10m1988/ HTTP/1.1" 200 - "https://idolatekno.com/sitemap29.xml" "Mozilla/5.0 AppleWebKit/537.36 (KHTML, like Gecko; compatible; GPTBot/1.3; +https://openai.com/gptbot)"
66.249.70.32 - - [22/Jan/2026:09:07:32 -0500] "GET /?pid=26304226231&channel=pine-cease-needle&cate_id=2518&page=https://mail.idolatekno.com/remote.do?q-~7RJ98bUDtMbgxW8E4ASPj1hnI2hDOGv41577/ HTTP/1.1" 200 85475 "-" "Mozilla/5.0 (Linux; Android 6.0.1; Nexus 5X Build/MMB29P) AppleWebKit/537.36 (KHTML, like Gecko) Chrome/143.0.7499.192 Mobile Safari/537.36 (compatible; Googlebot/2.1; +http://www.google.com/bot.html)"
66.249.70.32 - - [22/Jan/2026:09:07:33 -0500] "GET /?pid=26304226231&channel=chef-injury-exchange&cate_id=2518&page=https://mail.idolatekno.com/remote.do?items/219017590.htm HTTP/1.1" 200 86179 "-" "Mozilla/5.0 (Linux; Android 6.0.1; Nexus 5X Build/MMB29P) AppleWebKit/537.36 (KHTML, like Gecko) Chrome/143.0.7499.192 Mobile Safari/537.36 (compatible; Googlebot/2.1; +http://www.google.com/bot.html)"
74.7.241.58 - - [22/Jan/2026:09:07:35 -0500] "GET /q-~37PW3FYf27J0f15UN2JdWvLjeJbX67Vd11007/ HTTP/1.1" 200 - "https://idolatekno.com/sitemap78.xml" "Mozilla/5.0 AppleWebKit/537.36 (KHTML, like Gecko; compatible; GPTBot/1.3; +https://openai.com/gptbot)"
66.249.64.129 - - [22/Jan/2026:09:07:37 -0500] "GET /pcmypage?callback=/product%2Fdetail%2m94470844759 HTTP/1.1" 403 556242 "-" "Mozilla/5.0 (Linux; Android 6.0.1; Nexus 5X Build/MMB29P) AppleWebKit/537.36 (KHTML, like Gecko) Chrome/143.0.7499.192 Mobile Safari/537.36 (compatible; GoogleOther)"
74.7.241.58 - - [22/Jan/2026:09:07:38 -0500] "GET /q-~65fGBzzpp770M7cgqP9d51iYEy31Bwrv40883/ HTTP/1.1" 200 - "https://idolatekno.com/?sitemap1000.xml" "Mozilla/5.0 AppleWebKit/537.36 (KHTML, like Gecko; compatible; GPTBot/1.3; +https://openai.com/gptbot)"
66.249.70.34 - - [22/Jan/2026:09:07:40 -0500] "GET /?pid=26304226231&channel=homeland-unique-projection&cate_id=2518&page=https://mail.idolatekno.com/remote.do?items/190034183.htm HTTP/1.1" 200 85670 "-" "Mozilla/5.0 (Linux; Android 6.0.1; Nexus 5X Build/MMB29P) AppleWebKit/537.36 (KHTML, like Gecko) Chrome/143.0.7499.192 Mobile Safari/537.36 (compatible; Googlebot/2.1; +http://www.google.com/bot.html)"
66.249.70.32 - - [22/Jan/2026:09:07:40 -0500] "GET /?pid=26304226231&channel=garbage-previously-proper&cate_id=2518&page=https://mail.idolatekno.com/remote.do?items/112011309.htm HTTP/1.1" 200 87600 "-" "Mozilla/5.0 (Linux; Android 6.0.1; Nexus 5X Build/MMB29P) AppleWebKit/537.36 (KHTML, like Gecko) Chrome/143.0.7499.192 Mobile Safari/537.36 (compatible; Googlebot/2.1; +http://www.google.com/bot.html)"
66.249.64.129 - - [22/Jan/2026:09:07:41 -0500] "GET /pcmypage?callback=/product%2Fdetail%2m26136162606 HTTP/1.1" 403 552537 "-" "Mozilla/5.0 (Linux; Android 6.0.1; Nexus 5X Build/MMB29P) AppleWebKit/537.36 (KHTML, like Gecko) Chrome/143.0.7499.192 Mobile Safari/537.36 (compatible; GoogleOther)"
74.7.241.58 - - [22/Jan/2026:09:07:42 -0500] "GET /q-~57k62VBV49p74Z8LS1LG0bcCCoNoznzf30451/ HTTP/1.1" 200 - "https://idolatekno.com/sitemap29.xml" "Mozilla/5.0 AppleWebKit/537.36 (KHTML, like Gecko; compatible; GPTBot/1.3; +https://openai.com/gptbot)"
2a03:2880:f80e:26:: - - [22/Jan/2026:09:07:42 -0500] "GET /m/teach11645168?id=1661426 HTTP/1.1" 200 - "-" "meta-externalagent/1.1 (+https://developers.facebook.com/docs/sharing/webmasters/crawler)"
114.119.133.190 - - [22/Jan/2026:09:07:44 -0500] "GET /q-~20n9FsEPbAYdrNf69QNAq8UZjoDJYZPb22548/ HTTP/1.1" 200 - "https://mail.idolatekno.com/sitemape.xml" "Mozilla/5.0 (Linux; Android 7.0;) AppleWebKit/537.36 (KHTML, like Gecko) Mobile Safari/537.36 (compatible; PetalBot;+https://webmaster.petalsearch.com/site/petalbot)"
74.7.241.58 - - [22/Jan/2026:09:07:45 -0500] "GET /q-~284IH20epEjxV6EM1BQ65OQqKQ96vd7aA6342/ HTTP/1.1" 200 - "https://idolatekno.com/sitemap16.xml" "Mozilla/5.0 AppleWebKit/537.36 (KHTML, like Gecko; compatible; GPTBot/1.3; +https://openai.com/gptbot)"
66.249.70.34 - - [22/Jan/2026:09:07:47 -0500] "GET /?pid=26304226231&channel=veteran-dying-population&cate_id=2518&page=https://mail.idolatekno.com/remote.do?q-~228ZRCop2boPOO4VQ7GmbjCHnlk5MMmlg22888/ HTTP/1.1" 200 86447 "-" "Mozilla/5.0 (Linux; Android 6.0.1; Nexus 5X Build/MMB29P) AppleWebKit/537.36 (KHTML, like Gecko) Chrome/143.0.7499.192 Mobile Safari/537.36 (compatible; Googlebot/2.1; +http://www.google.com/bot.html)"
74.7.241.58 - - [22/Jan/2026:09:07:48 -0500] "GET /q-~174b7H54eDvU5EUFdVz4T6f2oKOU80fBU2796/ HTTP/1.1" 200 - "https://idolatekno.com/sitemap79.xml" "Mozilla/5.0 AppleWebKit/537.36 (KHTML, like Gecko; compatible; GPTBot/1.3; +https://openai.com/gptbot)"
66.249.70.34 - - [22/Jan/2026:09:07:48 -0500] "GET /?pid=26304226231&channel=fixed-metaphor-multiple&cate_id=2518&page=https://mail.idolatekno.com/remote.do?items/142008373.htm HTTP/1.1" 200 86079 "-" "Mozilla/5.0 (Linux; Android 6.0.1; Nexus 5X Build/MMB29P) AppleWebKit/537.36 (KHTML, like Gecko) Chrome/143.0.7499.192 Mobile Safari/537.36 (compatible; Googlebot/2.1; +http://www.google.com/bot.html)"
201.219.184.236 - - [22/Jan/2026:09:07:50 -0500] "GET /q-~149Auj6vOKUi2SeBwKZl3SyGdQwnm8LOi3917/ HTTP/1.1" 200 - "-" "Mozilla/5.0 (Windows NT 5.0; rv:21.0) Gecko/20100101 Firefox/21.0"
2a03:2880:f80e:30:: - - [22/Jan/2026:09:07:50 -0500] "GET /m/toast20529329?id=545587 HTTP/1.1" 200 - "-" "meta-externalagent/1.1 (+https://developers.facebook.com/docs/sharing/webmasters/crawler)"
74.7.241.58 - - [22/Jan/2026:09:07:51 -0500] "GET /q-~97T9zQM9w8WuRzLiq053Pz3VDVy3K2Rr15069/ HTTP/1.1" 200 - "https://idolatekno.com/sitemap21.xml" "Mozilla/5.0 AppleWebKit/537.36 (KHTML, like Gecko; compatible; GPTBot/1.3; +https://openai.com/gptbot)"
66.249.64.128 - - [22/Jan/2026:09:07:52 -0500] "GET /q-~70ef3I0WMzNx6Br8FDfja7zcX0fg5oCB33020/ HTTP/1.1" 200 86970 "-" "Mozilla/5.0 (Linux; Android 6.0.1; Nexus 5X Build/MMB29P) AppleWebKit/537.36 (KHTML, like Gecko) Chrome/143.0.7499.192 Mobile Safari/537.36 (compatible; GoogleOther)"
74.7.241.58 - - [22/Jan/2026:09:07:54 -0500] "GET /q-~79MFj1869RSvF3Z2Zm24fepz2nzoPQMd34657/ HTTP/1.1" 200 - "https://idolatekno.com/sitemap79.xml" "Mozilla/5.0 AppleWebKit/537.36 (KHTML, like Gecko; compatible; GPTBot/1.3; +https://openai.com/gptbot)"
66.249.70.33 - - [22/Jan/2026:09:07:54 -0500] "GET /?pid=26304226231&channel=bus-maintenance-nut&cate_id=2518&page=https://mail.idolatekno.com/remote.do?q-~169If2DVu8xK73rdNnYpSHvHNFTqwTxiX45767/ HTTP/1.1" 200 87212 "-" "Mozilla/5.0 (Linux; Android 6.0.1; Nexus 5X Build/MMB29P) AppleWebKit/537.36 (KHTML, like Gecko) Chrome/143.0.7499.192 Mobile Safari/537.36 (compatible; Googlebot/2.1; +http://www.google.com/bot.html)"
66.249.70.36 - - [22/Jan/2026:09:07:55 -0500] "GET /?pid=26304226231&channel=aware-bacteria-fragile&cate_id=2518&page=https://mail.idolatekno.com/remote.do?items/079041474.htm HTTP/1.1" 200 86626 "-" "Mozilla/5.0 (Linux; Android 6.0.1; Nexus 5X Build/MMB29P) AppleWebKit/537.36 (KHTML, like Gecko) Chrome/143.0.7499.192 Mobile Safari/537.36 (compatible; Googlebot/2.1; +http://www.google.com/bot.html)"
74.7.241.58 - - [22/Jan/2026:09:07:57 -0500] "GET /q-~10SxHyCFb1q6ul9Imy5U6H1C8j7JEz9O35594/ HTTP/1.1" 200 - "https://idolatekno.com/sitemap78.xml" "Mozilla/5.0 AppleWebKit/537.36 (KHTML, like Gecko; compatible; GPTBot/1.3; +https://openai.com/gptbot)"
66.249.64.129 - - [22/Jan/2026:09:07:59 -0500] "GET /q-~261YgWczlOwouQNrNyy9GsmDiyNclZeJX41479/ HTTP/1.1" 200 85596 "-" "Mozilla/5.0 (Linux; Android 6.0.1; Nexus 5X Build/MMB29P) AppleWebKit/537.36 (KHTML, like Gecko) Chrome/143.0.7499.192 Mobile Safari/537.36 (compatible; GoogleOther)"
74.7.241.58 - - [22/Jan/2026:09:08:00 -0500] "GET /q-~48n9l2PobSY8P61w2TatRH4rRjQ5b3KZ41832/ HTTP/1.1" 200 - "https://idolatekno.com/?sitemap503.xml" "Mozilla/5.0 AppleWebKit/537.36 (KHTML, like Gecko; compatible; GPTBot/1.3; +https://openai.com/gptbot)"
66.249.70.35 - - [22/Jan/2026:09:08:01 -0500] "GET /?pid=26304226231&channel=price-until-setting&cate_id=2518&page=https://mail.idolatekno.com/remote.do?items/015030244.htm HTTP/1.1" 200 85952 "-" "Mozilla/5.0 (Linux; Android 6.0.1; Nexus 5X Build/MMB29P) AppleWebKit/537.36 (KHTML, like Gecko) Chrome/143.0.7499.192 Mobile Safari/537.36 (compatible; Googlebot/2.1; +http://www.google.com/bot.html)"
66.249.70.36 - - [22/Jan/2026:09:08:03 -0500] "GET /?pid=26304226231&channel=diplomat-presidential-intimate&cate_id=2518&page=https://mail.idolatekno.com/remote.do?items/047004350.htm HTTP/1.1" 200 85897 "-" "Mozilla/5.0 (Linux; Android 6.0.1; Nexus 5X Build/MMB29P) AppleWebKit/537.36 (KHTML, like Gecko) Chrome/143.0.7499.192 Mobile Safari/537.36 (compatible; Googlebot/2.1; +http://www.google.com/bot.html)"
74.7.241.58 - - [22/Jan/2026:09:08:04 -0500] "GET /q-~14FirKp0EDaays98bpSO0L80A504HPJH25802/ HTTP/1.1" 200 - "https://idolatekno.com/sitemap63.xml" "Mozilla/5.0 AppleWebKit/537.36 (KHTML, like Gecko; compatible; GPTBot/1.3; +https://openai.com/gptbot)"
66.249.64.129 - - [22/Jan/2026:09:08:06 -0500] "GET /q-~201E7pZU0adA86nql1RvsdQyIdh1NfsFa17645/ HTTP/1.1" 200 85610 "-" "Mozilla/5.0 (Linux; Android 6.0.1; Nexus 5X Build/MMB29P) AppleWebKit/537.36 (KHTML, like Gecko) Chrome/143.0.7499.192 Mobile Safari/537.36 (compatible; GoogleOther)"
74.7.241.58 - - [22/Jan/2026:09:08:07 -0500] "GET /q-~60vbY2N02DkqMuu8K3BC43AtV2R1MrhR45896/ HTTP/1.1" 200 - "https://idolatekno.com/sitemap21.xml" "Mozilla/5.0 AppleWebKit/537.36 (KHTML, like Gecko; compatible; GPTBot/1.3; +https://openai.com/gptbot)"
