74.7.243.232 - - [22/Jan/2026:08:21:05 -0500] "GET /page/120/?a=42278171e2792 HTTP/1.1" 200 15307 "https://membuatwebsite.biz/page/122/?a=42278171e2792" "Mozilla/5.0 AppleWebKit/537.36 (KHTML, like Gecko; compatible; GPTBot/1.3; +https://openai.com/gptbot)"
15.235.96.237 - - [22/Jan/2026:08:21:05 -0500] "GET /?a=2707569j1i2c7 HTTP/1.1" 200 15263 "-" "Mozilla/5.0 (compatible; AhrefsBot/7.0; +http://ahrefs.com/robot/)"
216.73.216.223 - - [22/Jan/2026:08:21:05 -0500] "GET /page/135/?a=2779085bi93cg HTTP/1.1" 200 15790 "-" "Mozilla/5.0 AppleWebKit/537.36 (KHTML, like Gecko; compatible; ClaudeBot/1.0; +claudebot@anthropic.com)"
66.249.65.46 - - [22/Jan/2026:08:21:07 -0500] "GET /f/special/chair/ HTTP/1.1" 200 27954 "-" "Mozilla/5.0 (Linux; Android 6.0.1; Nexus 5X Build/MMB29P) AppleWebKit/537.36 (KHTML, like Gecko) Chrome/143.0.7499.192 Mobile Safari/537.36 (compatible; Googlebot/2.1; +http://www.google.com/bot.html)"
66.249.73.68 - - [22/Jan/2026:08:21:08 -0500] "GET /?a=724835ef83fa HTTP/1.1" 200 25890 "-" "Mozilla/5.0 (Linux; Android 6.0.1; Nexus 5X Build/MMB29P) AppleWebKit/537.36 (KHTML, like Gecko) Chrome/143.0.7499.192 Mobile Safari/537.36 (compatible; Googlebot/2.1; +http://www.google.com/bot.html)"
74.7.243.232 - - [22/Jan/2026:08:21:08 -0500] "GET /page/106/?a=101501612304a HTTP/1.1" 200 15570 "https://membuatwebsite.biz/page/108/?a=101501612304a" "Mozilla/5.0 AppleWebKit/537.36 (KHTML, like Gecko; compatible; GPTBot/1.3; +https://openai.com/gptbot)"
216.73.216.223 - - [22/Jan/2026:08:21:08 -0500] "GET /page/135/?a=16125368786cb HTTP/1.1" 200 15848 "-" "Mozilla/5.0 AppleWebKit/537.36 (KHTML, like Gecko; compatible; ClaudeBot/1.0; +claudebot@anthropic.com)"
66.249.65.46 - - [22/Jan/2026:08:21:08 -0500] "GET /?a=3702084djdcig HTTP/1.1" 200 26960 "-" "Mozilla/5.0 (Linux; Android 6.0.1; Nexus 5X Build/MMB29P) AppleWebKit/537.36 (KHTML, like Gecko) Chrome/143.0.7499.192 Mobile Safari/537.36 (compatible; Googlebot/2.1; +http://www.google.com/bot.html)"
40.77.167.32 - - [22/Jan/2026:08:21:10 -0500] "GET /?a=509518gc12bj HTTP/1.1" 200 27223 "-" "Mozilla/5.0 AppleWebKit/537.36 (KHTML, like Gecko; compatible; bingbot/2.0; +http://www.bing.com/bingbot.htm) Chrome/116.0.1938.76 Safari/537.36"
216.73.216.223 - - [22/Jan/2026:08:21:11 -0500] "GET /page/128/?a=11554976ga4id HTTP/1.1" 200 15853 "-" "Mozilla/5.0 AppleWebKit/537.36 (KHTML, like Gecko; compatible; ClaudeBot/1.0; +claudebot@anthropic.com)"
74.7.243.232 - - [22/Jan/2026:08:21:11 -0500] "GET /page/105/?a=101501612304a HTTP/1.1" 200 15306 "https://membuatwebsite.biz/page/107/?a=101501612304a" "Mozilla/5.0 AppleWebKit/537.36 (KHTML, like Gecko; compatible; GPTBot/1.3; +https://openai.com/gptbot)"
216.73.216.223 - - [22/Jan/2026:08:21:14 -0500] "GET /page/10/?a=12125502580jc HTTP/1.1" 200 15430 "-" "Mozilla/5.0 AppleWebKit/537.36 (KHTML, like Gecko; compatible; ClaudeBot/1.0; +claudebot@anthropic.com)"
74.7.243.232 - - [22/Jan/2026:08:21:14 -0500] "GET /page/143/?a=344434310h724 HTTP/1.1" 200 14934 "https://membuatwebsite.biz/page/144/?a=344434310h724" "Mozilla/5.0 AppleWebKit/537.36 (KHTML, like Gecko; compatible; GPTBot/1.3; +https://openai.com/gptbot)"
66.249.65.46 - - [22/Jan/2026:08:21:16 -0500] "GET /tpc/mycatalog/myCatalogListView/ HTTP/1.1" 200 26894 "-" "Mozilla/5.0 (Linux; Android 6.0.1; Nexus 5X Build/MMB29P) AppleWebKit/537.36 (KHTML, like Gecko) Chrome/143.0.7499.192 Mobile Safari/537.36 (compatible; Googlebot/2.1; +http://www.google.com/bot.html)"
216.73.216.223 - - [22/Jan/2026:08:21:17 -0500] "GET /page/144/?a=4238740cjha94 HTTP/1.1" 200 13127 "-" "Mozilla/5.0 AppleWebKit/537.36 (KHTML, like Gecko; compatible; ClaudeBot/1.0; +claudebot@anthropic.com)"
74.7.243.232 - - [22/Jan/2026:08:21:17 -0500] "GET /page/136/?a=2889283302412 HTTP/1.1" 200 15382 "https://membuatwebsite.biz/page/138/?a=2889283302412" "Mozilla/5.0 AppleWebKit/537.36 (KHTML, like Gecko; compatible; GPTBot/1.3; +https://openai.com/gptbot)"
66.249.73.69 - - [22/Jan/2026:08:21:18 -0500] "GET /?a=32944516gji4j HTTP/1.1" 200 26355 "-" "Mozilla/5.0 (Linux; Android 6.0.1; Nexus 5X Build/MMB29P) AppleWebKit/537.36 (KHTML, like Gecko) Chrome/143.0.7499.192 Mobile Safari/537.36 (compatible; Googlebot/2.1; +http://www.google.com/bot.html)"
66.249.73.69 - - [22/Jan/2026:08:21:18 -0500] "GET /?a=8361998093f3 HTTP/1.1" 200 26263 "-" "Mozilla/5.0 (Linux; Android 6.0.1; Nexus 5X Build/MMB29P) AppleWebKit/537.36 (KHTML, like Gecko) Chrome/143.0.7499.192 Mobile Safari/537.36 (compatible; Googlebot/2.1; +http://www.google.com/bot.html)"
216.73.216.223 - - [22/Jan/2026:08:21:20 -0500] "GET /page/140/?a=21107225430ji HTTP/1.1" 200 15531 "-" "Mozilla/5.0 AppleWebKit/537.36 (KHTML, like Gecko; compatible; ClaudeBot/1.0; +claudebot@anthropic.com)"
74.7.243.232 - - [22/Jan/2026:08:21:20 -0500] "GET /page/144/?a=411156678576g HTTP/1.1" 200 13108 "https://membuatwebsite.biz/?a=411156678576g" "Mozilla/5.0 AppleWebKit/537.36 (KHTML, like Gecko; compatible; GPTBot/1.3; +https://openai.com/gptbot)"
66.249.73.68 - - [22/Jan/2026:08:21:23 -0500] "GET /?a=15885229564cj HTTP/1.1" 200 26559 "-" "Mozilla/5.0 (Linux; Android 6.0.1; Nexus 5X Build/MMB29P) AppleWebKit/537.36 (KHTML, like Gecko) Chrome/143.0.7499.192 Mobile Safari/537.36 (compatible; Googlebot/2.1; +http://www.google.com/bot.html)"
66.249.73.68 - - [22/Jan/2026:08:21:23 -0500] "GET /?a=91124936a1bj HTTP/1.1" 200 29351 "-" "Mozilla/5.0 (Linux; Android 6.0.1; Nexus 5X Build/MMB29P) AppleWebKit/537.36 (KHTML, like Gecko) Chrome/143.0.7499.192 Mobile Safari/537.36 (compatible; Googlebot/2.1; +http://www.google.com/bot.html)"
216.73.216.223 - - [22/Jan/2026:08:21:23 -0500] "GET /page/137/?a=319102692fb32 HTTP/1.1" 200 15120 "-" "Mozilla/5.0 AppleWebKit/537.36 (KHTML, like Gecko; compatible; ClaudeBot/1.0; +claudebot@anthropic.com)"
74.7.243.232 - - [22/Jan/2026:08:21:24 -0500] "GET /page/139/?a=344434310h724 HTTP/1.1" 200 15479 "https://membuatwebsite.biz/page/140/?a=344434310h724" "Mozilla/5.0 AppleWebKit/537.36 (KHTML, like Gecko; compatible; GPTBot/1.3; +https://openai.com/gptbot)"
216.73.216.223 - - [22/Jan/2026:08:21:26 -0500] "GET /page/14/?a=4195768275g9 HTTP/1.1" 200 15406 "-" "Mozilla/5.0 AppleWebKit/537.36 (KHTML, like Gecko; compatible; ClaudeBot/1.0; +claudebot@anthropic.com)"
74.7.243.232 - - [22/Jan/2026:08:21:27 -0500] "GET /page/138/?a=344434310h724 HTTP/1.1" 200 15275 "https://membuatwebsite.biz/page/140/?a=344434310h724" "Mozilla/5.0 AppleWebKit/537.36 (KHTML, like Gecko; compatible; GPTBot/1.3; +https://openai.com/gptbot)"
216.73.216.223 - - [22/Jan/2026:08:21:29 -0500] "GET /page/143/?a=385318129j4jg HTTP/1.1" 200 14935 "-" "Mozilla/5.0 AppleWebKit/537.36 (KHTML, like Gecko; compatible; ClaudeBot/1.0; +claudebot@anthropic.com)"
74.7.243.232 - - [22/Jan/2026:08:21:30 -0500] "GET /page/135/?a=2889283302412 HTTP/1.1" 200 15848 "https://membuatwebsite.biz/page/137/?a=2889283302412" "Mozilla/5.0 AppleWebKit/537.36 (KHTML, like Gecko; compatible; GPTBot/1.3; +https://openai.com/gptbot)"
216.73.216.223 - - [22/Jan/2026:08:21:32 -0500] "GET /page/136/?a=4198162g1gjb9 HTTP/1.1" 200 15326 "-" "Mozilla/5.0 AppleWebKit/537.36 (KHTML, like Gecko; compatible; ClaudeBot/1.0; +claudebot@anthropic.com)"
74.7.243.232 - - [22/Jan/2026:08:21:33 -0500] "GET /page/138/?a=3149348662169 HTTP/1.1" 200 15281 "https://membuatwebsite.biz/page/139/?a=3149348662169" "Mozilla/5.0 AppleWebKit/537.36 (KHTML, like Gecko; compatible; GPTBot/1.3; +https://openai.com/gptbot)"
216.73.216.223 - - [22/Jan/2026:08:21:35 -0500] "GET /page/8/?a=431525c9gj1i HTTP/1.1" 200 15519 "-" "Mozilla/5.0 AppleWebKit/537.36 (KHTML, like Gecko; compatible; ClaudeBot/1.0; +claudebot@anthropic.com)"
74.7.243.232 - - [22/Jan/2026:08:21:36 -0500] "GET /page/119/?a=42278171e2792 HTTP/1.1" 200 15798 "https://membuatwebsite.biz/page/121/?a=42278171e2792" "Mozilla/5.0 AppleWebKit/537.36 (KHTML, like Gecko; compatible; GPTBot/1.3; +https://openai.com/gptbot)"
114.119.157.54 - - [22/Jan/2026:08:21:37 -0500] "GET /?a=1812440cg2ge6 HTTP/1.1" 200 15262 "https://membuatwebsite.biz/sitemap.xmlsitemap:https:/membuatwebsite.biz/sitemap-1.xml" "Mozilla/5.0 (Linux; Android 7.0;) AppleWebKit/537.36 (KHTML, like Gecko) Mobile Safari/537.36 (compatible; PetalBot;+https://webmaster.petalsearch.com/site/petalbot)"
66.249.65.46 - - [22/Jan/2026:08:21:37 -0500] "GET /?a=99561180g1d5 HTTP/1.1" 200 29702 "-" "Mozilla/5.0 (Linux; Android 6.0.1; Nexus 5X Build/MMB29P) AppleWebKit/537.36 (KHTML, like Gecko) Chrome/143.0.7499.192 Mobile Safari/537.36 (compatible; Googlebot/2.1; +http://www.google.com/bot.html)"
66.249.73.68 - - [22/Jan/2026:08:21:37 -0500] "GET /?a=590992c245de HTTP/1.1" 200 27810 "-" "Mozilla/5.0 (Linux; Android 6.0.1; Nexus 5X Build/MMB29P) AppleWebKit/537.36 (KHTML, like Gecko) Chrome/143.0.7499.192 Mobile Safari/537.36 (compatible; Googlebot/2.1; +http://www.google.com/bot.html)"
216.73.216.223 - - [22/Jan/2026:08:21:38 -0500] "GET /page/139/?a=70278926hd21 HTTP/1.1" 200 15549 "-" "Mozilla/5.0 AppleWebKit/537.36 (KHTML, like Gecko; compatible; ClaudeBot/1.0; +claudebot@anthropic.com)"
74.7.243.232 - - [22/Jan/2026:08:21:40 -0500] "GET /page/118/?a=42278171e2792 HTTP/1.1" 200 15543 "https://membuatwebsite.biz/page/120/?a=42278171e2792" "Mozilla/5.0 AppleWebKit/537.36 (KHTML, like Gecko; compatible; GPTBot/1.3; +https://openai.com/gptbot)"
216.73.216.223 - - [22/Jan/2026:08:21:41 -0500] "GET /page/11/?a=1606268ha9093 HTTP/1.1" 200 15301 "-" "Mozilla/5.0 AppleWebKit/537.36 (KHTML, like Gecko; compatible; ClaudeBot/1.0; +claudebot@anthropic.com)"
66.249.73.68 - - [22/Jan/2026:08:21:42 -0500] "GET /?a=810966ji6i11 HTTP/1.1" 200 27017 "-" "Mozilla/5.0 (Linux; Android 6.0.1; Nexus 5X Build/MMB29P) AppleWebKit/537.36 (KHTML, like Gecko) Chrome/143.0.7499.192 Mobile Safari/537.36 (compatible; Googlebot/2.1; +http://www.google.com/bot.html)"
66.249.65.46 - - [22/Jan/2026:08:21:42 -0500] "GET /?a=32651805a8dgb HTTP/1.1" 200 26337 "-" "Mozilla/5.0 (Linux; Android 6.0.1; Nexus 5X Build/MMB29P) AppleWebKit/537.36 (KHTML, like Gecko) Chrome/143.0.7499.192 Mobile Safari/537.36 (compatible; Googlebot/2.1; +http://www.google.com/bot.html)"
74.7.243.232 - - [22/Jan/2026:08:21:43 -0500] "GET /page/104/?a=101501612304a HTTP/1.1" 200 15050 "https://membuatwebsite.biz/page/106/?a=101501612304a" "Mozilla/5.0 AppleWebKit/537.36 (KHTML, like Gecko; compatible; GPTBot/1.3; +https://openai.com/gptbot)"
216.73.216.223 - - [22/Jan/2026:08:21:44 -0500] "GET /page/6/?a=1171281i01i54 HTTP/1.1" 200 15094 "-" "Mozilla/5.0 AppleWebKit/537.36 (KHTML, like Gecko; compatible; ClaudeBot/1.0; +claudebot@anthropic.com)"
54.39.210.53 - - [22/Jan/2026:08:21:45 -0500] "GET /?a=2696265d1233i HTTP/1.1" 200 15187 "-" "Mozilla/5.0 (compatible; AhrefsBot/7.0; +http://ahrefs.com/robot/)"
74.7.243.232 - - [22/Jan/2026:08:21:46 -0500] "GET /page/103/?a=101501612304a HTTP/1.1" 200 15258 "https://membuatwebsite.biz/page/105/?a=101501612304a" "Mozilla/5.0 AppleWebKit/537.36 (KHTML, like Gecko; compatible; GPTBot/1.3; +https://openai.com/gptbot)"
216.73.216.223 - - [22/Jan/2026:08:21:47 -0500] "GET /page/129/?a=1083905345g8c HTTP/1.1" 200 15627 "-" "Mozilla/5.0 AppleWebKit/537.36 (KHTML, like Gecko; compatible; ClaudeBot/1.0; +claudebot@anthropic.com)"
74.7.243.232 - - [22/Jan/2026:08:21:49 -0500] "GET /page/111/?a=317251123428a HTTP/1.1" 200 15572 "https://membuatwebsite.biz/page/113/?a=317251123428a" "Mozilla/5.0 AppleWebKit/537.36 (KHTML, like Gecko; compatible; GPTBot/1.3; +https://openai.com/gptbot)"
136.144.35.64 - - [22/Jan/2026:08:21:50 -0500] "POST /wp-login.php HTTP/1.1" 503 18951 "-" "Mozilla/5.0"
216.73.216.223 - - [22/Jan/2026:08:21:50 -0500] "GET /page/11/?a=2938430b11i03 HTTP/1.1" 200 15213 "-" "Mozilla/5.0 AppleWebKit/537.36 (KHTML, like Gecko; compatible; ClaudeBot/1.0; +claudebot@anthropic.com)"
74.7.243.232 - - [22/Jan/2026:08:21:52 -0500] "GET /page/134/?a=2889283302412 HTTP/1.1" 200 15849 "https://membuatwebsite.biz/page/136/?a=2889283302412" "Mozilla/5.0 AppleWebKit/537.36 (KHTML, like Gecko; compatible; GPTBot/1.3; +https://openai.com/gptbot)"
216.73.216.223 - - [22/Jan/2026:08:21:53 -0500] "GET /page/142/?a=3063198h9359g HTTP/1.1" 200 15286 "-" "Mozilla/5.0 AppleWebKit/537.36 (KHTML, like Gecko; compatible; ClaudeBot/1.0; +claudebot@anthropic.com)"
74.7.243.232 - - [22/Jan/2026:08:21:55 -0500] "GET /page/143/?a=411156678576g HTTP/1.1" 200 14956 "https://membuatwebsite.biz/page/144/?a=411156678576g" "Mozilla/5.0 AppleWebKit/537.36 (KHTML, like Gecko; compatible; GPTBot/1.3; +https://openai.com/gptbot)"
66.249.73.68 - - [22/Jan/2026:08:21:56 -0500] "GET /?a=73372h62e5a HTTP/1.1" 200 27695 "-" "Mozilla/5.0 (Linux; Android 6.0.1; Nexus 5X Build/MMB29P) AppleWebKit/537.36 (KHTML, like Gecko) Chrome/143.0.7499.192 Mobile Safari/537.36 (compatible; Googlebot/2.1; +http://www.google.com/bot.html)"
216.73.216.223 - - [22/Jan/2026:08:21:56 -0500] "GET /page/135/?a=1225451b09g1g HTTP/1.1" 200 15709 "-" "Mozilla/5.0 AppleWebKit/537.36 (KHTML, like Gecko; compatible; ClaudeBot/1.0; +claudebot@anthropic.com)"
74.7.243.232 - - [22/Jan/2026:08:21:58 -0500] "GET /page/142/?a=411156678576g HTTP/1.1" 200 15266 "https://membuatwebsite.biz/page/144/?a=411156678576g" "Mozilla/5.0 AppleWebKit/537.36 (KHTML, like Gecko; compatible; GPTBot/1.3; +https://openai.com/gptbot)"
216.73.216.223 - - [22/Jan/2026:08:21:59 -0500] "GET /page/139/?a=5732766id7i1 HTTP/1.1" 200 15478 "-" "Mozilla/5.0 AppleWebKit/537.36 (KHTML, like Gecko; compatible; ClaudeBot/1.0; +claudebot@anthropic.com)"
66.249.65.46 - - [22/Jan/2026:08:21:59 -0500] "GET /f/timecard/timecard00/ HTTP/1.1" 200 26625 "-" "Mozilla/5.0 (Linux; Android 6.0.1; Nexus 5X Build/MMB29P) AppleWebKit/537.36 (KHTML, like Gecko) Chrome/143.0.7499.192 Mobile Safari/537.36 (compatible; Googlebot/2.1; +http://www.google.com/bot.html)"
66.249.73.69 - - [22/Jan/2026:08:22:01 -0500] "GET /?a=10414162bi30g HTTP/1.1" 200 27471 "-" "Mozilla/5.0 (Linux; Android 6.0.1; Nexus 5X Build/MMB29P) AppleWebKit/537.36 (KHTML, like Gecko) Chrome/143.0.7499.192 Mobile Safari/537.36 (compatible; Googlebot/2.1; +http://www.google.com/bot.html)"
66.249.73.70 - - [22/Jan/2026:08:22:01 -0500] "GET /?a=946893e5bi3a HTTP/1.1" 200 29578 "-" "Mozilla/5.0 (Linux; Android 6.0.1; Nexus 5X Build/MMB29P) AppleWebKit/537.36 (KHTML, like Gecko) Chrome/143.0.7499.192 Mobile Safari/537.36 (compatible; Googlebot/2.1; +http://www.google.com/bot.html)"
66.249.73.70 - - [22/Jan/2026:08:22:01 -0500] "GET /?a=3649549gfeaj6 HTTP/1.1" 200 26089 "-" "Mozilla/5.0 (Linux; Android 6.0.1; Nexus 5X Build/MMB29P) AppleWebKit/537.36 (KHTML, like Gecko) Chrome/143.0.7499.192 Mobile Safari/537.36 (compatible; Googlebot/2.1; +http://www.google.com/bot.html)"
66.249.73.70 - - [22/Jan/2026:08:22:01 -0500] "GET /?a=510831g56bd8 HTTP/1.1" 200 26936 "-" "Mozilla/5.0 (Linux; Android 6.0.1; Nexus 5X Build/MMB29P) AppleWebKit/537.36 (KHTML, like Gecko) Chrome/143.0.7499.192 Mobile Safari/537.36 (compatible; Googlebot/2.1; +http://www.google.com/bot.html)"
74.7.243.232 - - [22/Jan/2026:08:22:02 -0500] "GET /page/136/?a=344434310h724 HTTP/1.1" 200 15406 "https://membuatwebsite.biz/page/138/?a=344434310h724" "Mozilla/5.0 AppleWebKit/537.36 (KHTML, like Gecko; compatible; GPTBot/1.3; +https://openai.com/gptbot)"
66.249.65.46 - - [22/Jan/2026:08:22:04 -0500] "GET /?a=3722118ch0hji HTTP/1.1" 200 27460 "-" "Mozilla/5.0 (Linux; Android 6.0.1; Nexus 5X Build/MMB29P) AppleWebKit/537.36 (KHTML, like Gecko) Chrome/143.0.7499.192 Mobile Safari/537.36 (compatible; Googlebot/2.1; +http://www.google.com/bot.html)"
216.73.216.223 - - [22/Jan/2026:08:22:04 -0500] "GET /page/98/?a=15665623ga1g5 HTTP/1.1" 200 15340 "-" "Mozilla/5.0 AppleWebKit/537.36 (KHTML, like Gecko; compatible; ClaudeBot/1.0; +claudebot@anthropic.com)"
74.7.243.232 - - [22/Jan/2026:08:22:05 -0500] "GET /page/133/?a=2889283302412 HTTP/1.1" 200 15580 "https://membuatwebsite.biz/page/135/?a=2889283302412" "Mozilla/5.0 AppleWebKit/537.36 (KHTML, like Gecko; compatible; GPTBot/1.3; +https://openai.com/gptbot)"
216.73.216.223 - - [22/Jan/2026:08:22:07 -0500] "GET /page/99/?a=15665623ga1g5 HTTP/1.1" 200 15347 "-" "Mozilla/5.0 AppleWebKit/537.36 (KHTML, like Gecko; compatible; ClaudeBot/1.0; +claudebot@anthropic.com)"
74.7.243.232 - - [22/Jan/2026:08:22:08 -0500] "GET /page/136/?a=3149348662169 HTTP/1.1" 200 15382 "https://membuatwebsite.biz/page/138/?a=3149348662169" "Mozilla/5.0 AppleWebKit/537.36 (KHTML, like Gecko; compatible; GPTBot/1.3; +https://openai.com/gptbot)"
216.73.216.223 - - [22/Jan/2026:08:22:10 -0500] "GET /page/47/?a=15665623ga1g5 HTTP/1.1" 200 16223 "-" "Mozilla/5.0 AppleWebKit/537.36 (KHTML, like Gecko; compatible; ClaudeBot/1.0; +claudebot@anthropic.com)"
74.7.243.232 - - [22/Jan/2026:08:22:11 -0500] "GET /page/117/?a=42278171e2792 HTTP/1.1" 200 15822 "https://membuatwebsite.biz/page/119/?a=42278171e2792" "Mozilla/5.0 AppleWebKit/537.36 (KHTML, like Gecko; compatible; GPTBot/1.3; +https://openai.com/gptbot)"
216.73.216.223 - - [22/Jan/2026:08:22:13 -0500] "GET /page/46/?a=15665623ga1g5 HTTP/1.1" 200 16078 "-" "Mozilla/5.0 AppleWebKit/537.36 (KHTML, like Gecko; compatible; ClaudeBot/1.0; +claudebot@anthropic.com)"
74.7.243.232 - - [22/Jan/2026:08:22:14 -0500] "GET /page/116/?a=42278171e2792 HTTP/1.1" 200 15090 "https://membuatwebsite.biz/page/118/?a=42278171e2792" "Mozilla/5.0 AppleWebKit/537.36 (KHTML, like Gecko; compatible; GPTBot/1.3; +https://openai.com/gptbot)"
66.249.73.68 - - [22/Jan/2026:08:22:16 -0500] "GET /?a=7865645gd0ad HTTP/1.1" 200 27418 "-" "Mozilla/5.0 (Linux; Android 6.0.1; Nexus 5X Build/MMB29P) AppleWebKit/537.36 (KHTML, like Gecko) Chrome/143.0.7499.192 Mobile Safari/537.36 (compatible; Googlebot/2.1; +http://www.google.com/bot.html)"
216.73.216.223 - - [22/Jan/2026:08:22:16 -0500] "GET /page/50/?a=17562380bg9g9 HTTP/1.1" 200 16125 "-" "Mozilla/5.0 AppleWebKit/537.36 (KHTML, like Gecko; compatible; ClaudeBot/1.0; +claudebot@anthropic.com)"
66.249.65.46 - - [22/Jan/2026:08:22:16 -0500] "GET /?a=34960608idi9c HTTP/1.1" 200 27011 "-" "Mozilla/5.0 (Linux; Android 6.0.1; Nexus 5X Build/MMB29P) AppleWebKit/537.36 (KHTML, like Gecko) Chrome/143.0.7499.192 Mobile Safari/537.36 (compatible; Googlebot/2.1; +http://www.google.com/bot.html)"
74.7.243.232 - - [22/Jan/2026:08:22:17 -0500] "GET /page/102/?a=101501612304a HTTP/1.1" 200 15328 "https://membuatwebsite.biz/page/104/?a=101501612304a" "Mozilla/5.0 AppleWebKit/537.36 (KHTML, like Gecko; compatible; GPTBot/1.3; +https://openai.com/gptbot)"
66.249.65.46 - - [22/Jan/2026:08:22:18 -0500] "GET /?a=23579163jf10 HTTP/1.1" 200 28646 "-" "Mozilla/5.0 (Linux; Android 6.0.1; Nexus 5X Build/MMB29P) AppleWebKit/537.36 (KHTML, like Gecko) Chrome/143.0.7499.192 Mobile Safari/537.36 (compatible; Googlebot/2.1; +http://www.google.com/bot.html)"
216.73.216.223 - - [22/Jan/2026:08:22:19 -0500] "GET /page/102/?a=5825884j6iej HTTP/1.1" 200 15372 "-" "Mozilla/5.0 AppleWebKit/537.36 (KHTML, like Gecko; compatible; ClaudeBot/1.0; +claudebot@anthropic.com)"
68.65.122.212 - - [22/Jan/2026:08:22:21 -0500] "POST /wp-cron.php?doing_wp_cron=1769088141.2127590179443359375000 HTTP/1.1" 200 - "-" "WordPress/6.8.3; https://membuatwebsite.biz"
74.7.243.232 - - [22/Jan/2026:08:22:20 -0500] "GET /page/101/?a=101501612304a HTTP/1.1" 200 15389 "https://membuatwebsite.biz/page/103/?a=101501612304a" "Mozilla/5.0 AppleWebKit/537.36 (KHTML, like Gecko; compatible; GPTBot/1.3; +https://openai.com/gptbot)"
66.249.73.68 - - [22/Jan/2026:08:22:21 -0500] "GET /?a=3437756g008j4 HTTP/1.1" 200 28646 "-" "Mozilla/5.0 (Linux; Android 6.0.1; Nexus 5X Build/MMB29P) AppleWebKit/537.36 (KHTML, like Gecko) Chrome/143.0.7499.192 Mobile Safari/537.36 (compatible; Googlebot/2.1; +http://www.google.com/bot.html)"
66.249.65.46 - - [22/Jan/2026:08:22:21 -0500] "GET /?a=433331580a760 HTTP/1.1" 200 27043 "-" "Mozilla/5.0 (Linux; Android 6.0.1; Nexus 5X Build/MMB29P) AppleWebKit/537.36 (KHTML, like Gecko) Chrome/143.0.7499.192 Mobile Safari/537.36 (compatible; Googlebot/2.1; +http://www.google.com/bot.html)"
66.249.73.68 - - [22/Jan/2026:08:22:21 -0500] "GET /?a=1883554hh668 HTTP/1.1" 200 27531 "-" "Mozilla/5.0 (Linux; Android 6.0.1; Nexus 5X Build/MMB29P) AppleWebKit/537.36 (KHTML, like Gecko) Chrome/143.0.7499.192 Mobile Safari/537.36 (compatible; Googlebot/2.1; +http://www.google.com/bot.html)"
216.73.216.223 - - [22/Jan/2026:08:22:22 -0500] "GET /page/117/?a=26585811879hg HTTP/1.1" 200 15941 "-" "Mozilla/5.0 AppleWebKit/537.36 (KHTML, like Gecko; compatible; ClaudeBot/1.0; +claudebot@anthropic.com)"
74.7.243.232 - - [22/Jan/2026:08:22:24 -0500] "GET /page/137/?a=344434310h724 HTTP/1.1" 200 15120 "https://membuatwebsite.biz/page/139/?a=344434310h724" "Mozilla/5.0 AppleWebKit/537.36 (KHTML, like Gecko; compatible; GPTBot/1.3; +https://openai.com/gptbot)"
216.73.216.223 - - [22/Jan/2026:08:22:25 -0500] "GET /page/99/?a=17562380bg9g9 HTTP/1.1" 200 15343 "-" "Mozilla/5.0 AppleWebKit/537.36 (KHTML, like Gecko; compatible; ClaudeBot/1.0; +claudebot@anthropic.com)"
74.7.243.232 - - [22/Jan/2026:08:22:27 -0500] "GET /page/132/?a=2889283302412 HTTP/1.1" 200 15765 "https://membuatwebsite.biz/page/134/?a=2889283302412" "Mozilla/5.0 AppleWebKit/537.36 (KHTML, like Gecko; compatible; GPTBot/1.3; +https://openai.com/gptbot)"
167.114.139.58 - - [22/Jan/2026:08:22:27 -0500] "GET /?a=269176112198a HTTP/1.1" 200 15215 "-" "Mozilla/5.0 (compatible; AhrefsBot/7.0; +http://ahrefs.com/robot/)"
216.73.216.223 - - [22/Jan/2026:08:22:28 -0500] "GET /page/98/?a=17562380bg9g9 HTTP/1.1" 200 15296 "-" "Mozilla/5.0 AppleWebKit/537.36 (KHTML, like Gecko; compatible; ClaudeBot/1.0; +claudebot@anthropic.com)"
66.249.73.68 - - [22/Jan/2026:08:22:29 -0500] "GET /?a=33967466jhcib HTTP/1.1" 200 26176 "-" "Mozilla/5.0 (Linux; Android 6.0.1; Nexus 5X Build/MMB29P) AppleWebKit/537.36 (KHTML, like Gecko) Chrome/143.0.7499.192 Mobile Safari/537.36 (compatible; Googlebot/2.1; +http://www.google.com/bot.html)"
74.7.243.232 - - [22/Jan/2026:08:22:30 -0500] "GET /page/141/?a=411156678576g HTTP/1.1" 200 15277 "https://membuatwebsite.biz/page/143/?a=411156678576g" "Mozilla/5.0 AppleWebKit/537.36 (KHTML, like Gecko; compatible; GPTBot/1.3; +https://openai.com/gptbot)"
216.73.216.223 - - [22/Jan/2026:08:22:31 -0500] "GET /page/49/?a=17562380bg9g9 HTTP/1.1" 200 16103 "-" "Mozilla/5.0 AppleWebKit/537.36 (KHTML, like Gecko; compatible; ClaudeBot/1.0; +claudebot@anthropic.com)"
74.7.243.232 - - [22/Jan/2026:08:22:33 -0500] "GET /page/140/?a=411156678576g HTTP/1.1" 200 15455 "https://membuatwebsite.biz/page/142/?a=411156678576g" "Mozilla/5.0 AppleWebKit/537.36 (KHTML, like Gecko; compatible; GPTBot/1.3; +https://openai.com/gptbot)"
216.73.216.223 - - [22/Jan/2026:08:22:34 -0500] "GET /page/103/?a=5825884j6iej HTTP/1.1" 200 15237 "-" "Mozilla/5.0 AppleWebKit/537.36 (KHTML, like Gecko; compatible; ClaudeBot/1.0; +claudebot@anthropic.com)"
66.249.73.68 - - [22/Jan/2026:08:22:36 -0500] "GET /?a=4413285e2b4gh HTTP/1.1" 200 28575 "-" "Mozilla/5.0 (Linux; Android 6.0.1; Nexus 5X Build/MMB29P) AppleWebKit/537.36 (KHTML, like Gecko) Chrome/143.0.7499.192 Mobile Safari/537.36 (compatible; Googlebot/2.1; +http://www.google.com/bot.html)"
74.7.243.232 - - [22/Jan/2026:08:22:36 -0500] "GET /page/135/?a=344434310h724 HTTP/1.1" 200 15708 "https://membuatwebsite.biz/page/136/?a=344434310h724" "Mozilla/5.0 AppleWebKit/537.36 (KHTML, like Gecko; compatible; GPTBot/1.3; +https://openai.com/gptbot)"
216.73.216.223 - - [22/Jan/2026:08:22:37 -0500] "GET /page/14/?a=2206031ahjiej HTTP/1.1" 200 15406 "-" "Mozilla/5.0 AppleWebKit/537.36 (KHTML, like Gecko; compatible; ClaudeBot/1.0; +claudebot@anthropic.com)"
74.7.243.232 - - [22/Jan/2026:08:22:39 -0500] "GET /page/131/?a=2889283302412 HTTP/1.1" 200 15513 "https://membuatwebsite.biz/page/133/?a=2889283302412" "Mozilla/5.0 AppleWebKit/537.36 (KHTML, like Gecko; compatible; GPTBot/1.3; +https://openai.com/gptbot)"
216.73.216.223 - - [22/Jan/2026:08:22:40 -0500] "GET /page/42/?a=10274500g844i HTTP/1.1" 200 15700 "-" "Mozilla/5.0 AppleWebKit/537.36 (KHTML, like Gecko; compatible; ClaudeBot/1.0; +claudebot@anthropic.com)"
66.249.73.68 - - [22/Jan/2026:08:22:41 -0500] "GET /?a=2012071fb0ghi HTTP/1.1" 200 26366 "-" "Mozilla/5.0 (Linux; Android 6.0.1; Nexus 5X Build/MMB29P) AppleWebKit/537.36 (KHTML, like Gecko) Chrome/143.0.7499.192 Mobile Safari/537.36 (compatible; Googlebot/2.1; +http://www.google.com/bot.html)"
66.249.73.68 - - [22/Jan/2026:08:22:41 -0500] "GET /?a=2205244b7bj8d HTTP/1.1" 200 26500 "-" "Mozilla/5.0 (Linux; Android 6.0.1; Nexus 5X Build/MMB29P) AppleWebKit/537.36 (KHTML, like Gecko) Chrome/143.0.7499.192 Mobile Safari/537.36 (compatible; Googlebot/2.1; +http://www.google.com/bot.html)"
74.7.243.232 - - [22/Jan/2026:08:22:42 -0500] "GET /page/134/?a=3149348662169 HTTP/1.1" 200 15788 "https://membuatwebsite.biz/page/136/?a=3149348662169" "Mozilla/5.0 AppleWebKit/537.36 (KHTML, like Gecko; compatible; GPTBot/1.3; +https://openai.com/gptbot)"
216.73.216.223 - - [22/Jan/2026:08:22:43 -0500] "GET /page/13/?a=2206031ahjiej HTTP/1.1" 200 15321 "-" "Mozilla/5.0 AppleWebKit/537.36 (KHTML, like Gecko; compatible; ClaudeBot/1.0; +claudebot@anthropic.com)"
2a03:2880:f80e:63:: - - [22/Jan/2026:08:22:45 -0500] "GET /shopdetail/195041104.phtml HTTP/1.1" 404 49663 "-" "meta-externalagent/1.1 (+https://developers.facebook.com/docs/sharing/webmasters/crawler)"
74.7.243.232 - - [22/Jan/2026:08:22:45 -0500] "GET /page/115/?a=42278171e2792 HTTP/1.1" 200 15854 "https://membuatwebsite.biz/page/117/?a=42278171e2792" "Mozilla/5.0 AppleWebKit/537.36 (KHTML, like Gecko; compatible; GPTBot/1.3; +https://openai.com/gptbot)"
66.249.73.68 - - [22/Jan/2026:08:22:46 -0500] "GET /?a=244123253fh71 HTTP/1.1" 200 27169 "-" "Mozilla/5.0 (Linux; Android 6.0.1; Nexus 5X Build/MMB29P) AppleWebKit/537.36 (KHTML, like Gecko) Chrome/143.0.7499.192 Mobile Safari/537.36 (compatible; Googlebot/2.1; +http://www.google.com/bot.html)"
216.73.216.223 - - [22/Jan/2026:08:22:46 -0500] "GET /page/142/?a=411898905d5g8 HTTP/1.1" 200 15321 "-" "Mozilla/5.0 AppleWebKit/537.36 (KHTML, like Gecko; compatible; ClaudeBot/1.0; +claudebot@anthropic.com)"
74.7.243.232 - - [22/Jan/2026:08:22:49 -0500] "GET /page/114/?a=42278171e2792 HTTP/1.1" 200 15630 "https://membuatwebsite.biz/page/116/?a=42278171e2792" "Mozilla/5.0 AppleWebKit/537.36 (KHTML, like Gecko; compatible; GPTBot/1.3; +https://openai.com/gptbot)"
216.73.216.223 - - [22/Jan/2026:08:22:49 -0500] "GET /page/142/?a=2710925e002hj HTTP/1.1" 200 15233 "-" "Mozilla/5.0 AppleWebKit/537.36 (KHTML, like Gecko; compatible; ClaudeBot/1.0; +claudebot@anthropic.com)"
74.7.243.232 - - [22/Jan/2026:08:22:52 -0500] "GET /page/100/?a=101501612304a HTTP/1.1" 200 15291 "https://membuatwebsite.biz/page/102/?a=101501612304a" "Mozilla/5.0 AppleWebKit/537.36 (KHTML, like Gecko; compatible; GPTBot/1.3; +https://openai.com/gptbot)"
216.73.216.223 - - [22/Jan/2026:08:22:52 -0500] "GET /page/21/?a=1162309fhaci3 HTTP/1.1" 200 15238 "-" "Mozilla/5.0 AppleWebKit/537.36 (KHTML, like Gecko; compatible; ClaudeBot/1.0; +claudebot@anthropic.com)"
74.7.243.232 - - [22/Jan/2026:08:22:55 -0500] "GET /page/134/?a=344434310h724 HTTP/1.1" 200 15864 "https://membuatwebsite.biz/page/136/?a=344434310h724" "Mozilla/5.0 AppleWebKit/537.36 (KHTML, like Gecko; compatible; GPTBot/1.3; +https://openai.com/gptbot)"
216.73.216.223 - - [22/Jan/2026:08:22:55 -0500] "GET /page/134/?a=18822025j1f0f HTTP/1.1" 200 15788 "-" "Mozilla/5.0 AppleWebKit/537.36 (KHTML, like Gecko; compatible; ClaudeBot/1.0; +claudebot@anthropic.com)"
47.128.27.190 - - [22/Jan/2026:08:22:56 -0500] "GET /2018/12/20/ HTTP/1.1" 200 12024 "-" "Mozilla/5.0 (compatible; Bytespider; spider-feedback@bytedance.com) AppleWebKit/537.36 (KHTML, like Gecko) Chrome/70.0.0.0 Safari/537.36"
47.128.27.190 - - [22/Jan/2026:08:22:58 -0500] "GET /wp-content/uploads/2018/12/Gaya-Hidup-Sehat-1.jpg HTTP/1.1" 200 47931 "https://membuatwebsite.biz/2018/12/20/" "Mozilla/5.0 (compatible; Bytespider; spider-feedback@bytedance.com) AppleWebKit/537.36 (KHTML, like Gecko) Chrome/70.0.0.0 Safari/537.36"
216.73.216.223 - - [22/Jan/2026:08:22:58 -0500] "GET /page/133/?a=18822025j1f0f HTTP/1.1" 200 15580 "-" "Mozilla/5.0 AppleWebKit/537.36 (KHTML, like Gecko; compatible; ClaudeBot/1.0; +claudebot@anthropic.com)"
47.128.27.190 - - [22/Jan/2026:08:22:58 -0500] "GET /wp-content/uploads/2018/12/Berita-Dunia-Terkini-2.jpg HTTP/1.1" 200 37450 "https://membuatwebsite.biz/2018/12/20/" "Mozilla/5.0 (compatible; Bytespider; spider-feedback@bytedance.com) AppleWebKit/537.36 (KHTML, like Gecko) Chrome/70.0.0.0 Safari/537.36"
74.7.243.232 - - [22/Jan/2026:08:22:58 -0500] "GET /page/111/?a=12860121b0520 HTTP/1.1" 200 15606 "https://membuatwebsite.biz/page/113/?a=12860121b0520" "Mozilla/5.0 AppleWebKit/537.36 (KHTML, like Gecko; compatible; GPTBot/1.3; +https://openai.com/gptbot)"
47.128.27.190 - - [22/Jan/2026:08:22:59 -0500] "GET /wp-content/uploads/2026/01/1-1-390x298.png HTTP/1.1" 304 - "https://membuatwebsite.biz/2018/12/20/" "Mozilla/5.0 (compatible; Bytespider; spider-feedback@bytedance.com) AppleWebKit/537.36 (KHTML, like Gecko) Chrome/70.0.0.0 Safari/537.36"
47.128.27.190 - - [22/Jan/2026:08:22:59 -0500] "GET /wp-content/uploads/2026/01/1-390x298.png HTTP/1.1" 304 - "https://membuatwebsite.biz/2018/12/20/" "Mozilla/5.0 (compatible; Bytespider; spider-feedback@bytedance.com) AppleWebKit/537.36 (KHTML, like Gecko) Chrome/70.0.0.0 Safari/537.36"
47.128.27.190 - - [22/Jan/2026:08:22:59 -0500] "GET /wp-content/uploads/2025/12/1-1-390x298.png HTTP/1.1" 304 - "https://membuatwebsite.biz/2018/12/20/" "Mozilla/5.0 (compatible; Bytespider; spider-feedback@bytedance.com) AppleWebKit/537.36 (KHTML, like Gecko) Chrome/70.0.0.0 Safari/537.36"
47.128.27.190 - - [22/Jan/2026:08:22:59 -0500] "GET /wp-content/uploads/2025/12/1-390x298.png HTTP/1.1" 304 - "https://membuatwebsite.biz/2018/12/20/" "Mozilla/5.0 (compatible; Bytespider; spider-feedback@bytedance.com) AppleWebKit/537.36 (KHTML, like Gecko) Chrome/70.0.0.0 Safari/537.36"
2.56.27.202 - - [22/Jan/2026:08:22:59 -0500] "GET /mengenal-jenis-server-hosting/ HTTP/1.1" 200 13536 "https://membuatwebsite.biz/mengenal-jenis-server-hosting/#comment-23892/" "Mozilla/5.0 (Windows NT 10.0; Win64; x64) AppleWebKit/537.36 (KHTML, like Gecko) Chrome/130.0.0.0 Safari/537.36"
114.119.155.13 - - [22/Jan/2026:08:23:01 -0500] "GET /?a=18075408b50bf HTTP/1.1" 200 15216 "https://membuatwebsite.biz/sitemap.xmlsitemap:https:/membuatwebsite.biz/sitemap-1.xml" "Mozilla/5.0 (Linux; Android 7.0;) AppleWebKit/537.36 (KHTML, like Gecko) Mobile Safari/537.36 (compatible; PetalBot;+https://webmaster.petalsearch.com/site/petalbot)"
216.73.216.223 - - [22/Jan/2026:08:23:01 -0500] "GET /page/12/?a=27142138126fi HTTP/1.1" 200 15285 "-" "Mozilla/5.0 AppleWebKit/537.36 (KHTML, like Gecko; compatible; ClaudeBot/1.0; +claudebot@anthropic.com)"
74.7.243.232 - - [22/Jan/2026:08:23:01 -0500] "GET /page/130/?a=2889283302412 HTTP/1.1" 200 15520 "https://membuatwebsite.biz/page/132/?a=2889283302412" "Mozilla/5.0 AppleWebKit/537.36 (KHTML, like Gecko; compatible; GPTBot/1.3; +https://openai.com/gptbot)"
66.249.65.33 - - [22/Jan/2026:08:23:04 -0500] "GET /?a=842676edh020 HTTP/1.1" 200 27378 "-" "Mozilla/5.0 (Linux; Android 6.0.1; Nexus 5X Build/MMB29P) AppleWebKit/537.36 (KHTML, like Gecko) Chrome/143.0.7499.192 Mobile Safari/537.36 (compatible; Googlebot/2.1; +http://www.google.com/bot.html)"
66.249.73.70 - - [22/Jan/2026:08:23:04 -0500] "GET /?a=960269hj92dg HTTP/1.1" 200 27263 "-" "Mozilla/5.0 (Linux; Android 6.0.1; Nexus 5X Build/MMB29P) AppleWebKit/537.36 (KHTML, like Gecko) Chrome/143.0.7499.192 Mobile Safari/537.36 (compatible; Googlebot/2.1; +http://www.google.com/bot.html)"
66.249.73.70 - - [22/Jan/2026:08:23:04 -0500] "GET /?a=25316028e7j2d HTTP/1.1" 200 26664 "-" "Mozilla/5.0 (Linux; Android 6.0.1; Nexus 5X Build/MMB29P) AppleWebKit/537.36 (KHTML, like Gecko) Chrome/143.0.7499.192 Mobile Safari/537.36 (compatible; Googlebot/2.1; +http://www.google.com/bot.html)"
66.249.73.68 - - [22/Jan/2026:08:23:04 -0500] "GET /?a=18071830i1c4f HTTP/1.1" 200 26111 "-" "Mozilla/5.0 (Linux; Android 6.0.1; Nexus 5X Build/MMB29P) AppleWebKit/537.36 (KHTML, like Gecko) Chrome/143.0.7499.192 Mobile Safari/537.36 (compatible; Googlebot/2.1; +http://www.google.com/bot.html)"
216.73.216.223 - - [22/Jan/2026:08:23:04 -0500] "GET /page/13/?a=27142138126fi HTTP/1.1" 200 15321 "-" "Mozilla/5.0 AppleWebKit/537.36 (KHTML, like Gecko; compatible; ClaudeBot/1.0; +claudebot@anthropic.com)"
74.7.243.232 - - [22/Jan/2026:08:23:04 -0500] "GET /page/139/?a=411156678576g HTTP/1.1" 200 15506 "https://membuatwebsite.biz/page/141/?a=411156678576g" "Mozilla/5.0 AppleWebKit/537.36 (KHTML, like Gecko; compatible; GPTBot/1.3; +https://openai.com/gptbot)"
66.249.65.33 - - [22/Jan/2026:08:23:06 -0500] "GET /?a=2045259b3h01d HTTP/1.1" 200 26618 "-" "Mozilla/5.0 (Linux; Android 6.0.1; Nexus 5X Build/MMB29P) AppleWebKit/537.36 (KHTML, like Gecko) Chrome/143.0.7499.192 Mobile Safari/537.36 (compatible; Googlebot/2.1; +http://www.google.com/bot.html)"
216.73.216.223 - - [22/Jan/2026:08:23:07 -0500] "GET /page/134/?a=768714aaie12 HTTP/1.1" 200 15846 "-" "Mozilla/5.0 AppleWebKit/537.36 (KHTML, like Gecko; compatible; ClaudeBot/1.0; +claudebot@anthropic.com)"
148.113.130.113 - - [22/Jan/2026:08:23:07 -0500] "GET /?a=26246602did4 HTTP/1.1" 200 15261 "-" "Mozilla/5.0 (compatible; AhrefsBot/7.0; +http://ahrefs.com/robot/)"
74.7.243.232 - - [22/Jan/2026:08:23:07 -0500] "GET /page/138/?a=411156678576g HTTP/1.1" 200 15358 "https://membuatwebsite.biz/page/140/?a=411156678576g" "Mozilla/5.0 AppleWebKit/537.36 (KHTML, like Gecko; compatible; GPTBot/1.3; +https://openai.com/gptbot)"
216.73.216.223 - - [22/Jan/2026:08:23:10 -0500] "GET /page/133/?a=768714aaie12 HTTP/1.1" 200 15541 "-" "Mozilla/5.0 AppleWebKit/537.36 (KHTML, like Gecko; compatible; ClaudeBot/1.0; +claudebot@anthropic.com)"
74.7.243.232 - - [22/Jan/2026:08:23:11 -0500] "GET /page/133/?a=344434310h724 HTTP/1.1" 200 15543 "https://membuatwebsite.biz/page/135/?a=344434310h724" "Mozilla/5.0 AppleWebKit/537.36 (KHTML, like Gecko; compatible; GPTBot/1.3; +https://openai.com/gptbot)"
216.73.216.223 - - [22/Jan/2026:08:23:13 -0500] "GET /page/142/?a=25998983i9e44 HTTP/1.1" 200 15321 "-" "Mozilla/5.0 AppleWebKit/537.36 (KHTML, like Gecko; compatible; ClaudeBot/1.0; +claudebot@anthropic.com)"
66.249.73.69 - - [22/Jan/2026:08:23:13 -0500] "GET /shopdetail/190142754.phtml HTTP/1.1" 200 27526 "-" "Mozilla/5.0 (Linux; Android 6.0.1; Nexus 5X Build/MMB29P) AppleWebKit/537.36 (KHTML, like Gecko) Chrome/143.0.7499.192 Mobile Safari/537.36 (compatible; Googlebot/2.1; +http://www.google.com/bot.html)"
66.249.65.32 - - [22/Jan/2026:08:23:14 -0500] "GET /?a=16073399ce40a HTTP/1.1" 200 26241 "-" "Mozilla/5.0 (Linux; Android 6.0.1; Nexus 5X Build/MMB29P) AppleWebKit/537.36 (KHTML, like Gecko) Chrome/143.0.7499.192 Mobile Safari/537.36 (compatible; Googlebot/2.1; +http://www.google.com/bot.html)"
74.7.243.232 - - [22/Jan/2026:08:23:14 -0500] "GET /page/129/?a=2889283302412 HTTP/1.1" 200 15633 "https://membuatwebsite.biz/page/131/?a=2889283302412" "Mozilla/5.0 AppleWebKit/537.36 (KHTML, like Gecko; compatible; GPTBot/1.3; +https://openai.com/gptbot)"
216.73.216.223 - - [22/Jan/2026:08:23:16 -0500] "GET /page/138/?a=4074064e0fi6g HTTP/1.1" 200 15275 "-" "Mozilla/5.0 AppleWebKit/537.36 (KHTML, like Gecko; compatible; ClaudeBot/1.0; +claudebot@anthropic.com)"
66.249.65.32 - - [22/Jan/2026:08:23:17 -0500] "GET /?a=691425ebhcb9 HTTP/1.1" 200 26314 "-" "Mozilla/5.0 (Linux; Android 6.0.1; Nexus 5X Build/MMB29P) AppleWebKit/537.36 (KHTML, like Gecko) Chrome/143.0.7499.192 Mobile Safari/537.36 (compatible; Googlebot/2.1; +http://www.google.com/bot.html)"
74.7.243.232 - - [22/Jan/2026:08:23:17 -0500] "GET /page/133/?a=3149348662169 HTTP/1.1" 200 15580 "https://membuatwebsite.biz/page/134/?a=3149348662169" "Mozilla/5.0 AppleWebKit/537.36 (KHTML, like Gecko; compatible; GPTBot/1.3; +https://openai.com/gptbot)"
66.249.73.68 - - [22/Jan/2026:08:23:19 -0500] "GET /?a=1373822cdc6g5 HTTP/1.1" 200 27765 "-" "Mozilla/5.0 (Linux; Android 6.0.1; Nexus 5X Build/MMB29P) AppleWebKit/537.36 (KHTML, like Gecko) Chrome/143.0.7499.192 Mobile Safari/537.36 (compatible; Googlebot/2.1; +http://www.google.com/bot.html)"
216.73.216.223 - - [22/Jan/2026:08:23:19 -0500] "GET /page/138/?a=25225963bag8d HTTP/1.1" 200 15281 "-" "Mozilla/5.0 AppleWebKit/537.36 (KHTML, like Gecko; compatible; ClaudeBot/1.0; +claudebot@anthropic.com)"
74.7.243.232 - - [22/Jan/2026:08:23:20 -0500] "GET /page/132/?a=3149348662169 HTTP/1.1" 200 15792 "https://membuatwebsite.biz/page/134/?a=3149348662169" "Mozilla/5.0 AppleWebKit/537.36 (KHTML, like Gecko; compatible; GPTBot/1.3; +https://openai.com/gptbot)"
216.73.216.223 - - [22/Jan/2026:08:23:22 -0500] "GET /page/136/?a=211043230cc6h HTTP/1.1" 200 15342 "-" "Mozilla/5.0 AppleWebKit/537.36 (KHTML, like Gecko; compatible; ClaudeBot/1.0; +claudebot@anthropic.com)"
66.249.73.68 - - [22/Jan/2026:08:23:24 -0500] "GET /?a=211461238ha7 HTTP/1.1" 200 26686 "-" "Mozilla/5.0 (Linux; Android 6.0.1; Nexus 5X Build/MMB29P) AppleWebKit/537.36 (KHTML, like Gecko) Chrome/143.0.7499.192 Mobile Safari/537.36 (compatible; Googlebot/2.1; +http://www.google.com/bot.html)"
66.249.73.68 - - [22/Jan/2026:08:23:24 -0500] "GET /?a=27040jafb8a HTTP/1.1" 200 27283 "-" "Mozilla/5.0 (Linux; Android 6.0.1; Nexus 5X Build/MMB29P) AppleWebKit/537.36 (KHTML, like Gecko) Chrome/143.0.7499.192 Mobile Safari/537.36 (compatible; Googlebot/2.1; +http://www.google.com/bot.html)"
74.7.243.232 - - [22/Jan/2026:08:23:23 -0500] "GET /page/112/?a=42278171e2792 HTTP/1.1" 200 15711 "https://membuatwebsite.biz/page/114/?a=42278171e2792" "Mozilla/5.0 AppleWebKit/537.36 (KHTML, like Gecko; compatible; GPTBot/1.3; +https://openai.com/gptbot)"
216.73.216.223 - - [22/Jan/2026:08:23:25 -0500] "GET /page/136/?a=31546125ae7h3 HTTP/1.1" 200 15382 "-" "Mozilla/5.0 AppleWebKit/537.36 (KHTML, like Gecko; compatible; ClaudeBot/1.0; +claudebot@anthropic.com)"
47.128.121.82 - - [22/Jan/2026:08:23:26 -0500] "GET /2018/12/20/ HTTP/1.1" 200 12024 "-" "Mozilla/5.0 (Linux; Android 5.0) AppleWebKit/537.36 (KHTML, like Gecko) Mobile Safari/537.36 (compatible; TikTokSpider; ttspider-feedback@tiktok.com)"
74.7.243.232 - - [22/Jan/2026:08:23:27 -0500] "GET /page/113/?a=42278171e2792 HTTP/1.1" 200 15498 "https://membuatwebsite.biz/page/115/?a=42278171e2792" "Mozilla/5.0 AppleWebKit/537.36 (KHTML, like Gecko; compatible; GPTBot/1.3; +https://openai.com/gptbot)"
216.73.216.223 - - [22/Jan/2026:08:23:28 -0500] "GET /page/137/?a=4074064e0fi6g HTTP/1.1" 200 15112 "-" "Mozilla/5.0 AppleWebKit/537.36 (KHTML, like Gecko; compatible; ClaudeBot/1.0; +claudebot@anthropic.com)"
74.7.243.232 - - [22/Jan/2026:08:23:30 -0500] "GET /page/132/?a=344434310h724 HTTP/1.1" 200 15792 "https://membuatwebsite.biz/page/134/?a=344434310h724" "Mozilla/5.0 AppleWebKit/537.36 (KHTML, like Gecko; compatible; GPTBot/1.3; +https://openai.com/gptbot)"
216.73.216.223 - - [22/Jan/2026:08:23:31 -0500] "GET /page/137/?a=25225963bag8d HTTP/1.1" 200 15112 "-" "Mozilla/5.0 AppleWebKit/537.36 (KHTML, like Gecko; compatible; ClaudeBot/1.0; +claudebot@anthropic.com)"
74.7.243.232 - - [22/Jan/2026:08:23:33 -0500] "GET /page/144/?a=3770122833381 HTTP/1.1" 200 13144 "https://membuatwebsite.biz/?a=3770122833381" "Mozilla/5.0 AppleWebKit/537.36 (KHTML, like Gecko; compatible; GPTBot/1.3; +https://openai.com/gptbot)"
216.73.216.223 - - [22/Jan/2026:08:23:34 -0500] "GET /page/17/?a=1618869e9hb7j HTTP/1.1" 200 15366 "-" "Mozilla/5.0 AppleWebKit/537.36 (KHTML, like Gecko; compatible; ClaudeBot/1.0; +claudebot@anthropic.com)"
74.7.243.232 - - [22/Jan/2026:08:23:36 -0500] "GET /page/128/?a=2889283302412 HTTP/1.1" 200 15853 "https://membuatwebsite.biz/page/130/?a=2889283302412" "Mozilla/5.0 AppleWebKit/537.36 (KHTML, like Gecko; compatible; GPTBot/1.3; +https://openai.com/gptbot)"
66.249.73.68 - - [22/Jan/2026:08:23:37 -0500] "GET /?a=30163025h3e5a HTTP/1.1" 200 27681 "-" "Mozilla/5.0 (Linux; Android 6.0.1; Nexus 5X Build/MMB29P) AppleWebKit/537.36 (KHTML, like Gecko) Chrome/143.0.7499.192 Mobile Safari/537.36 (compatible; Googlebot/2.1; +http://www.google.com/bot.html)"
216.73.216.223 - - [22/Jan/2026:08:23:37 -0500] "GET /page/4/?a=9443656cijj HTTP/1.1" 200 15229 "-" "Mozilla/5.0 AppleWebKit/537.36 (KHTML, like Gecko; compatible; ClaudeBot/1.0; +claudebot@anthropic.com)"
74.7.243.232 - - [22/Jan/2026:08:23:39 -0500] "GET /page/137/?a=411156678576g HTTP/1.1" 200 15091 "https://membuatwebsite.biz/page/139/?a=411156678576g" "Mozilla/5.0 AppleWebKit/537.36 (KHTML, like Gecko; compatible; GPTBot/1.3; +https://openai.com/gptbot)"
216.73.216.223 - - [22/Jan/2026:08:23:40 -0500] "GET /page/137/?a=1492612a16i78 HTTP/1.1" 200 15111 "-" "Mozilla/5.0 AppleWebKit/537.36 (KHTML, like Gecko; compatible; ClaudeBot/1.0; +claudebot@anthropic.com)"
74.7.243.232 - - [22/Jan/2026:08:23:42 -0500] "GET /page/136/?a=411156678576g HTTP/1.1" 200 15383 "https://membuatwebsite.biz/page/138/?a=411156678576g" "Mozilla/5.0 AppleWebKit/537.36 (KHTML, like Gecko; compatible; GPTBot/1.3; +https://openai.com/gptbot)"
216.73.216.223 - - [22/Jan/2026:08:23:43 -0500] "GET /page/139/?a=6352604bfjh9 HTTP/1.1" 200 15561 "-" "Mozilla/5.0 AppleWebKit/537.36 (KHTML, like Gecko; compatible; ClaudeBot/1.0; +claudebot@anthropic.com)"
74.7.243.232 - - [22/Jan/2026:08:23:45 -0500] "GET /page/131/?a=344434310h724 HTTP/1.1" 200 15558 "https://membuatwebsite.biz/page/133/?a=344434310h724" "Mozilla/5.0 AppleWebKit/537.36 (KHTML, like Gecko; compatible; GPTBot/1.3; +https://openai.com/gptbot)"
216.73.216.223 - - [22/Jan/2026:08:23:46 -0500] "GET /page/5/?a=783465g9j75g HTTP/1.1" 200 15239 "-" "Mozilla/5.0 AppleWebKit/537.36 (KHTML, like Gecko; compatible; ClaudeBot/1.0; +claudebot@anthropic.com)"
15.235.96.177 - - [22/Jan/2026:08:23:46 -0500] "GET /?a=260074954i5gf HTTP/1.1" 200 15242 "-" "Mozilla/5.0 (compatible; AhrefsBot/7.0; +http://ahrefs.com/robot/)"
66.249.65.46 - - [22/Jan/2026:08:23:46 -0500] "GET /?a=4271327gfji0f HTTP/1.1" 200 28105 "-" "Mozilla/5.0 (Linux; Android 6.0.1; Nexus 5X Build/MMB29P) AppleWebKit/537.36 (KHTML, like Gecko) Chrome/143.0.7499.192 Mobile Safari/537.36 (compatible; Googlebot/2.1; +http://www.google.com/bot.html)"
66.249.73.68 - - [22/Jan/2026:08:23:46 -0500] "GET /?a=4216259f17db2 HTTP/1.1" 200 26238 "-" "Mozilla/5.0 (Linux; Android 6.0.1; Nexus 5X Build/MMB29P) AppleWebKit/537.36 (KHTML, like Gecko) Chrome/143.0.7499.192 Mobile Safari/537.36 (compatible; Googlebot/2.1; +http://www.google.com/bot.html)"
74.7.243.232 - - [22/Jan/2026:08:23:48 -0500] "GET /page/127/?a=2889283302412 HTTP/1.1" 200 15788 "https://membuatwebsite.biz/page/129/?a=2889283302412" "Mozilla/5.0 AppleWebKit/537.36 (KHTML, like Gecko; compatible; GPTBot/1.3; +https://openai.com/gptbot)"
216.73.216.223 - - [22/Jan/2026:08:23:49 -0500] "GET /page/143/?a=245584706aec7 HTTP/1.1" 200 15005 "-" "Mozilla/5.0 AppleWebKit/537.36 (KHTML, like Gecko; compatible; ClaudeBot/1.0; +claudebot@anthropic.com)"
74.7.243.232 - - [22/Jan/2026:08:23:51 -0500] "GET /page/131/?a=3149348662169 HTTP/1.1" 200 15513 "https://membuatwebsite.biz/page/133/?a=3149348662169" "Mozilla/5.0 AppleWebKit/537.36 (KHTML, like Gecko; compatible; GPTBot/1.3; +https://openai.com/gptbot)"
66.249.65.46 - - [22/Jan/2026:08:23:52 -0500] "GET /?a=1699430j232b8 HTTP/1.1" 200 27660 "-" "Mozilla/5.0 (Linux; Android 6.0.1; Nexus 5X Build/MMB29P) AppleWebKit/537.36 (KHTML, like Gecko) Chrome/143.0.7499.192 Mobile Safari/537.36 (compatible; Googlebot/2.1; +http://www.google.com/bot.html)"
216.73.216.223 - - [22/Jan/2026:08:23:52 -0500] "GET /page/138/?a=2780024277477 HTTP/1.1" 200 15274 "-" "Mozilla/5.0 AppleWebKit/537.36 (KHTML, like Gecko; compatible; ClaudeBot/1.0; +claudebot@anthropic.com)"
66.249.73.68 - - [22/Jan/2026:08:23:52 -0500] "GET /?a=914001i9hjb8 HTTP/1.1" 200 28138 "-" "Mozilla/5.0 (Linux; Android 6.0.1; Nexus 5X Build/MMB29P) AppleWebKit/537.36 (KHTML, like Gecko) Chrome/143.0.7499.192 Mobile Safari/537.36 (compatible; Googlebot/2.1; +http://www.google.com/bot.html)"
74.7.243.232 - - [22/Jan/2026:08:23:55 -0500] "GET /page/144/?a=489633545701 HTTP/1.1" 200 13127 "https://membuatwebsite.biz/?a=489633545701" "Mozilla/5.0 AppleWebKit/537.36 (KHTML, like Gecko; compatible; GPTBot/1.3; +https://openai.com/gptbot)"
216.73.216.223 - - [22/Jan/2026:08:23:55 -0500] "GET /page/133/?a=5162716i4ja6 HTTP/1.1" 200 15496 "-" "Mozilla/5.0 AppleWebKit/537.36 (KHTML, like Gecko; compatible; ClaudeBot/1.0; +claudebot@anthropic.com)"
74.7.243.232 - - [22/Jan/2026:08:23:58 -0500] "GET /page/111/?a=42278171e2792 HTTP/1.1" 200 15528 "https://membuatwebsite.biz/page/112/?a=42278171e2792" "Mozilla/5.0 AppleWebKit/537.36 (KHTML, like Gecko; compatible; GPTBot/1.3; +https://openai.com/gptbot)"
216.73.216.223 - - [22/Jan/2026:08:23:58 -0500] "GET /page/140/?a=2022390060i40 HTTP/1.1" 200 15530 "-" "Mozilla/5.0 AppleWebKit/537.36 (KHTML, like Gecko; compatible; ClaudeBot/1.0; +claudebot@anthropic.com)"
74.7.243.232 - - [22/Jan/2026:08:24:01 -0500] "GET /page/110/?a=42278171e2792 HTTP/1.1" 200 15226 "https://membuatwebsite.biz/page/112/?a=42278171e2792" "Mozilla/5.0 AppleWebKit/537.36 (KHTML, like Gecko; compatible; GPTBot/1.3; +https://openai.com/gptbot)"
216.73.216.223 - - [22/Jan/2026:08:24:01 -0500] "GET /page/141/?a=18340538ci102 HTTP/1.1" 200 15256 "-" "Mozilla/5.0 AppleWebKit/537.36 (KHTML, like Gecko; compatible; ClaudeBot/1.0; +claudebot@anthropic.com)"
216.73.216.223 - - [22/Jan/2026:08:24:04 -0500] "GET /page/142/?a=380112871220g HTTP/1.1" 200 15287 "-" "Mozilla/5.0 AppleWebKit/537.36 (KHTML, like Gecko; compatible; ClaudeBot/1.0; +claudebot@anthropic.com)"
74.7.243.232 - - [22/Jan/2026:08:24:04 -0500] "GET /page/130/?a=344434310h724 HTTP/1.1" 200 15519 "https://membuatwebsite.biz/page/132/?a=344434310h724" "Mozilla/5.0 AppleWebKit/537.36 (KHTML, like Gecko; compatible; GPTBot/1.3; +https://openai.com/gptbot)"
66.249.73.69 - - [22/Jan/2026:08:24:07 -0500] "GET /?a=1948325776i12 HTTP/1.1" 200 26008 "-" "Mozilla/5.0 (Linux; Android 6.0.1; Nexus 5X Build/MMB29P) AppleWebKit/537.36 (KHTML, like Gecko) Chrome/143.0.7499.192 Mobile Safari/537.36 (compatible; Googlebot/2.1; +http://www.google.com/bot.html)"
66.249.73.70 - - [22/Jan/2026:08:24:07 -0500] "GET /?a=1504246ji2f6c HTTP/1.1" 200 28946 "-" "Mozilla/5.0 (Linux; Android 6.0.1; Nexus 5X Build/MMB29P) AppleWebKit/537.36 (KHTML, like Gecko) Chrome/143.0.7499.192 Mobile Safari/537.36 (compatible; Googlebot/2.1; +http://www.google.com/bot.html)"
216.73.216.223 - - [22/Jan/2026:08:24:07 -0500] "GET /page/133/?a=3820563716491 HTTP/1.1" 200 15526 "-" "Mozilla/5.0 AppleWebKit/537.36 (KHTML, like Gecko; compatible; ClaudeBot/1.0; +claudebot@anthropic.com)"
66.249.73.70 - - [22/Jan/2026:08:24:07 -0500] "GET /?a=175599842527f HTTP/1.1" 200 28119 "-" "Mozilla/5.0 (Linux; Android 6.0.1; Nexus 5X Build/MMB29P) AppleWebKit/537.36 (KHTML, like Gecko) Chrome/143.0.7499.192 Mobile Safari/537.36 (compatible; Googlebot/2.1; +http://www.google.com/bot.html)"
74.7.243.232 - - [22/Jan/2026:08:24:07 -0500] "GET /page/143/?a=3770122833381 HTTP/1.1" 200 14972 "https://membuatwebsite.biz/page/144/?a=3770122833381" "Mozilla/5.0 AppleWebKit/537.36 (KHTML, like Gecko; compatible; GPTBot/1.3; +https://openai.com/gptbot)"
66.249.73.70 - - [22/Jan/2026:08:24:08 -0500] "GET /?a=3026498454a72 HTTP/1.1" 200 26731 "-" "Mozilla/5.0 (Linux; Android 6.0.1; Nexus 5X Build/MMB29P) AppleWebKit/537.36 (KHTML, like Gecko) Chrome/143.0.7499.192 Mobile Safari/537.36 (compatible; Googlebot/2.1; +http://www.google.com/bot.html)"
216.73.216.223 - - [22/Jan/2026:08:24:10 -0500] "GET /page/134/?a=43171980i873e HTTP/1.1" 200 15849 "-" "Mozilla/5.0 AppleWebKit/537.36 (KHTML, like Gecko; compatible; ClaudeBot/1.0; +claudebot@anthropic.com)"
74.7.243.232 - - [22/Jan/2026:08:24:11 -0500] "GET /page/126/?a=2889283302412 HTTP/1.1" 200 15679 "https://membuatwebsite.biz/page/128/?a=2889283302412" "Mozilla/5.0 AppleWebKit/537.36 (KHTML, like Gecko; compatible; GPTBot/1.3; +https://openai.com/gptbot)"
216.73.216.223 - - [22/Jan/2026:08:24:13 -0500] "GET /page/143/?a=397781505c0b0 HTTP/1.1" 200 14955 "-" "Mozilla/5.0 AppleWebKit/537.36 (KHTML, like Gecko; compatible; ClaudeBot/1.0; +claudebot@anthropic.com)"
74.7.243.232 - - [22/Jan/2026:08:24:14 -0500] "GET /page/135/?a=411156678576g HTTP/1.1" 200 15862 "https://membuatwebsite.biz/page/137/?a=411156678576g" "Mozilla/5.0 AppleWebKit/537.36 (KHTML, like Gecko; compatible; GPTBot/1.3; +https://openai.com/gptbot)"
216.73.216.223 - - [22/Jan/2026:08:24:16 -0500] "GET /page/143/?a=3128797b19i4j HTTP/1.1" 200 15006 "-" "Mozilla/5.0 AppleWebKit/537.36 (KHTML, like Gecko; compatible; ClaudeBot/1.0; +claudebot@anthropic.com)"
74.7.243.232 - - [22/Jan/2026:08:24:17 -0500] "GET /page/134/?a=411156678576g HTTP/1.1" 200 15813 "https://membuatwebsite.biz/page/136/?a=411156678576g" "Mozilla/5.0 AppleWebKit/537.36 (KHTML, like Gecko; compatible; GPTBot/1.3; +https://openai.com/gptbot)"
66.249.65.32 - - [22/Jan/2026:08:24:17 -0500] "GET /?a=2698244bdig9i HTTP/1.1" 200 26453 "-" "Mozilla/5.0 (Linux; Android 6.0.1; Nexus 5X Build/MMB29P) AppleWebKit/537.36 (KHTML, like Gecko) Chrome/143.0.7499.192 Mobile Safari/537.36 (compatible; Googlebot/2.1; +http://www.google.com/bot.html)"
216.73.216.223 - - [22/Jan/2026:08:24:19 -0500] "GET /page/12/?a=6093294ij9g5 HTTP/1.1" 200 15313 "-" "Mozilla/5.0 AppleWebKit/537.36 (KHTML, like Gecko; compatible; ClaudeBot/1.0; +claudebot@anthropic.com)"
74.7.243.232 - - [22/Jan/2026:08:24:20 -0500] "GET /page/129/?a=344434310h724 HTTP/1.1" 200 15627 "https://membuatwebsite.biz/page/131/?a=344434310h724" "Mozilla/5.0 AppleWebKit/537.36 (KHTML, like Gecko; compatible; GPTBot/1.3; +https://openai.com/gptbot)"
216.73.216.223 - - [22/Jan/2026:08:24:22 -0500] "GET /page/139/?a=24038622ja5f6 HTTP/1.1" 200 15506 "-" "Mozilla/5.0 AppleWebKit/537.36 (KHTML, like Gecko; compatible; ClaudeBot/1.0; +claudebot@anthropic.com)"
