216.73.216.223 - - [22/Jan/2026:08:17:31 -0500] "GET /page/143/?a=1120755hh705e HTTP/1.1" 200 14956 "-" "Mozilla/5.0 AppleWebKit/537.36 (KHTML, like Gecko; compatible; ClaudeBot/1.0; +claudebot@anthropic.com)"
74.7.243.232 - - [22/Jan/2026:08:17:31 -0500] "GET /page/133/?a=42278171e2792 HTTP/1.1" 200 15543 "https://membuatwebsite.biz/page/135/?a=42278171e2792" "Mozilla/5.0 AppleWebKit/537.36 (KHTML, like Gecko; compatible; GPTBot/1.3; +https://openai.com/gptbot)"
66.249.65.46 - - [22/Jan/2026:08:17:33 -0500] "GET /sf/bigsale/00/0/?sc_i=cp_ta_b_head_seasonicon_earlysummer HTTP/1.1" 200 26729 "-" "Mozilla/5.0 (Linux; Android 6.0.1; Nexus 5X Build/MMB29P) AppleWebKit/537.36 (KHTML, like Gecko) Chrome/143.0.7499.192 Mobile Safari/537.36 (compatible; Googlebot/2.1; +http://www.google.com/bot.html)"
74.7.243.232 - - [22/Jan/2026:08:17:34 -0500] "GET /page/132/?a=42278171e2792 HTTP/1.1" 200 15791 "https://membuatwebsite.biz/page/134/?a=42278171e2792" "Mozilla/5.0 AppleWebKit/537.36 (KHTML, like Gecko; compatible; GPTBot/1.3; +https://openai.com/gptbot)"
216.73.216.223 - - [22/Jan/2026:08:17:34 -0500] "GET /page/12/?a=23265450a9eic HTTP/1.1" 200 15313 "-" "Mozilla/5.0 AppleWebKit/537.36 (KHTML, like Gecko; compatible; ClaudeBot/1.0; +claudebot@anthropic.com)"
216.73.216.223 - - [22/Jan/2026:08:17:37 -0500] "GET /page/140/?a=36850871j62eg HTTP/1.1" 200 15532 "-" "Mozilla/5.0 AppleWebKit/537.36 (KHTML, like Gecko; compatible; ClaudeBot/1.0; +claudebot@anthropic.com)"
74.7.243.232 - - [22/Jan/2026:08:17:37 -0500] "GET /page/118/?a=101501612304a HTTP/1.1" 200 15608 "https://membuatwebsite.biz/page/120/?a=101501612304a" "Mozilla/5.0 AppleWebKit/537.36 (KHTML, like Gecko; compatible; GPTBot/1.3; +https://openai.com/gptbot)"
216.73.216.223 - - [22/Jan/2026:08:17:40 -0500] "GET /page/143/?a=1184385521277 HTTP/1.1" 200 14934 "-" "Mozilla/5.0 AppleWebKit/537.36 (KHTML, like Gecko; compatible; ClaudeBot/1.0; +claudebot@anthropic.com)"
66.249.73.68 - - [22/Jan/2026:08:17:40 -0500] "GET /?a=2965296jga3fi HTTP/1.1" 200 26728 "-" "Mozilla/5.0 (Linux; Android 6.0.1; Nexus 5X Build/MMB29P) AppleWebKit/537.36 (KHTML, like Gecko) Chrome/143.0.7499.192 Mobile Safari/537.36 (compatible; Googlebot/2.1; +http://www.google.com/bot.html)"
66.249.73.68 - - [22/Jan/2026:08:17:40 -0500] "GET /?a=24506820f8fe4 HTTP/1.1" 200 27206 "-" "Mozilla/5.0 (Linux; Android 6.0.1; Nexus 5X Build/MMB29P) AppleWebKit/537.36 (KHTML, like Gecko) Chrome/143.0.7499.192 Mobile Safari/537.36 (compatible; Googlebot/2.1; +http://www.google.com/bot.html)"
74.7.243.232 - - [22/Jan/2026:08:17:40 -0500] "GET /page/117/?a=101501612304a HTTP/1.1" 200 15980 "https://membuatwebsite.biz/page/119/?a=101501612304a" "Mozilla/5.0 AppleWebKit/537.36 (KHTML, like Gecko; compatible; GPTBot/1.3; +https://openai.com/gptbot)"
216.73.216.223 - - [22/Jan/2026:08:17:43 -0500] "GET /page/7/?a=425253708h1h5 HTTP/1.1" 200 15339 "-" "Mozilla/5.0 AppleWebKit/537.36 (KHTML, like Gecko; compatible; ClaudeBot/1.0; +claudebot@anthropic.com)"
74.7.243.232 - - [22/Jan/2026:08:17:43 -0500] "GET /page/105/?a=12860121b0520 HTTP/1.1" 200 15257 "https://membuatwebsite.biz/page/107/?a=12860121b0520" "Mozilla/5.0 AppleWebKit/537.36 (KHTML, like Gecko; compatible; GPTBot/1.3; +https://openai.com/gptbot)"
216.73.216.223 - - [22/Jan/2026:08:17:46 -0500] "GET /page/132/?a=1594138914e6 HTTP/1.1" 200 15817 "-" "Mozilla/5.0 AppleWebKit/537.36 (KHTML, like Gecko; compatible; ClaudeBot/1.0; +claudebot@anthropic.com)"
74.7.243.232 - - [22/Jan/2026:08:17:46 -0500] "GET /page/104/?a=12860121b0520 HTTP/1.1" 200 15063 "https://membuatwebsite.biz/page/106/?a=12860121b0520" "Mozilla/5.0 AppleWebKit/537.36 (KHTML, like Gecko; compatible; GPTBot/1.3; +https://openai.com/gptbot)"
167.114.139.213 - - [22/Jan/2026:08:17:48 -0500] "GET /?a=2890447db4fj7 HTTP/1.1" 200 15216 "-" "Mozilla/5.0 (compatible; AhrefsBot/7.0; +http://ahrefs.com/robot/)"
216.73.216.223 - - [22/Jan/2026:08:17:49 -0500] "GET /page/144/?a=3035820i473id HTTP/1.1" 200 13055 "-" "Mozilla/5.0 AppleWebKit/537.36 (KHTML, like Gecko; compatible; ClaudeBot/1.0; +claudebot@anthropic.com)"
66.249.73.68 - - [22/Jan/2026:08:17:49 -0500] "GET /?a=3484178jb6f1j HTTP/1.1" 200 27141 "-" "Mozilla/5.0 (Linux; Android 6.0.1; Nexus 5X Build/MMB29P) AppleWebKit/537.36 (KHTML, like Gecko) Chrome/143.0.7499.192 Mobile Safari/537.36 (compatible; Googlebot/2.1; +http://www.google.com/bot.html)"
74.7.243.232 - - [22/Jan/2026:08:17:49 -0500] "GET /page/102/?a=44001609800e6 HTTP/1.1" 200 15328 "https://membuatwebsite.biz/page/104/?a=44001609800e6" "Mozilla/5.0 AppleWebKit/537.36 (KHTML, like Gecko; compatible; GPTBot/1.3; +https://openai.com/gptbot)"
66.249.65.46 - - [22/Jan/2026:08:17:50 -0500] "GET /?a=788644ddh573 HTTP/1.1" 200 28123 "-" "Mozilla/5.0 (Linux; Android 6.0.1; Nexus 5X Build/MMB29P) AppleWebKit/537.36 (KHTML, like Gecko) Chrome/143.0.7499.192 Mobile Safari/537.36 (compatible; Googlebot/2.1; +http://www.google.com/bot.html)"
66.249.73.68 - - [22/Jan/2026:08:17:50 -0500] "GET /?a=1872820d830h9 HTTP/1.1" 200 28529 "-" "Mozilla/5.0 (Linux; Android 6.0.1; Nexus 5X Build/MMB29P) AppleWebKit/537.36 (KHTML, like Gecko) Chrome/143.0.7499.192 Mobile Safari/537.36 (compatible; Googlebot/2.1; +http://www.google.com/bot.html)"
216.73.216.223 - - [22/Jan/2026:08:17:52 -0500] "GET /page/137/?a=93203h0hcjg HTTP/1.1" 200 15060 "-" "Mozilla/5.0 AppleWebKit/537.36 (KHTML, like Gecko; compatible; ClaudeBot/1.0; +claudebot@anthropic.com)"
74.7.243.232 - - [22/Jan/2026:08:17:53 -0500] "GET /page/104/?a=4088036806a41 HTTP/1.1" 200 15104 "https://membuatwebsite.biz/page/105/?a=4088036806a41" "Mozilla/5.0 AppleWebKit/537.36 (KHTML, like Gecko; compatible; GPTBot/1.3; +https://openai.com/gptbot)"
216.73.216.223 - - [22/Jan/2026:08:17:55 -0500] "GET /page/138/?a=3031958a5j525 HTTP/1.1" 200 15346 "-" "Mozilla/5.0 AppleWebKit/537.36 (KHTML, like Gecko; compatible; ClaudeBot/1.0; +claudebot@anthropic.com)"
203.86.123.31 - - [22/Jan/2026:08:17:56 -0500] "GET /wp-content/uploads/2017/06/download-2.jpg HTTP/1.1" 200 16217 "-" "Mozilla/5.0 (X11; Ubuntu; Linux x86_64; rv:72.0) Gecko/20100101 Firefox/72.0"
74.7.243.232 - - [22/Jan/2026:08:17:56 -0500] "GET /page/103/?a=44001609800e6 HTTP/1.1" 200 15237 "https://membuatwebsite.biz/page/104/?a=44001609800e6" "Mozilla/5.0 AppleWebKit/537.36 (KHTML, like Gecko; compatible; GPTBot/1.3; +https://openai.com/gptbot)"
216.73.216.223 - - [22/Jan/2026:08:17:58 -0500] "GET /page/10/?a=3990084idie33 HTTP/1.1" 200 15414 "-" "Mozilla/5.0 AppleWebKit/537.36 (KHTML, like Gecko; compatible; ClaudeBot/1.0; +claudebot@anthropic.com)"
74.7.243.232 - - [22/Jan/2026:08:17:59 -0500] "GET /page/103/?a=4088036806a41 HTTP/1.1" 200 15237 "https://membuatwebsite.biz/page/105/?a=4088036806a41" "Mozilla/5.0 AppleWebKit/537.36 (KHTML, like Gecko; compatible; GPTBot/1.3; +https://openai.com/gptbot)"
216.73.216.223 - - [22/Jan/2026:08:18:01 -0500] "GET /page/144/?a=266890439hc03 HTTP/1.1" 200 13108 "-" "Mozilla/5.0 AppleWebKit/537.36 (KHTML, like Gecko; compatible; ClaudeBot/1.0; +claudebot@anthropic.com)"
74.7.243.232 - - [22/Jan/2026:08:18:02 -0500] "GET /page/102/?a=225141825477e HTTP/1.1" 200 15374 "https://membuatwebsite.biz/page/104/?a=225141825477e" "Mozilla/5.0 AppleWebKit/537.36 (KHTML, like Gecko; compatible; GPTBot/1.3; +https://openai.com/gptbot)"
66.249.73.70 - - [22/Jan/2026:08:18:04 -0500] "GET /?a=686829f4i2j HTTP/1.1" 200 26200 "-" "Mozilla/5.0 (Linux; Android 6.0.1; Nexus 5X Build/MMB29P) AppleWebKit/537.36 (KHTML, like Gecko) Chrome/143.0.7499.192 Mobile Safari/537.36 (compatible; Googlebot/2.1; +http://www.google.com/bot.html)"
66.249.65.32 - - [22/Jan/2026:08:18:04 -0500] "GET /?a=3567550dj3ij5 HTTP/1.1" 200 27530 "-" "Mozilla/5.0 (Linux; Android 6.0.1; Nexus 5X Build/MMB29P) AppleWebKit/537.36 (KHTML, like Gecko) Chrome/143.0.7499.192 Mobile Safari/537.36 (compatible; Googlebot/2.1; +http://www.google.com/bot.html)"
66.249.73.68 - - [22/Jan/2026:08:18:04 -0500] "GET /?a=353886688g03i HTTP/1.1" 200 28514 "-" "Mozilla/5.0 (Linux; Android 6.0.1; Nexus 5X Build/MMB29P) AppleWebKit/537.36 (KHTML, like Gecko) Chrome/143.0.7499.192 Mobile Safari/537.36 (compatible; Googlebot/2.1; +http://www.google.com/bot.html)"
216.73.216.223 - - [22/Jan/2026:08:18:04 -0500] "GET /page/16/?a=101380gdhi5a HTTP/1.1" 200 15384 "-" "Mozilla/5.0 AppleWebKit/537.36 (KHTML, like Gecko; compatible; ClaudeBot/1.0; +claudebot@anthropic.com)"
74.7.243.232 - - [22/Jan/2026:08:18:05 -0500] "GET /page/131/?a=42278171e2792 HTTP/1.1" 200 15582 "https://membuatwebsite.biz/page/133/?a=42278171e2792" "Mozilla/5.0 AppleWebKit/537.36 (KHTML, like Gecko; compatible; GPTBot/1.3; +https://openai.com/gptbot)"
216.73.216.223 - - [22/Jan/2026:08:18:07 -0500] "GET /page/139/?a=1218944668493 HTTP/1.1" 200 15506 "-" "Mozilla/5.0 AppleWebKit/537.36 (KHTML, like Gecko; compatible; ClaudeBot/1.0; +claudebot@anthropic.com)"
74.7.243.232 - - [22/Jan/2026:08:18:08 -0500] "GET /page/130/?a=42278171e2792 HTTP/1.1" 200 15518 "https://membuatwebsite.biz/page/132/?a=42278171e2792" "Mozilla/5.0 AppleWebKit/537.36 (KHTML, like Gecko; compatible; GPTBot/1.3; +https://openai.com/gptbot)"
216.73.216.223 - - [22/Jan/2026:08:18:10 -0500] "GET /page/142/?a=1058405h4j298 HTTP/1.1" 200 15265 "-" "Mozilla/5.0 AppleWebKit/537.36 (KHTML, like Gecko; compatible; ClaudeBot/1.0; +claudebot@anthropic.com)"
74.7.243.232 - - [22/Jan/2026:08:18:11 -0500] "GET /page/116/?a=101501612304a HTTP/1.1" 200 15110 "https://membuatwebsite.biz/page/118/?a=101501612304a" "Mozilla/5.0 AppleWebKit/537.36 (KHTML, like Gecko; compatible; GPTBot/1.3; +https://openai.com/gptbot)"
216.73.216.223 - - [22/Jan/2026:08:18:13 -0500] "GET /page/143/?a=11168728h5a9c HTTP/1.1" 200 14955 "-" "Mozilla/5.0 AppleWebKit/537.36 (KHTML, like Gecko; compatible; ClaudeBot/1.0; +claudebot@anthropic.com)"
66.249.65.46 - - [22/Jan/2026:08:18:13 -0500] "GET /?a=37500604e9c4 HTTP/1.1" 200 27888 "-" "Mozilla/5.0 (Linux; Android 6.0.1; Nexus 5X Build/MMB29P) AppleWebKit/537.36 (KHTML, like Gecko) Chrome/143.0.7499.192 Mobile Safari/537.36 (compatible; Googlebot/2.1; +http://www.google.com/bot.html)"
74.7.243.232 - - [22/Jan/2026:08:18:15 -0500] "GET /page/115/?a=101501612304a HTTP/1.1" 200 15775 "https://membuatwebsite.biz/page/117/?a=101501612304a" "Mozilla/5.0 AppleWebKit/537.36 (KHTML, like Gecko; compatible; GPTBot/1.3; +https://openai.com/gptbot)"
216.73.216.223 - - [22/Jan/2026:08:18:16 -0500] "GET /page/141/?a=1072517a9j9j7 HTTP/1.1" 200 15183 "-" "Mozilla/5.0 AppleWebKit/537.36 (KHTML, like Gecko; compatible; ClaudeBot/1.0; +claudebot@anthropic.com)"
74.7.243.232 - - [22/Jan/2026:08:18:18 -0500] "GET /page/103/?a=12860121b0520 HTTP/1.1" 200 15178 "https://membuatwebsite.biz/page/105/?a=12860121b0520" "Mozilla/5.0 AppleWebKit/537.36 (KHTML, like Gecko; compatible; GPTBot/1.3; +https://openai.com/gptbot)"
20.15.133.191 - - [22/Jan/2026:08:18:18 -0500] "GET /?a=36896290g10hj HTTP/1.1" 200 27824 "-" "Mozilla/5.0 AppleWebKit/537.36 (KHTML, like Gecko; compatible; bingbot/2.0; +http://www.bing.com/bingbot.htm) Chrome/116.0.1938.76 Safari/537.36"
216.73.216.223 - - [22/Jan/2026:08:18:19 -0500] "GET /page/5/?a=2224519h9cg8h HTTP/1.1" 200 15259 "-" "Mozilla/5.0 AppleWebKit/537.36 (KHTML, like Gecko; compatible; ClaudeBot/1.0; +claudebot@anthropic.com)"
74.7.243.232 - - [22/Jan/2026:08:18:21 -0500] "GET /page/102/?a=12860121b0520 HTTP/1.1" 200 15355 "https://membuatwebsite.biz/page/104/?a=12860121b0520" "Mozilla/5.0 AppleWebKit/537.36 (KHTML, like Gecko; compatible; GPTBot/1.3; +https://openai.com/gptbot)"
216.73.216.223 - - [22/Jan/2026:08:18:22 -0500] "GET /page/140/?a=31815492988f5 HTTP/1.1" 200 15514 "-" "Mozilla/5.0 AppleWebKit/537.36 (KHTML, like Gecko; compatible; ClaudeBot/1.0; +claudebot@anthropic.com)"
66.249.73.68 - - [22/Jan/2026:08:18:22 -0500] "GET /?a=111789402b98i HTTP/1.1" 200 27273 "-" "Mozilla/5.0 (Linux; Android 6.0.1; Nexus 5X Build/MMB29P) AppleWebKit/537.36 (KHTML, like Gecko) Chrome/143.0.7499.192 Mobile Safari/537.36 (compatible; Googlebot/2.1; +http://www.google.com/bot.html)"
66.249.73.68 - - [22/Jan/2026:08:18:22 -0500] "GET /?a=751540601d01 HTTP/1.1" 200 28334 "-" "Mozilla/5.0 (Linux; Android 6.0.1; Nexus 5X Build/MMB29P) AppleWebKit/537.36 (KHTML, like Gecko) Chrome/143.0.7499.192 Mobile Safari/537.36 (compatible; Googlebot/2.1; +http://www.google.com/bot.html)"
66.249.73.68 - - [22/Jan/2026:08:18:22 -0500] "GET /?a=785451j4b464 HTTP/1.1" 200 28841 "-" "Mozilla/5.0 (Linux; Android 6.0.1; Nexus 5X Build/MMB29P) AppleWebKit/537.36 (KHTML, like Gecko) Chrome/143.0.7499.192 Mobile Safari/537.36 (compatible; Googlebot/2.1; +http://www.google.com/bot.html)"
74.7.243.232 - - [22/Jan/2026:08:18:24 -0500] "GET /page/101/?a=44001609800e6 HTTP/1.1" 200 15342 "https://membuatwebsite.biz/page/102/?a=44001609800e6" "Mozilla/5.0 AppleWebKit/537.36 (KHTML, like Gecko; compatible; GPTBot/1.3; +https://openai.com/gptbot)"
216.73.216.223 - - [22/Jan/2026:08:18:25 -0500] "GET /page/137/?a=277161589374i HTTP/1.1" 200 15112 "-" "Mozilla/5.0 AppleWebKit/537.36 (KHTML, like Gecko; compatible; ClaudeBot/1.0; +claudebot@anthropic.com)"
15.235.27.36 - - [22/Jan/2026:08:18:26 -0500] "GET /?a=2888591jh1ej2 HTTP/1.1" 200 15217 "-" "Mozilla/5.0 (compatible; AhrefsBot/7.0; +http://ahrefs.com/robot/)"
74.7.243.232 - - [22/Jan/2026:08:18:27 -0500] "GET /page/100/?a=44001609800e6 HTTP/1.1" 200 15291 "https://membuatwebsite.biz/page/102/?a=44001609800e6" "Mozilla/5.0 AppleWebKit/537.36 (KHTML, like Gecko; compatible; GPTBot/1.3; +https://openai.com/gptbot)"
216.73.216.223 - - [22/Jan/2026:08:18:28 -0500] "GET /page/9/?a=1256825i0ehib HTTP/1.1" 200 15332 "-" "Mozilla/5.0 AppleWebKit/537.36 (KHTML, like Gecko; compatible; ClaudeBot/1.0; +claudebot@anthropic.com)"
74.7.243.232 - - [22/Jan/2026:08:18:31 -0500] "GET /page/102/?a=4088036806a41 HTTP/1.1" 200 15355 "https://membuatwebsite.biz/page/104/?a=4088036806a41" "Mozilla/5.0 AppleWebKit/537.36 (KHTML, like Gecko; compatible; GPTBot/1.3; +https://openai.com/gptbot)"
216.73.216.223 - - [22/Jan/2026:08:18:31 -0500] "GET /page/137/?a=2999287j5696i HTTP/1.1" 200 15090 "-" "Mozilla/5.0 AppleWebKit/537.36 (KHTML, like Gecko; compatible; ClaudeBot/1.0; +claudebot@anthropic.com)"
66.249.73.68 - - [22/Jan/2026:08:18:32 -0500] "GET /?a=10919282i2c3f HTTP/1.1" 200 28982 "-" "Mozilla/5.0 (Linux; Android 6.0.1; Nexus 5X Build/MMB29P) AppleWebKit/537.36 (KHTML, like Gecko) Chrome/143.0.7499.192 Mobile Safari/537.36 (compatible; Googlebot/2.1; +http://www.google.com/bot.html)"
66.249.73.68 - - [22/Jan/2026:08:18:32 -0500] "GET /?a=19217129fj4i7 HTTP/1.1" 200 26596 "-" "Mozilla/5.0 (Linux; Android 6.0.1; Nexus 5X Build/MMB29P) AppleWebKit/537.36 (KHTML, like Gecko) Chrome/143.0.7499.192 Mobile Safari/537.36 (compatible; Googlebot/2.1; +http://www.google.com/bot.html)"
74.7.243.232 - - [22/Jan/2026:08:18:34 -0500] "GET /page/101/?a=4088036806a41 HTTP/1.1" 200 15343 "https://membuatwebsite.biz/page/103/?a=4088036806a41" "Mozilla/5.0 AppleWebKit/537.36 (KHTML, like Gecko; compatible; GPTBot/1.3; +https://openai.com/gptbot)"
216.73.216.223 - - [22/Jan/2026:08:18:34 -0500] "GET /page/142/?a=144633551geh4 HTTP/1.1" 200 15286 "-" "Mozilla/5.0 AppleWebKit/537.36 (KHTML, like Gecko; compatible; ClaudeBot/1.0; +claudebot@anthropic.com)"
74.7.243.232 - - [22/Jan/2026:08:18:37 -0500] "GET /page/101/?a=225141825477e HTTP/1.1" 200 15419 "https://membuatwebsite.biz/page/102/?a=225141825477e" "Mozilla/5.0 AppleWebKit/537.36 (KHTML, like Gecko; compatible; GPTBot/1.3; +https://openai.com/gptbot)"
216.73.216.223 - - [22/Jan/2026:08:18:37 -0500] "GET /page/11/?a=118484h31835 HTTP/1.1" 200 15212 "-" "Mozilla/5.0 AppleWebKit/537.36 (KHTML, like Gecko; compatible; ClaudeBot/1.0; +claudebot@anthropic.com)"
66.249.73.68 - - [22/Jan/2026:08:18:37 -0500] "GET /?a=2587438hh8200 HTTP/1.1" 200 28034 "-" "Mozilla/5.0 (Linux; Android 6.0.1; Nexus 5X Build/MMB29P) AppleWebKit/537.36 (KHTML, like Gecko) Chrome/143.0.7499.192 Mobile Safari/537.36 (compatible; Googlebot/2.1; +http://www.google.com/bot.html)"
216.73.216.223 - - [22/Jan/2026:08:18:40 -0500] "GET /page/135/?a=23039514hb22d HTTP/1.1" 200 15861 "-" "Mozilla/5.0 AppleWebKit/537.36 (KHTML, like Gecko; compatible; ClaudeBot/1.0; +claudebot@anthropic.com)"
74.7.243.232 - - [22/Jan/2026:08:18:40 -0500] "GET /page/100/?a=225141825477e HTTP/1.1" 200 15292 "https://membuatwebsite.biz/page/102/?a=225141825477e" "Mozilla/5.0 AppleWebKit/537.36 (KHTML, like Gecko; compatible; GPTBot/1.3; +https://openai.com/gptbot)"
216.73.216.223 - - [22/Jan/2026:08:18:43 -0500] "GET /page/139/?a=12747027hb5f7 HTTP/1.1" 200 15479 "-" "Mozilla/5.0 AppleWebKit/537.36 (KHTML, like Gecko; compatible; ClaudeBot/1.0; +claudebot@anthropic.com)"
74.7.243.232 - - [22/Jan/2026:08:18:45 -0500] "GET /page/129/?a=42278171e2792 HTTP/1.1" 200 15651 "https://membuatwebsite.biz/page/131/?a=42278171e2792" "Mozilla/5.0 AppleWebKit/537.36 (KHTML, like Gecko; compatible; GPTBot/1.3; +https://openai.com/gptbot)"
216.73.216.223 - - [22/Jan/2026:08:18:46 -0500] "GET /page/143/?a=1174196jg9053 HTTP/1.1" 200 15005 "-" "Mozilla/5.0 AppleWebKit/537.36 (KHTML, like Gecko; compatible; ClaudeBot/1.0; +claudebot@anthropic.com)"
74.7.243.232 - - [22/Jan/2026:08:18:46 -0500] "GET /page/128/?a=42278171e2792 HTTP/1.1" 200 15758 "https://membuatwebsite.biz/page/130/?a=42278171e2792" "Mozilla/5.0 AppleWebKit/537.36 (KHTML, like Gecko; compatible; GPTBot/1.3; +https://openai.com/gptbot)"
66.249.73.68 - - [22/Jan/2026:08:18:47 -0500] "GET /?a=351243955g19h HTTP/1.1" 200 26692 "-" "Mozilla/5.0 (Linux; Android 6.0.1; Nexus 5X Build/MMB29P) AppleWebKit/537.36 (KHTML, like Gecko) Chrome/143.0.7499.192 Mobile Safari/537.36 (compatible; Googlebot/2.1; +http://www.google.com/bot.html)"
66.249.65.46 - - [22/Jan/2026:08:18:47 -0500] "GET /?a=744930g048je HTTP/1.1" 200 26914 "-" "Mozilla/5.0 (Linux; Android 6.0.1; Nexus 5X Build/MMB29P) AppleWebKit/537.36 (KHTML, like Gecko) Chrome/143.0.7499.192 Mobile Safari/537.36 (compatible; Googlebot/2.1; +http://www.google.com/bot.html)"
216.73.216.223 - - [22/Jan/2026:08:18:49 -0500] "GET /page/5/?a=3705538je2g8g HTTP/1.1" 200 15177 "-" "Mozilla/5.0 AppleWebKit/537.36 (KHTML, like Gecko; compatible; ClaudeBot/1.0; +claudebot@anthropic.com)"
114.119.155.13 - - [22/Jan/2026:08:18:49 -0500] "GET /?a=1815202d6gjch HTTP/1.1" 200 15242 "https://membuatwebsite.biz/sitemap.xmlsitemap:https:/membuatwebsite.biz/sitemap-1.xml" "Mozilla/5.0 (Linux; Android 7.0;) AppleWebKit/537.36 (KHTML, like Gecko) Mobile Safari/537.36 (compatible; PetalBot;+https://webmaster.petalsearch.com/site/petalbot)"
74.7.243.232 - - [22/Jan/2026:08:18:49 -0500] "GET /page/113/?a=101501612304a HTTP/1.1" 200 15499 "https://membuatwebsite.biz/page/115/?a=101501612304a" "Mozilla/5.0 AppleWebKit/537.36 (KHTML, like Gecko; compatible; GPTBot/1.3; +https://openai.com/gptbot)"
216.73.216.223 - - [22/Jan/2026:08:18:52 -0500] "GET /page/144/?a=17695466362di HTTP/1.1" 200 13055 "-" "Mozilla/5.0 AppleWebKit/537.36 (KHTML, like Gecko; compatible; ClaudeBot/1.0; +claudebot@anthropic.com)"
74.7.243.232 - - [22/Jan/2026:08:18:53 -0500] "GET /page/114/?a=101501612304a HTTP/1.1" 200 15609 "https://membuatwebsite.biz/page/116/?a=101501612304a" "Mozilla/5.0 AppleWebKit/537.36 (KHTML, like Gecko; compatible; GPTBot/1.3; +https://openai.com/gptbot)"
216.73.216.223 - - [22/Jan/2026:08:18:55 -0500] "GET /page/132/?a=274299167i155 HTTP/1.1" 200 15765 "-" "Mozilla/5.0 AppleWebKit/537.36 (KHTML, like Gecko; compatible; ClaudeBot/1.0; +claudebot@anthropic.com)"
74.7.243.232 - - [22/Jan/2026:08:18:56 -0500] "GET /page/100/?a=12860121b0520 HTTP/1.1" 200 15344 "https://membuatwebsite.biz/page/102/?a=12860121b0520" "Mozilla/5.0 AppleWebKit/537.36 (KHTML, like Gecko; compatible; GPTBot/1.3; +https://openai.com/gptbot)"
66.249.65.46 - - [22/Jan/2026:08:18:57 -0500] "GET /guide/knowledge/delivery.html HTTP/1.1" 200 27350 "-" "Mozilla/5.0 (Linux; Android 6.0.1; Nexus 5X Build/MMB29P) AppleWebKit/537.36 (KHTML, like Gecko) Chrome/143.0.7499.192 Mobile Safari/537.36 (compatible; Googlebot/2.1; +http://www.google.com/bot.html)"
66.249.73.68 - - [22/Jan/2026:08:18:57 -0500] "GET /?a=23219686720dg HTTP/1.1" 200 27185 "-" "Mozilla/5.0 (Linux; Android 6.0.1; Nexus 5X Build/MMB29P) AppleWebKit/537.36 (KHTML, like Gecko) Chrome/143.0.7499.192 Mobile Safari/537.36 (compatible; Googlebot/2.1; +http://www.google.com/bot.html)"
216.73.216.223 - - [22/Jan/2026:08:18:58 -0500] "GET /page/10/?a=1762677j19ge5 HTTP/1.1" 200 15390 "-" "Mozilla/5.0 AppleWebKit/537.36 (KHTML, like Gecko; compatible; ClaudeBot/1.0; +claudebot@anthropic.com)"
74.7.243.232 - - [22/Jan/2026:08:18:59 -0500] "GET /page/101/?a=12860121b0520 HTTP/1.1" 200 15343 "https://membuatwebsite.biz/page/103/?a=12860121b0520" "Mozilla/5.0 AppleWebKit/537.36 (KHTML, like Gecko; compatible; GPTBot/1.3; +https://openai.com/gptbot)"
51.161.65.205 - - [22/Jan/2026:08:19:00 -0500] "GET /?a=288308f5bc40 HTTP/1.1" 200 15215 "-" "Mozilla/5.0 (compatible; AhrefsBot/7.0; +http://ahrefs.com/robot/)"
216.73.216.223 - - [22/Jan/2026:08:19:01 -0500] "GET /page/16/?a=2001500gh6h64 HTTP/1.1" 200 15385 "-" "Mozilla/5.0 AppleWebKit/537.36 (KHTML, like Gecko; compatible; ClaudeBot/1.0; +claudebot@anthropic.com)"
74.7.243.232 - - [22/Jan/2026:08:19:02 -0500] "GET /page/141/?a=280524448617 HTTP/1.1" 200 15256 "https://membuatwebsite.biz/page/143/?a=280524448617" "Mozilla/5.0 AppleWebKit/537.36 (KHTML, like Gecko; compatible; GPTBot/1.3; +https://openai.com/gptbot)"
66.249.73.70 - - [22/Jan/2026:08:19:04 -0500] "GET /?a=2001773beb23i HTTP/1.1" 200 27932 "-" "Mozilla/5.0 (Linux; Android 6.0.1; Nexus 5X Build/MMB29P) AppleWebKit/537.36 (KHTML, like Gecko) Chrome/143.0.7499.192 Mobile Safari/537.36 (compatible; Googlebot/2.1; +http://www.google.com/bot.html)"
216.73.216.223 - - [22/Jan/2026:08:19:04 -0500] "GET /page/16/?a=615766f354hg HTTP/1.1" 200 15341 "-" "Mozilla/5.0 AppleWebKit/537.36 (KHTML, like Gecko; compatible; ClaudeBot/1.0; +claudebot@anthropic.com)"
74.7.243.232 - - [22/Jan/2026:08:19:05 -0500] "GET /page/100/?a=4088036806a41 HTTP/1.1" 200 15313 "https://membuatwebsite.biz/page/102/?a=4088036806a41" "Mozilla/5.0 AppleWebKit/537.36 (KHTML, like Gecko; compatible; GPTBot/1.3; +https://openai.com/gptbot)"
216.73.216.223 - - [22/Jan/2026:08:19:07 -0500] "GET /page/141/?a=4208680dg68je HTTP/1.1" 200 15277 "-" "Mozilla/5.0 AppleWebKit/537.36 (KHTML, like Gecko; compatible; ClaudeBot/1.0; +claudebot@anthropic.com)"
66.249.73.69 - - [22/Jan/2026:08:19:09 -0500] "GET /?a=30763916102g4 HTTP/1.1" 200 27073 "-" "Mozilla/5.0 (Linux; Android 6.0.1; Nexus 5X Build/MMB29P) AppleWebKit/537.36 (KHTML, like Gecko) Chrome/143.0.7499.192 Mobile Safari/537.36 (compatible; Googlebot/2.1; +http://www.google.com/bot.html)"
66.249.73.68 - - [22/Jan/2026:08:19:09 -0500] "GET /?a=31452100f411i HTTP/1.1" 200 27573 "-" "Mozilla/5.0 (Linux; Android 6.0.1; Nexus 5X Build/MMB29P) AppleWebKit/537.36 (KHTML, like Gecko) Chrome/143.0.7499.192 Mobile Safari/537.36 (compatible; Googlebot/2.1; +http://www.google.com/bot.html)"
74.7.243.232 - - [22/Jan/2026:08:19:09 -0500] "GET /page/142/?a=280524448617 HTTP/1.1" 200 15286 "https://membuatwebsite.biz/page/144/?a=280524448617" "Mozilla/5.0 AppleWebKit/537.36 (KHTML, like Gecko; compatible; GPTBot/1.3; +https://openai.com/gptbot)"
66.249.65.32 - - [22/Jan/2026:08:19:09 -0500] "GET /?a=1287071c69ih6 HTTP/1.1" 200 27062 "-" "Mozilla/5.0 (Linux; Android 6.0.1; Nexus 5X Build/MMB29P) AppleWebKit/537.36 (KHTML, like Gecko) Chrome/143.0.7499.192 Mobile Safari/537.36 (compatible; Googlebot/2.1; +http://www.google.com/bot.html)"
66.249.73.69 - - [22/Jan/2026:08:19:10 -0500] "GET /?a=8427887gdb6f HTTP/1.1" 200 25959 "-" "Mozilla/5.0 (Linux; Android 6.0.1; Nexus 5X Build/MMB29P) AppleWebKit/537.36 (KHTML, like Gecko) Chrome/143.0.7499.192 Mobile Safari/537.36 (compatible; Googlebot/2.1; +http://www.google.com/bot.html)"
216.73.216.223 - - [22/Jan/2026:08:19:10 -0500] "GET /page/13/?a=1762677j19ge5 HTTP/1.1" 200 15369 "-" "Mozilla/5.0 AppleWebKit/537.36 (KHTML, like Gecko; compatible; ClaudeBot/1.0; +claudebot@anthropic.com)"
74.7.243.232 - - [22/Jan/2026:08:19:12 -0500] "GET /page/143/?a=2889283302412 HTTP/1.1" 200 14955 "https://membuatwebsite.biz/page/144/?a=2889283302412" "Mozilla/5.0 AppleWebKit/537.36 (KHTML, like Gecko; compatible; GPTBot/1.3; +https://openai.com/gptbot)"
216.73.216.223 - - [22/Jan/2026:08:19:13 -0500] "GET /page/12/?a=69449581j493 HTTP/1.1" 200 15217 "-" "Mozilla/5.0 AppleWebKit/537.36 (KHTML, like Gecko; compatible; ClaudeBot/1.0; +claudebot@anthropic.com)"
74.7.243.232 - - [22/Jan/2026:08:19:15 -0500] "GET /page/144/?a=3149348662169 HTTP/1.1" 200 13126 "https://membuatwebsite.biz/?a=3149348662169" "Mozilla/5.0 AppleWebKit/537.36 (KHTML, like Gecko; compatible; GPTBot/1.3; +https://openai.com/gptbot)"
216.73.216.223 - - [22/Jan/2026:08:19:16 -0500] "GET /page/11/?a=1139314h41j07 HTTP/1.1" 200 15284 "-" "Mozilla/5.0 AppleWebKit/537.36 (KHTML, like Gecko; compatible; ClaudeBot/1.0; +claudebot@anthropic.com)"
74.7.243.232 - - [22/Jan/2026:08:19:18 -0500] "GET /page/127/?a=42278171e2792 HTTP/1.1" 200 15761 "https://membuatwebsite.biz/page/129/?a=42278171e2792" "Mozilla/5.0 AppleWebKit/537.36 (KHTML, like Gecko; compatible; GPTBot/1.3; +https://openai.com/gptbot)"
216.73.216.223 - - [22/Jan/2026:08:19:19 -0500] "GET /page/13/?a=5893165h553 HTTP/1.1" 200 15365 "-" "Mozilla/5.0 AppleWebKit/537.36 (KHTML, like Gecko; compatible; ClaudeBot/1.0; +claudebot@anthropic.com)"
74.7.243.232 - - [22/Jan/2026:08:19:21 -0500] "GET /page/126/?a=42278171e2792 HTTP/1.1" 200 15722 "https://membuatwebsite.biz/page/128/?a=42278171e2792" "Mozilla/5.0 AppleWebKit/537.36 (KHTML, like Gecko; compatible; GPTBot/1.3; +https://openai.com/gptbot)"
216.73.216.223 - - [22/Jan/2026:08:19:22 -0500] "GET /page/130/?a=2457082jb4j0j HTTP/1.1" 200 15538 "-" "Mozilla/5.0 AppleWebKit/537.36 (KHTML, like Gecko; compatible; ClaudeBot/1.0; +claudebot@anthropic.com)"
66.249.73.68 - - [22/Jan/2026:08:19:23 -0500] "GET /?a=97340954d0d3 HTTP/1.1" 200 26083 "-" "Mozilla/5.0 (Linux; Android 6.0.1; Nexus 5X Build/MMB29P) AppleWebKit/537.36 (KHTML, like Gecko) Chrome/143.0.7499.192 Mobile Safari/537.36 (compatible; Googlebot/2.1; +http://www.google.com/bot.html)"
74.7.243.232 - - [22/Jan/2026:08:19:24 -0500] "GET /page/111/?a=101501612304a HTTP/1.1" 200 15607 "https://membuatwebsite.biz/page/113/?a=101501612304a" "Mozilla/5.0 AppleWebKit/537.36 (KHTML, like Gecko; compatible; GPTBot/1.3; +https://openai.com/gptbot)"
216.73.216.223 - - [22/Jan/2026:08:19:25 -0500] "GET /page/131/?a=2381996d6g0g8 HTTP/1.1" 200 15582 "-" "Mozilla/5.0 AppleWebKit/537.36 (KHTML, like Gecko; compatible; ClaudeBot/1.0; +claudebot@anthropic.com)"
66.249.73.68 - - [22/Jan/2026:08:19:26 -0500] "GET /?a=25781358h7894 HTTP/1.1" 200 26660 "-" "Mozilla/5.0 (Linux; Android 6.0.1; Nexus 5X Build/MMB29P) AppleWebKit/537.36 (KHTML, like Gecko) Chrome/143.0.7499.192 Mobile Safari/537.36 (compatible; Googlebot/2.1; +http://www.google.com/bot.html)"
66.249.65.46 - - [22/Jan/2026:08:19:27 -0500] "GET /?a=7081095jf0a8 HTTP/1.1" 200 27376 "-" "Mozilla/5.0 (Linux; Android 6.0.1; Nexus 5X Build/MMB29P) AppleWebKit/537.36 (KHTML, like Gecko) Chrome/143.0.7499.192 Mobile Safari/537.36 (compatible; Googlebot/2.1; +http://www.google.com/bot.html)"
66.249.73.68 - - [22/Jan/2026:08:19:27 -0500] "GET /?a=3923623dgic7f HTTP/1.1" 200 27463 "-" "Mozilla/5.0 (Linux; Android 6.0.1; Nexus 5X Build/MMB29P) AppleWebKit/537.36 (KHTML, like Gecko) Chrome/143.0.7499.192 Mobile Safari/537.36 (compatible; Googlebot/2.1; +http://www.google.com/bot.html)"
74.7.243.232 - - [22/Jan/2026:08:19:27 -0500] "GET /page/112/?a=101501612304a HTTP/1.1" 200 15711 "https://membuatwebsite.biz/page/113/?a=101501612304a" "Mozilla/5.0 AppleWebKit/537.36 (KHTML, like Gecko; compatible; GPTBot/1.3; +https://openai.com/gptbot)"
216.73.216.223 - - [22/Jan/2026:08:19:28 -0500] "GET /page/141/?a=41901240537gj HTTP/1.1" 200 15230 "-" "Mozilla/5.0 AppleWebKit/537.36 (KHTML, like Gecko; compatible; ClaudeBot/1.0; +claudebot@anthropic.com)"
52.167.144.198 - - [22/Jan/2026:08:19:29 -0500] "GET /?a=406768687i0ca HTTP/1.1" 200 28163 "-" "Mozilla/5.0 AppleWebKit/537.36 (KHTML, like Gecko; compatible; bingbot/2.0; +http://www.bing.com/bingbot.htm) Chrome/116.0.1938.76 Safari/537.36"
74.7.243.232 - - [22/Jan/2026:08:19:30 -0500] "GET /page/142/?a=2889283302412 HTTP/1.1" 200 15321 "https://membuatwebsite.biz/page/144/?a=2889283302412" "Mozilla/5.0 AppleWebKit/537.36 (KHTML, like Gecko; compatible; GPTBot/1.3; +https://openai.com/gptbot)"
216.73.216.223 - - [22/Jan/2026:08:19:31 -0500] "GET /page/5/?a=4323380bg275a HTTP/1.1" 200 15259 "-" "Mozilla/5.0 AppleWebKit/537.36 (KHTML, like Gecko; compatible; ClaudeBot/1.0; +claudebot@anthropic.com)"
74.7.243.232 - - [22/Jan/2026:08:19:33 -0500] "GET /page/2/?a=94500893ed80 HTTP/1.1" 200 15495 "https://membuatwebsite.biz/?a=94500893ed80" "Mozilla/5.0 AppleWebKit/537.36 (KHTML, like Gecko; compatible; GPTBot/1.3; +https://openai.com/gptbot)"
216.73.216.223 - - [22/Jan/2026:08:19:34 -0500] "GET /page/16/?a=516246jj5g10 HTTP/1.1" 200 15385 "-" "Mozilla/5.0 AppleWebKit/537.36 (KHTML, like Gecko; compatible; ClaudeBot/1.0; +claudebot@anthropic.com)"
54.39.6.243 - - [22/Jan/2026:08:19:36 -0500] "GET /?a=2871442ha6i09 HTTP/1.1" 200 15261 "-" "Mozilla/5.0 (compatible; AhrefsBot/7.0; +http://ahrefs.com/robot/)"
74.7.243.232 - - [22/Jan/2026:08:19:37 -0500] "GET /page/144/?a=3744123g00056 HTTP/1.1" 200 13126 "https://membuatwebsite.biz/?a=3744123g00056" "Mozilla/5.0 AppleWebKit/537.36 (KHTML, like Gecko; compatible; GPTBot/1.3; +https://openai.com/gptbot)"
216.73.216.223 - - [22/Jan/2026:08:19:37 -0500] "GET /page/144/?a=2338470jhg2ag HTTP/1.1" 200 13143 "-" "Mozilla/5.0 AppleWebKit/537.36 (KHTML, like Gecko; compatible; ClaudeBot/1.0; +claudebot@anthropic.com)"
74.7.243.232 - - [22/Jan/2026:08:19:40 -0500] "GET /page/144/?a=10951696i5558 HTTP/1.1" 200 13144 "https://membuatwebsite.biz/?a=10951696i5558" "Mozilla/5.0 AppleWebKit/537.36 (KHTML, like Gecko; compatible; GPTBot/1.3; +https://openai.com/gptbot)"
216.73.216.223 - - [22/Jan/2026:08:19:40 -0500] "GET /page/135/?a=3499899i4h6d7 HTTP/1.1" 200 15861 "-" "Mozilla/5.0 AppleWebKit/537.36 (KHTML, like Gecko; compatible; ClaudeBot/1.0; +claudebot@anthropic.com)"
74.7.243.232 - - [22/Jan/2026:08:19:43 -0500] "GET /page/111/?a=21997591778g2 HTTP/1.1" 200 15573 "https://membuatwebsite.biz/page/113/?a=21997591778g2" "Mozilla/5.0 AppleWebKit/537.36 (KHTML, like Gecko; compatible; GPTBot/1.3; +https://openai.com/gptbot)"
68.65.122.212 - - [22/Jan/2026:08:19:43 -0500] "POST /wp-cron.php?doing_wp_cron=1769087983.5049619674682617187500 HTTP/1.1" 200 - "-" "WordPress/6.8.3; https://membuatwebsite.biz"
216.73.216.223 - - [22/Jan/2026:08:19:43 -0500] "GET /page/131/?a=123876224h94j HTTP/1.1" 200 15582 "-" "Mozilla/5.0 AppleWebKit/537.36 (KHTML, like Gecko; compatible; ClaudeBot/1.0; +claudebot@anthropic.com)"
216.73.216.223 - - [22/Jan/2026:08:19:46 -0500] "GET /page/141/?a=225729408i1ad HTTP/1.1" 200 15257 "-" "Mozilla/5.0 AppleWebKit/537.36 (KHTML, like Gecko; compatible; ClaudeBot/1.0; +claudebot@anthropic.com)"
74.7.243.232 - - [22/Jan/2026:08:19:46 -0500] "GET /page/141/?a=2889283302412 HTTP/1.1" 200 15230 "https://membuatwebsite.biz/page/143/?a=2889283302412" "Mozilla/5.0 AppleWebKit/537.36 (KHTML, like Gecko; compatible; GPTBot/1.3; +https://openai.com/gptbot)"
66.249.73.68 - - [22/Jan/2026:08:19:47 -0500] "GET /?a=1292715j3hjdd HTTP/1.1" 200 26487 "-" "Mozilla/5.0 (Linux; Android 6.0.1; Nexus 5X Build/MMB29P) AppleWebKit/537.36 (KHTML, like Gecko) Chrome/143.0.7499.192 Mobile Safari/537.36 (compatible; Googlebot/2.1; +http://www.google.com/bot.html)"
216.73.216.223 - - [22/Jan/2026:08:19:49 -0500] "GET /page/11/?a=2183562f8h75j HTTP/1.1" 200 15250 "-" "Mozilla/5.0 AppleWebKit/537.36 (KHTML, like Gecko; compatible; ClaudeBot/1.0; +claudebot@anthropic.com)"
74.7.243.232 - - [22/Jan/2026:08:19:49 -0500] "GET /page/143/?a=3149348662169 HTTP/1.1" 200 14955 "https://membuatwebsite.biz/page/144/?a=3149348662169" "Mozilla/5.0 AppleWebKit/537.36 (KHTML, like Gecko; compatible; GPTBot/1.3; +https://openai.com/gptbot)"
66.249.73.68 - - [22/Jan/2026:08:19:51 -0500] "GET /?a=2035453511fcb HTTP/1.1" 200 26606 "-" "Mozilla/5.0 (Linux; Android 6.0.1; Nexus 5X Build/MMB29P) AppleWebKit/537.36 (KHTML, like Gecko) Chrome/143.0.7499.192 Mobile Safari/537.36 (compatible; Googlebot/2.1; +http://www.google.com/bot.html)"
66.249.73.68 - - [22/Jan/2026:08:19:52 -0500] "GET /?a=27131420352b0 HTTP/1.1" 200 28439 "-" "Mozilla/5.0 (Linux; Android 6.0.1; Nexus 5X Build/MMB29P) AppleWebKit/537.36 (KHTML, like Gecko) Chrome/143.0.7499.192 Mobile Safari/537.36 (compatible; Googlebot/2.1; +http://www.google.com/bot.html)"
216.73.216.223 - - [22/Jan/2026:08:19:52 -0500] "GET /page/15/?a=3478691266b6j HTTP/1.1" 200 15445 "-" "Mozilla/5.0 AppleWebKit/537.36 (KHTML, like Gecko; compatible; ClaudeBot/1.0; +claudebot@anthropic.com)"
74.7.243.232 - - [22/Jan/2026:08:19:52 -0500] "GET /page/125/?a=42278171e2792 HTTP/1.1" 200 15984 "https://membuatwebsite.biz/page/127/?a=42278171e2792" "Mozilla/5.0 AppleWebKit/537.36 (KHTML, like Gecko; compatible; GPTBot/1.3; +https://openai.com/gptbot)"
216.73.216.223 - - [22/Jan/2026:08:19:55 -0500] "GET /page/15/?a=981169g7f970 HTTP/1.1" 200 15460 "-" "Mozilla/5.0 AppleWebKit/537.36 (KHTML, like Gecko; compatible; ClaudeBot/1.0; +claudebot@anthropic.com)"
74.7.243.232 - - [22/Jan/2026:08:19:55 -0500] "GET /page/124/?a=42278171e2792 HTTP/1.1" 200 15555 "https://membuatwebsite.biz/page/126/?a=42278171e2792" "Mozilla/5.0 AppleWebKit/537.36 (KHTML, like Gecko; compatible; GPTBot/1.3; +https://openai.com/gptbot)"
216.73.216.223 - - [22/Jan/2026:08:19:58 -0500] "GET /page/140/?a=2421165h684i HTTP/1.1" 200 15530 "-" "Mozilla/5.0 AppleWebKit/537.36 (KHTML, like Gecko; compatible; ClaudeBot/1.0; +claudebot@anthropic.com)"
74.7.243.232 - - [22/Jan/2026:08:19:58 -0500] "GET /page/110/?a=101501612304a HTTP/1.1" 200 15215 "https://membuatwebsite.biz/page/111/?a=101501612304a" "Mozilla/5.0 AppleWebKit/537.36 (KHTML, like Gecko; compatible; GPTBot/1.3; +https://openai.com/gptbot)"
66.249.73.68 - - [22/Jan/2026:08:20:01 -0500] "GET /?a=1145990a6i30f HTTP/1.1" 200 26926 "-" "Mozilla/5.0 (Linux; Android 6.0.1; Nexus 5X Build/MMB29P) AppleWebKit/537.36 (KHTML, like Gecko) Chrome/143.0.7499.192 Mobile Safari/537.36 (compatible; Googlebot/2.1; +http://www.google.com/bot.html)"
216.73.216.223 - - [22/Jan/2026:08:20:01 -0500] "GET /page/12/?a=1593965di2iaj HTTP/1.1" 200 15285 "-" "Mozilla/5.0 AppleWebKit/537.36 (KHTML, like Gecko; compatible; ClaudeBot/1.0; +claudebot@anthropic.com)"
66.249.73.69 - - [22/Jan/2026:08:20:01 -0500] "GET /?a=3675584gca93b HTTP/1.1" 200 27013 "-" "Mozilla/5.0 (Linux; Android 6.0.1; Nexus 5X Build/MMB29P) AppleWebKit/537.36 (KHTML, like Gecko) Chrome/143.0.7499.192 Mobile Safari/537.36 (compatible; Googlebot/2.1; +http://www.google.com/bot.html)"
74.7.243.232 - - [22/Jan/2026:08:20:01 -0500] "GET /page/109/?a=101501612304a HTTP/1.1" 200 15500 "https://membuatwebsite.biz/page/111/?a=101501612304a" "Mozilla/5.0 AppleWebKit/537.36 (KHTML, like Gecko; compatible; GPTBot/1.3; +https://openai.com/gptbot)"
216.73.216.223 - - [22/Jan/2026:08:20:04 -0500] "GET /page/14/?a=39963658i912 HTTP/1.1" 200 15448 "-" "Mozilla/5.0 AppleWebKit/537.36 (KHTML, like Gecko; compatible; ClaudeBot/1.0; +claudebot@anthropic.com)"
74.7.243.232 - - [22/Jan/2026:08:20:05 -0500] "GET /page/142/?a=3149348662169 HTTP/1.1" 200 15233 "https://membuatwebsite.biz/page/144/?a=3149348662169" "Mozilla/5.0 AppleWebKit/537.36 (KHTML, like Gecko; compatible; GPTBot/1.3; +https://openai.com/gptbot)"
216.73.216.223 - - [22/Jan/2026:08:20:07 -0500] "GET /page/9/?a=26914613ji877 HTTP/1.1" 200 15333 "-" "Mozilla/5.0 AppleWebKit/537.36 (KHTML, like Gecko; compatible; ClaudeBot/1.0; +claudebot@anthropic.com)"
74.7.243.232 - - [22/Jan/2026:08:20:08 -0500] "GET /page/140/?a=2889283302412 HTTP/1.1" 200 15531 "https://membuatwebsite.biz/page/142/?a=2889283302412" "Mozilla/5.0 AppleWebKit/537.36 (KHTML, like Gecko; compatible; GPTBot/1.3; +https://openai.com/gptbot)"
216.73.216.223 - - [22/Jan/2026:08:20:10 -0500] "GET /page/143/?a=4222335966707 HTTP/1.1" 200 15006 "-" "Mozilla/5.0 AppleWebKit/537.36 (KHTML, like Gecko; compatible; ClaudeBot/1.0; +claudebot@anthropic.com)"
66.249.65.33 - - [22/Jan/2026:08:20:11 -0500] "GET /?a=3566459370449 HTTP/1.1" 200 28272 "-" "Mozilla/5.0 (Linux; Android 6.0.1; Nexus 5X Build/MMB29P) AppleWebKit/537.36 (KHTML, like Gecko) Chrome/143.0.7499.192 Mobile Safari/537.36 (compatible; Googlebot/2.1; +http://www.google.com/bot.html)"
66.249.73.69 - - [22/Jan/2026:08:20:11 -0500] "GET /?a=18582734bg6h1 HTTP/1.1" 200 26464 "-" "Mozilla/5.0 (Linux; Android 6.0.1; Nexus 5X Build/MMB29P) AppleWebKit/537.36 (KHTML, like Gecko) Chrome/143.0.7499.192 Mobile Safari/537.36 (compatible; Googlebot/2.1; +http://www.google.com/bot.html)"
74.7.243.232 - - [22/Jan/2026:08:20:11 -0500] "GET /page/111/?a=225141825477e HTTP/1.1" 200 15624 "https://membuatwebsite.biz/page/113/?a=225141825477e" "Mozilla/5.0 AppleWebKit/537.36 (KHTML, like Gecko; compatible; GPTBot/1.3; +https://openai.com/gptbot)"
114.119.133.125 - - [22/Jan/2026:08:20:13 -0500] "GET /?a=1812782ic73fb HTTP/1.1" 200 15212 "https://membuatwebsite.biz/sitemap.xmlsitemap:https:/membuatwebsite.biz/sitemap-1.xml" "Mozilla/5.0 (Linux; Android 7.0;) AppleWebKit/537.36 (KHTML, like Gecko) Mobile Safari/537.36 (compatible; PetalBot;+https://webmaster.petalsearch.com/site/petalbot)"
216.73.216.223 - - [22/Jan/2026:08:20:13 -0500] "GET /page/7/?a=2740611jiia95 HTTP/1.1" 200 15268 "-" "Mozilla/5.0 AppleWebKit/537.36 (KHTML, like Gecko; compatible; ClaudeBot/1.0; +claudebot@anthropic.com)"
66.249.65.46 - - [22/Jan/2026:08:20:14 -0500] "GET /f/special/isetan/ HTTP/1.1" 200 26259 "-" "Mozilla/5.0 (Linux; Android 6.0.1; Nexus 5X Build/MMB29P) AppleWebKit/537.36 (KHTML, like Gecko) Chrome/143.0.7499.192 Mobile Safari/537.36 (compatible; Googlebot/2.1; +http://www.google.com/bot.html)"
66.249.65.46 - - [22/Jan/2026:08:20:14 -0500] "GET /ctg/search/similarImageSearchResultView/?ctgItemCd=62947856 HTTP/1.1" 200 27806 "-" "Mozilla/5.0 (Linux; Android 6.0.1; Nexus 5X Build/MMB29P) AppleWebKit/537.36 (KHTML, like Gecko) Chrome/143.0.7499.192 Mobile Safari/537.36 (compatible; Googlebot/2.1; +http://www.google.com/bot.html)"
74.7.243.232 - - [22/Jan/2026:08:20:14 -0500] "GET /page/142/?a=344434310h724 HTTP/1.1" 200 15233 "https://membuatwebsite.biz/page/144/?a=344434310h724" "Mozilla/5.0 AppleWebKit/537.36 (KHTML, like Gecko; compatible; GPTBot/1.3; +https://openai.com/gptbot)"
66.249.73.68 - - [22/Jan/2026:08:20:15 -0500] "GET /?a=612849eejhgj HTTP/1.1" 200 25918 "-" "Mozilla/5.0 (Linux; Android 6.0.1; Nexus 5X Build/MMB29P) AppleWebKit/537.36 (KHTML, like Gecko) Chrome/143.0.7499.192 Mobile Safari/537.36 (compatible; Googlebot/2.1; +http://www.google.com/bot.html)"
216.73.216.223 - - [22/Jan/2026:08:20:16 -0500] "GET /page/11/?a=18784234fii1i HTTP/1.1" 200 15284 "-" "Mozilla/5.0 AppleWebKit/537.36 (KHTML, like Gecko; compatible; ClaudeBot/1.0; +claudebot@anthropic.com)"
74.7.243.232 - - [22/Jan/2026:08:20:17 -0500] "GET /page/111/?a=44001609800e6 HTTP/1.1" 200 15528 "https://membuatwebsite.biz/page/112/?a=44001609800e6" "Mozilla/5.0 AppleWebKit/537.36 (KHTML, like Gecko; compatible; GPTBot/1.3; +https://openai.com/gptbot)"
216.73.216.223 - - [22/Jan/2026:08:20:19 -0500] "GET /page/143/?a=3367762483360 HTTP/1.1" 200 15005 "-" "Mozilla/5.0 AppleWebKit/537.36 (KHTML, like Gecko; compatible; ClaudeBot/1.0; +claudebot@anthropic.com)"
40.77.167.32 - - [22/Jan/2026:08:20:20 -0500] "GET /?a=1898836234a0c HTTP/1.1" 200 27592 "-" "Mozilla/5.0 AppleWebKit/537.36 (KHTML, like Gecko; compatible; bingbot/2.0; +http://www.bing.com/bingbot.htm) Chrome/116.0.1938.76 Safari/537.36"
66.249.73.68 - - [22/Jan/2026:08:20:20 -0500] "GET /?a=396854617ig59 HTTP/1.1" 200 27176 "-" "Mozilla/5.0 (Linux; Android 6.0.1; Nexus 5X Build/MMB29P) AppleWebKit/537.36 (KHTML, like Gecko) Chrome/143.0.7499.192 Mobile Safari/537.36 (compatible; Googlebot/2.1; +http://www.google.com/bot.html)"
74.7.243.232 - - [22/Jan/2026:08:20:20 -0500] "GET /page/139/?a=2889283302412 HTTP/1.1" 200 15562 "https://membuatwebsite.biz/page/141/?a=2889283302412" "Mozilla/5.0 AppleWebKit/537.36 (KHTML, like Gecko; compatible; GPTBot/1.3; +https://openai.com/gptbot)"
216.73.216.223 - - [22/Jan/2026:08:20:22 -0500] "GET /page/132/?a=11845322236ic HTTP/1.1" 200 15818 "-" "Mozilla/5.0 AppleWebKit/537.36 (KHTML, like Gecko; compatible; ClaudeBot/1.0; +claudebot@anthropic.com)"
51.222.95.105 - - [22/Jan/2026:08:20:22 -0500] "GET /?a=2819204c69jha HTTP/1.1" 200 15187 "-" "Mozilla/5.0 (compatible; AhrefsBot/7.0; +http://ahrefs.com/robot/)"
74.7.243.232 - - [22/Jan/2026:08:20:23 -0500] "GET /page/141/?a=3149348662169 HTTP/1.1" 200 15230 "https://membuatwebsite.biz/page/143/?a=3149348662169" "Mozilla/5.0 AppleWebKit/537.36 (KHTML, like Gecko; compatible; GPTBot/1.3; +https://openai.com/gptbot)"
66.249.65.32 - - [22/Jan/2026:08:20:25 -0500] "GET /?a=25231893i39j1 HTTP/1.1" 200 28037 "-" "Mozilla/5.0 (Linux; Android 6.0.1; Nexus 5X Build/MMB29P) AppleWebKit/537.36 (KHTML, like Gecko) Chrome/143.0.7499.192 Mobile Safari/537.36 (compatible; Googlebot/2.1; +http://www.google.com/bot.html)"
216.73.216.223 - - [22/Jan/2026:08:20:25 -0500] "GET /page/15/?a=4163934ba46ai HTTP/1.1" 200 15460 "-" "Mozilla/5.0 AppleWebKit/537.36 (KHTML, like Gecko; compatible; ClaudeBot/1.0; +claudebot@anthropic.com)"
74.7.243.232 - - [22/Jan/2026:08:20:27 -0500] "GET /page/123/?a=42278171e2792 HTTP/1.1" 200 15531 "https://membuatwebsite.biz/page/125/?a=42278171e2792" "Mozilla/5.0 AppleWebKit/537.36 (KHTML, like Gecko; compatible; GPTBot/1.3; +https://openai.com/gptbot)"
216.73.216.223 - - [22/Jan/2026:08:20:28 -0500] "GET /page/130/?a=1078497j3h7be HTTP/1.1" 200 15417 "-" "Mozilla/5.0 AppleWebKit/537.36 (KHTML, like Gecko; compatible; ClaudeBot/1.0; +claudebot@anthropic.com)"
74.7.243.232 - - [22/Jan/2026:08:20:30 -0500] "GET /page/122/?a=42278171e2792 HTTP/1.1" 200 15245 "https://membuatwebsite.biz/page/124/?a=42278171e2792" "Mozilla/5.0 AppleWebKit/537.36 (KHTML, like Gecko; compatible; GPTBot/1.3; +https://openai.com/gptbot)"
216.73.216.223 - - [22/Jan/2026:08:20:31 -0500] "GET /page/142/?a=2873178638a55 HTTP/1.1" 200 15265 "-" "Mozilla/5.0 AppleWebKit/537.36 (KHTML, like Gecko; compatible; ClaudeBot/1.0; +claudebot@anthropic.com)"
74.7.243.232 - - [22/Jan/2026:08:20:33 -0500] "GET /page/108/?a=101501612304a HTTP/1.1" 200 15544 "https://membuatwebsite.biz/page/110/?a=101501612304a" "Mozilla/5.0 AppleWebKit/537.36 (KHTML, like Gecko; compatible; GPTBot/1.3; +https://openai.com/gptbot)"
216.73.216.223 - - [22/Jan/2026:08:20:34 -0500] "GET /page/130/?a=23063042ihbib HTTP/1.1" 200 15414 "-" "Mozilla/5.0 AppleWebKit/537.36 (KHTML, like Gecko; compatible; ClaudeBot/1.0; +claudebot@anthropic.com)"
66.249.73.68 - - [22/Jan/2026:08:20:35 -0500] "GET /?a=18973769741ch HTTP/1.1" 200 28362 "-" "Mozilla/5.0 (Linux; Android 6.0.1; Nexus 5X Build/MMB29P) AppleWebKit/537.36 (KHTML, like Gecko) Chrome/143.0.7499.192 Mobile Safari/537.36 (compatible; Googlebot/2.1; +http://www.google.com/bot.html)"
66.249.73.68 - - [22/Jan/2026:08:20:35 -0500] "GET /?a=2378494d284h7 HTTP/1.1" 200 26112 "-" "Mozilla/5.0 (Linux; Android 6.0.1; Nexus 5X Build/MMB29P) AppleWebKit/537.36 (KHTML, like Gecko) Chrome/143.0.7499.192 Mobile Safari/537.36 (compatible; Googlebot/2.1; +http://www.google.com/bot.html)"
66.249.73.68 - - [22/Jan/2026:08:20:35 -0500] "GET /?a=1057617ifdad8 HTTP/1.1" 200 27414 "-" "Mozilla/5.0 (Linux; Android 6.0.1; Nexus 5X Build/MMB29P) AppleWebKit/537.36 (KHTML, like Gecko) Chrome/143.0.7499.192 Mobile Safari/537.36 (compatible; Googlebot/2.1; +http://www.google.com/bot.html)"
66.249.73.68 - - [22/Jan/2026:08:20:35 -0500] "GET /?a=197376483e336 HTTP/1.1" 200 26494 "-" "Mozilla/5.0 (Linux; Android 6.0.1; Nexus 5X Build/MMB29P) AppleWebKit/537.36 (KHTML, like Gecko) Chrome/143.0.7499.192 Mobile Safari/537.36 (compatible; Googlebot/2.1; +http://www.google.com/bot.html)"
74.7.243.232 - - [22/Jan/2026:08:20:36 -0500] "GET /page/107/?a=101501612304a HTTP/1.1" 200 15953 "https://membuatwebsite.biz/page/109/?a=101501612304a" "Mozilla/5.0 AppleWebKit/537.36 (KHTML, like Gecko; compatible; GPTBot/1.3; +https://openai.com/gptbot)"
216.73.216.223 - - [22/Jan/2026:08:20:38 -0500] "GET /page/11/?a=1390401hif970 HTTP/1.1" 200 15249 "-" "Mozilla/5.0 AppleWebKit/537.36 (KHTML, like Gecko; compatible; ClaudeBot/1.0; +claudebot@anthropic.com)"
74.7.243.232 - - [22/Jan/2026:08:20:39 -0500] "GET /page/111/?a=32122302g3797 HTTP/1.1" 200 15607 "https://membuatwebsite.biz/page/113/?a=32122302g3797" "Mozilla/5.0 AppleWebKit/537.36 (KHTML, like Gecko; compatible; GPTBot/1.3; +https://openai.com/gptbot)"
40.77.167.25 - - [22/Jan/2026:08:20:40 -0500] "GET /?a=2465704iadd5i HTTP/1.1" 200 27593 "-" "Mozilla/5.0 AppleWebKit/537.36 (KHTML, like Gecko; compatible; bingbot/2.0; +http://www.bing.com/bingbot.htm) Chrome/116.0.1938.76 Safari/537.36"
216.73.216.223 - - [22/Jan/2026:08:20:41 -0500] "GET /page/138/?a=3185806fhbgga HTTP/1.1" 200 15276 "-" "Mozilla/5.0 AppleWebKit/537.36 (KHTML, like Gecko; compatible; ClaudeBot/1.0; +claudebot@anthropic.com)"
74.7.243.232 - - [22/Jan/2026:08:20:43 -0500] "GET /page/138/?a=2889283302412 HTTP/1.1" 200 15275 "https://membuatwebsite.biz/page/140/?a=2889283302412" "Mozilla/5.0 AppleWebKit/537.36 (KHTML, like Gecko; compatible; GPTBot/1.3; +https://openai.com/gptbot)"
216.73.216.223 - - [22/Jan/2026:08:20:44 -0500] "GET /page/9/?a=1301288ga17i8 HTTP/1.1" 200 15277 "-" "Mozilla/5.0 AppleWebKit/537.36 (KHTML, like Gecko; compatible; ClaudeBot/1.0; +claudebot@anthropic.com)"
74.7.243.232 - - [22/Jan/2026:08:20:46 -0500] "GET /page/111/?a=4088036806a41 HTTP/1.1" 200 15623 "https://membuatwebsite.biz/page/113/?a=4088036806a41" "Mozilla/5.0 AppleWebKit/537.36 (KHTML, like Gecko; compatible; GPTBot/1.3; +https://openai.com/gptbot)"
216.73.216.223 - - [22/Jan/2026:08:20:47 -0500] "GET /page/133/?a=755278i5j993 HTTP/1.1" 200 15496 "-" "Mozilla/5.0 AppleWebKit/537.36 (KHTML, like Gecko; compatible; ClaudeBot/1.0; +claudebot@anthropic.com)"
66.249.73.68 - - [22/Jan/2026:08:20:49 -0500] "GET /?a=2435966248c2j HTTP/1.1" 200 25917 "-" "Mozilla/5.0 (Linux; Android 6.0.1; Nexus 5X Build/MMB29P) AppleWebKit/537.36 (KHTML, like Gecko) Chrome/143.0.7499.192 Mobile Safari/537.36 (compatible; Googlebot/2.1; +http://www.google.com/bot.html)"
74.7.243.232 - - [22/Jan/2026:08:20:49 -0500] "GET /page/140/?a=344434310h724 HTTP/1.1" 200 15513 "https://membuatwebsite.biz/page/142/?a=344434310h724" "Mozilla/5.0 AppleWebKit/537.36 (KHTML, like Gecko; compatible; GPTBot/1.3; +https://openai.com/gptbot)"
66.249.73.68 - - [22/Jan/2026:08:20:50 -0500] "GET /?a=5690992cd89 HTTP/1.1" 200 27280 "-" "Mozilla/5.0 (Linux; Android 6.0.1; Nexus 5X Build/MMB29P) AppleWebKit/537.36 (KHTML, like Gecko) Chrome/143.0.7499.192 Mobile Safari/537.36 (compatible; Googlebot/2.1; +http://www.google.com/bot.html)"
216.73.216.223 - - [22/Jan/2026:08:20:50 -0500] "GET /page/137/?a=38331056jb8gb HTTP/1.1" 200 15107 "-" "Mozilla/5.0 AppleWebKit/537.36 (KHTML, like Gecko; compatible; ClaudeBot/1.0; +claudebot@anthropic.com)"
74.7.243.232 - - [22/Jan/2026:08:20:52 -0500] "GET /page/141/?a=344434310h724 HTTP/1.1" 200 15240 "https://membuatwebsite.biz/page/142/?a=344434310h724" "Mozilla/5.0 AppleWebKit/537.36 (KHTML, like Gecko; compatible; GPTBot/1.3; +https://openai.com/gptbot)"
216.73.216.223 - - [22/Jan/2026:08:20:53 -0500] "GET /page/131/?a=2999172ibdi6h HTTP/1.1" 200 15513 "-" "Mozilla/5.0 AppleWebKit/537.36 (KHTML, like Gecko; compatible; ClaudeBot/1.0; +claudebot@anthropic.com)"
66.249.65.46 - - [22/Jan/2026:08:20:55 -0500] "GET /?a=496533e9j0bc HTTP/1.1" 200 28885 "-" "Mozilla/5.0 (Linux; Android 6.0.1; Nexus 5X Build/MMB29P) AppleWebKit/537.36 (KHTML, like Gecko) Chrome/143.0.7499.192 Mobile Safari/537.36 (compatible; Googlebot/2.1; +http://www.google.com/bot.html)"
66.249.73.68 - - [22/Jan/2026:08:20:55 -0500] "GET /?a=454162ie5aj6 HTTP/1.1" 200 26522 "-" "Mozilla/5.0 (Linux; Android 6.0.1; Nexus 5X Build/MMB29P) AppleWebKit/537.36 (KHTML, like Gecko) Chrome/143.0.7499.192 Mobile Safari/537.36 (compatible; Googlebot/2.1; +http://www.google.com/bot.html)"
74.7.243.232 - - [22/Jan/2026:08:20:55 -0500] "GET /page/137/?a=2889283302412 HTTP/1.1" 200 15111 "https://membuatwebsite.biz/page/139/?a=2889283302412" "Mozilla/5.0 AppleWebKit/537.36 (KHTML, like Gecko; compatible; GPTBot/1.3; +https://openai.com/gptbot)"
216.73.216.223 - - [22/Jan/2026:08:20:56 -0500] "GET /page/139/?a=30652653gai0b HTTP/1.1" 200 15548 "-" "Mozilla/5.0 AppleWebKit/537.36 (KHTML, like Gecko; compatible; ClaudeBot/1.0; +claudebot@anthropic.com)"
74.7.243.232 - - [22/Jan/2026:08:20:58 -0500] "GET /page/139/?a=3149348662169 HTTP/1.1" 200 15479 "https://membuatwebsite.biz/page/141/?a=3149348662169" "Mozilla/5.0 AppleWebKit/537.36 (KHTML, like Gecko; compatible; GPTBot/1.3; +https://openai.com/gptbot)"
216.73.216.223 - - [22/Jan/2026:08:20:59 -0500] "GET /page/132/?a=213251463hf26 HTTP/1.1" 200 15729 "-" "Mozilla/5.0 AppleWebKit/537.36 (KHTML, like Gecko; compatible; ClaudeBot/1.0; +claudebot@anthropic.com)"
74.7.243.232 - - [22/Jan/2026:08:21:01 -0500] "GET /page/121/?a=42278171e2792 HTTP/1.1" 200 15241 "https://membuatwebsite.biz/page/123/?a=42278171e2792" "Mozilla/5.0 AppleWebKit/537.36 (KHTML, like Gecko; compatible; GPTBot/1.3; +https://openai.com/gptbot)"
216.73.216.223 - - [22/Jan/2026:08:21:02 -0500] "GET /page/8/?a=61461227jc8g HTTP/1.1" 200 15519 "-" "Mozilla/5.0 AppleWebKit/537.36 (KHTML, like Gecko; compatible; ClaudeBot/1.0; +claudebot@anthropic.com)"
