74.7.243.232 - - [22/Jan/2026:07:41:09 -0500] "GET /?a=28720397j8gfg HTTP/1.1" 200 15216 "https://www.membuatwebsite.biz" "Mozilla/5.0 AppleWebKit/537.36 (KHTML, like Gecko; compatible; GPTBot/1.3; +https://openai.com/gptbot)"
114.119.154.6 - - [22/Jan/2026:07:41:11 -0500] "GET /?a=1969124c39dhc HTTP/1.1" 200 15188 "https://membuatwebsite.biz/sitemap.xmlsitemap:https:/membuatwebsite.biz/sitemap-1.xml" "Mozilla/5.0 (Linux; Android 7.0;) AppleWebKit/537.36 (KHTML, like Gecko) Mobile Safari/537.36 (compatible; PetalBot;+https://webmaster.petalsearch.com/site/petalbot)"
74.7.227.31 - - [22/Jan/2026:07:41:11 -0500] "GET /?a=2966146h3eg2b HTTP/1.1" 301 - "https://www.membuatwebsite.biz/sitemap.xml" "Mozilla/5.0 AppleWebKit/537.36 (KHTML, like Gecko; compatible; GPTBot/1.3; +https://openai.com/gptbot)"
66.249.73.65 - - [22/Jan/2026:07:41:12 -0500] "GET /?a=25040974a5103 HTTP/1.1" 200 27636 "-" "Mozilla/5.0 (Linux; Android 6.0.1; Nexus 5X Build/MMB29P) AppleWebKit/537.36 (KHTML, like Gecko) Chrome/143.0.7499.192 Mobile Safari/537.36 (compatible; Googlebot/2.1; +http://www.google.com/bot.html)"
216.73.216.223 - - [22/Jan/2026:07:41:12 -0500] "GET /page/132/?a=1209623e0heac HTTP/1.1" 200 15818 "-" "Mozilla/5.0 AppleWebKit/537.36 (KHTML, like Gecko; compatible; ClaudeBot/1.0; +claudebot@anthropic.com)"
74.7.243.232 - - [22/Jan/2026:07:41:12 -0500] "GET /?a=22393944abge9 HTTP/1.1" 200 15242 "https://www.membuatwebsite.biz" "Mozilla/5.0 AppleWebKit/537.36 (KHTML, like Gecko; compatible; GPTBot/1.3; +https://openai.com/gptbot)"
66.249.73.66 - - [22/Jan/2026:07:41:13 -0500] "GET /?a=760465cgb7ei HTTP/1.1" 200 27278 "-" "Mozilla/5.0 (Linux; Android 6.0.1; Nexus 5X Build/MMB29P) AppleWebKit/537.36 (KHTML, like Gecko) Chrome/143.0.7499.192 Mobile Safari/537.36 (compatible; Googlebot/2.1; +http://www.google.com/bot.html)"
66.249.65.42 - - [22/Jan/2026:07:41:13 -0500] "GET /?a=4175582jhj7d5 HTTP/1.1" 200 27364 "-" "Mozilla/5.0 (Linux; Android 6.0.1; Nexus 5X Build/MMB29P) AppleWebKit/537.36 (KHTML, like Gecko) Chrome/143.0.7499.192 Mobile Safari/537.36 (compatible; Googlebot/2.1; +http://www.google.com/bot.html)"
66.249.73.66 - - [22/Jan/2026:07:41:14 -0500] "GET /?a=889522a3j9ie HTTP/1.1" 200 27447 "-" "Mozilla/5.0 (Linux; Android 6.0.1; Nexus 5X Build/MMB29P) AppleWebKit/537.36 (KHTML, like Gecko) Chrome/143.0.7499.192 Mobile Safari/537.36 (compatible; Googlebot/2.1; +http://www.google.com/bot.html)"
142.44.233.3 - - [22/Jan/2026:07:41:14 -0500] "GET /?a=4311362h64hhf HTTP/1.1" 200 15216 "-" "Mozilla/5.0 (compatible; AhrefsBot/7.0; +http://ahrefs.com/robot/)"
74.7.227.31 - - [22/Jan/2026:07:41:14 -0500] "GET /?a=31918571di6bi HTTP/1.1" 301 - "https://www.membuatwebsite.biz/sitemap.xml" "Mozilla/5.0 AppleWebKit/537.36 (KHTML, like Gecko; compatible; GPTBot/1.3; +https://openai.com/gptbot)"
216.73.216.223 - - [22/Jan/2026:07:41:15 -0500] "GET /page/7/?a=3123487fi5779 HTTP/1.1" 200 15317 "-" "Mozilla/5.0 AppleWebKit/537.36 (KHTML, like Gecko; compatible; ClaudeBot/1.0; +claudebot@anthropic.com)"
66.249.73.65 - - [22/Jan/2026:07:41:15 -0500] "GET /?a=433924051djgf HTTP/1.1" 200 26389 "-" "Mozilla/5.0 (Linux; Android 6.0.1; Nexus 5X Build/MMB29P) AppleWebKit/537.36 (KHTML, like Gecko) Chrome/143.0.7499.192 Mobile Safari/537.36 (compatible; Googlebot/2.1; +http://www.google.com/bot.html)"
74.7.243.232 - - [22/Jan/2026:07:41:15 -0500] "GET /?a=3669356dih14a HTTP/1.1" 200 15216 "https://www.membuatwebsite.biz" "Mozilla/5.0 AppleWebKit/537.36 (KHTML, like Gecko; compatible; GPTBot/1.3; +https://openai.com/gptbot)"
66.249.73.65 - - [22/Jan/2026:07:41:15 -0500] "GET /?a=112252f2g9ag HTTP/1.1" 200 27195 "-" "Mozilla/5.0 (Linux; Android 6.0.1; Nexus 5X Build/MMB29P) AppleWebKit/537.36 (KHTML, like Gecko) Chrome/143.0.7499.192 Mobile Safari/537.36 (compatible; Googlebot/2.1; +http://www.google.com/bot.html)"
74.7.227.31 - - [22/Jan/2026:07:41:18 -0500] "GET /?a=24599664bd9ah HTTP/1.1" 301 - "https://www.membuatwebsite.biz/sitemap.xml" "Mozilla/5.0 AppleWebKit/537.36 (KHTML, like Gecko; compatible; GPTBot/1.3; +https://openai.com/gptbot)"
216.73.216.223 - - [22/Jan/2026:07:41:18 -0500] "GET /page/142/?a=27215450gi16 HTTP/1.1" 200 15320 "-" "Mozilla/5.0 AppleWebKit/537.36 (KHTML, like Gecko; compatible; ClaudeBot/1.0; +claudebot@anthropic.com)"
74.7.243.232 - - [22/Jan/2026:07:41:18 -0500] "GET /?a=1415016jgb6g1 HTTP/1.1" 200 15216 "https://www.membuatwebsite.biz" "Mozilla/5.0 AppleWebKit/537.36 (KHTML, like Gecko; compatible; GPTBot/1.3; +https://openai.com/gptbot)"
66.249.73.65 - - [22/Jan/2026:07:41:19 -0500] "GET /?a=336773eh92i0 HTTP/1.1" 200 26862 "-" "Mozilla/5.0 (Linux; Android 6.0.1; Nexus 5X Build/MMB29P) AppleWebKit/537.36 (KHTML, like Gecko) Chrome/143.0.7499.192 Mobile Safari/537.36 (compatible; Googlebot/2.1; +http://www.google.com/bot.html)"
66.249.73.65 - - [22/Jan/2026:07:41:20 -0500] "GET /?a=135687jabbh5 HTTP/1.1" 200 26481 "-" "Mozilla/5.0 (Linux; Android 6.0.1; Nexus 5X Build/MMB29P) AppleWebKit/537.36 (KHTML, like Gecko) Chrome/143.0.7499.192 Mobile Safari/537.36 (compatible; Googlebot/2.1; +http://www.google.com/bot.html)"
74.7.227.31 - - [22/Jan/2026:07:41:21 -0500] "GET /?a=357515532hbii HTTP/1.1" 301 - "https://www.membuatwebsite.biz/sitemap.xml" "Mozilla/5.0 AppleWebKit/537.36 (KHTML, like Gecko; compatible; GPTBot/1.3; +https://openai.com/gptbot)"
74.7.243.232 - - [22/Jan/2026:07:41:22 -0500] "GET /?a=17302862icic8 HTTP/1.1" 200 15187 "https://www.membuatwebsite.biz" "Mozilla/5.0 AppleWebKit/537.36 (KHTML, like Gecko; compatible; GPTBot/1.3; +https://openai.com/gptbot)"
216.73.216.223 - - [22/Jan/2026:07:41:23 -0500] "GET /page/17/?a=156574329537b HTTP/1.1" 200 15314 "-" "Mozilla/5.0 AppleWebKit/537.36 (KHTML, like Gecko; compatible; ClaudeBot/1.0; +claudebot@anthropic.com)"
74.7.227.31 - - [22/Jan/2026:07:41:24 -0500] "GET /?a=24040527dgd3c HTTP/1.1" 301 - "https://www.membuatwebsite.biz/sitemap.xml" "Mozilla/5.0 AppleWebKit/537.36 (KHTML, like Gecko; compatible; GPTBot/1.3; +https://openai.com/gptbot)"
74.7.243.232 - - [22/Jan/2026:07:41:25 -0500] "GET /?a=2798821dfj91b HTTP/1.1" 200 15262 "https://www.membuatwebsite.biz" "Mozilla/5.0 AppleWebKit/537.36 (KHTML, like Gecko; compatible; GPTBot/1.3; +https://openai.com/gptbot)"
216.73.216.223 - - [22/Jan/2026:07:41:26 -0500] "GET /page/13/?a=3003064cec540 HTTP/1.1" 200 15320 "-" "Mozilla/5.0 AppleWebKit/537.36 (KHTML, like Gecko; compatible; ClaudeBot/1.0; +claudebot@anthropic.com)"
74.7.227.31 - - [22/Jan/2026:07:41:27 -0500] "GET /?a=38377097eeg6c HTTP/1.1" 301 - "https://www.membuatwebsite.biz/sitemap.xml" "Mozilla/5.0 AppleWebKit/537.36 (KHTML, like Gecko; compatible; GPTBot/1.3; +https://openai.com/gptbot)"
74.7.243.232 - - [22/Jan/2026:07:41:28 -0500] "GET /?a=3911047d49cdc HTTP/1.1" 200 15242 "https://www.membuatwebsite.biz" "Mozilla/5.0 AppleWebKit/537.36 (KHTML, like Gecko; compatible; GPTBot/1.3; +https://openai.com/gptbot)"
66.249.73.65 - - [22/Jan/2026:07:41:29 -0500] "GET /?a=14005313h8f75 HTTP/1.1" 200 27552 "-" "Mozilla/5.0 (Linux; Android 6.0.1; Nexus 5X Build/MMB29P) AppleWebKit/537.36 (KHTML, like Gecko) Chrome/143.0.7499.192 Mobile Safari/537.36 (compatible; Googlebot/2.1; +http://www.google.com/bot.html)"
216.73.216.223 - - [22/Jan/2026:07:41:29 -0500] "GET /page/3/?a=225203371j48i HTTP/1.1" 200 15385 "-" "Mozilla/5.0 AppleWebKit/537.36 (KHTML, like Gecko; compatible; ClaudeBot/1.0; +claudebot@anthropic.com)"
66.249.73.65 - - [22/Jan/2026:07:41:29 -0500] "GET /?a=341690daeff3 HTTP/1.1" 200 27938 "-" "Mozilla/5.0 (Linux; Android 6.0.1; Nexus 5X Build/MMB29P) AppleWebKit/537.36 (KHTML, like Gecko) Chrome/143.0.7499.192 Mobile Safari/537.36 (compatible; Googlebot/2.1; +http://www.google.com/bot.html)"
74.7.227.31 - - [22/Jan/2026:07:41:30 -0500] "GET /?a=1829498hdh7h7 HTTP/1.1" 301 - "https://www.membuatwebsite.biz/sitemap.xml" "Mozilla/5.0 AppleWebKit/537.36 (KHTML, like Gecko; compatible; GPTBot/1.3; +https://openai.com/gptbot)"
74.7.243.232 - - [22/Jan/2026:07:41:31 -0500] "GET /?a=17094475a8bga HTTP/1.1" 200 15215 "https://www.membuatwebsite.biz" "Mozilla/5.0 AppleWebKit/537.36 (KHTML, like Gecko; compatible; GPTBot/1.3; +https://openai.com/gptbot)"
216.73.216.223 - - [22/Jan/2026:07:41:32 -0500] "GET /page/141/?a=2892872d9fgh7 HTTP/1.1" 200 15230 "-" "Mozilla/5.0 AppleWebKit/537.36 (KHTML, like Gecko; compatible; ClaudeBot/1.0; +claudebot@anthropic.com)"
74.7.227.31 - - [22/Jan/2026:07:41:33 -0500] "GET /?a=4068560dde3f4 HTTP/1.1" 301 - "https://www.membuatwebsite.biz/sitemap.xml" "Mozilla/5.0 AppleWebKit/537.36 (KHTML, like Gecko; compatible; GPTBot/1.3; +https://openai.com/gptbot)"
74.7.243.232 - - [22/Jan/2026:07:41:34 -0500] "GET /?a=2730490c9gg7c HTTP/1.1" 200 15262 "https://www.membuatwebsite.biz" "Mozilla/5.0 AppleWebKit/537.36 (KHTML, like Gecko; compatible; GPTBot/1.3; +https://openai.com/gptbot)"
216.73.216.223 - - [22/Jan/2026:07:41:35 -0500] "GET /page/3/?a=1667366954538 HTTP/1.1" 200 15412 "-" "Mozilla/5.0 AppleWebKit/537.36 (KHTML, like Gecko; compatible; ClaudeBot/1.0; +claudebot@anthropic.com)"
74.7.227.31 - - [22/Jan/2026:07:41:36 -0500] "GET /?a=34858156b5ech HTTP/1.1" 301 - "https://www.membuatwebsite.biz/sitemap.xml" "Mozilla/5.0 AppleWebKit/537.36 (KHTML, like Gecko; compatible; GPTBot/1.3; +https://openai.com/gptbot)"
74.7.243.232 - - [22/Jan/2026:07:41:37 -0500] "GET /?a=2959060faa7h1 HTTP/1.1" 200 15242 "https://www.membuatwebsite.biz" "Mozilla/5.0 AppleWebKit/537.36 (KHTML, like Gecko; compatible; GPTBot/1.3; +https://openai.com/gptbot)"
216.73.216.223 - - [22/Jan/2026:07:41:38 -0500] "GET /page/4/?a=2654337i3cj63 HTTP/1.1" 200 15232 "-" "Mozilla/5.0 AppleWebKit/537.36 (KHTML, like Gecko; compatible; ClaudeBot/1.0; +claudebot@anthropic.com)"
66.249.73.65 - - [22/Jan/2026:07:41:38 -0500] "GET /?a=3572039eg4d95 HTTP/1.1" 200 28462 "-" "Mozilla/5.0 (Linux; Android 6.0.1; Nexus 5X Build/MMB29P) AppleWebKit/537.36 (KHTML, like Gecko) Chrome/143.0.7499.192 Mobile Safari/537.36 (compatible; Googlebot/2.1; +http://www.google.com/bot.html)"
66.249.65.40 - - [22/Jan/2026:07:41:38 -0500] "GET /?a=374622049h04d HTTP/1.1" 200 27680 "-" "Mozilla/5.0 (Linux; Android 6.0.1; Nexus 5X Build/MMB29P) AppleWebKit/537.36 (KHTML, like Gecko) Chrome/143.0.7499.192 Mobile Safari/537.36 (compatible; Googlebot/2.1; +http://www.google.com/bot.html)"
74.7.227.31 - - [22/Jan/2026:07:41:40 -0500] "GET /?a=1922373bdi1e3 HTTP/1.1" 301 - "https://www.membuatwebsite.biz/sitemap.xml" "Mozilla/5.0 AppleWebKit/537.36 (KHTML, like Gecko; compatible; GPTBot/1.3; +https://openai.com/gptbot)"
74.7.243.232 - - [22/Jan/2026:07:41:40 -0500] "GET /?a=21519878f4eff HTTP/1.1" 200 15216 "https://www.membuatwebsite.biz" "Mozilla/5.0 AppleWebKit/537.36 (KHTML, like Gecko; compatible; GPTBot/1.3; +https://openai.com/gptbot)"
216.73.216.223 - - [22/Jan/2026:07:41:41 -0500] "GET /page/144/?a=21731362e463j HTTP/1.1" 200 13108 "-" "Mozilla/5.0 AppleWebKit/537.36 (KHTML, like Gecko; compatible; ClaudeBot/1.0; +claudebot@anthropic.com)"
74.7.227.31 - - [22/Jan/2026:07:41:43 -0500] "GET /?a=1302445j1cc5f HTTP/1.1" 301 - "https://www.membuatwebsite.biz/sitemap.xml" "Mozilla/5.0 AppleWebKit/537.36 (KHTML, like Gecko; compatible; GPTBot/1.3; +https://openai.com/gptbot)"
66.249.73.65 - - [22/Jan/2026:07:41:43 -0500] "GET /?a=21646998860cb HTTP/1.1" 200 26669 "-" "Mozilla/5.0 (Linux; Android 6.0.1; Nexus 5X Build/MMB29P) AppleWebKit/537.36 (KHTML, like Gecko) Chrome/143.0.7499.192 Mobile Safari/537.36 (compatible; Googlebot/2.1; +http://www.google.com/bot.html)"
216.73.216.223 - - [22/Jan/2026:07:41:44 -0500] "GET /page/137/?a=58243403ea81 HTTP/1.1" 200 15061 "-" "Mozilla/5.0 AppleWebKit/537.36 (KHTML, like Gecko; compatible; ClaudeBot/1.0; +claudebot@anthropic.com)"
74.7.243.232 - - [22/Jan/2026:07:41:44 -0500] "GET /?a=2966146h3eg2b HTTP/1.1" 200 15262 "https://www.membuatwebsite.biz" "Mozilla/5.0 AppleWebKit/537.36 (KHTML, like Gecko; compatible; GPTBot/1.3; +https://openai.com/gptbot)"
74.7.227.31 - - [22/Jan/2026:07:41:46 -0500] "GET /?a=149069498ghhb HTTP/1.1" 301 - "https://www.membuatwebsite.biz/sitemap.xml" "Mozilla/5.0 AppleWebKit/537.36 (KHTML, like Gecko; compatible; GPTBot/1.3; +https://openai.com/gptbot)"
74.7.243.232 - - [22/Jan/2026:07:41:47 -0500] "GET /?a=4305487hbh30a HTTP/1.1" 200 15216 "https://www.membuatwebsite.biz" "Mozilla/5.0 AppleWebKit/537.36 (KHTML, like Gecko; compatible; GPTBot/1.3; +https://openai.com/gptbot)"
216.73.216.223 - - [22/Jan/2026:07:41:47 -0500] "GET /page/12/?a=1512661a441bd HTTP/1.1" 200 15218 "-" "Mozilla/5.0 AppleWebKit/537.36 (KHTML, like Gecko; compatible; ClaudeBot/1.0; +claudebot@anthropic.com)"
66.249.73.66 - - [22/Jan/2026:07:41:48 -0500] "GET /?a=3615801a4c731 HTTP/1.1" 200 26811 "-" "Mozilla/5.0 (Linux; Android 6.0.1; Nexus 5X Build/MMB29P) AppleWebKit/537.36 (KHTML, like Gecko) Chrome/143.0.7499.192 Mobile Safari/537.36 (compatible; Googlebot/2.1; +http://www.google.com/bot.html)"
66.249.73.66 - - [22/Jan/2026:07:41:48 -0500] "GET /?a=111861104dbgd HTTP/1.1" 200 28127 "-" "Mozilla/5.0 (Linux; Android 6.0.1; Nexus 5X Build/MMB29P) AppleWebKit/537.36 (KHTML, like Gecko) Chrome/143.0.7499.192 Mobile Safari/537.36 (compatible; Googlebot/2.1; +http://www.google.com/bot.html)"
20.15.133.191 - - [22/Jan/2026:07:41:49 -0500] "GET /?a=11550404b24j HTTP/1.1" 200 27855 "-" "Mozilla/5.0 AppleWebKit/537.36 (KHTML, like Gecko; compatible; bingbot/2.0; +http://www.bing.com/bingbot.htm) Chrome/116.0.1938.76 Safari/537.36"
74.7.227.31 - - [22/Jan/2026:07:41:49 -0500] "GET /?a=44807541bb7hb HTTP/1.1" 301 - "https://www.membuatwebsite.biz/sitemap.xml" "Mozilla/5.0 AppleWebKit/537.36 (KHTML, like Gecko; compatible; GPTBot/1.3; +https://openai.com/gptbot)"
216.73.216.223 - - [22/Jan/2026:07:41:50 -0500] "GET /page/140/?a=4154734449ibf HTTP/1.1" 200 15514 "-" "Mozilla/5.0 AppleWebKit/537.36 (KHTML, like Gecko; compatible; ClaudeBot/1.0; +claudebot@anthropic.com)"
74.7.243.232 - - [22/Jan/2026:07:41:50 -0500] "GET /?a=24599664bd9ah HTTP/1.1" 200 15262 "https://www.membuatwebsite.biz" "Mozilla/5.0 AppleWebKit/537.36 (KHTML, like Gecko; compatible; GPTBot/1.3; +https://openai.com/gptbot)"
205.169.39.6 - - [22/Jan/2026:07:41:51 -0500] "GET /wp-content/uploads/2018/05/41-324x160.jpg HTTP/1.1" 200 5625 "http://membuatwebsite.biz/wp-content/uploads/2018/05/41-324x160.jpg" "Mozilla/5.0 (Windows NT 10.0) AppleWebKit/537.36 (KHTML, like Gecko) Chrome/106.0.0.0 Safari/537.36"
74.7.227.31 - - [22/Jan/2026:07:41:52 -0500] "GET /?a=3070220jec5d7 HTTP/1.1" 301 - "https://www.membuatwebsite.biz/sitemap.xml" "Mozilla/5.0 AppleWebKit/537.36 (KHTML, like Gecko; compatible; GPTBot/1.3; +https://openai.com/gptbot)"
216.73.216.223 - - [22/Jan/2026:07:41:53 -0500] "GET /page/140/?a=1430260a2j0f3 HTTP/1.1" 200 15484 "-" "Mozilla/5.0 AppleWebKit/537.36 (KHTML, like Gecko; compatible; ClaudeBot/1.0; +claudebot@anthropic.com)"
66.249.73.65 - - [22/Jan/2026:07:41:53 -0500] "GET /?a=2816196e3044c HTTP/1.1" 200 26546 "-" "Mozilla/5.0 (Linux; Android 6.0.1; Nexus 5X Build/MMB29P) AppleWebKit/537.36 (KHTML, like Gecko) Chrome/143.0.7499.192 Mobile Safari/537.36 (compatible; Googlebot/2.1; +http://www.google.com/bot.html)"
66.249.73.65 - - [22/Jan/2026:07:41:53 -0500] "GET /?a=1288493c041e7 HTTP/1.1" 200 26655 "-" "Mozilla/5.0 (Linux; Android 6.0.1; Nexus 5X Build/MMB29P) AppleWebKit/537.36 (KHTML, like Gecko) Chrome/143.0.7499.192 Mobile Safari/537.36 (compatible; Googlebot/2.1; +http://www.google.com/bot.html)"
74.7.243.232 - - [22/Jan/2026:07:41:53 -0500] "GET /?a=3393855hdd71h HTTP/1.1" 200 15216 "https://www.membuatwebsite.biz" "Mozilla/5.0 AppleWebKit/537.36 (KHTML, like Gecko; compatible; GPTBot/1.3; +https://openai.com/gptbot)"
66.249.65.40 - - [22/Jan/2026:07:41:53 -0500] "GET /?a=4349978aci257 HTTP/1.1" 200 27922 "-" "Mozilla/5.0 (Linux; Android 6.0.1; Nexus 5X Build/MMB29P) AppleWebKit/537.36 (KHTML, like Gecko) Chrome/143.0.7499.192 Mobile Safari/537.36 (compatible; Googlebot/2.1; +http://www.google.com/bot.html)"
74.7.227.31 - - [22/Jan/2026:07:41:55 -0500] "GET /?a=1719094a1fge4 HTTP/1.1" 301 - "https://www.membuatwebsite.biz/sitemap.xml" "Mozilla/5.0 AppleWebKit/537.36 (KHTML, like Gecko; compatible; GPTBot/1.3; +https://openai.com/gptbot)"
216.73.216.223 - - [22/Jan/2026:07:41:56 -0500] "GET /page/137/?a=27900954e30c HTTP/1.1" 200 15089 "-" "Mozilla/5.0 AppleWebKit/537.36 (KHTML, like Gecko; compatible; ClaudeBot/1.0; +claudebot@anthropic.com)"
74.7.243.232 - - [22/Jan/2026:07:41:56 -0500] "GET /?a=24040527dgd3c HTTP/1.1" 200 15242 "https://www.membuatwebsite.biz" "Mozilla/5.0 AppleWebKit/537.36 (KHTML, like Gecko; compatible; GPTBot/1.3; +https://openai.com/gptbot)"
74.7.227.31 - - [22/Jan/2026:07:41:59 -0500] "GET /?a=29495279eicb1 HTTP/1.1" 301 - "https://www.membuatwebsite.biz/sitemap.xml" "Mozilla/5.0 AppleWebKit/537.36 (KHTML, like Gecko; compatible; GPTBot/1.3; +https://openai.com/gptbot)"
216.73.216.223 - - [22/Jan/2026:07:41:59 -0500] "GET /page/6/?a=441589852igc1 HTTP/1.1" 200 15042 "-" "Mozilla/5.0 AppleWebKit/537.36 (KHTML, like Gecko; compatible; ClaudeBot/1.0; +claudebot@anthropic.com)"
66.249.65.40 - - [22/Jan/2026:07:41:59 -0500] "GET /?a=435622458ib4c HTTP/1.1" 200 27067 "-" "Mozilla/5.0 (compatible; Googlebot/2.1; +http://www.google.com/bot.html)"
74.7.243.232 - - [22/Jan/2026:07:41:59 -0500] "GET /?a=4208829j24fbc HTTP/1.1" 200 15188 "https://www.membuatwebsite.biz" "Mozilla/5.0 AppleWebKit/537.36 (KHTML, like Gecko; compatible; GPTBot/1.3; +https://openai.com/gptbot)"
51.222.95.98 - - [22/Jan/2026:07:41:59 -0500] "GET /?a=427170570h027 HTTP/1.1" 200 15187 "-" "Mozilla/5.0 (compatible; AhrefsBot/7.0; +http://ahrefs.com/robot/)"
216.73.216.223 - - [22/Jan/2026:07:42:02 -0500] "GET /page/142/?a=2402625332bba HTTP/1.1" 200 15266 "-" "Mozilla/5.0 AppleWebKit/537.36 (KHTML, like Gecko; compatible; ClaudeBot/1.0; +claudebot@anthropic.com)"
74.7.227.31 - - [22/Jan/2026:07:42:02 -0500] "GET /?a=17862629djid6 HTTP/1.1" 301 - "https://www.membuatwebsite.biz/sitemap.xml" "Mozilla/5.0 AppleWebKit/537.36 (KHTML, like Gecko; compatible; GPTBot/1.3; +https://openai.com/gptbot)"
74.7.243.232 - - [22/Jan/2026:07:42:02 -0500] "GET /?a=1829498hdh7h7 HTTP/1.1" 200 15242 "https://www.membuatwebsite.biz" "Mozilla/5.0 AppleWebKit/537.36 (KHTML, like Gecko; compatible; GPTBot/1.3; +https://openai.com/gptbot)"
216.73.216.223 - - [22/Jan/2026:07:42:05 -0500] "GET /page/140/?a=4445611jfdg2e HTTP/1.1" 200 15485 "-" "Mozilla/5.0 AppleWebKit/537.36 (KHTML, like Gecko; compatible; ClaudeBot/1.0; +claudebot@anthropic.com)"
74.7.227.31 - - [22/Jan/2026:07:42:05 -0500] "GET /?a=229203721jcig HTTP/1.1" 301 - "https://www.membuatwebsite.biz/sitemap.xml" "Mozilla/5.0 AppleWebKit/537.36 (KHTML, like Gecko; compatible; GPTBot/1.3; +https://openai.com/gptbot)"
74.7.243.232 - - [22/Jan/2026:07:42:05 -0500] "GET /?a=3993773ja2a8g HTTP/1.1" 200 15242 "https://www.membuatwebsite.biz" "Mozilla/5.0 AppleWebKit/537.36 (KHTML, like Gecko; compatible; GPTBot/1.3; +https://openai.com/gptbot)"
116.179.32.217 - - [22/Jan/2026:07:42:05 -0500] "GET /tag/bisnis-online-dengan-modem/ HTTP/1.1" 200 11977 "-" "Mozilla/5.0 (compatible; Baiduspider/2.0; +http://www.baidu.com/search/spider.html)"
216.73.216.223 - - [22/Jan/2026:07:42:08 -0500] "GET /page/142/?a=973773ac7c9g HTTP/1.1" 200 15322 "-" "Mozilla/5.0 AppleWebKit/537.36 (KHTML, like Gecko; compatible; ClaudeBot/1.0; +claudebot@anthropic.com)"
74.7.227.31 - - [22/Jan/2026:07:42:08 -0500] "GET /?a=4085484fgh3e5 HTTP/1.1" 301 - "https://www.membuatwebsite.biz/sitemap.xml" "Mozilla/5.0 AppleWebKit/537.36 (KHTML, like Gecko; compatible; GPTBot/1.3; +https://openai.com/gptbot)"
74.7.243.232 - - [22/Jan/2026:07:42:09 -0500] "GET /?a=34858156b5ech HTTP/1.1" 200 15263 "https://www.membuatwebsite.biz" "Mozilla/5.0 AppleWebKit/537.36 (KHTML, like Gecko; compatible; GPTBot/1.3; +https://openai.com/gptbot)"
66.249.73.67 - - [22/Jan/2026:07:42:10 -0500] "GET /?a=10725937i9e17 HTTP/1.1" 200 27523 "-" "Mozilla/5.0 (Linux; Android 6.0.1; Nexus 5X Build/MMB29P) AppleWebKit/537.36 (KHTML, like Gecko) Chrome/143.0.7499.192 Mobile Safari/537.36 (compatible; Googlebot/2.1; +http://www.google.com/bot.html)"
66.249.73.65 - - [22/Jan/2026:07:42:10 -0500] "GET /?a=514390i1d18h HTTP/1.1" 200 27164 "-" "Mozilla/5.0 (Linux; Android 6.0.1; Nexus 5X Build/MMB29P) AppleWebKit/537.36 (KHTML, like Gecko) Chrome/143.0.7499.192 Mobile Safari/537.36 (compatible; Googlebot/2.1; +http://www.google.com/bot.html)"
66.249.73.66 - - [22/Jan/2026:07:42:10 -0500] "GET /?a=4369930cac5i8 HTTP/1.1" 200 26911 "-" "Mozilla/5.0 (Linux; Android 6.0.1; Nexus 5X Build/MMB29P) AppleWebKit/537.36 (KHTML, like Gecko) Chrome/143.0.7499.192 Mobile Safari/537.36 (compatible; Googlebot/2.1; +http://www.google.com/bot.html)"
216.73.216.223 - - [22/Jan/2026:07:42:11 -0500] "GET /page/138/?a=89322377fdjg HTTP/1.1" 200 15357 "-" "Mozilla/5.0 AppleWebKit/537.36 (KHTML, like Gecko; compatible; ClaudeBot/1.0; +claudebot@anthropic.com)"
74.7.227.31 - - [22/Jan/2026:07:42:11 -0500] "GET /?a=1242177b5dag3 HTTP/1.1" 301 - "https://www.membuatwebsite.biz/sitemap.xml" "Mozilla/5.0 AppleWebKit/537.36 (KHTML, like Gecko; compatible; GPTBot/1.3; +https://openai.com/gptbot)"
74.7.243.232 - - [22/Jan/2026:07:42:12 -0500] "GET /?a=31918571di6bi HTTP/1.1" 200 15262 "https://www.membuatwebsite.biz" "Mozilla/5.0 AppleWebKit/537.36 (KHTML, like Gecko; compatible; GPTBot/1.3; +https://openai.com/gptbot)"
216.73.216.223 - - [22/Jan/2026:07:42:14 -0500] "GET /page/136/?a=21486110b0741 HTTP/1.1" 200 15382 "-" "Mozilla/5.0 AppleWebKit/537.36 (KHTML, like Gecko; compatible; ClaudeBot/1.0; +claudebot@anthropic.com)"
74.7.227.31 - - [22/Jan/2026:07:42:14 -0500] "GET /?a=4245714aj2bf6 HTTP/1.1" 301 - "https://www.membuatwebsite.biz/sitemap.xml" "Mozilla/5.0 AppleWebKit/537.36 (KHTML, like Gecko; compatible; GPTBot/1.3; +https://openai.com/gptbot)"
116.179.37.14 - - [22/Jan/2026:07:42:15 -0500] "GET /wp-includes/js/jquery/jquery.min.js?ver=3.7.1 HTTP/1.1" 304 - "https://membuatwebsite.biz/tag/bisnis-online-dengan-modem/" "Mozilla/5.0 (compatible; Baiduspider-render/2.0; +http://www.baidu.com/search/spider.html)"
74.7.243.232 - - [22/Jan/2026:07:42:15 -0500] "GET /?a=1302445j1cc5f HTTP/1.1" 200 15216 "https://www.membuatwebsite.biz" "Mozilla/5.0 AppleWebKit/537.36 (KHTML, like Gecko; compatible; GPTBot/1.3; +https://openai.com/gptbot)"
116.179.37.165 - - [22/Jan/2026:07:42:17 -0500] "GET /wp-content/themes/wishful-blog/wishfulthemes/assets/js/custom.js?ver=2.0.2 HTTP/1.1" 304 - "https://membuatwebsite.biz/tag/bisnis-online-dengan-modem/" "Mozilla/5.0 (compatible; Baiduspider-render/2.0; +http://www.baidu.com/search/spider.html)"
116.179.37.209 - - [22/Jan/2026:07:42:17 -0500] "GET /wp-content/themes/wishful-blog/wishfulthemes/assets/slick/slick.min.js?ver=2.0.2 HTTP/1.1" 304 - "https://membuatwebsite.biz/tag/bisnis-online-dengan-modem/" "Mozilla/5.0 (compatible; Baiduspider-render/2.0; +http://www.baidu.com/search/spider.html)"
216.73.216.223 - - [22/Jan/2026:07:42:17 -0500] "GET /page/10/?a=296992771ffd4 HTTP/1.1" 200 15431 "-" "Mozilla/5.0 AppleWebKit/537.36 (KHTML, like Gecko; compatible; ClaudeBot/1.0; +claudebot@anthropic.com)"
74.7.227.31 - - [22/Jan/2026:07:42:17 -0500] "GET /?a=1224434j74gdc HTTP/1.1" 301 - "https://www.membuatwebsite.biz/sitemap.xml" "Mozilla/5.0 AppleWebKit/537.36 (KHTML, like Gecko; compatible; GPTBot/1.3; +https://openai.com/gptbot)"
74.7.243.232 - - [22/Jan/2026:07:42:18 -0500] "GET /?a=149069498ghhb HTTP/1.1" 200 15242 "https://www.membuatwebsite.biz" "Mozilla/5.0 AppleWebKit/537.36 (KHTML, like Gecko; compatible; GPTBot/1.3; +https://openai.com/gptbot)"
66.249.65.41 - - [22/Jan/2026:07:42:19 -0500] "GET /?a=2112783f46gjd HTTP/1.1" 200 26279 "-" "Mozilla/5.0 (compatible; Googlebot/2.1; +http://www.google.com/bot.html)"
116.179.37.77 - - [22/Jan/2026:07:42:20 -0500] "GET /wp-content/themes/wishful-blog/wishfulthemes/assets/js/popper.min.js?ver=2.0.2 HTTP/1.1" 304 - "https://membuatwebsite.biz/tag/bisnis-online-dengan-modem/" "Mozilla/5.0 (compatible; Baiduspider-render/2.0; +http://www.baidu.com/search/spider.html)"
216.73.216.223 - - [22/Jan/2026:07:42:20 -0500] "GET /page/16/?a=1990415bdg2i6 HTTP/1.1" 200 15435 "-" "Mozilla/5.0 AppleWebKit/537.36 (KHTML, like Gecko; compatible; ClaudeBot/1.0; +claudebot@anthropic.com)"
74.7.227.31 - - [22/Jan/2026:07:42:21 -0500] "GET /?a=1560630hge61c HTTP/1.1" 301 - "https://www.membuatwebsite.biz/sitemap.xml" "Mozilla/5.0 AppleWebKit/537.36 (KHTML, like Gecko; compatible; GPTBot/1.3; +https://openai.com/gptbot)"
74.7.243.232 - - [22/Jan/2026:07:42:21 -0500] "GET /?a=44807541bb7hb HTTP/1.1" 200 15188 "https://www.membuatwebsite.biz" "Mozilla/5.0 AppleWebKit/537.36 (KHTML, like Gecko; compatible; GPTBot/1.3; +https://openai.com/gptbot)"
74.7.227.31 - - [22/Jan/2026:07:42:24 -0500] "GET /?a=12021732caf7e HTTP/1.1" 301 - "https://www.membuatwebsite.biz/sitemap.xml" "Mozilla/5.0 AppleWebKit/537.36 (KHTML, like Gecko; compatible; GPTBot/1.3; +https://openai.com/gptbot)"
74.7.243.232 - - [22/Jan/2026:07:42:24 -0500] "GET /?a=3070220jec5d7 HTTP/1.1" 200 15215 "https://www.membuatwebsite.biz" "Mozilla/5.0 AppleWebKit/537.36 (KHTML, like Gecko; compatible; GPTBot/1.3; +https://openai.com/gptbot)"
216.73.216.223 - - [22/Jan/2026:07:42:24 -0500] "GET /page/10/?a=2004045a09bej HTTP/1.1" 200 15414 "-" "Mozilla/5.0 AppleWebKit/537.36 (KHTML, like Gecko; compatible; ClaudeBot/1.0; +claudebot@anthropic.com)"
74.7.227.31 - - [22/Jan/2026:07:42:27 -0500] "GET /?a=2453433d6h7bb HTTP/1.1" 301 - "https://www.membuatwebsite.biz/sitemap.xml" "Mozilla/5.0 AppleWebKit/537.36 (KHTML, like Gecko; compatible; GPTBot/1.3; +https://openai.com/gptbot)"
216.73.216.223 - - [22/Jan/2026:07:42:27 -0500] "GET /page/131/?a=1472995f220f9 HTTP/1.1" 200 15581 "-" "Mozilla/5.0 AppleWebKit/537.36 (KHTML, like Gecko; compatible; ClaudeBot/1.0; +claudebot@anthropic.com)"
74.7.243.232 - - [22/Jan/2026:07:42:27 -0500] "GET /?a=4068560dde3f4 HTTP/1.1" 200 15262 "https://www.membuatwebsite.biz" "Mozilla/5.0 AppleWebKit/537.36 (KHTML, like Gecko; compatible; GPTBot/1.3; +https://openai.com/gptbot)"
66.249.73.65 - - [22/Jan/2026:07:42:28 -0500] "GET /?a=866197aghae9 HTTP/1.1" 200 29237 "-" "Mozilla/5.0 (Linux; Android 6.0.1; Nexus 5X Build/MMB29P) AppleWebKit/537.36 (KHTML, like Gecko) Chrome/143.0.7499.192 Mobile Safari/537.36 (compatible; Googlebot/2.1; +http://www.google.com/bot.html)"
66.249.73.65 - - [22/Jan/2026:07:42:29 -0500] "GET /?a=144902ihjf68 HTTP/1.1" 200 26189 "-" "Mozilla/5.0 (Linux; Android 6.0.1; Nexus 5X Build/MMB29P) AppleWebKit/537.36 (KHTML, like Gecko) Chrome/143.0.7499.192 Mobile Safari/537.36 (compatible; Googlebot/2.1; +http://www.google.com/bot.html)"
66.249.73.65 - - [22/Jan/2026:07:42:29 -0500] "GET /?a=3040787j88hgd HTTP/1.1" 200 27503 "-" "Mozilla/5.0 (Linux; Android 6.0.1; Nexus 5X Build/MMB29P) AppleWebKit/537.36 (KHTML, like Gecko) Chrome/143.0.7499.192 Mobile Safari/537.36 (compatible; Googlebot/2.1; +http://www.google.com/bot.html)"
74.7.227.31 - - [22/Jan/2026:07:42:30 -0500] "GET /?a=2827604jj52af HTTP/1.1" 301 - "https://www.membuatwebsite.biz/sitemap.xml" "Mozilla/5.0 AppleWebKit/537.36 (KHTML, like Gecko; compatible; GPTBot/1.3; +https://openai.com/gptbot)"
216.73.216.223 - - [22/Jan/2026:07:42:30 -0500] "GET /page/141/?a=2653410i3edcd HTTP/1.1" 200 15183 "-" "Mozilla/5.0 AppleWebKit/537.36 (KHTML, like Gecko; compatible; ClaudeBot/1.0; +claudebot@anthropic.com)"
74.7.243.232 - - [22/Jan/2026:07:42:31 -0500] "GET /?a=29495279eicb1 HTTP/1.1" 200 15187 "https://www.membuatwebsite.biz" "Mozilla/5.0 AppleWebKit/537.36 (KHTML, like Gecko; compatible; GPTBot/1.3; +https://openai.com/gptbot)"
74.7.227.31 - - [22/Jan/2026:07:42:33 -0500] "GET /?a=21083025hb1fh HTTP/1.1" 301 - "https://www.membuatwebsite.biz/sitemap.xml" "Mozilla/5.0 AppleWebKit/537.36 (KHTML, like Gecko; compatible; GPTBot/1.3; +https://openai.com/gptbot)"
216.73.216.223 - - [22/Jan/2026:07:42:33 -0500] "GET /page/140/?a=872839ffbja5 HTTP/1.1" 200 15420 "-" "Mozilla/5.0 AppleWebKit/537.36 (KHTML, like Gecko; compatible; ClaudeBot/1.0; +claudebot@anthropic.com)"
74.7.243.232 - - [22/Jan/2026:07:42:34 -0500] "GET /?a=2585160j8ja5f HTTP/1.1" 200 15262 "https://www.membuatwebsite.biz" "Mozilla/5.0 AppleWebKit/537.36 (KHTML, like Gecko; compatible; GPTBot/1.3; +https://openai.com/gptbot)"
66.249.65.40 - - [22/Jan/2026:07:42:34 -0500] "GET /?a=742374hg54be HTTP/1.1" 200 27478 "-" "Mozilla/5.0 (Linux; Android 6.0.1; Nexus 5X Build/MMB29P) AppleWebKit/537.36 (KHTML, like Gecko) Chrome/143.0.7499.192 Mobile Safari/537.36 (compatible; Googlebot/2.1; +http://www.google.com/bot.html)"
114.119.142.125 - - [22/Jan/2026:07:42:35 -0500] "GET /?a=1968438101ej3 HTTP/1.1" 200 15242 "https://membuatwebsite.biz/sitemap.xmlsitemap:https:/membuatwebsite.biz/sitemap-1.xml" "Mozilla/5.0 (Linux; Android 7.0;) AppleWebKit/537.36 (KHTML, like Gecko) Mobile Safari/537.36 (compatible; PetalBot;+https://webmaster.petalsearch.com/site/petalbot)"
74.7.227.31 - - [22/Jan/2026:07:42:36 -0500] "GET /?a=4071765fjfj05 HTTP/1.1" 301 - "https://www.membuatwebsite.biz/sitemap.xml" "Mozilla/5.0 AppleWebKit/537.36 (KHTML, like Gecko; compatible; GPTBot/1.3; +https://openai.com/gptbot)"
216.73.216.223 - - [22/Jan/2026:07:42:36 -0500] "GET /page/7/?a=2995235690d90 HTTP/1.1" 200 15268 "-" "Mozilla/5.0 AppleWebKit/537.36 (KHTML, like Gecko; compatible; ClaudeBot/1.0; +claudebot@anthropic.com)"
74.7.243.232 - - [22/Jan/2026:07:42:37 -0500] "GET /?a=229203721jcig HTTP/1.1" 200 15215 "https://www.membuatwebsite.biz" "Mozilla/5.0 AppleWebKit/537.36 (KHTML, like Gecko; compatible; GPTBot/1.3; +https://openai.com/gptbot)"
74.7.227.31 - - [22/Jan/2026:07:42:39 -0500] "GET /?a=1622980h29ijg HTTP/1.1" 301 - "https://www.membuatwebsite.biz/sitemap.xml" "Mozilla/5.0 AppleWebKit/537.36 (KHTML, like Gecko; compatible; GPTBot/1.3; +https://openai.com/gptbot)"
216.73.216.223 - - [22/Jan/2026:07:42:39 -0500] "GET /page/2/?a=1755742b206ef HTTP/1.1" 200 15507 "-" "Mozilla/5.0 AppleWebKit/537.36 (KHTML, like Gecko; compatible; ClaudeBot/1.0; +claudebot@anthropic.com)"
74.7.243.232 - - [22/Jan/2026:07:42:40 -0500] "GET /?a=4085484fgh3e5 HTTP/1.1" 200 15242 "https://www.membuatwebsite.biz" "Mozilla/5.0 AppleWebKit/537.36 (KHTML, like Gecko; compatible; GPTBot/1.3; +https://openai.com/gptbot)"
74.7.227.31 - - [22/Jan/2026:07:42:43 -0500] "GET /?a=133845615ific HTTP/1.1" 301 - "https://www.membuatwebsite.biz/sitemap.xml" "Mozilla/5.0 AppleWebKit/537.36 (KHTML, like Gecko; compatible; GPTBot/1.3; +https://openai.com/gptbot)"
66.249.73.65 - - [22/Jan/2026:07:42:43 -0500] "GET /?a=867759698ed HTTP/1.1" 200 26189 "-" "Mozilla/5.0 (Linux; Android 6.0.1; Nexus 5X Build/MMB29P) AppleWebKit/537.36 (KHTML, like Gecko) Chrome/143.0.7499.192 Mobile Safari/537.36 (compatible; Googlebot/2.1; +http://www.google.com/bot.html)"
74.7.243.232 - - [22/Jan/2026:07:42:43 -0500] "GET /?a=2662828d4fe1b HTTP/1.1" 200 15187 "https://www.membuatwebsite.biz" "Mozilla/5.0 AppleWebKit/537.36 (KHTML, like Gecko; compatible; GPTBot/1.3; +https://openai.com/gptbot)"
66.249.73.65 - - [22/Jan/2026:07:42:44 -0500] "GET /?a=1776909a435g0 HTTP/1.1" 200 27183 "-" "Mozilla/5.0 (Linux; Android 6.0.1; Nexus 5X Build/MMB29P) AppleWebKit/537.36 (KHTML, like Gecko) Chrome/143.0.7499.192 Mobile Safari/537.36 (compatible; Googlebot/2.1; +http://www.google.com/bot.html)"
216.73.216.223 - - [22/Jan/2026:07:42:44 -0500] "GET /page/4/?a=3598795f8e54c HTTP/1.1" 200 15232 "-" "Mozilla/5.0 AppleWebKit/537.36 (KHTML, like Gecko; compatible; ClaudeBot/1.0; +claudebot@anthropic.com)"
51.161.65.32 - - [22/Jan/2026:07:42:44 -0500] "GET /?a=426053686231e HTTP/1.1" 200 15215 "-" "Mozilla/5.0 (compatible; AhrefsBot/7.0; +http://ahrefs.com/robot/)"
40.77.167.62 - - [22/Jan/2026:07:42:45 -0500] "GET /shopdetail/2925224.phtml HTTP/1.1" 200 26379 "-" "Mozilla/5.0 AppleWebKit/537.36 (KHTML, like Gecko; compatible; bingbot/2.0; +http://www.bing.com/bingbot.htm) Chrome/116.0.1938.76 Safari/537.36"
68.65.122.212 - - [22/Jan/2026:07:42:46 -0500] "POST /wp-cron.php?doing_wp_cron=1769085766.7116920948028564453125 HTTP/1.1" 200 - "-" "WordPress/6.8.3; https://membuatwebsite.biz"
74.7.227.31 - - [22/Jan/2026:07:42:46 -0500] "GET /?a=15104285bidd4 HTTP/1.1" 301 - "https://www.membuatwebsite.biz/sitemap.xml" "Mozilla/5.0 AppleWebKit/537.36 (KHTML, like Gecko; compatible; GPTBot/1.3; +https://openai.com/gptbot)"
74.7.243.232 - - [22/Jan/2026:07:42:47 -0500] "GET /?a=4245714aj2bf6 HTTP/1.1" 200 15262 "https://www.membuatwebsite.biz" "Mozilla/5.0 AppleWebKit/537.36 (KHTML, like Gecko; compatible; GPTBot/1.3; +https://openai.com/gptbot)"
66.249.73.65 - - [22/Jan/2026:07:42:48 -0500] "GET /?a=4258336jj37hh HTTP/1.1" 200 28102 "-" "Mozilla/5.0 (Linux; Android 6.0.1; Nexus 5X Build/MMB29P) AppleWebKit/537.36 (KHTML, like Gecko) Chrome/143.0.7499.192 Mobile Safari/537.36 (compatible; Googlebot/2.1; +http://www.google.com/bot.html)"
66.249.73.65 - - [22/Jan/2026:07:42:49 -0500] "GET /?a=28966268a7j21 HTTP/1.1" 200 26133 "-" "Mozilla/5.0 (Linux; Android 6.0.1; Nexus 5X Build/MMB29P) AppleWebKit/537.36 (KHTML, like Gecko) Chrome/143.0.7499.192 Mobile Safari/537.36 (compatible; Googlebot/2.1; +http://www.google.com/bot.html)"
74.7.227.31 - - [22/Jan/2026:07:42:49 -0500] "GET /?a=3465135i94dci HTTP/1.1" 301 - "https://www.membuatwebsite.biz/sitemap.xml" "Mozilla/5.0 AppleWebKit/537.36 (KHTML, like Gecko; compatible; GPTBot/1.3; +https://openai.com/gptbot)"
74.7.243.232 - - [22/Jan/2026:07:42:50 -0500] "GET /?a=1224434j74gdc HTTP/1.1" 200 15188 "https://www.membuatwebsite.biz" "Mozilla/5.0 AppleWebKit/537.36 (KHTML, like Gecko; compatible; GPTBot/1.3; +https://openai.com/gptbot)"
74.7.227.31 - - [22/Jan/2026:07:42:52 -0500] "GET /?a=4098252j9aa3c HTTP/1.1" 301 - "https://www.membuatwebsite.biz/sitemap.xml" "Mozilla/5.0 AppleWebKit/537.36 (KHTML, like Gecko; compatible; GPTBot/1.3; +https://openai.com/gptbot)"
66.249.73.65 - - [22/Jan/2026:07:42:53 -0500] "GET /?a=2222251a76b9e HTTP/1.1" 200 26022 "-" "Mozilla/5.0 (Linux; Android 6.0.1; Nexus 5X Build/MMB29P) AppleWebKit/537.36 (KHTML, like Gecko) Chrome/143.0.7499.192 Mobile Safari/537.36 (compatible; Googlebot/2.1; +http://www.google.com/bot.html)"
74.7.243.232 - - [22/Jan/2026:07:42:53 -0500] "GET /?a=1560630hge61c HTTP/1.1" 200 15262 "https://www.membuatwebsite.biz" "Mozilla/5.0 AppleWebKit/537.36 (KHTML, like Gecko; compatible; GPTBot/1.3; +https://openai.com/gptbot)"
74.7.227.31 - - [22/Jan/2026:07:42:55 -0500] "GET /?a=151426822cbeh HTTP/1.1" 301 - "https://www.membuatwebsite.biz/sitemap.xml" "Mozilla/5.0 AppleWebKit/537.36 (KHTML, like Gecko; compatible; GPTBot/1.3; +https://openai.com/gptbot)"
74.7.243.232 - - [22/Jan/2026:07:42:56 -0500] "GET /?a=3992781f82cgf HTTP/1.1" 200 15188 "https://www.membuatwebsite.biz" "Mozilla/5.0 AppleWebKit/537.36 (KHTML, like Gecko; compatible; GPTBot/1.3; +https://openai.com/gptbot)"
216.73.216.223 - - [22/Jan/2026:07:42:58 -0500] "GET /page/6/?a=41995463e1752 HTTP/1.1" 200 15043 "-" "Mozilla/5.0 AppleWebKit/537.36 (KHTML, like Gecko; compatible; ClaudeBot/1.0; +claudebot@anthropic.com)"
74.7.227.31 - - [22/Jan/2026:07:42:58 -0500] "GET /?a=4419467cag47c HTTP/1.1" 301 - "https://www.membuatwebsite.biz/sitemap.xml" "Mozilla/5.0 AppleWebKit/537.36 (KHTML, like Gecko; compatible; GPTBot/1.3; +https://openai.com/gptbot)"
74.7.243.232 - - [22/Jan/2026:07:42:59 -0500] "GET /?a=2453433d6h7bb HTTP/1.1" 200 15215 "https://www.membuatwebsite.biz" "Mozilla/5.0 AppleWebKit/537.36 (KHTML, like Gecko; compatible; GPTBot/1.3; +https://openai.com/gptbot)"
216.73.216.223 - - [22/Jan/2026:07:43:01 -0500] "GET /page/142/?a=3411802aed0f1 HTTP/1.1" 200 15321 "-" "Mozilla/5.0 AppleWebKit/537.36 (KHTML, like Gecko; compatible; ClaudeBot/1.0; +claudebot@anthropic.com)"
74.7.227.31 - - [22/Jan/2026:07:43:02 -0500] "GET /?a=3603079jcf8a9 HTTP/1.1" 301 - "https://www.membuatwebsite.biz/sitemap.xml" "Mozilla/5.0 AppleWebKit/537.36 (KHTML, like Gecko; compatible; GPTBot/1.3; +https://openai.com/gptbot)"
66.249.65.41 - - [22/Jan/2026:07:43:02 -0500] "GET /?a=391073442bj8h HTTP/1.1" 200 26590 "-" "Mozilla/5.0 (Linux; Android 6.0.1; Nexus 5X Build/MMB29P) AppleWebKit/537.36 (KHTML, like Gecko) Chrome/143.0.7499.192 Mobile Safari/537.36 (compatible; Googlebot/2.1; +http://www.google.com/bot.html)"
66.249.73.66 - - [22/Jan/2026:07:43:02 -0500] "GET /?a=4103851iheefc HTTP/1.1" 200 28473 "-" "Mozilla/5.0 (Linux; Android 6.0.1; Nexus 5X Build/MMB29P) AppleWebKit/537.36 (KHTML, like Gecko) Chrome/143.0.7499.192 Mobile Safari/537.36 (compatible; Googlebot/2.1; +http://www.google.com/bot.html)"
74.7.243.232 - - [22/Jan/2026:07:43:02 -0500] "GET /?a=2827604jj52af HTTP/1.1" 200 15242 "https://www.membuatwebsite.biz" "Mozilla/5.0 AppleWebKit/537.36 (KHTML, like Gecko; compatible; GPTBot/1.3; +https://openai.com/gptbot)"
216.73.216.223 - - [22/Jan/2026:07:43:04 -0500] "GET /page/3/?a=180445j92ch0 HTTP/1.1" 200 15329 "-" "Mozilla/5.0 AppleWebKit/537.36 (KHTML, like Gecko; compatible; ClaudeBot/1.0; +claudebot@anthropic.com)"
74.7.227.31 - - [22/Jan/2026:07:43:05 -0500] "GET /?a=1420106ee4gg9 HTTP/1.1" 301 - "https://www.membuatwebsite.biz/sitemap.xml" "Mozilla/5.0 AppleWebKit/537.36 (KHTML, like Gecko; compatible; GPTBot/1.3; +https://openai.com/gptbot)"
74.7.243.232 - - [22/Jan/2026:07:43:05 -0500] "GET /?a=1242177b5dag3 HTTP/1.1" 200 15216 "https://www.membuatwebsite.biz" "Mozilla/5.0 AppleWebKit/537.36 (KHTML, like Gecko; compatible; GPTBot/1.3; +https://openai.com/gptbot)"
216.73.216.223 - - [22/Jan/2026:07:43:07 -0500] "GET /page/5/?a=159244f1c2ej HTTP/1.1" 200 15258 "-" "Mozilla/5.0 AppleWebKit/537.36 (KHTML, like Gecko; compatible; ClaudeBot/1.0; +claudebot@anthropic.com)"
74.7.227.31 - - [22/Jan/2026:07:43:08 -0500] "GET /?a=1902012e00ceh HTTP/1.1" 301 - "https://www.membuatwebsite.biz/sitemap.xml" "Mozilla/5.0 AppleWebKit/537.36 (KHTML, like Gecko; compatible; GPTBot/1.3; +https://openai.com/gptbot)"
74.7.243.232 - - [22/Jan/2026:07:43:09 -0500] "GET /?a=4071765fjfj05 HTTP/1.1" 200 15263 "https://www.membuatwebsite.biz" "Mozilla/5.0 AppleWebKit/537.36 (KHTML, like Gecko; compatible; GPTBot/1.3; +https://openai.com/gptbot)"
216.73.216.223 - - [22/Jan/2026:07:43:10 -0500] "GET /page/3/?a=1560338h484ca HTTP/1.1" 200 15385 "-" "Mozilla/5.0 AppleWebKit/537.36 (KHTML, like Gecko; compatible; ClaudeBot/1.0; +claudebot@anthropic.com)"
74.7.227.31 - - [22/Jan/2026:07:43:11 -0500] "GET /?a=1787284j4ag2g HTTP/1.1" 301 - "https://www.membuatwebsite.biz/sitemap.xml" "Mozilla/5.0 AppleWebKit/537.36 (KHTML, like Gecko; compatible; GPTBot/1.3; +https://openai.com/gptbot)"
74.7.243.232 - - [22/Jan/2026:07:43:12 -0500] "GET /?a=1622980h29ijg HTTP/1.1" 200 15187 "https://www.membuatwebsite.biz" "Mozilla/5.0 AppleWebKit/537.36 (KHTML, like Gecko; compatible; GPTBot/1.3; +https://openai.com/gptbot)"
216.73.216.223 - - [22/Jan/2026:07:43:13 -0500] "GET /page/6/?a=13513634d6b3f HTTP/1.1" 200 15043 "-" "Mozilla/5.0 AppleWebKit/537.36 (KHTML, like Gecko; compatible; ClaudeBot/1.0; +claudebot@anthropic.com)"
74.7.227.31 - - [22/Jan/2026:07:43:14 -0500] "GET /?a=2205228g39fhh HTTP/1.1" 301 - "https://www.membuatwebsite.biz/sitemap.xml" "Mozilla/5.0 AppleWebKit/537.36 (KHTML, like Gecko; compatible; GPTBot/1.3; +https://openai.com/gptbot)"
74.7.243.232 - - [22/Jan/2026:07:43:15 -0500] "GET /?a=133845615ific HTTP/1.1" 200 15188 "https://www.membuatwebsite.biz" "Mozilla/5.0 AppleWebKit/537.36 (KHTML, like Gecko; compatible; GPTBot/1.3; +https://openai.com/gptbot)"
216.73.216.223 - - [22/Jan/2026:07:43:16 -0500] "GET /page/2/?a=43129501e35bj HTTP/1.1" 200 15470 "-" "Mozilla/5.0 AppleWebKit/537.36 (KHTML, like Gecko; compatible; ClaudeBot/1.0; +claudebot@anthropic.com)"
66.249.73.65 - - [22/Jan/2026:07:43:16 -0500] "GET /?a=329996042382h HTTP/1.1" 200 29142 "-" "Mozilla/5.0 (Linux; Android 6.0.1; Nexus 5X Build/MMB29P) AppleWebKit/537.36 (KHTML, like Gecko) Chrome/143.0.7499.192 Mobile Safari/537.36 (compatible; Googlebot/2.1; +http://www.google.com/bot.html)"
66.249.73.65 - - [22/Jan/2026:07:43:16 -0500] "GET /?a=20402389160d5 HTTP/1.1" 200 28319 "-" "Mozilla/5.0 (Linux; Android 6.0.1; Nexus 5X Build/MMB29P) AppleWebKit/537.36 (KHTML, like Gecko) Chrome/143.0.7499.192 Mobile Safari/537.36 (compatible; Googlebot/2.1; +http://www.google.com/bot.html)"
66.249.73.65 - - [22/Jan/2026:07:43:17 -0500] "GET /?a=193578634h09i HTTP/1.1" 200 27041 "-" "Mozilla/5.0 (Linux; Android 6.0.1; Nexus 5X Build/MMB29P) AppleWebKit/537.36 (KHTML, like Gecko) Chrome/143.0.7499.192 Mobile Safari/537.36 (compatible; Googlebot/2.1; +http://www.google.com/bot.html)"
66.249.73.65 - - [22/Jan/2026:07:43:17 -0500] "GET /?a=588246cihaj3 HTTP/1.1" 200 27719 "-" "Mozilla/5.0 (Linux; Android 6.0.1; Nexus 5X Build/MMB29P) AppleWebKit/537.36 (KHTML, like Gecko) Chrome/143.0.7499.192 Mobile Safari/537.36 (compatible; Googlebot/2.1; +http://www.google.com/bot.html)"
74.7.227.31 - - [22/Jan/2026:07:43:17 -0500] "GET /?a=1961413i1j5ja HTTP/1.1" 301 - "https://www.membuatwebsite.biz/sitemap.xml" "Mozilla/5.0 AppleWebKit/537.36 (KHTML, like Gecko; compatible; GPTBot/1.3; +https://openai.com/gptbot)"
74.7.243.232 - - [22/Jan/2026:07:43:18 -0500] "GET /?a=15104285bidd4 HTTP/1.1" 200 15262 "https://www.membuatwebsite.biz" "Mozilla/5.0 AppleWebKit/537.36 (KHTML, like Gecko; compatible; GPTBot/1.3; +https://openai.com/gptbot)"
74.7.227.31 - - [22/Jan/2026:07:43:21 -0500] "GET /?a=2022429b31hbh HTTP/1.1" 301 - "https://www.membuatwebsite.biz/sitemap.xml" "Mozilla/5.0 AppleWebKit/537.36 (KHTML, like Gecko; compatible; GPTBot/1.3; +https://openai.com/gptbot)"
74.7.243.232 - - [22/Jan/2026:07:43:21 -0500] "GET /?a=3465135i94dci HTTP/1.1" 200 15216 "https://www.membuatwebsite.biz" "Mozilla/5.0 AppleWebKit/537.36 (KHTML, like Gecko; compatible; GPTBot/1.3; +https://openai.com/gptbot)"
216.73.216.223 - - [22/Jan/2026:07:43:23 -0500] "GET /page/9/?a=8282107d4ehb HTTP/1.1" 200 15276 "-" "Mozilla/5.0 AppleWebKit/537.36 (KHTML, like Gecko; compatible; ClaudeBot/1.0; +claudebot@anthropic.com)"
74.7.227.31 - - [22/Jan/2026:07:43:24 -0500] "GET /?a=2871844ic64gf HTTP/1.1" 301 - "https://www.membuatwebsite.biz/sitemap.xml" "Mozilla/5.0 AppleWebKit/537.36 (KHTML, like Gecko; compatible; GPTBot/1.3; +https://openai.com/gptbot)"
74.7.243.232 - - [22/Jan/2026:07:43:24 -0500] "GET /?a=4098252j9aa3c HTTP/1.1" 200 15242 "https://www.membuatwebsite.biz" "Mozilla/5.0 AppleWebKit/537.36 (KHTML, like Gecko; compatible; GPTBot/1.3; +https://openai.com/gptbot)"
66.249.73.65 - - [22/Jan/2026:07:43:25 -0500] "GET /?a=1951524hec143 HTTP/1.1" 200 26734 "-" "Mozilla/5.0 (Linux; Android 6.0.1; Nexus 5X Build/MMB29P) AppleWebKit/537.36 (KHTML, like Gecko) Chrome/143.0.7499.192 Mobile Safari/537.36 (compatible; Googlebot/2.1; +http://www.google.com/bot.html)"
2a03:2880:f80e:23:: - - [22/Jan/2026:07:43:26 -0500] "GET /shopdetail/769245934.phtml HTTP/1.1" 404 49663 "-" "meta-externalagent/1.1 (+https://developers.facebook.com/docs/sharing/webmasters/crawler)"
216.73.216.223 - - [22/Jan/2026:07:43:26 -0500] "GET /page/5/?a=2332680353246 HTTP/1.1" 200 15239 "-" "Mozilla/5.0 AppleWebKit/537.36 (KHTML, like Gecko; compatible; ClaudeBot/1.0; +claudebot@anthropic.com)"
74.7.227.31 - - [22/Jan/2026:07:43:27 -0500] "GET /?a=44106965afj0i HTTP/1.1" 301 - "https://www.membuatwebsite.biz/sitemap.xml" "Mozilla/5.0 AppleWebKit/537.36 (KHTML, like Gecko; compatible; GPTBot/1.3; +https://openai.com/gptbot)"
74.7.243.232 - - [22/Jan/2026:07:43:28 -0500] "GET /?a=151426822cbeh HTTP/1.1" 200 15262 "https://www.membuatwebsite.biz" "Mozilla/5.0 AppleWebKit/537.36 (KHTML, like Gecko; compatible; GPTBot/1.3; +https://openai.com/gptbot)"
216.73.216.223 - - [22/Jan/2026:07:43:29 -0500] "GET /page/3/?a=3575610b79gef HTTP/1.1" 200 15330 "-" "Mozilla/5.0 AppleWebKit/537.36 (KHTML, like Gecko; compatible; ClaudeBot/1.0; +claudebot@anthropic.com)"
74.7.227.31 - - [22/Jan/2026:07:43:30 -0500] "GET /?a=2191982hi00fb HTTP/1.1" 301 - "https://www.membuatwebsite.biz/sitemap.xml" "Mozilla/5.0 AppleWebKit/537.36 (KHTML, like Gecko; compatible; GPTBot/1.3; +https://openai.com/gptbot)"
74.7.243.232 - - [22/Jan/2026:07:43:31 -0500] "GET /?a=4419467cag47c HTTP/1.1" 200 15188 "https://www.membuatwebsite.biz" "Mozilla/5.0 AppleWebKit/537.36 (KHTML, like Gecko; compatible; GPTBot/1.3; +https://openai.com/gptbot)"
216.73.216.223 - - [22/Jan/2026:07:43:32 -0500] "GET /page/12/?a=4377156b6dfdd HTTP/1.1" 200 15256 "-" "Mozilla/5.0 AppleWebKit/537.36 (KHTML, like Gecko; compatible; ClaudeBot/1.0; +claudebot@anthropic.com)"
74.7.227.31 - - [22/Jan/2026:07:43:33 -0500] "GET /?a=2083095cbd3b5 HTTP/1.1" 301 - "https://www.membuatwebsite.biz/sitemap.xml" "Mozilla/5.0 AppleWebKit/537.36 (KHTML, like Gecko; compatible; GPTBot/1.3; +https://openai.com/gptbot)"
51.222.168.166 - - [22/Jan/2026:07:43:34 -0500] "GET /?a=42291038jj634 HTTP/1.1" 200 15216 "-" "Mozilla/5.0 (compatible; AhrefsBot/7.0; +http://ahrefs.com/robot/)"
74.7.243.232 - - [22/Jan/2026:07:43:34 -0500] "GET /?a=3603079jcf8a9 HTTP/1.1" 200 15262 "https://www.membuatwebsite.biz" "Mozilla/5.0 AppleWebKit/537.36 (KHTML, like Gecko; compatible; GPTBot/1.3; +https://openai.com/gptbot)"
66.249.73.65 - - [22/Jan/2026:07:43:35 -0500] "GET /?a=484610ha0e6f HTTP/1.1" 200 26323 "-" "Mozilla/5.0 (Linux; Android 6.0.1; Nexus 5X Build/MMB29P) AppleWebKit/537.36 (KHTML, like Gecko) Chrome/143.0.7499.192 Mobile Safari/537.36 (compatible; Googlebot/2.1; +http://www.google.com/bot.html)"
66.249.73.65 - - [22/Jan/2026:07:43:35 -0500] "GET /?a=4301913457h98 HTTP/1.1" 200 26352 "-" "Mozilla/5.0 (Linux; Android 6.0.1; Nexus 5X Build/MMB29P) AppleWebKit/537.36 (KHTML, like Gecko) Chrome/143.0.7499.192 Mobile Safari/537.36 (compatible; Googlebot/2.1; +http://www.google.com/bot.html)"
216.73.216.223 - - [22/Jan/2026:07:43:35 -0500] "GET /page/6/?a=3869966a1cd64 HTTP/1.1" 200 15061 "-" "Mozilla/5.0 AppleWebKit/537.36 (KHTML, like Gecko; compatible; ClaudeBot/1.0; +claudebot@anthropic.com)"
66.249.65.40 - - [22/Jan/2026:07:43:35 -0500] "GET /?a=1848587b28f8c HTTP/1.1" 200 26698 "-" "Mozilla/5.0 (Linux; Android 6.0.1; Nexus 5X Build/MMB29P) AppleWebKit/537.36 (KHTML, like Gecko) Chrome/143.0.7499.192 Mobile Safari/537.36 (compatible; Googlebot/2.1; +http://www.google.com/bot.html)"
66.249.73.65 - - [22/Jan/2026:07:43:36 -0500] "GET /?a=19903813e987g HTTP/1.1" 200 27052 "-" "Mozilla/5.0 (Linux; Android 6.0.1; Nexus 5X Build/MMB29P) AppleWebKit/537.36 (KHTML, like Gecko) Chrome/143.0.7499.192 Mobile Safari/537.36 (compatible; Googlebot/2.1; +http://www.google.com/bot.html)"
74.7.227.31 - - [22/Jan/2026:07:43:36 -0500] "GET /?a=1332979bc8c7e HTTP/1.1" 301 - "https://www.membuatwebsite.biz/sitemap.xml" "Mozilla/5.0 AppleWebKit/537.36 (KHTML, like Gecko; compatible; GPTBot/1.3; +https://openai.com/gptbot)"
74.7.243.232 - - [22/Jan/2026:07:43:37 -0500] "GET /?a=21083025hb1fh HTTP/1.1" 200 15242 "https://www.membuatwebsite.biz" "Mozilla/5.0 AppleWebKit/537.36 (KHTML, like Gecko; compatible; GPTBot/1.3; +https://openai.com/gptbot)"
216.73.216.223 - - [22/Jan/2026:07:43:38 -0500] "GET /page/2/?a=1549093acbdbg HTTP/1.1" 200 15496 "-" "Mozilla/5.0 AppleWebKit/537.36 (KHTML, like Gecko; compatible; ClaudeBot/1.0; +claudebot@anthropic.com)"
74.7.227.31 - - [22/Jan/2026:07:43:39 -0500] "GET /?a=16118812cg4ej HTTP/1.1" 301 - "https://www.membuatwebsite.biz/sitemap.xml" "Mozilla/5.0 AppleWebKit/537.36 (KHTML, like Gecko; compatible; GPTBot/1.3; +https://openai.com/gptbot)"
66.249.65.40 - - [22/Jan/2026:07:43:40 -0500] "GET /?a=407405b86686 HTTP/1.1" 200 27857 "-" "Mozilla/5.0 (Linux; Android 6.0.1; Nexus 5X Build/MMB29P) AppleWebKit/537.36 (KHTML, like Gecko) Chrome/143.0.7499.192 Mobile Safari/537.36 (compatible; Googlebot/2.1; +http://www.google.com/bot.html)"
74.7.243.232 - - [22/Jan/2026:07:43:40 -0500] "GET /?a=1902012e00ceh HTTP/1.1" 200 15186 "https://www.membuatwebsite.biz" "Mozilla/5.0 AppleWebKit/537.36 (KHTML, like Gecko; compatible; GPTBot/1.3; +https://openai.com/gptbot)"
216.73.216.223 - - [22/Jan/2026:07:43:41 -0500] "GET /page/18/?a=3295795echige HTTP/1.1" 200 15310 "-" "Mozilla/5.0 AppleWebKit/537.36 (KHTML, like Gecko; compatible; ClaudeBot/1.0; +claudebot@anthropic.com)"
74.7.227.31 - - [22/Jan/2026:07:43:42 -0500] "GET /?a=16202858ebjh2 HTTP/1.1" 301 - "https://www.membuatwebsite.biz/sitemap.xml" "Mozilla/5.0 AppleWebKit/537.36 (KHTML, like Gecko; compatible; GPTBot/1.3; +https://openai.com/gptbot)"
74.7.243.232 - - [22/Jan/2026:07:43:44 -0500] "GET /?a=1787284j4ag2g HTTP/1.1" 200 15262 "https://www.membuatwebsite.biz" "Mozilla/5.0 AppleWebKit/537.36 (KHTML, like Gecko; compatible; GPTBot/1.3; +https://openai.com/gptbot)"
216.73.216.223 - - [22/Jan/2026:07:43:44 -0500] "GET /page/12/?a=2203973bbeh27 HTTP/1.1" 200 15217 "-" "Mozilla/5.0 AppleWebKit/537.36 (KHTML, like Gecko; compatible; ClaudeBot/1.0; +claudebot@anthropic.com)"
66.249.65.40 - - [22/Jan/2026:07:43:45 -0500] "GET /?a=29905614j0dcd HTTP/1.1" 200 27003 "-" "Mozilla/5.0 (Linux; Android 6.0.1; Nexus 5X Build/MMB29P) AppleWebKit/537.36 (KHTML, like Gecko) Chrome/143.0.7499.192 Mobile Safari/537.36 (compatible; Googlebot/2.1; +http://www.google.com/bot.html)"
74.7.227.31 - - [22/Jan/2026:07:43:46 -0500] "GET /?a=16409676d2eie HTTP/1.1" 301 - "https://www.membuatwebsite.biz/sitemap.xml" "Mozilla/5.0 AppleWebKit/537.36 (KHTML, like Gecko; compatible; GPTBot/1.3; +https://openai.com/gptbot)"
74.7.243.232 - - [22/Jan/2026:07:43:47 -0500] "GET /?a=2205228g39fhh HTTP/1.1" 200 15188 "https://www.membuatwebsite.biz" "Mozilla/5.0 AppleWebKit/537.36 (KHTML, like Gecko; compatible; GPTBot/1.3; +https://openai.com/gptbot)"
74.7.227.31 - - [22/Jan/2026:07:43:49 -0500] "GET /?a=122611939fghi HTTP/1.1" 301 - "https://www.membuatwebsite.biz/sitemap.xml" "Mozilla/5.0 AppleWebKit/537.36 (KHTML, like Gecko; compatible; GPTBot/1.3; +https://openai.com/gptbot)"
