47.128.62.125 - - [22/Jan/2026:07:30:25 -0500] "GET /wp-content/uploads/2025/12/1-1-780x553.png HTTP/1.1" 304 - "https://membuatwebsite.biz/" "Mozilla/5.0 (Linux; Android 5.0) AppleWebKit/537.36 (KHTML, like Gecko) Mobile Safari/537.36 (compatible; Bytespider; spider-feedback@bytedance.com)"
47.128.62.125 - - [22/Jan/2026:07:30:25 -0500] "GET /wp-content/uploads/2025/12/1.png HTTP/1.1" 304 - "https://membuatwebsite.biz/" "Mozilla/5.0 (Linux; Android 5.0) AppleWebKit/537.36 (KHTML, like Gecko) Mobile Safari/537.36 (compatible; Bytespider; spider-feedback@bytedance.com)"
216.73.216.223 - - [22/Jan/2026:07:30:24 -0500] "GET /page/13/?a=22812798aah0f HTTP/1.1" 200 15400 "-" "Mozilla/5.0 AppleWebKit/537.36 (KHTML, like Gecko; compatible; ClaudeBot/1.0; +claudebot@anthropic.com)"
74.7.227.31 - - [22/Jan/2026:07:30:25 -0500] "GET /?a=3496192ah8igj HTTP/1.1" 301 - "https://www.membuatwebsite.biz/sitemap.xml" "Mozilla/5.0 AppleWebKit/537.36 (KHTML, like Gecko; compatible; GPTBot/1.3; +https://openai.com/gptbot)"
47.128.62.125 - - [22/Jan/2026:07:30:26 -0500] "GET /wp-content/uploads/2026/01/1.png HTTP/1.1" 304 - "https://membuatwebsite.biz/" "Mozilla/5.0 (Linux; Android 5.0) AppleWebKit/537.36 (KHTML, like Gecko) Mobile Safari/537.36 (compatible; Bytespider; spider-feedback@bytedance.com)"
74.7.243.232 - - [22/Jan/2026:07:30:26 -0500] "GET /?a=13749826hiega HTTP/1.1" 200 15262 "https://www.membuatwebsite.biz" "Mozilla/5.0 AppleWebKit/537.36 (KHTML, like Gecko; compatible; GPTBot/1.3; +https://openai.com/gptbot)"
216.73.216.223 - - [22/Jan/2026:07:30:27 -0500] "GET /page/3/?a=353880665a9i9 HTTP/1.1" 200 15330 "-" "Mozilla/5.0 AppleWebKit/537.36 (KHTML, like Gecko; compatible; ClaudeBot/1.0; +claudebot@anthropic.com)"
66.249.73.69 - - [22/Jan/2026:07:30:28 -0500] "GET /?a=6986688e2709 HTTP/1.1" 200 26673 "-" "Mozilla/5.0 (Linux; Android 6.0.1; Nexus 5X Build/MMB29P) AppleWebKit/537.36 (KHTML, like Gecko) Chrome/143.0.7499.192 Mobile Safari/537.36 (compatible; Googlebot/2.1; +http://www.google.com/bot.html)"
74.7.227.31 - - [22/Jan/2026:07:30:28 -0500] "GET /?a=3771205j2cidi HTTP/1.1" 301 - "https://www.membuatwebsite.biz/sitemap.xml" "Mozilla/5.0 AppleWebKit/537.36 (KHTML, like Gecko; compatible; GPTBot/1.3; +https://openai.com/gptbot)"
74.7.243.232 - - [22/Jan/2026:07:30:29 -0500] "GET /?a=2146083begj1i HTTP/1.1" 200 15187 "https://www.membuatwebsite.biz" "Mozilla/5.0 AppleWebKit/537.36 (KHTML, like Gecko; compatible; GPTBot/1.3; +https://openai.com/gptbot)"
216.73.216.223 - - [22/Jan/2026:07:30:30 -0500] "GET /page/2/?a=19754856b912c HTTP/1.1" 200 15532 "-" "Mozilla/5.0 AppleWebKit/537.36 (KHTML, like Gecko; compatible; ClaudeBot/1.0; +claudebot@anthropic.com)"
74.7.227.31 - - [22/Jan/2026:07:30:31 -0500] "GET /?a=1027782id4eji HTTP/1.1" 301 - "https://www.membuatwebsite.biz/sitemap.xml" "Mozilla/5.0 AppleWebKit/537.36 (KHTML, like Gecko; compatible; GPTBot/1.3; +https://openai.com/gptbot)"
74.7.243.232 - - [22/Jan/2026:07:30:32 -0500] "GET /?a=2745049gihf8e HTTP/1.1" 200 15262 "https://www.membuatwebsite.biz" "Mozilla/5.0 AppleWebKit/537.36 (KHTML, like Gecko; compatible; GPTBot/1.3; +https://openai.com/gptbot)"
66.249.73.69 - - [22/Jan/2026:07:30:33 -0500] "GET /?a=4107270ga5bh9 HTTP/1.1" 200 28906 "-" "Mozilla/5.0 (Linux; Android 6.0.1; Nexus 5X Build/MMB29P) AppleWebKit/537.36 (KHTML, like Gecko) Chrome/143.0.7499.192 Mobile Safari/537.36 (compatible; Googlebot/2.1; +http://www.google.com/bot.html)"
216.73.216.223 - - [22/Jan/2026:07:30:33 -0500] "GET /page/139/?a=528679dbi4f0 HTTP/1.1" 200 15478 "-" "Mozilla/5.0 AppleWebKit/537.36 (KHTML, like Gecko; compatible; ClaudeBot/1.0; +claudebot@anthropic.com)"
74.7.227.31 - - [22/Jan/2026:07:30:34 -0500] "GET /?a=3402190ihgif5 HTTP/1.1" 301 - "https://www.membuatwebsite.biz/sitemap.xml" "Mozilla/5.0 AppleWebKit/537.36 (KHTML, like Gecko; compatible; GPTBot/1.3; +https://openai.com/gptbot)"
74.7.243.232 - - [22/Jan/2026:07:30:35 -0500] "GET /?a=4168773ghhf5i HTTP/1.1" 200 15188 "https://www.membuatwebsite.biz" "Mozilla/5.0 AppleWebKit/537.36 (KHTML, like Gecko; compatible; GPTBot/1.3; +https://openai.com/gptbot)"
216.73.216.223 - - [22/Jan/2026:07:30:36 -0500] "GET /page/142/?a=3232727ee1aa6 HTTP/1.1" 200 15264 "-" "Mozilla/5.0 AppleWebKit/537.36 (KHTML, like Gecko; compatible; ClaudeBot/1.0; +claudebot@anthropic.com)"
74.7.227.31 - - [22/Jan/2026:07:30:38 -0500] "GET /?a=3991744bfde0d HTTP/1.1" 301 - "https://www.membuatwebsite.biz/sitemap.xml" "Mozilla/5.0 AppleWebKit/537.36 (KHTML, like Gecko; compatible; GPTBot/1.3; +https://openai.com/gptbot)"
66.249.73.68 - - [22/Jan/2026:07:30:38 -0500] "GET /?a=1024929j3a8ig HTTP/1.1" 200 27465 "-" "Mozilla/5.0 (Linux; Android 6.0.1; Nexus 5X Build/MMB29P) AppleWebKit/537.36 (KHTML, like Gecko) Chrome/143.0.7499.192 Mobile Safari/537.36 (compatible; Googlebot/2.1; +http://www.google.com/bot.html)"
74.7.243.232 - - [22/Jan/2026:07:30:38 -0500] "GET /?a=1663859b0gead HTTP/1.1" 200 15262 "https://www.membuatwebsite.biz" "Mozilla/5.0 AppleWebKit/537.36 (KHTML, like Gecko; compatible; GPTBot/1.3; +https://openai.com/gptbot)"
216.73.216.223 - - [22/Jan/2026:07:30:39 -0500] "GET /page/13/?a=349203652bf2j HTTP/1.1" 200 15348 "-" "Mozilla/5.0 AppleWebKit/537.36 (KHTML, like Gecko; compatible; ClaudeBot/1.0; +claudebot@anthropic.com)"
74.7.227.31 - - [22/Jan/2026:07:30:41 -0500] "GET /?a=4037392hb6iij HTTP/1.1" 301 - "https://www.membuatwebsite.biz/sitemap.xml" "Mozilla/5.0 AppleWebKit/537.36 (KHTML, like Gecko; compatible; GPTBot/1.3; +https://openai.com/gptbot)"
74.7.243.232 - - [22/Jan/2026:07:30:42 -0500] "GET /?a=1506748jjgij2 HTTP/1.1" 200 15188 "https://www.membuatwebsite.biz" "Mozilla/5.0 AppleWebKit/537.36 (KHTML, like Gecko; compatible; GPTBot/1.3; +https://openai.com/gptbot)"
216.73.216.223 - - [22/Jan/2026:07:30:42 -0500] "GET /page/4/?a=3782866c128bj HTTP/1.1" 200 15175 "-" "Mozilla/5.0 AppleWebKit/537.36 (KHTML, like Gecko; compatible; ClaudeBot/1.0; +claudebot@anthropic.com)"
74.7.227.31 - - [22/Jan/2026:07:30:44 -0500] "GET /?a=2080763bjc1gc HTTP/1.1" 301 - "https://www.membuatwebsite.biz/sitemap.xml" "Mozilla/5.0 AppleWebKit/537.36 (KHTML, like Gecko; compatible; GPTBot/1.3; +https://openai.com/gptbot)"
74.7.243.232 - - [22/Jan/2026:07:30:45 -0500] "GET /?a=34525991hbicg HTTP/1.1" 200 15215 "https://www.membuatwebsite.biz" "Mozilla/5.0 AppleWebKit/537.36 (KHTML, like Gecko; compatible; GPTBot/1.3; +https://openai.com/gptbot)"
40.77.167.30 - - [22/Jan/2026:07:30:45 -0500] "GET /?a=4513894ag1bg HTTP/1.1" 200 27411 "-" "Mozilla/5.0 AppleWebKit/537.36 (KHTML, like Gecko; compatible; bingbot/2.0; +http://www.bing.com/bingbot.htm) Chrome/116.0.1938.76 Safari/537.36"
216.73.216.223 - - [22/Jan/2026:07:30:45 -0500] "GET /page/135/?a=23019028j2b39 HTTP/1.1" 200 15846 "-" "Mozilla/5.0 AppleWebKit/537.36 (KHTML, like Gecko; compatible; ClaudeBot/1.0; +claudebot@anthropic.com)"
66.249.65.33 - - [22/Jan/2026:07:30:47 -0500] "GET /?a=1284698ih6579 HTTP/1.1" 200 27455 "-" "Mozilla/5.0 (Linux; Android 6.0.1; Nexus 5X Build/MMB29P) AppleWebKit/537.36 (KHTML, like Gecko) Chrome/143.0.7499.192 Mobile Safari/537.36 (compatible; Googlebot/2.1; +http://www.google.com/bot.html)"
74.7.227.31 - - [22/Jan/2026:07:30:47 -0500] "GET /?a=2527849cdbf7h HTTP/1.1" 301 - "https://www.membuatwebsite.biz/sitemap.xml" "Mozilla/5.0 AppleWebKit/537.36 (KHTML, like Gecko; compatible; GPTBot/1.3; +https://openai.com/gptbot)"
74.7.243.232 - - [22/Jan/2026:07:30:48 -0500] "GET /?a=38776579iebdg HTTP/1.1" 200 15242 "https://www.membuatwebsite.biz" "Mozilla/5.0 AppleWebKit/537.36 (KHTML, like Gecko; compatible; GPTBot/1.3; +https://openai.com/gptbot)"
216.73.216.223 - - [22/Jan/2026:07:30:48 -0500] "GET /page/5/?a=2027881065cf1 HTTP/1.1" 200 15265 "-" "Mozilla/5.0 AppleWebKit/537.36 (KHTML, like Gecko; compatible; ClaudeBot/1.0; +claudebot@anthropic.com)"
74.7.227.31 - - [22/Jan/2026:07:30:50 -0500] "GET /?a=2554031idbj8b HTTP/1.1" 301 - "https://www.membuatwebsite.biz/sitemap.xml" "Mozilla/5.0 AppleWebKit/537.36 (KHTML, like Gecko; compatible; GPTBot/1.3; +https://openai.com/gptbot)"
74.7.243.232 - - [22/Jan/2026:07:30:51 -0500] "GET /?a=2633842hbhi0g HTTP/1.1" 200 15262 "https://www.membuatwebsite.biz" "Mozilla/5.0 AppleWebKit/537.36 (KHTML, like Gecko; compatible; GPTBot/1.3; +https://openai.com/gptbot)"
216.73.216.223 - - [22/Jan/2026:07:30:51 -0500] "GET /page/137/?a=286045484b852 HTTP/1.1" 200 15090 "-" "Mozilla/5.0 AppleWebKit/537.36 (KHTML, like Gecko; compatible; ClaudeBot/1.0; +claudebot@anthropic.com)"
66.249.73.69 - - [22/Jan/2026:07:30:52 -0500] "GET /?a=341118942d40g HTTP/1.1" 200 27463 "-" "Mozilla/5.0 (Linux; Android 6.0.1; Nexus 5X Build/MMB29P) AppleWebKit/537.36 (KHTML, like Gecko) Chrome/143.0.7499.192 Mobile Safari/537.36 (compatible; Googlebot/2.1; +http://www.google.com/bot.html)"
66.249.73.70 - - [22/Jan/2026:07:30:52 -0500] "GET /?a=2067007c84fce HTTP/1.1" 200 26347 "-" "Mozilla/5.0 (Linux; Android 6.0.1; Nexus 5X Build/MMB29P) AppleWebKit/537.36 (KHTML, like Gecko) Chrome/143.0.7499.192 Mobile Safari/537.36 (compatible; Googlebot/2.1; +http://www.google.com/bot.html)"
74.7.227.31 - - [22/Jan/2026:07:30:54 -0500] "GET /?a=1658507a3jjgc HTTP/1.1" 301 - "https://www.membuatwebsite.biz/sitemap.xml" "Mozilla/5.0 AppleWebKit/537.36 (KHTML, like Gecko; compatible; GPTBot/1.3; +https://openai.com/gptbot)"
74.7.243.232 - - [22/Jan/2026:07:30:54 -0500] "GET /?a=4096134cg0ija HTTP/1.1" 200 15187 "https://www.membuatwebsite.biz" "Mozilla/5.0 AppleWebKit/537.36 (KHTML, like Gecko; compatible; GPTBot/1.3; +https://openai.com/gptbot)"
216.73.216.223 - - [22/Jan/2026:07:30:54 -0500] "GET /page/143/?a=19463563ii1id HTTP/1.1" 200 14934 "-" "Mozilla/5.0 AppleWebKit/537.36 (KHTML, like Gecko; compatible; ClaudeBot/1.0; +claudebot@anthropic.com)"
40.77.167.30 - - [22/Jan/2026:07:30:55 -0500] "GET /?a=124277ff7a65 HTTP/1.1" 200 27447 "-" "Mozilla/5.0 AppleWebKit/537.36 (KHTML, like Gecko; compatible; bingbot/2.0; +http://www.bing.com/bingbot.htm) Chrome/116.0.1938.76 Safari/537.36"
74.7.227.31 - - [22/Jan/2026:07:30:57 -0500] "GET /?a=1879790edhi0b HTTP/1.1" 301 - "https://www.membuatwebsite.biz/sitemap.xml" "Mozilla/5.0 AppleWebKit/537.36 (KHTML, like Gecko; compatible; GPTBot/1.3; +https://openai.com/gptbot)"
74.7.243.232 - - [22/Jan/2026:07:30:57 -0500] "GET /?a=3496192ah8igj HTTP/1.1" 200 15242 "https://www.membuatwebsite.biz" "Mozilla/5.0 AppleWebKit/537.36 (KHTML, like Gecko; compatible; GPTBot/1.3; +https://openai.com/gptbot)"
216.73.216.223 - - [22/Jan/2026:07:30:57 -0500] "GET /page/137/?a=905308d1e7fd HTTP/1.1" 200 15111 "-" "Mozilla/5.0 AppleWebKit/537.36 (KHTML, like Gecko; compatible; ClaudeBot/1.0; +claudebot@anthropic.com)"
74.7.227.31 - - [22/Jan/2026:07:31:00 -0500] "GET /?a=3145840debgc0 HTTP/1.1" 301 - "https://www.membuatwebsite.biz/sitemap.xml" "Mozilla/5.0 AppleWebKit/537.36 (KHTML, like Gecko; compatible; GPTBot/1.3; +https://openai.com/gptbot)"
216.73.216.223 - - [22/Jan/2026:07:31:00 -0500] "GET /page/7/?a=384588674066e HTTP/1.1" 200 15339 "-" "Mozilla/5.0 AppleWebKit/537.36 (KHTML, like Gecko; compatible; ClaudeBot/1.0; +claudebot@anthropic.com)"
74.7.243.232 - - [22/Jan/2026:07:31:00 -0500] "GET /?a=1221650gedj7b HTTP/1.1" 200 15216 "https://www.membuatwebsite.biz" "Mozilla/5.0 AppleWebKit/537.36 (KHTML, like Gecko; compatible; GPTBot/1.3; +https://openai.com/gptbot)"
74.7.227.31 - - [22/Jan/2026:07:31:03 -0500] "GET /?a=3961863e5bafg HTTP/1.1" 301 - "https://www.membuatwebsite.biz/sitemap.xml" "Mozilla/5.0 AppleWebKit/537.36 (KHTML, like Gecko; compatible; GPTBot/1.3; +https://openai.com/gptbot)"
216.73.216.223 - - [22/Jan/2026:07:31:03 -0500] "GET /page/142/?a=4175031d52gec HTTP/1.1" 200 15233 "-" "Mozilla/5.0 AppleWebKit/537.36 (KHTML, like Gecko; compatible; ClaudeBot/1.0; +claudebot@anthropic.com)"
74.7.243.232 - - [22/Jan/2026:07:31:04 -0500] "GET /?a=1027782id4eji HTTP/1.1" 200 15216 "https://www.membuatwebsite.biz" "Mozilla/5.0 AppleWebKit/537.36 (KHTML, like Gecko; compatible; GPTBot/1.3; +https://openai.com/gptbot)"
66.249.73.68 - - [22/Jan/2026:07:31:06 -0500] "GET /?a=1964323g89cg HTTP/1.1" 200 28326 "-" "Mozilla/5.0 (Linux; Android 6.0.1; Nexus 5X Build/MMB29P) AppleWebKit/537.36 (KHTML, like Gecko) Chrome/143.0.7499.192 Mobile Safari/537.36 (compatible; Googlebot/2.1; +http://www.google.com/bot.html)"
216.73.216.223 - - [22/Jan/2026:07:31:06 -0500] "GET /page/4/?a=302441558439b HTTP/1.1" 200 15147 "-" "Mozilla/5.0 AppleWebKit/537.36 (KHTML, like Gecko; compatible; ClaudeBot/1.0; +claudebot@anthropic.com)"
74.7.227.31 - - [22/Jan/2026:07:31:07 -0500] "GET /?a=1084371dhhg6f HTTP/1.1" 301 - "https://www.membuatwebsite.biz/sitemap.xml" "Mozilla/5.0 AppleWebKit/537.36 (KHTML, like Gecko; compatible; GPTBot/1.3; +https://openai.com/gptbot)"
74.7.243.232 - - [22/Jan/2026:07:31:07 -0500] "GET /?a=3402190ihgif5 HTTP/1.1" 200 15242 "https://www.membuatwebsite.biz" "Mozilla/5.0 AppleWebKit/537.36 (KHTML, like Gecko; compatible; GPTBot/1.3; +https://openai.com/gptbot)"
216.73.216.223 - - [22/Jan/2026:07:31:09 -0500] "GET /page/13/?a=34760079j3ch5 HTTP/1.1" 200 15369 "-" "Mozilla/5.0 AppleWebKit/537.36 (KHTML, like Gecko; compatible; ClaudeBot/1.0; +claudebot@anthropic.com)"
74.7.243.232 - - [22/Jan/2026:07:31:10 -0500] "GET /?a=3991744bfde0d HTTP/1.1" 200 15241 "https://www.membuatwebsite.biz" "Mozilla/5.0 AppleWebKit/537.36 (KHTML, like Gecko; compatible; GPTBot/1.3; +https://openai.com/gptbot)"
74.7.227.31 - - [22/Jan/2026:07:31:10 -0500] "GET /?a=36792023bihcc HTTP/1.1" 301 - "https://www.membuatwebsite.biz/sitemap.xml" "Mozilla/5.0 AppleWebKit/537.36 (KHTML, like Gecko; compatible; GPTBot/1.3; +https://openai.com/gptbot)"
66.249.73.70 - - [22/Jan/2026:07:31:11 -0500] "GET /?a=374259hb880d HTTP/1.1" 200 27051 "-" "Mozilla/5.0 (Linux; Android 6.0.1; Nexus 5X Build/MMB29P) AppleWebKit/537.36 (KHTML, like Gecko) Chrome/143.0.7499.192 Mobile Safari/537.36 (compatible; Googlebot/2.1; +http://www.google.com/bot.html)"
66.249.73.68 - - [22/Jan/2026:07:31:11 -0500] "GET /?a=25811046facg3 HTTP/1.1" 200 27259 "-" "Mozilla/5.0 (Linux; Android 6.0.1; Nexus 5X Build/MMB29P) AppleWebKit/537.36 (KHTML, like Gecko) Chrome/143.0.7499.192 Mobile Safari/537.36 (compatible; Googlebot/2.1; +http://www.google.com/bot.html)"
66.249.65.33 - - [22/Jan/2026:07:31:12 -0500] "GET /?a=2465145fe324g HTTP/1.1" 200 28433 "-" "Mozilla/5.0 (Linux; Android 6.0.1; Nexus 5X Build/MMB29P) AppleWebKit/537.36 (KHTML, like Gecko) Chrome/143.0.7499.192 Mobile Safari/537.36 (compatible; Googlebot/2.1; +http://www.google.com/bot.html)"
66.249.73.70 - - [22/Jan/2026:07:31:12 -0500] "GET /?a=19477825499c1 HTTP/1.1" 200 26055 "-" "Mozilla/5.0 (Linux; Android 6.0.1; Nexus 5X Build/MMB29P) AppleWebKit/537.36 (KHTML, like Gecko) Chrome/143.0.7499.192 Mobile Safari/537.36 (compatible; Googlebot/2.1; +http://www.google.com/bot.html)"
216.73.216.223 - - [22/Jan/2026:07:31:12 -0500] "GET /page/11/?a=2607372bf0i7f HTTP/1.1" 200 15301 "-" "Mozilla/5.0 AppleWebKit/537.36 (KHTML, like Gecko; compatible; ClaudeBot/1.0; +claudebot@anthropic.com)"
74.7.227.31 - - [22/Jan/2026:07:31:13 -0500] "GET /?a=3820109hg2eij HTTP/1.1" 301 - "https://www.membuatwebsite.biz/sitemap.xml" "Mozilla/5.0 AppleWebKit/537.36 (KHTML, like Gecko; compatible; GPTBot/1.3; +https://openai.com/gptbot)"
74.7.243.232 - - [22/Jan/2026:07:31:13 -0500] "GET /?a=4037392hb6iij HTTP/1.1" 200 15242 "https://www.membuatwebsite.biz" "Mozilla/5.0 AppleWebKit/537.36 (KHTML, like Gecko; compatible; GPTBot/1.3; +https://openai.com/gptbot)"
74.7.227.31 - - [22/Jan/2026:07:31:16 -0500] "GET /?a=3352870fgbe3d HTTP/1.1" 301 - "https://www.membuatwebsite.biz/sitemap.xml" "Mozilla/5.0 AppleWebKit/537.36 (KHTML, like Gecko; compatible; GPTBot/1.3; +https://openai.com/gptbot)"
216.73.216.223 - - [22/Jan/2026:07:31:16 -0500] "GET /page/12/?a=15797782d1ahe HTTP/1.1" 200 15314 "-" "Mozilla/5.0 AppleWebKit/537.36 (KHTML, like Gecko; compatible; ClaudeBot/1.0; +claudebot@anthropic.com)"
74.7.243.232 - - [22/Jan/2026:07:31:16 -0500] "GET /?a=2080763bjc1gc HTTP/1.1" 200 15263 "https://www.membuatwebsite.biz" "Mozilla/5.0 AppleWebKit/537.36 (KHTML, like Gecko; compatible; GPTBot/1.3; +https://openai.com/gptbot)"
216.73.216.223 - - [22/Jan/2026:07:31:19 -0500] "GET /page/143/?a=9029092c5666 HTTP/1.1" 200 14954 "-" "Mozilla/5.0 AppleWebKit/537.36 (KHTML, like Gecko; compatible; ClaudeBot/1.0; +claudebot@anthropic.com)"
74.7.227.31 - - [22/Jan/2026:07:31:19 -0500] "GET /?a=3864207bfad4f HTTP/1.1" 301 - "https://www.membuatwebsite.biz/sitemap.xml" "Mozilla/5.0 AppleWebKit/537.36 (KHTML, like Gecko; compatible; GPTBot/1.3; +https://openai.com/gptbot)"
74.7.243.232 - - [22/Jan/2026:07:31:19 -0500] "GET /?a=2527849cdbf7h HTTP/1.1" 200 15216 "https://www.membuatwebsite.biz" "Mozilla/5.0 AppleWebKit/537.36 (KHTML, like Gecko; compatible; GPTBot/1.3; +https://openai.com/gptbot)"
54.39.203.221 - - [22/Jan/2026:07:31:22 -0500] "GET /?a=6970543e28i7 HTTP/1.1" 200 15186 "-" "Mozilla/5.0 (compatible; AhrefsBot/7.0; +http://ahrefs.com/robot/)"
216.73.216.223 - - [22/Jan/2026:07:31:22 -0500] "GET /page/142/?a=429167dfbg3i HTTP/1.1" 200 15320 "-" "Mozilla/5.0 AppleWebKit/537.36 (KHTML, like Gecko; compatible; ClaudeBot/1.0; +claudebot@anthropic.com)"
74.7.243.232 - - [22/Jan/2026:07:31:22 -0500] "GET /?a=3771205j2cidi HTTP/1.1" 200 15262 "https://www.membuatwebsite.biz" "Mozilla/5.0 AppleWebKit/537.36 (KHTML, like Gecko; compatible; GPTBot/1.3; +https://openai.com/gptbot)"
74.7.227.31 - - [22/Jan/2026:07:31:22 -0500] "GET /?a=1785919id4hbg HTTP/1.1" 301 - "https://www.membuatwebsite.biz/sitemap.xml" "Mozilla/5.0 AppleWebKit/537.36 (KHTML, like Gecko; compatible; GPTBot/1.3; +https://openai.com/gptbot)"
216.73.216.223 - - [22/Jan/2026:07:31:25 -0500] "GET /page/10/?a=502660e9ddge HTTP/1.1" 200 15388 "-" "Mozilla/5.0 AppleWebKit/537.36 (KHTML, like Gecko; compatible; ClaudeBot/1.0; +claudebot@anthropic.com)"
74.7.227.31 - - [22/Jan/2026:07:31:25 -0500] "GET /?a=14480687ifeid HTTP/1.1" 301 - "https://www.membuatwebsite.biz/sitemap.xml" "Mozilla/5.0 AppleWebKit/537.36 (KHTML, like Gecko; compatible; GPTBot/1.3; +https://openai.com/gptbot)"
74.7.243.232 - - [22/Jan/2026:07:31:25 -0500] "GET /?a=1658507a3jjgc HTTP/1.1" 200 15188 "https://www.membuatwebsite.biz" "Mozilla/5.0 AppleWebKit/537.36 (KHTML, like Gecko; compatible; GPTBot/1.3; +https://openai.com/gptbot)"
66.249.73.68 - - [22/Jan/2026:07:31:26 -0500] "GET /?a=2796897b287a9 HTTP/1.1" 200 27698 "-" "Mozilla/5.0 (Linux; Android 6.0.1; Nexus 5X Build/MMB29P) AppleWebKit/537.36 (KHTML, like Gecko) Chrome/143.0.7499.192 Mobile Safari/537.36 (compatible; Googlebot/2.1; +http://www.google.com/bot.html)"
114.119.155.13 - - [22/Jan/2026:07:31:25 -0500] "GET /?a=2008146hd8ffc HTTP/1.1" 200 15188 "https://membuatwebsite.biz/sitemap.xmlsitemap:https:/membuatwebsite.biz/sitemap-1.xml" "Mozilla/5.0 (Linux; Android 7.0;) AppleWebKit/537.36 (KHTML, like Gecko) Mobile Safari/537.36 (compatible; PetalBot;+https://webmaster.petalsearch.com/site/petalbot)"
66.249.73.69 - - [22/Jan/2026:07:31:26 -0500] "GET /?a=2723151icbi21 HTTP/1.1" 200 26665 "-" "Mozilla/5.0 (Linux; Android 6.0.1; Nexus 5X Build/MMB29P) AppleWebKit/537.36 (KHTML, like Gecko) Chrome/143.0.7499.192 Mobile Safari/537.36 (compatible; Googlebot/2.1; +http://www.google.com/bot.html)"
66.249.73.68 - - [22/Jan/2026:07:31:26 -0500] "GET /?a=4359865ec1h53 HTTP/1.1" 200 26390 "-" "Mozilla/5.0 (Linux; Android 6.0.1; Nexus 5X Build/MMB29P) AppleWebKit/537.36 (KHTML, like Gecko) Chrome/143.0.7499.192 Mobile Safari/537.36 (compatible; Googlebot/2.1; +http://www.google.com/bot.html)"
216.73.216.223 - - [22/Jan/2026:07:31:28 -0500] "GET /page/8/?a=158342930jfb0 HTTP/1.1" 200 15487 "-" "Mozilla/5.0 AppleWebKit/537.36 (KHTML, like Gecko; compatible; ClaudeBot/1.0; +claudebot@anthropic.com)"
74.7.227.31 - - [22/Jan/2026:07:31:29 -0500] "GET /?a=2037106fia4jg HTTP/1.1" 301 - "https://www.membuatwebsite.biz/sitemap.xml" "Mozilla/5.0 AppleWebKit/537.36 (KHTML, like Gecko; compatible; GPTBot/1.3; +https://openai.com/gptbot)"
74.7.243.232 - - [22/Jan/2026:07:31:29 -0500] "GET /?a=1879790edhi0b HTTP/1.1" 200 15242 "https://www.membuatwebsite.biz" "Mozilla/5.0 AppleWebKit/537.36 (KHTML, like Gecko; compatible; GPTBot/1.3; +https://openai.com/gptbot)"
66.249.65.46 - - [22/Jan/2026:07:31:29 -0500] "GET /?a=20850847a0656 HTTP/1.1" 200 25930 "-" "Mozilla/5.0 (Linux; Android 6.0.1; Nexus 5X Build/MMB29P) AppleWebKit/537.36 (KHTML, like Gecko) Chrome/143.0.7499.192 Mobile Safari/537.36 (compatible; Googlebot/2.1; +http://www.google.com/bot.html)"
216.73.216.223 - - [22/Jan/2026:07:31:31 -0500] "GET /page/2/?a=15132381j79ae HTTP/1.1" 200 15531 "-" "Mozilla/5.0 AppleWebKit/537.36 (KHTML, like Gecko; compatible; ClaudeBot/1.0; +claudebot@anthropic.com)"
74.7.227.31 - - [22/Jan/2026:07:31:32 -0500] "GET /?a=1963803bi7jee HTTP/1.1" 301 - "https://www.membuatwebsite.biz/sitemap.xml" "Mozilla/5.0 AppleWebKit/537.36 (KHTML, like Gecko; compatible; GPTBot/1.3; +https://openai.com/gptbot)"
74.7.243.232 - - [22/Jan/2026:07:31:32 -0500] "GET /?a=3145840debgc0 HTTP/1.1" 200 15187 "https://www.membuatwebsite.biz" "Mozilla/5.0 AppleWebKit/537.36 (KHTML, like Gecko; compatible; GPTBot/1.3; +https://openai.com/gptbot)"
216.73.216.223 - - [22/Jan/2026:07:31:34 -0500] "GET /page/8/?a=3417122j0780d HTTP/1.1" 200 15454 "-" "Mozilla/5.0 AppleWebKit/537.36 (KHTML, like Gecko; compatible; ClaudeBot/1.0; +claudebot@anthropic.com)"
74.7.227.31 - - [22/Jan/2026:07:31:35 -0500] "GET /?a=4159564ejida2 HTTP/1.1" 301 - "https://www.membuatwebsite.biz/sitemap.xml" "Mozilla/5.0 AppleWebKit/537.36 (KHTML, like Gecko; compatible; GPTBot/1.3; +https://openai.com/gptbot)"
74.7.243.232 - - [22/Jan/2026:07:31:35 -0500] "GET /?a=3961863e5bafg HTTP/1.1" 200 15215 "https://www.membuatwebsite.biz" "Mozilla/5.0 AppleWebKit/537.36 (KHTML, like Gecko; compatible; GPTBot/1.3; +https://openai.com/gptbot)"
66.249.65.32 - - [22/Jan/2026:07:31:35 -0500] "GET /?a=413767008iaf8 HTTP/1.1" 200 28313 "-" "Mozilla/5.0 (Linux; Android 6.0.1; Nexus 5X Build/MMB29P) AppleWebKit/537.36 (KHTML, like Gecko) Chrome/143.0.7499.192 Mobile Safari/537.36 (compatible; Googlebot/2.1; +http://www.google.com/bot.html)"
216.73.216.223 - - [22/Jan/2026:07:31:37 -0500] "GET /page/6/?a=93956929c14b HTTP/1.1" 200 15121 "-" "Mozilla/5.0 AppleWebKit/537.36 (KHTML, like Gecko; compatible; ClaudeBot/1.0; +claudebot@anthropic.com)"
74.7.227.31 - - [22/Jan/2026:07:31:38 -0500] "GET /?a=1286373bjjdd9 HTTP/1.1" 301 - "https://www.membuatwebsite.biz/sitemap.xml" "Mozilla/5.0 AppleWebKit/537.36 (KHTML, like Gecko; compatible; GPTBot/1.3; +https://openai.com/gptbot)"
74.7.243.232 - - [22/Jan/2026:07:31:38 -0500] "GET /?a=1084371dhhg6f HTTP/1.1" 200 15216 "https://www.membuatwebsite.biz" "Mozilla/5.0 AppleWebKit/537.36 (KHTML, like Gecko; compatible; GPTBot/1.3; +https://openai.com/gptbot)"
66.249.73.69 - - [22/Jan/2026:07:31:40 -0500] "GET /?a=1437701391e6f HTTP/1.1" 200 25880 "-" "Mozilla/5.0 (Linux; Android 6.0.1; Nexus 5X Build/MMB29P) AppleWebKit/537.36 (KHTML, like Gecko) Chrome/143.0.7499.192 Mobile Safari/537.36 (compatible; Googlebot/2.1; +http://www.google.com/bot.html)"
216.73.216.223 - - [22/Jan/2026:07:31:40 -0500] "GET /page/9/?a=1715586cf5g0e HTTP/1.1" 200 15278 "-" "Mozilla/5.0 AppleWebKit/537.36 (KHTML, like Gecko; compatible; ClaudeBot/1.0; +claudebot@anthropic.com)"
74.7.227.31 - - [22/Jan/2026:07:31:41 -0500] "GET /?a=1950369e4dabj HTTP/1.1" 301 - "https://www.membuatwebsite.biz/sitemap.xml" "Mozilla/5.0 AppleWebKit/537.36 (KHTML, like Gecko; compatible; GPTBot/1.3; +https://openai.com/gptbot)"
74.7.243.232 - - [22/Jan/2026:07:31:41 -0500] "GET /?a=1229580b5jcbd HTTP/1.1" 200 15216 "https://www.membuatwebsite.biz" "Mozilla/5.0 AppleWebKit/537.36 (KHTML, like Gecko; compatible; GPTBot/1.3; +https://openai.com/gptbot)"
216.73.216.223 - - [22/Jan/2026:07:31:43 -0500] "GET /page/143/?a=1065523af7c8 HTTP/1.1" 200 14954 "-" "Mozilla/5.0 AppleWebKit/537.36 (KHTML, like Gecko; compatible; ClaudeBot/1.0; +claudebot@anthropic.com)"
74.7.227.31 - - [22/Jan/2026:07:31:44 -0500] "GET /?a=2596419j82fh HTTP/1.1" 301 - "https://www.membuatwebsite.biz/sitemap.xml" "Mozilla/5.0 AppleWebKit/537.36 (KHTML, like Gecko; compatible; GPTBot/1.3; +https://openai.com/gptbot)"
74.7.243.232 - - [22/Jan/2026:07:31:44 -0500] "GET /?a=36792023bihcc HTTP/1.1" 200 15242 "https://www.membuatwebsite.biz" "Mozilla/5.0 AppleWebKit/537.36 (KHTML, like Gecko; compatible; GPTBot/1.3; +https://openai.com/gptbot)"
40.77.167.42 - - [22/Jan/2026:07:31:45 -0500] "GET /?a=590523i5gjb1 HTTP/1.1" 200 26086 "-" "Mozilla/5.0 AppleWebKit/537.36 (KHTML, like Gecko; compatible; bingbot/2.0; +http://www.bing.com/bingbot.htm) Chrome/116.0.1938.76 Safari/537.36"
66.249.73.70 - - [22/Jan/2026:07:31:45 -0500] "GET /?a=28700578h51a HTTP/1.1" 200 29017 "-" "Mozilla/5.0 (Linux; Android 6.0.1; Nexus 5X Build/MMB29P) AppleWebKit/537.36 (KHTML, like Gecko) Chrome/143.0.7499.192 Mobile Safari/537.36 (compatible; Googlebot/2.1; +http://www.google.com/bot.html)"
216.73.216.223 - - [22/Jan/2026:07:31:46 -0500] "GET /page/141/?a=439578fa6327 HTTP/1.1" 200 15276 "-" "Mozilla/5.0 AppleWebKit/537.36 (KHTML, like Gecko; compatible; ClaudeBot/1.0; +claudebot@anthropic.com)"
74.7.227.31 - - [22/Jan/2026:07:31:47 -0500] "GET /?a=679419240ejg HTTP/1.1" 301 - "https://www.membuatwebsite.biz/sitemap.xml" "Mozilla/5.0 AppleWebKit/537.36 (KHTML, like Gecko; compatible; GPTBot/1.3; +https://openai.com/gptbot)"
74.7.243.232 - - [22/Jan/2026:07:31:48 -0500] "GET /?a=3352870fgbe3d HTTP/1.1" 200 15215 "https://www.membuatwebsite.biz" "Mozilla/5.0 AppleWebKit/537.36 (KHTML, like Gecko; compatible; GPTBot/1.3; +https://openai.com/gptbot)"
216.73.216.223 - - [22/Jan/2026:07:31:49 -0500] "GET /page/134/?a=1789066ja1cff HTTP/1.1" 200 15788 "-" "Mozilla/5.0 AppleWebKit/537.36 (KHTML, like Gecko; compatible; ClaudeBot/1.0; +claudebot@anthropic.com)"
66.249.73.69 - - [22/Jan/2026:07:31:50 -0500] "GET /?a=33548212af0ij HTTP/1.1" 200 26809 "-" "Mozilla/5.0 (Linux; Android 6.0.1; Nexus 5X Build/MMB29P) AppleWebKit/537.36 (KHTML, like Gecko) Chrome/143.0.7499.192 Mobile Safari/537.36 (compatible; Googlebot/2.1; +http://www.google.com/bot.html)"
66.249.65.46 - - [22/Jan/2026:07:31:50 -0500] "GET /?a=39996354j2if2 HTTP/1.1" 200 27185 "-" "Mozilla/5.0 (Linux; Android 6.0.1; Nexus 5X Build/MMB29P) AppleWebKit/537.36 (KHTML, like Gecko) Chrome/143.0.7499.192 Mobile Safari/537.36 (compatible; Googlebot/2.1; +http://www.google.com/bot.html)"
66.249.73.69 - - [22/Jan/2026:07:31:50 -0500] "GET /?a=1850837ag4agf HTTP/1.1" 200 27449 "-" "Mozilla/5.0 (Linux; Android 6.0.1; Nexus 5X Build/MMB29P) AppleWebKit/537.36 (KHTML, like Gecko) Chrome/143.0.7499.192 Mobile Safari/537.36 (compatible; Googlebot/2.1; +http://www.google.com/bot.html)"
74.7.243.232 - - [22/Jan/2026:07:31:51 -0500] "GET /?a=3820109hg2eij HTTP/1.1" 200 15187 "https://www.membuatwebsite.biz" "Mozilla/5.0 AppleWebKit/537.36 (KHTML, like Gecko; compatible; GPTBot/1.3; +https://openai.com/gptbot)"
74.7.227.31 - - [22/Jan/2026:07:31:51 -0500] "GET /?a=477618d93eb3 HTTP/1.1" 301 - "https://www.membuatwebsite.biz/sitemap.xml" "Mozilla/5.0 AppleWebKit/537.36 (KHTML, like Gecko; compatible; GPTBot/1.3; +https://openai.com/gptbot)"
216.73.216.223 - - [22/Jan/2026:07:31:52 -0500] "GET /page/143/?a=313117005bjeb HTTP/1.1" 200 15006 "-" "Mozilla/5.0 AppleWebKit/537.36 (KHTML, like Gecko; compatible; ClaudeBot/1.0; +claudebot@anthropic.com)"
74.7.227.31 - - [22/Jan/2026:07:31:54 -0500] "GET /?a=9273446ib25d HTTP/1.1" 301 - "https://www.membuatwebsite.biz/sitemap.xml" "Mozilla/5.0 AppleWebKit/537.36 (KHTML, like Gecko; compatible; GPTBot/1.3; +https://openai.com/gptbot)"
74.7.243.232 - - [22/Jan/2026:07:31:54 -0500] "GET /?a=3864207bfad4f HTTP/1.1" 200 15262 "https://www.membuatwebsite.biz" "Mozilla/5.0 AppleWebKit/537.36 (KHTML, like Gecko; compatible; GPTBot/1.3; +https://openai.com/gptbot)"
216.73.216.223 - - [22/Jan/2026:07:31:55 -0500] "GET /page/134/?a=12901179a7539 HTTP/1.1" 200 15848 "-" "Mozilla/5.0 AppleWebKit/537.36 (KHTML, like Gecko; compatible; ClaudeBot/1.0; +claudebot@anthropic.com)"
74.7.227.31 - - [22/Jan/2026:07:31:57 -0500] "GET /?a=804402cd15g7 HTTP/1.1" 301 - "https://www.membuatwebsite.biz/sitemap.xml" "Mozilla/5.0 AppleWebKit/537.36 (KHTML, like Gecko; compatible; GPTBot/1.3; +https://openai.com/gptbot)"
74.7.243.232 - - [22/Jan/2026:07:31:57 -0500] "GET /?a=1785919id4hbg HTTP/1.1" 200 15215 "https://www.membuatwebsite.biz" "Mozilla/5.0 AppleWebKit/537.36 (KHTML, like Gecko; compatible; GPTBot/1.3; +https://openai.com/gptbot)"
216.73.216.223 - - [22/Jan/2026:07:31:58 -0500] "GET /page/144/?a=3003699d23c7a HTTP/1.1" 200 13125 "-" "Mozilla/5.0 AppleWebKit/537.36 (KHTML, like Gecko; compatible; ClaudeBot/1.0; +claudebot@anthropic.com)"
66.249.73.69 - - [22/Jan/2026:07:31:59 -0500] "GET /?a=1902832deb6hj HTTP/1.1" 200 27021 "-" "Mozilla/5.0 (Linux; Android 6.0.1; Nexus 5X Build/MMB29P) AppleWebKit/537.36 (KHTML, like Gecko) Chrome/143.0.7499.192 Mobile Safari/537.36 (compatible; Googlebot/2.1; +http://www.google.com/bot.html)"
74.7.243.232 - - [22/Jan/2026:07:32:00 -0500] "GET /?a=2037106fia4jg HTTP/1.1" 200 15261 "https://www.membuatwebsite.biz" "Mozilla/5.0 AppleWebKit/537.36 (KHTML, like Gecko; compatible; GPTBot/1.3; +https://openai.com/gptbot)"
74.7.227.31 - - [22/Jan/2026:07:32:00 -0500] "GET /?a=824355e41hi7 HTTP/1.1" 301 - "https://www.membuatwebsite.biz/sitemap.xml" "Mozilla/5.0 AppleWebKit/537.36 (KHTML, like Gecko; compatible; GPTBot/1.3; +https://openai.com/gptbot)"
216.73.216.223 - - [22/Jan/2026:07:32:01 -0500] "GET /page/134/?a=1851366cdd03f HTTP/1.1" 200 15848 "-" "Mozilla/5.0 AppleWebKit/537.36 (KHTML, like Gecko; compatible; ClaudeBot/1.0; +claudebot@anthropic.com)"
74.7.227.31 - - [22/Jan/2026:07:32:03 -0500] "GET /?a=502682ijg918 HTTP/1.1" 301 - "https://www.membuatwebsite.biz/sitemap.xml" "Mozilla/5.0 AppleWebKit/537.36 (KHTML, like Gecko; compatible; GPTBot/1.3; +https://openai.com/gptbot)"
74.7.243.232 - - [22/Jan/2026:07:32:03 -0500] "GET /?a=1963803bi7jee HTTP/1.1" 200 15262 "https://www.membuatwebsite.biz" "Mozilla/5.0 AppleWebKit/537.36 (KHTML, like Gecko; compatible; GPTBot/1.3; +https://openai.com/gptbot)"
66.249.73.69 - - [22/Jan/2026:07:32:04 -0500] "GET /?a=19493635g1cff HTTP/1.1" 200 26218 "-" "Mozilla/5.0 (Linux; Android 6.0.1; Nexus 5X Build/MMB29P) AppleWebKit/537.36 (KHTML, like Gecko) Chrome/143.0.7499.192 Mobile Safari/537.36 (compatible; Googlebot/2.1; +http://www.google.com/bot.html)"
216.73.216.223 - - [22/Jan/2026:07:32:04 -0500] "GET /page/10/?a=1352862bd2h78 HTTP/1.1" 200 15390 "-" "Mozilla/5.0 AppleWebKit/537.36 (KHTML, like Gecko; compatible; ClaudeBot/1.0; +claudebot@anthropic.com)"
74.7.227.31 - - [22/Jan/2026:07:32:07 -0500] "GET /?a=35272142ieebb HTTP/1.1" 301 - "https://www.membuatwebsite.biz/sitemap.xml" "Mozilla/5.0 AppleWebKit/537.36 (KHTML, like Gecko; compatible; GPTBot/1.3; +https://openai.com/gptbot)"
74.7.243.232 - - [22/Jan/2026:07:32:07 -0500] "GET /?a=4159564ejida2 HTTP/1.1" 200 15187 "https://www.membuatwebsite.biz" "Mozilla/5.0 AppleWebKit/537.36 (KHTML, like Gecko; compatible; GPTBot/1.3; +https://openai.com/gptbot)"
216.73.216.223 - - [22/Jan/2026:07:32:07 -0500] "GET /page/6/?a=2634304586446 HTTP/1.1" 200 15062 "-" "Mozilla/5.0 AppleWebKit/537.36 (KHTML, like Gecko; compatible; ClaudeBot/1.0; +claudebot@anthropic.com)"
74.7.243.232 - - [22/Jan/2026:07:32:10 -0500] "GET /?a=14480687ifeid HTTP/1.1" 200 15241 "https://www.membuatwebsite.biz" "Mozilla/5.0 AppleWebKit/537.36 (KHTML, like Gecko; compatible; GPTBot/1.3; +https://openai.com/gptbot)"
74.7.227.31 - - [22/Jan/2026:07:32:10 -0500] "GET /?a=24122952hajhj HTTP/1.1" 301 - "https://www.membuatwebsite.biz/sitemap.xml" "Mozilla/5.0 AppleWebKit/537.36 (KHTML, like Gecko; compatible; GPTBot/1.3; +https://openai.com/gptbot)"
216.73.216.223 - - [22/Jan/2026:07:32:10 -0500] "GET /page/134/?a=1894119d7bg9b HTTP/1.1" 200 15788 "-" "Mozilla/5.0 AppleWebKit/537.36 (KHTML, like Gecko; compatible; ClaudeBot/1.0; +claudebot@anthropic.com)"
74.7.227.31 - - [22/Jan/2026:07:32:13 -0500] "GET /?a=1158503acibj0 HTTP/1.1" 301 - "https://www.membuatwebsite.biz/sitemap.xml" "Mozilla/5.0 AppleWebKit/537.36 (KHTML, like Gecko; compatible; GPTBot/1.3; +https://openai.com/gptbot)"
74.7.243.232 - - [22/Jan/2026:07:32:13 -0500] "GET /?a=1950369e4dabj HTTP/1.1" 200 15187 "https://www.membuatwebsite.biz" "Mozilla/5.0 AppleWebKit/537.36 (KHTML, like Gecko; compatible; GPTBot/1.3; +https://openai.com/gptbot)"
216.73.216.223 - - [22/Jan/2026:07:32:13 -0500] "GET /page/4/?a=189419192jccb HTTP/1.1" 200 15198 "-" "Mozilla/5.0 AppleWebKit/537.36 (KHTML, like Gecko; compatible; ClaudeBot/1.0; +claudebot@anthropic.com)"
66.249.73.68 - - [22/Jan/2026:07:32:13 -0500] "GET /?a=1310048fe7ff HTTP/1.1" 200 27105 "-" "Mozilla/5.0 (Linux; Android 6.0.1; Nexus 5X Build/MMB29P) AppleWebKit/537.36 (KHTML, like Gecko) Chrome/143.0.7499.192 Mobile Safari/537.36 (compatible; Googlebot/2.1; +http://www.google.com/bot.html)"
66.249.65.33 - - [22/Jan/2026:07:32:13 -0500] "GET /?a=15400140c11dj HTTP/1.1" 200 28886 "-" "Mozilla/5.0 (Linux; Android 6.0.1; Nexus 5X Build/MMB29P) AppleWebKit/537.36 (KHTML, like Gecko) Chrome/143.0.7499.192 Mobile Safari/537.36 (compatible; Googlebot/2.1; +http://www.google.com/bot.html)"
66.249.73.68 - - [22/Jan/2026:07:32:14 -0500] "GET /?a=2000837eb179c HTTP/1.1" 200 26993 "-" "Mozilla/5.0 (Linux; Android 6.0.1; Nexus 5X Build/MMB29P) AppleWebKit/537.36 (KHTML, like Gecko) Chrome/143.0.7499.192 Mobile Safari/537.36 (compatible; Googlebot/2.1; +http://www.google.com/bot.html)"
216.73.216.223 - - [22/Jan/2026:07:32:16 -0500] "GET /page/3/?a=32680653j7099 HTTP/1.1" 200 15385 "-" "Mozilla/5.0 AppleWebKit/537.36 (KHTML, like Gecko; compatible; ClaudeBot/1.0; +claudebot@anthropic.com)"
74.7.243.232 - - [22/Jan/2026:07:32:16 -0500] "GET /?a=1286373bjjdd9 HTTP/1.1" 200 15243 "https://www.membuatwebsite.biz" "Mozilla/5.0 AppleWebKit/537.36 (KHTML, like Gecko; compatible; GPTBot/1.3; +https://openai.com/gptbot)"
74.7.227.31 - - [22/Jan/2026:07:32:16 -0500] "GET /?a=3027387dac5bb HTTP/1.1" 301 - "https://www.membuatwebsite.biz/sitemap.xml" "Mozilla/5.0 AppleWebKit/537.36 (KHTML, like Gecko; compatible; GPTBot/1.3; +https://openai.com/gptbot)"
15.235.27.244 - - [22/Jan/2026:07:32:17 -0500] "GET /?a=67326c5jc07 HTTP/1.1" 200 15261 "-" "Mozilla/5.0 (compatible; AhrefsBot/7.0; +http://ahrefs.com/robot/)"
216.73.216.223 - - [22/Jan/2026:07:32:19 -0500] "GET /page/132/?a=2831864i4fjbb HTTP/1.1" 200 15729 "-" "Mozilla/5.0 AppleWebKit/537.36 (KHTML, like Gecko; compatible; ClaudeBot/1.0; +claudebot@anthropic.com)"
74.7.227.31 - - [22/Jan/2026:07:32:19 -0500] "GET /?a=2181585eg7cgb HTTP/1.1" 301 - "https://www.membuatwebsite.biz/sitemap.xml" "Mozilla/5.0 AppleWebKit/537.36 (KHTML, like Gecko; compatible; GPTBot/1.3; +https://openai.com/gptbot)"
74.7.243.232 - - [22/Jan/2026:07:32:19 -0500] "GET /?a=4103628bab0ij HTTP/1.1" 200 15187 "https://www.membuatwebsite.biz" "Mozilla/5.0 AppleWebKit/537.36 (KHTML, like Gecko; compatible; GPTBot/1.3; +https://openai.com/gptbot)"
74.7.227.31 - - [22/Jan/2026:07:32:23 -0500] "GET /?a=1910344g9jjfj HTTP/1.1" 301 - "https://www.membuatwebsite.biz/sitemap.xml" "Mozilla/5.0 AppleWebKit/537.36 (KHTML, like Gecko; compatible; GPTBot/1.3; +https://openai.com/gptbot)"
74.7.243.232 - - [22/Jan/2026:07:32:23 -0500] "GET /?a=2554031idbj8b HTTP/1.1" 200 15242 "https://www.membuatwebsite.biz" "Mozilla/5.0 AppleWebKit/537.36 (KHTML, like Gecko; compatible; GPTBot/1.3; +https://openai.com/gptbot)"
66.249.73.68 - - [22/Jan/2026:07:32:23 -0500] "GET /?a=24170299999ig HTTP/1.1" 200 26423 "-" "Mozilla/5.0 (Linux; Android 6.0.1; Nexus 5X Build/MMB29P) AppleWebKit/537.36 (KHTML, like Gecko) Chrome/143.0.7499.192 Mobile Safari/537.36 (compatible; Googlebot/2.1; +http://www.google.com/bot.html)"
216.73.216.223 - - [22/Jan/2026:07:32:23 -0500] "GET /inilah-keunggulan-dari-semen-putih-terbaik HTTP/1.1" 301 - "http://membuatwebsite.biz/inilah-keunggulan-dari-semen-putih-terbaik" "Mozilla/5.0 AppleWebKit/537.36 (KHTML, like Gecko; compatible; ClaudeBot/1.0; +claudebot@anthropic.com)"
216.73.216.223 - - [22/Jan/2026:07:32:23 -0500] "GET /inilah-keunggulan-dari-semen-putih-terbaik/ HTTP/1.1" 200 13868 "https://membuatwebsite.biz/inilah-keunggulan-dari-semen-putih-terbaik" "Mozilla/5.0 AppleWebKit/537.36 (KHTML, like Gecko; compatible; ClaudeBot/1.0; +claudebot@anthropic.com)"
74.7.227.31 - - [22/Jan/2026:07:32:26 -0500] "GET /?a=1978474fgeef3 HTTP/1.1" 301 - "https://www.membuatwebsite.biz/sitemap.xml" "Mozilla/5.0 AppleWebKit/537.36 (KHTML, like Gecko; compatible; GPTBot/1.3; +https://openai.com/gptbot)"
74.7.243.232 - - [22/Jan/2026:07:32:26 -0500] "GET /?a=2596419j82fh HTTP/1.1" 200 15187 "https://www.membuatwebsite.biz" "Mozilla/5.0 AppleWebKit/537.36 (KHTML, like Gecko; compatible; GPTBot/1.3; +https://openai.com/gptbot)"
216.73.216.223 - - [22/Jan/2026:07:32:26 -0500] "GET /2019/02/11 HTTP/1.1" 301 - "http://membuatwebsite.biz/2019/02/11" "Mozilla/5.0 AppleWebKit/537.36 (KHTML, like Gecko; compatible; ClaudeBot/1.0; +claudebot@anthropic.com)"
216.73.216.223 - - [22/Jan/2026:07:32:26 -0500] "GET /2019/02/11/ HTTP/1.1" 200 11791 "https://membuatwebsite.biz/2019/02/11" "Mozilla/5.0 AppleWebKit/537.36 (KHTML, like Gecko; compatible; ClaudeBot/1.0; +claudebot@anthropic.com)"
66.249.73.68 - - [22/Jan/2026:07:32:28 -0500] "GET /?a=140019338571i HTTP/1.1" 200 28869 "-" "Mozilla/5.0 (Linux; Android 6.0.1; Nexus 5X Build/MMB29P) AppleWebKit/537.36 (KHTML, like Gecko) Chrome/143.0.7499.192 Mobile Safari/537.36 (compatible; Googlebot/2.1; +http://www.google.com/bot.html)"
74.7.227.31 - - [22/Jan/2026:07:32:29 -0500] "GET /?a=1446128gjc8cd HTTP/1.1" 301 - "https://www.membuatwebsite.biz/sitemap.xml" "Mozilla/5.0 AppleWebKit/537.36 (KHTML, like Gecko; compatible; GPTBot/1.3; +https://openai.com/gptbot)"
74.7.243.232 - - [22/Jan/2026:07:32:29 -0500] "GET /?a=477618d93eb3 HTTP/1.1" 200 15187 "https://www.membuatwebsite.biz" "Mozilla/5.0 AppleWebKit/537.36 (KHTML, like Gecko; compatible; GPTBot/1.3; +https://openai.com/gptbot)"
216.73.216.223 - - [22/Jan/2026:07:32:29 -0500] "GET /page/28/?a=26585811879hg HTTP/1.1" 200 15331 "-" "Mozilla/5.0 AppleWebKit/537.36 (KHTML, like Gecko; compatible; ClaudeBot/1.0; +claudebot@anthropic.com)"
74.7.227.31 - - [22/Jan/2026:07:32:32 -0500] "GET /?a=3891636abahc9 HTTP/1.1" 301 - "https://www.membuatwebsite.biz/sitemap.xml" "Mozilla/5.0 AppleWebKit/537.36 (KHTML, like Gecko; compatible; GPTBot/1.3; +https://openai.com/gptbot)"
74.7.243.232 - - [22/Jan/2026:07:32:32 -0500] "GET /?a=9273446ib25d HTTP/1.1" 200 15240 "https://www.membuatwebsite.biz" "Mozilla/5.0 AppleWebKit/537.36 (KHTML, like Gecko; compatible; GPTBot/1.3; +https://openai.com/gptbot)"
216.73.216.223 - - [22/Jan/2026:07:32:32 -0500] "GET /page/123/?a=43038hiiej HTTP/1.1" 200 15524 "-" "Mozilla/5.0 AppleWebKit/537.36 (KHTML, like Gecko; compatible; ClaudeBot/1.0; +claudebot@anthropic.com)"
66.249.73.68 - - [22/Jan/2026:07:32:32 -0500] "GET /?a=415901c8gj HTTP/1.1" 200 26130 "-" "Mozilla/5.0 (Linux; Android 6.0.1; Nexus 5X Build/MMB29P) AppleWebKit/537.36 (KHTML, like Gecko) Chrome/143.0.7499.192 Mobile Safari/537.36 (compatible; Googlebot/2.1; +http://www.google.com/bot.html)"
66.249.73.68 - - [22/Jan/2026:07:32:33 -0500] "GET /?a=1863930bea736 HTTP/1.1" 200 26176 "-" "Mozilla/5.0 (Linux; Android 6.0.1; Nexus 5X Build/MMB29P) AppleWebKit/537.36 (KHTML, like Gecko) Chrome/143.0.7499.192 Mobile Safari/537.36 (compatible; Googlebot/2.1; +http://www.google.com/bot.html)"
74.7.243.232 - - [22/Jan/2026:07:32:35 -0500] "GET /?a=502682ijg918 HTTP/1.1" 200 15215 "https://www.membuatwebsite.biz" "Mozilla/5.0 AppleWebKit/537.36 (KHTML, like Gecko; compatible; GPTBot/1.3; +https://openai.com/gptbot)"
74.7.227.31 - - [22/Jan/2026:07:32:35 -0500] "GET /?a=2364596eede8e HTTP/1.1" 301 - "https://www.membuatwebsite.biz/sitemap.xml" "Mozilla/5.0 AppleWebKit/537.36 (KHTML, like Gecko; compatible; GPTBot/1.3; +https://openai.com/gptbot)"
216.73.216.223 - - [22/Jan/2026:07:32:35 -0500] "GET /page/122/?a=43038hiiej HTTP/1.1" 200 15241 "-" "Mozilla/5.0 AppleWebKit/537.36 (KHTML, like Gecko; compatible; ClaudeBot/1.0; +claudebot@anthropic.com)"
216.73.216.223 - - [22/Jan/2026:07:32:38 -0500] "GET /page/29/?a=26585811879hg HTTP/1.1" 200 15367 "-" "Mozilla/5.0 AppleWebKit/537.36 (KHTML, like Gecko; compatible; ClaudeBot/1.0; +claudebot@anthropic.com)"
74.7.227.31 - - [22/Jan/2026:07:32:38 -0500] "GET /?a=1109010a2gjcj HTTP/1.1" 301 - "https://www.membuatwebsite.biz/sitemap.xml" "Mozilla/5.0 AppleWebKit/537.36 (KHTML, like Gecko; compatible; GPTBot/1.3; +https://openai.com/gptbot)"
74.7.243.232 - - [22/Jan/2026:07:32:38 -0500] "GET /?a=824355e41hi7 HTTP/1.1" 200 15214 "https://www.membuatwebsite.biz" "Mozilla/5.0 AppleWebKit/537.36 (KHTML, like Gecko; compatible; GPTBot/1.3; +https://openai.com/gptbot)"
216.73.216.223 - - [22/Jan/2026:07:32:41 -0500] "GET /page/112/?a=10274500g844i HTTP/1.1" 200 15712 "-" "Mozilla/5.0 AppleWebKit/537.36 (KHTML, like Gecko; compatible; ClaudeBot/1.0; +claudebot@anthropic.com)"
74.7.227.31 - - [22/Jan/2026:07:32:41 -0500] "GET /?a=16318311gifae HTTP/1.1" 301 - "https://www.membuatwebsite.biz/sitemap.xml" "Mozilla/5.0 AppleWebKit/537.36 (KHTML, like Gecko; compatible; GPTBot/1.3; +https://openai.com/gptbot)"
74.7.243.232 - - [22/Jan/2026:07:32:41 -0500] "GET /?a=804402cd15g7 HTTP/1.1" 200 15241 "https://www.membuatwebsite.biz" "Mozilla/5.0 AppleWebKit/537.36 (KHTML, like Gecko; compatible; GPTBot/1.3; +https://openai.com/gptbot)"
66.249.73.68 - - [22/Jan/2026:07:32:42 -0500] "GET /?a=1261975272h29 HTTP/1.1" 200 27878 "-" "Mozilla/5.0 (Linux; Android 6.0.1; Nexus 5X Build/MMB29P) AppleWebKit/537.36 (KHTML, like Gecko) Chrome/143.0.7499.192 Mobile Safari/537.36 (compatible; Googlebot/2.1; +http://www.google.com/bot.html)"
66.249.65.46 - - [22/Jan/2026:07:32:42 -0500] "GET /?a=3601200c54j3j HTTP/1.1" 200 27469 "-" "Mozilla/5.0 (Linux; Android 6.0.1; Nexus 5X Build/MMB29P) AppleWebKit/537.36 (KHTML, like Gecko) Chrome/143.0.7499.192 Mobile Safari/537.36 (compatible; Googlebot/2.1; +http://www.google.com/bot.html)"
40.77.167.71 - - [22/Jan/2026:07:32:44 -0500] "GET /shopdetail/2254804.phtml HTTP/1.1" 200 26206 "-" "Mozilla/5.0 AppleWebKit/537.36 (KHTML, like Gecko; compatible; bingbot/2.0; +http://www.bing.com/bingbot.htm) Chrome/116.0.1938.76 Safari/537.36"
216.73.216.223 - - [22/Jan/2026:07:32:44 -0500] "GET /page/4/?a=2394421i927i7 HTTP/1.1" 200 15147 "-" "Mozilla/5.0 AppleWebKit/537.36 (KHTML, like Gecko; compatible; ClaudeBot/1.0; +claudebot@anthropic.com)"
74.7.227.31 - - [22/Jan/2026:07:32:44 -0500] "GET /?a=2566850jib6ji HTTP/1.1" 301 - "https://www.membuatwebsite.biz/sitemap.xml" "Mozilla/5.0 AppleWebKit/537.36 (KHTML, like Gecko; compatible; GPTBot/1.3; +https://openai.com/gptbot)"
40.77.167.71 - - [22/Jan/2026:07:32:44 -0500] "GET /?a=3399952d9eec9 HTTP/1.1" 200 27870 "-" "Mozilla/5.0 AppleWebKit/537.36 (KHTML, like Gecko; compatible; bingbot/2.0; +http://www.bing.com/bingbot.htm) Chrome/116.0.1938.76 Safari/537.36"
74.7.243.232 - - [22/Jan/2026:07:32:44 -0500] "GET /?a=679419240ejg HTTP/1.1" 200 15186 "https://www.membuatwebsite.biz" "Mozilla/5.0 AppleWebKit/537.36 (KHTML, like Gecko; compatible; GPTBot/1.3; +https://openai.com/gptbot)"
40.77.167.71 - - [22/Jan/2026:07:32:45 -0500] "GET /ctg/search/similarImageSearchResultView/?ctgItemCd=17608672 HTTP/1.1" 200 27903 "-" "Mozilla/5.0 AppleWebKit/537.36 (KHTML, like Gecko; compatible; bingbot/2.0; +http://www.bing.com/bingbot.htm) Chrome/116.0.1938.76 Safari/537.36"
66.249.73.68 - - [22/Jan/2026:07:32:46 -0500] "GET /?a=2893737c0ed8g HTTP/1.1" 200 30051 "-" "Mozilla/5.0 (Linux; Android 6.0.1; Nexus 5X Build/MMB29P) AppleWebKit/537.36 (KHTML, like Gecko) Chrome/143.0.7499.192 Mobile Safari/537.36 (compatible; Googlebot/2.1; +http://www.google.com/bot.html)"
216.73.216.223 - - [22/Jan/2026:07:32:47 -0500] "GET /page/5/?a=2394421i927i7 HTTP/1.1" 200 15259 "-" "Mozilla/5.0 AppleWebKit/537.36 (KHTML, like Gecko; compatible; ClaudeBot/1.0; +claudebot@anthropic.com)"
74.7.227.31 - - [22/Jan/2026:07:32:47 -0500] "GET /?a=4370031ife7fg HTTP/1.1" 301 - "https://www.membuatwebsite.biz/sitemap.xml" "Mozilla/5.0 AppleWebKit/537.36 (KHTML, like Gecko; compatible; GPTBot/1.3; +https://openai.com/gptbot)"
74.7.243.232 - - [22/Jan/2026:07:32:47 -0500] "GET /?a=1158503acibj0 HTTP/1.1" 200 15215 "https://www.membuatwebsite.biz" "Mozilla/5.0 AppleWebKit/537.36 (KHTML, like Gecko; compatible; GPTBot/1.3; +https://openai.com/gptbot)"
114.119.137.38 - - [22/Jan/2026:07:32:49 -0500] "GET /?a=2004782ddj5ie HTTP/1.1" 200 15241 "https://membuatwebsite.biz/sitemap.xmlsitemap:https:/membuatwebsite.biz/sitemap-1.xml" "Mozilla/5.0 (Linux; Android 7.0;) AppleWebKit/537.36 (KHTML, like Gecko) Mobile Safari/537.36 (compatible; PetalBot;+https://webmaster.petalsearch.com/site/petalbot)"
216.73.216.223 - - [22/Jan/2026:07:32:50 -0500] "GET /page/17/?a=5825884j6iej HTTP/1.1" 200 15313 "-" "Mozilla/5.0 AppleWebKit/537.36 (KHTML, like Gecko; compatible; ClaudeBot/1.0; +claudebot@anthropic.com)"
74.7.243.232 - - [22/Jan/2026:07:32:50 -0500] "GET /?a=3027387dac5bb HTTP/1.1" 200 15215 "https://www.membuatwebsite.biz" "Mozilla/5.0 AppleWebKit/537.36 (KHTML, like Gecko; compatible; GPTBot/1.3; +https://openai.com/gptbot)"
74.7.227.31 - - [22/Jan/2026:07:32:50 -0500] "GET /?a=42219904ahcfj HTTP/1.1" 301 - "https://www.membuatwebsite.biz/sitemap.xml" "Mozilla/5.0 AppleWebKit/537.36 (KHTML, like Gecko; compatible; GPTBot/1.3; +https://openai.com/gptbot)"
66.249.65.46 - - [22/Jan/2026:07:32:52 -0500] "GET /?a=30774823abedb HTTP/1.1" 200 27312 "-" "Mozilla/5.0 (Linux; Android 6.0.1; Nexus 5X Build/MMB29P) AppleWebKit/537.36 (KHTML, like Gecko) Chrome/143.0.7499.192 Mobile Safari/537.36 (compatible; Googlebot/2.1; +http://www.google.com/bot.html)"
66.249.73.68 - - [22/Jan/2026:07:32:52 -0500] "GET /?a=539159dg3jc0 HTTP/1.1" 200 27046 "-" "Mozilla/5.0 (Linux; Android 6.0.1; Nexus 5X Build/MMB29P) AppleWebKit/537.36 (KHTML, like Gecko) Chrome/143.0.7499.192 Mobile Safari/537.36 (compatible; Googlebot/2.1; +http://www.google.com/bot.html)"
216.73.216.223 - - [22/Jan/2026:07:32:53 -0500] "GET /page/111/?a=10274500g844i HTTP/1.1" 200 15529 "-" "Mozilla/5.0 AppleWebKit/537.36 (KHTML, like Gecko; compatible; ClaudeBot/1.0; +claudebot@anthropic.com)"
74.7.227.31 - - [22/Jan/2026:07:32:54 -0500] "GET /?a=42146473cebah HTTP/1.1" 301 - "https://www.membuatwebsite.biz/sitemap.xml" "Mozilla/5.0 AppleWebKit/537.36 (KHTML, like Gecko; compatible; GPTBot/1.3; +https://openai.com/gptbot)"
74.7.243.232 - - [22/Jan/2026:07:32:54 -0500] "GET /?a=1910344g9jjfj HTTP/1.1" 200 15263 "https://www.membuatwebsite.biz" "Mozilla/5.0 AppleWebKit/537.36 (KHTML, like Gecko; compatible; GPTBot/1.3; +https://openai.com/gptbot)"
216.73.216.223 - - [22/Jan/2026:07:32:56 -0500] "GET /page/117/?a=5846369ig39i HTTP/1.1" 200 15888 "-" "Mozilla/5.0 AppleWebKit/537.36 (KHTML, like Gecko; compatible; ClaudeBot/1.0; +claudebot@anthropic.com)"
74.7.243.232 - - [22/Jan/2026:07:32:57 -0500] "GET /?a=35272142ieebb HTTP/1.1" 200 15242 "https://www.membuatwebsite.biz" "Mozilla/5.0 AppleWebKit/537.36 (KHTML, like Gecko; compatible; GPTBot/1.3; +https://openai.com/gptbot)"
74.7.227.31 - - [22/Jan/2026:07:32:57 -0500] "GET /?a=2116099egcc9d HTTP/1.1" 301 - "https://www.membuatwebsite.biz/sitemap.xml" "Mozilla/5.0 AppleWebKit/537.36 (KHTML, like Gecko; compatible; GPTBot/1.3; +https://openai.com/gptbot)"
216.73.216.223 - - [22/Jan/2026:07:32:59 -0500] "GET /page/114/?a=4170538gifhci HTTP/1.1" 200 15714 "-" "Mozilla/5.0 AppleWebKit/537.36 (KHTML, like Gecko; compatible; ClaudeBot/1.0; +claudebot@anthropic.com)"
74.7.227.31 - - [22/Jan/2026:07:33:00 -0500] "GET /?a=3779594chbh7d HTTP/1.1" 301 - "https://www.membuatwebsite.biz/sitemap.xml" "Mozilla/5.0 AppleWebKit/537.36 (KHTML, like Gecko; compatible; GPTBot/1.3; +https://openai.com/gptbot)"
74.7.243.232 - - [22/Jan/2026:07:33:00 -0500] "GET /?a=1446128gjc8cd HTTP/1.1" 200 15240 "https://www.membuatwebsite.biz" "Mozilla/5.0 AppleWebKit/537.36 (KHTML, like Gecko; compatible; GPTBot/1.3; +https://openai.com/gptbot)"
66.249.73.70 - - [22/Jan/2026:07:33:02 -0500] "GET /?a=4416102dfj3h0 HTTP/1.1" 200 27905 "-" "Mozilla/5.0 (Linux; Android 6.0.1; Nexus 5X Build/MMB29P) AppleWebKit/537.36 (KHTML, like Gecko) Chrome/143.0.7499.192 Mobile Safari/537.36 (compatible; Googlebot/2.1; +http://www.google.com/bot.html)"
216.73.216.223 - - [22/Jan/2026:07:33:02 -0500] "GET /page/135/?a=695522hab6bi HTTP/1.1" 200 15788 "-" "Mozilla/5.0 AppleWebKit/537.36 (KHTML, like Gecko; compatible; ClaudeBot/1.0; +claudebot@anthropic.com)"
74.7.227.31 - - [22/Jan/2026:07:33:03 -0500] "GET /?a=3029622cfcg0c HTTP/1.1" 301 - "https://www.membuatwebsite.biz/sitemap.xml" "Mozilla/5.0 AppleWebKit/537.36 (KHTML, like Gecko; compatible; GPTBot/1.3; +https://openai.com/gptbot)"
74.7.243.232 - - [22/Jan/2026:07:33:03 -0500] "GET /?a=2181585eg7cgb HTTP/1.1" 200 15215 "https://www.membuatwebsite.biz" "Mozilla/5.0 AppleWebKit/537.36 (KHTML, like Gecko; compatible; GPTBot/1.3; +https://openai.com/gptbot)"
216.73.216.223 - - [22/Jan/2026:07:33:05 -0500] "GET /page/123/?a=32122503cg505 HTTP/1.1" 200 15530 "-" "Mozilla/5.0 AppleWebKit/537.36 (KHTML, like Gecko; compatible; ClaudeBot/1.0; +claudebot@anthropic.com)"
74.7.227.31 - - [22/Jan/2026:07:33:06 -0500] "GET /?a=1654468fge4dh HTTP/1.1" 301 - "https://www.membuatwebsite.biz/sitemap.xml" "Mozilla/5.0 AppleWebKit/537.36 (KHTML, like Gecko; compatible; GPTBot/1.3; +https://openai.com/gptbot)"
142.44.233.65 - - [22/Jan/2026:07:33:06 -0500] "GET /?a=658218335aeb HTTP/1.1" 200 15215 "-" "Mozilla/5.0 (compatible; AhrefsBot/7.0; +http://ahrefs.com/robot/)"
