216.73.216.223 - - [22/Jan/2026:07:27:45 -0500] "GET /page/11/?a=282915048aj46 HTTP/1.1" 200 15213 "-" "Mozilla/5.0 AppleWebKit/537.36 (KHTML, like Gecko; compatible; ClaudeBot/1.0; +claudebot@anthropic.com)"
66.249.65.46 - - [22/Jan/2026:07:27:47 -0500] "GET /?a=3503798ff0ii HTTP/1.1" 200 27041 "-" "Mozilla/5.0 (Linux; Android 6.0.1; Nexus 5X Build/MMB29P) AppleWebKit/537.36 (KHTML, like Gecko) Chrome/143.0.7499.192 Mobile Safari/537.36 (compatible; Googlebot/2.1; +http://www.google.com/bot.html)"
66.249.73.68 - - [22/Jan/2026:07:27:48 -0500] "GET /?a=1569674a50hce HTTP/1.1" 200 26852 "-" "Mozilla/5.0 (Linux; Android 6.0.1; Nexus 5X Build/MMB29P) AppleWebKit/537.36 (KHTML, like Gecko) Chrome/143.0.7499.192 Mobile Safari/537.36 (compatible; Googlebot/2.1; +http://www.google.com/bot.html)"
74.7.227.31 - - [22/Jan/2026:07:27:47 -0500] "GET /?a=42009779hi6d5 HTTP/1.1" 301 - "https://www.membuatwebsite.biz/sitemap.xml" "Mozilla/5.0 AppleWebKit/537.36 (KHTML, like Gecko; compatible; GPTBot/1.3; +https://openai.com/gptbot)"
66.249.73.68 - - [22/Jan/2026:07:27:48 -0500] "GET /?a=1915073b4dh84 HTTP/1.1" 200 27188 "-" "Mozilla/5.0 (Linux; Android 6.0.1; Nexus 5X Build/MMB29P) AppleWebKit/537.36 (KHTML, like Gecko) Chrome/143.0.7499.192 Mobile Safari/537.36 (compatible; Googlebot/2.1; +http://www.google.com/bot.html)"
66.249.73.68 - - [22/Jan/2026:07:27:48 -0500] "GET /?a=80774i5b3e7 HTTP/1.1" 200 27883 "-" "Mozilla/5.0 (Linux; Android 6.0.1; Nexus 5X Build/MMB29P) AppleWebKit/537.36 (KHTML, like Gecko) Chrome/143.0.7499.192 Mobile Safari/537.36 (compatible; Googlebot/2.1; +http://www.google.com/bot.html)"
66.249.73.68 - - [22/Jan/2026:07:27:48 -0500] "GET /?a=3556666bbd6ag HTTP/1.1" 200 27317 "-" "Mozilla/5.0 (Linux; Android 6.0.1; Nexus 5X Build/MMB29P) AppleWebKit/537.36 (KHTML, like Gecko) Chrome/143.0.7499.192 Mobile Safari/537.36 (compatible; Googlebot/2.1; +http://www.google.com/bot.html)"
74.7.243.232 - - [22/Jan/2026:07:27:48 -0500] "GET /?a=1763620c95h2a HTTP/1.1" 200 15262 "https://www.membuatwebsite.biz" "Mozilla/5.0 AppleWebKit/537.36 (KHTML, like Gecko; compatible; GPTBot/1.3; +https://openai.com/gptbot)"
216.73.216.223 - - [22/Jan/2026:07:27:48 -0500] "GET /page/132/?a=973532ei550f HTTP/1.1" 200 15727 "-" "Mozilla/5.0 AppleWebKit/537.36 (KHTML, like Gecko; compatible; ClaudeBot/1.0; +claudebot@anthropic.com)"
74.7.227.31 - - [22/Jan/2026:07:27:51 -0500] "GET /?a=3614047f0d8i6 HTTP/1.1" 301 - "https://www.membuatwebsite.biz/sitemap.xml" "Mozilla/5.0 AppleWebKit/537.36 (KHTML, like Gecko; compatible; GPTBot/1.3; +https://openai.com/gptbot)"
74.7.243.232 - - [22/Jan/2026:07:27:52 -0500] "GET /?a=1817483fd7h29 HTTP/1.1" 200 15216 "https://www.membuatwebsite.biz" "Mozilla/5.0 AppleWebKit/537.36 (KHTML, like Gecko; compatible; GPTBot/1.3; +https://openai.com/gptbot)"
216.73.216.223 - - [22/Jan/2026:07:27:51 -0500] "GET /page/8/?a=1432540d6gf6f HTTP/1.1" 200 15505 "-" "Mozilla/5.0 AppleWebKit/537.36 (KHTML, like Gecko; compatible; ClaudeBot/1.0; +claudebot@anthropic.com)"
74.7.227.31 - - [22/Jan/2026:07:27:54 -0500] "GET /?a=175169201h8bj HTTP/1.1" 301 - "https://www.membuatwebsite.biz/sitemap.xml" "Mozilla/5.0 AppleWebKit/537.36 (KHTML, like Gecko; compatible; GPTBot/1.3; +https://openai.com/gptbot)"
40.77.167.241 - - [22/Jan/2026:07:27:54 -0500] "GET /?a=21110327c42j5 HTTP/1.1" 200 26516 "-" "Mozilla/5.0 AppleWebKit/537.36 (KHTML, like Gecko; compatible; bingbot/2.0; +http://www.bing.com/bingbot.htm) Chrome/116.0.1938.76 Safari/537.36"
216.73.216.223 - - [22/Jan/2026:07:27:54 -0500] "GET /page/8/?a=4227004f48a73 HTTP/1.1" 200 15520 "-" "Mozilla/5.0 AppleWebKit/537.36 (KHTML, like Gecko; compatible; ClaudeBot/1.0; +claudebot@anthropic.com)"
74.7.243.232 - - [22/Jan/2026:07:27:55 -0500] "GET /?a=3695101j74eb0 HTTP/1.1" 200 15216 "https://www.membuatwebsite.biz" "Mozilla/5.0 AppleWebKit/537.36 (KHTML, like Gecko; compatible; GPTBot/1.3; +https://openai.com/gptbot)"
74.7.227.31 - - [22/Jan/2026:07:27:57 -0500] "GET /?a=4325683fh89b7 HTTP/1.1" 301 - "https://www.membuatwebsite.biz/sitemap.xml" "Mozilla/5.0 AppleWebKit/537.36 (KHTML, like Gecko; compatible; GPTBot/1.3; +https://openai.com/gptbot)"
216.73.216.223 - - [22/Jan/2026:07:27:57 -0500] "GET /page/127/?a=2370636aa5dc2 HTTP/1.1" 200 15761 "-" "Mozilla/5.0 AppleWebKit/537.36 (KHTML, like Gecko; compatible; ClaudeBot/1.0; +claudebot@anthropic.com)"
74.7.243.232 - - [22/Jan/2026:07:27:58 -0500] "GET /page/3/?a=10951696i5558 HTTP/1.1" 200 15385 "https://membuatwebsite.biz/?a=10951696i5558" "Mozilla/5.0 AppleWebKit/537.36 (KHTML, like Gecko; compatible; GPTBot/1.3; +https://openai.com/gptbot)"
74.7.227.31 - - [22/Jan/2026:07:28:00 -0500] "GET /?a=1770498bi5f65 HTTP/1.1" 301 - "https://www.membuatwebsite.biz/sitemap.xml" "Mozilla/5.0 AppleWebKit/537.36 (KHTML, like Gecko; compatible; GPTBot/1.3; +https://openai.com/gptbot)"
216.73.216.223 - - [22/Jan/2026:07:28:00 -0500] "GET /page/11/?a=27838726d431d HTTP/1.1" 200 15311 "-" "Mozilla/5.0 AppleWebKit/537.36 (KHTML, like Gecko; compatible; ClaudeBot/1.0; +claudebot@anthropic.com)"
74.7.243.232 - - [22/Jan/2026:07:28:01 -0500] "GET /?a=3607228g6d81i HTTP/1.1" 200 15262 "https://www.membuatwebsite.biz" "Mozilla/5.0 AppleWebKit/537.36 (KHTML, like Gecko; compatible; GPTBot/1.3; +https://openai.com/gptbot)"
66.249.65.46 - - [22/Jan/2026:07:28:02 -0500] "GET /?a=3817403ha2bd0 HTTP/1.1" 200 26232 "-" "Mozilla/5.0 (compatible; Googlebot/2.1; +http://www.google.com/bot.html)"
74.7.227.31 - - [22/Jan/2026:07:28:03 -0500] "GET /?a=37480165e35ij HTTP/1.1" 301 - "https://www.membuatwebsite.biz/sitemap.xml" "Mozilla/5.0 AppleWebKit/537.36 (KHTML, like Gecko; compatible; GPTBot/1.3; +https://openai.com/gptbot)"
216.73.216.223 - - [22/Jan/2026:07:28:03 -0500] "GET /page/8/?a=41832662a321 HTTP/1.1" 200 15452 "-" "Mozilla/5.0 AppleWebKit/537.36 (KHTML, like Gecko; compatible; ClaudeBot/1.0; +claudebot@anthropic.com)"
74.7.243.232 - - [22/Jan/2026:07:28:04 -0500] "GET /?a=2019142id5f67 HTTP/1.1" 200 15262 "https://www.membuatwebsite.biz" "Mozilla/5.0 AppleWebKit/537.36 (KHTML, like Gecko; compatible; GPTBot/1.3; +https://openai.com/gptbot)"
66.249.73.69 - - [22/Jan/2026:07:28:06 -0500] "GET /?a=2923278eddea7 HTTP/1.1" 200 26755 "-" "Mozilla/5.0 (Linux; Android 6.0.1; Nexus 5X Build/MMB29P) AppleWebKit/537.36 (KHTML, like Gecko) Chrome/143.0.7499.192 Mobile Safari/537.36 (compatible; Googlebot/2.1; +http://www.google.com/bot.html)"
66.249.73.69 - - [22/Jan/2026:07:28:06 -0500] "GET /?a=4745741c2ic5 HTTP/1.1" 200 26863 "-" "Mozilla/5.0 (Linux; Android 6.0.1; Nexus 5X Build/MMB29P) AppleWebKit/537.36 (KHTML, like Gecko) Chrome/143.0.7499.192 Mobile Safari/537.36 (compatible; Googlebot/2.1; +http://www.google.com/bot.html)"
74.7.227.31 - - [22/Jan/2026:07:28:06 -0500] "GET /?a=4207758g3e9g9 HTTP/1.1" 301 - "https://www.membuatwebsite.biz/sitemap.xml" "Mozilla/5.0 AppleWebKit/537.36 (KHTML, like Gecko; compatible; GPTBot/1.3; +https://openai.com/gptbot)"
66.249.65.46 - - [22/Jan/2026:07:28:07 -0500] "GET /?a=33792118c2973 HTTP/1.1" 200 27383 "-" "Mozilla/5.0 (Linux; Android 6.0.1; Nexus 5X Build/MMB29P) AppleWebKit/537.36 (KHTML, like Gecko) Chrome/143.0.7499.192 Mobile Safari/537.36 (compatible; Googlebot/2.1; +http://www.google.com/bot.html)"
216.73.216.223 - - [22/Jan/2026:07:28:06 -0500] "GET /page/3/?a=4290283ef1bge HTTP/1.1" 200 15409 "-" "Mozilla/5.0 AppleWebKit/537.36 (KHTML, like Gecko; compatible; ClaudeBot/1.0; +claudebot@anthropic.com)"
74.7.243.232 - - [22/Jan/2026:07:28:07 -0500] "GET /?a=3427054951ich HTTP/1.1" 200 15188 "https://www.membuatwebsite.biz" "Mozilla/5.0 AppleWebKit/537.36 (KHTML, like Gecko; compatible; GPTBot/1.3; +https://openai.com/gptbot)"
179.43.191.19 - - [22/Jan/2026:07:28:09 -0500] "GET /wp-login.php?al=true HTTP/1.1" 200 1935 "membuatwebsite.biz" "Mozilla/5.0 (Windows NT 10.0; Win64; x64) AppleWebKit/537.36 (KHTML, like Gecko) Chrome/90.0.4430.212 Safari/537.36"
74.7.227.31 - - [22/Jan/2026:07:28:09 -0500] "GET /?a=24163768i05ic HTTP/1.1" 301 - "https://www.membuatwebsite.biz/sitemap.xml" "Mozilla/5.0 AppleWebKit/537.36 (KHTML, like Gecko; compatible; GPTBot/1.3; +https://openai.com/gptbot)"
216.73.216.223 - - [22/Jan/2026:07:28:09 -0500] "GET /page/15/?a=15295014bbfjd HTTP/1.1" 200 15412 "-" "Mozilla/5.0 AppleWebKit/537.36 (KHTML, like Gecko; compatible; ClaudeBot/1.0; +claudebot@anthropic.com)"
74.7.243.232 - - [22/Jan/2026:07:28:10 -0500] "GET /?a=4367185ajg189 HTTP/1.1" 200 15188 "https://www.membuatwebsite.biz" "Mozilla/5.0 AppleWebKit/537.36 (KHTML, like Gecko; compatible; GPTBot/1.3; +https://openai.com/gptbot)"
74.7.227.31 - - [22/Jan/2026:07:28:12 -0500] "GET /?a=37650586gh1f9 HTTP/1.1" 301 - "https://www.membuatwebsite.biz/sitemap.xml" "Mozilla/5.0 AppleWebKit/537.36 (KHTML, like Gecko; compatible; GPTBot/1.3; +https://openai.com/gptbot)"
216.73.216.223 - - [22/Jan/2026:07:28:12 -0500] "GET /page/5/?a=1530990be72df HTTP/1.1" 200 15239 "-" "Mozilla/5.0 AppleWebKit/537.36 (KHTML, like Gecko; compatible; ClaudeBot/1.0; +claudebot@anthropic.com)"
74.7.243.232 - - [22/Jan/2026:07:28:13 -0500] "GET /?a=4416520f3d94c HTTP/1.1" 200 15242 "https://www.membuatwebsite.biz" "Mozilla/5.0 AppleWebKit/537.36 (KHTML, like Gecko; compatible; GPTBot/1.3; +https://openai.com/gptbot)"
74.7.227.31 - - [22/Jan/2026:07:28:15 -0500] "GET /?a=3470543b160ej HTTP/1.1" 301 - "https://www.membuatwebsite.biz/sitemap.xml" "Mozilla/5.0 AppleWebKit/537.36 (KHTML, like Gecko; compatible; GPTBot/1.3; +https://openai.com/gptbot)"
216.73.216.223 - - [22/Jan/2026:07:28:15 -0500] "GET /page/2/?a=36919392ge2b2 HTTP/1.1" 200 15469 "-" "Mozilla/5.0 AppleWebKit/537.36 (KHTML, like Gecko; compatible; ClaudeBot/1.0; +claudebot@anthropic.com)"
74.7.243.232 - - [22/Jan/2026:07:28:16 -0500] "GET /?a=4165126f0ch92 HTTP/1.1" 200 15262 "https://www.membuatwebsite.biz" "Mozilla/5.0 AppleWebKit/537.36 (KHTML, like Gecko; compatible; GPTBot/1.3; +https://openai.com/gptbot)"
74.7.227.31 - - [22/Jan/2026:07:28:19 -0500] "GET /?a=3905516403eif HTTP/1.1" 301 - "https://www.membuatwebsite.biz/sitemap.xml" "Mozilla/5.0 AppleWebKit/537.36 (KHTML, like Gecko; compatible; GPTBot/1.3; +https://openai.com/gptbot)"
216.73.216.223 - - [22/Jan/2026:07:28:19 -0500] "GET /page/6/?a=153065336cbab HTTP/1.1" 200 15043 "-" "Mozilla/5.0 AppleWebKit/537.36 (KHTML, like Gecko; compatible; ClaudeBot/1.0; +claudebot@anthropic.com)"
74.7.243.232 - - [22/Jan/2026:07:28:20 -0500] "GET /?a=42009779hi6d5 HTTP/1.1" 200 15242 "https://www.membuatwebsite.biz" "Mozilla/5.0 AppleWebKit/537.36 (KHTML, like Gecko; compatible; GPTBot/1.3; +https://openai.com/gptbot)"
136.144.35.62 - - [22/Jan/2026:07:28:20 -0500] "POST /wp-login.php HTTP/1.1" 503 18951 "-" "Mozilla/5.0"
66.249.73.69 - - [22/Jan/2026:07:28:21 -0500] "GET /?a=20968849dfg8c HTTP/1.1" 200 26875 "-" "Mozilla/5.0 (Linux; Android 6.0.1; Nexus 5X Build/MMB29P) AppleWebKit/537.36 (KHTML, like Gecko) Chrome/143.0.7499.192 Mobile Safari/537.36 (compatible; Googlebot/2.1; +http://www.google.com/bot.html)"
66.249.73.68 - - [22/Jan/2026:07:28:21 -0500] "GET /?a=1530683i58982 HTTP/1.1" 200 27116 "-" "Mozilla/5.0 (Linux; Android 6.0.1; Nexus 5X Build/MMB29P) AppleWebKit/537.36 (KHTML, like Gecko) Chrome/143.0.7499.192 Mobile Safari/537.36 (compatible; Googlebot/2.1; +http://www.google.com/bot.html)"
66.249.73.69 - - [22/Jan/2026:07:28:21 -0500] "GET /?a=8918644870ah HTTP/1.1" 200 25965 "-" "Mozilla/5.0 (Linux; Android 6.0.1; Nexus 5X Build/MMB29P) AppleWebKit/537.36 (KHTML, like Gecko) Chrome/143.0.7499.192 Mobile Safari/537.36 (compatible; Googlebot/2.1; +http://www.google.com/bot.html)"
216.73.216.223 - - [22/Jan/2026:07:28:22 -0500] "GET /page/141/?a=274437eeji2a HTTP/1.1" 200 15182 "-" "Mozilla/5.0 AppleWebKit/537.36 (KHTML, like Gecko; compatible; ClaudeBot/1.0; +claudebot@anthropic.com)"
74.7.227.31 - - [22/Jan/2026:07:28:22 -0500] "GET /?a=164057591bhe0 HTTP/1.1" 301 - "https://www.membuatwebsite.biz/sitemap.xml" "Mozilla/5.0 AppleWebKit/537.36 (KHTML, like Gecko; compatible; GPTBot/1.3; +https://openai.com/gptbot)"
74.7.243.232 - - [22/Jan/2026:07:28:23 -0500] "GET /?a=3614047f0d8i6 HTTP/1.1" 200 15188 "https://www.membuatwebsite.biz" "Mozilla/5.0 AppleWebKit/537.36 (KHTML, like Gecko; compatible; GPTBot/1.3; +https://openai.com/gptbot)"
216.73.216.223 - - [22/Jan/2026:07:28:25 -0500] "GET /page/131/?a=8302731eea56 HTTP/1.1" 200 15580 "-" "Mozilla/5.0 AppleWebKit/537.36 (KHTML, like Gecko; compatible; ClaudeBot/1.0; +claudebot@anthropic.com)"
74.7.227.31 - - [22/Jan/2026:07:28:25 -0500] "GET /?a=1286300bd87g9 HTTP/1.1" 301 - "https://www.membuatwebsite.biz/sitemap.xml" "Mozilla/5.0 AppleWebKit/537.36 (KHTML, like Gecko; compatible; GPTBot/1.3; +https://openai.com/gptbot)"
15.235.96.51 - - [22/Jan/2026:07:28:26 -0500] "GET /?a=7936396bi168 HTTP/1.1" 200 15215 "-" "Mozilla/5.0 (compatible; AhrefsBot/7.0; +http://ahrefs.com/robot/)"
74.7.243.232 - - [22/Jan/2026:07:28:26 -0500] "GET /?a=175169201h8bj HTTP/1.1" 200 15242 "https://www.membuatwebsite.biz" "Mozilla/5.0 AppleWebKit/537.36 (KHTML, like Gecko; compatible; GPTBot/1.3; +https://openai.com/gptbot)"
216.73.216.223 - - [22/Jan/2026:07:28:28 -0500] "GET /page/4/?a=2788036f0jfc5 HTTP/1.1" 200 15175 "-" "Mozilla/5.0 AppleWebKit/537.36 (KHTML, like Gecko; compatible; ClaudeBot/1.0; +claudebot@anthropic.com)"
74.7.227.31 - - [22/Jan/2026:07:28:28 -0500] "GET /?a=2368196515dgc HTTP/1.1" 301 - "https://www.membuatwebsite.biz/sitemap.xml" "Mozilla/5.0 AppleWebKit/537.36 (KHTML, like Gecko; compatible; GPTBot/1.3; +https://openai.com/gptbot)"
74.7.243.232 - - [22/Jan/2026:07:28:29 -0500] "GET /?a=4325683fh89b7 HTTP/1.1" 200 15262 "https://www.membuatwebsite.biz" "Mozilla/5.0 AppleWebKit/537.36 (KHTML, like Gecko; compatible; GPTBot/1.3; +https://openai.com/gptbot)"
216.73.216.223 - - [22/Jan/2026:07:28:31 -0500] "GET /page/2/?a=36650436fa4je HTTP/1.1" 200 15497 "-" "Mozilla/5.0 AppleWebKit/537.36 (KHTML, like Gecko; compatible; ClaudeBot/1.0; +claudebot@anthropic.com)"
74.7.227.31 - - [22/Jan/2026:07:28:32 -0500] "GET /?a=4200214df9i56 HTTP/1.1" 301 - "https://www.membuatwebsite.biz/sitemap.xml" "Mozilla/5.0 AppleWebKit/537.36 (KHTML, like Gecko; compatible; GPTBot/1.3; +https://openai.com/gptbot)"
74.7.243.232 - - [22/Jan/2026:07:28:32 -0500] "GET /?a=1770498bi5f65 HTTP/1.1" 200 15263 "https://www.membuatwebsite.biz" "Mozilla/5.0 AppleWebKit/537.36 (KHTML, like Gecko; compatible; GPTBot/1.3; +https://openai.com/gptbot)"
216.73.216.223 - - [22/Jan/2026:07:28:34 -0500] "GET /page/136/?a=3740360832b9 HTTP/1.1" 200 15405 "-" "Mozilla/5.0 AppleWebKit/537.36 (KHTML, like Gecko; compatible; ClaudeBot/1.0; +claudebot@anthropic.com)"
66.249.73.68 - - [22/Jan/2026:07:28:35 -0500] "GET /?a=12496047bd0if HTTP/1.1" 200 27243 "-" "Mozilla/5.0 (Linux; Android 6.0.1; Nexus 5X Build/MMB29P) AppleWebKit/537.36 (KHTML, like Gecko) Chrome/143.0.7499.192 Mobile Safari/537.36 (compatible; Googlebot/2.1; +http://www.google.com/bot.html)"
74.7.227.31 - - [22/Jan/2026:07:28:35 -0500] "GET /?a=126710378c8fg HTTP/1.1" 301 - "https://www.membuatwebsite.biz/sitemap.xml" "Mozilla/5.0 AppleWebKit/537.36 (KHTML, like Gecko; compatible; GPTBot/1.3; +https://openai.com/gptbot)"
66.249.73.68 - - [22/Jan/2026:07:28:35 -0500] "GET /?a=21568087aaa1d HTTP/1.1" 200 28991 "-" "Mozilla/5.0 (Linux; Android 6.0.1; Nexus 5X Build/MMB29P) AppleWebKit/537.36 (KHTML, like Gecko) Chrome/143.0.7499.192 Mobile Safari/537.36 (compatible; Googlebot/2.1; +http://www.google.com/bot.html)"
66.249.73.68 - - [22/Jan/2026:07:28:35 -0500] "GET /?a=21270307387a HTTP/1.1" 200 28225 "-" "Mozilla/5.0 (Linux; Android 6.0.1; Nexus 5X Build/MMB29P) AppleWebKit/537.36 (KHTML, like Gecko) Chrome/143.0.7499.192 Mobile Safari/537.36 (compatible; Googlebot/2.1; +http://www.google.com/bot.html)"
74.7.243.232 - - [22/Jan/2026:07:28:35 -0500] "GET /?a=37480165e35ij HTTP/1.1" 200 15188 "https://www.membuatwebsite.biz" "Mozilla/5.0 AppleWebKit/537.36 (KHTML, like Gecko; compatible; GPTBot/1.3; +https://openai.com/gptbot)"
216.73.216.223 - - [22/Jan/2026:07:28:37 -0500] "GET /page/13/?a=407485e178h2 HTTP/1.1" 200 15367 "-" "Mozilla/5.0 AppleWebKit/537.36 (KHTML, like Gecko; compatible; ClaudeBot/1.0; +claudebot@anthropic.com)"
74.7.227.31 - - [22/Jan/2026:07:28:38 -0500] "GET /?a=377956145bde3 HTTP/1.1" 301 - "https://www.membuatwebsite.biz/sitemap.xml" "Mozilla/5.0 AppleWebKit/537.36 (KHTML, like Gecko; compatible; GPTBot/1.3; +https://openai.com/gptbot)"
74.7.243.232 - - [22/Jan/2026:07:28:39 -0500] "GET /?a=4207758g3e9g9 HTTP/1.1" 200 15216 "https://www.membuatwebsite.biz" "Mozilla/5.0 AppleWebKit/537.36 (KHTML, like Gecko; compatible; GPTBot/1.3; +https://openai.com/gptbot)"
114.119.137.38 - - [22/Jan/2026:07:28:39 -0500] "GET /?a=2023269hib1h3 HTTP/1.1" 200 15262 "https://membuatwebsite.biz/sitemap.xmlsitemap:https:/membuatwebsite.biz/sitemap-1.xml" "Mozilla/5.0 (Linux; Android 7.0;) AppleWebKit/537.36 (KHTML, like Gecko) Mobile Safari/537.36 (compatible; PetalBot;+https://webmaster.petalsearch.com/site/petalbot)"
216.73.216.223 - - [22/Jan/2026:07:28:40 -0500] "GET /page/4/?a=3676848ceifd6 HTTP/1.1" 200 15198 "-" "Mozilla/5.0 AppleWebKit/537.36 (KHTML, like Gecko; compatible; ClaudeBot/1.0; +claudebot@anthropic.com)"
66.249.73.68 - - [22/Jan/2026:07:28:40 -0500] "GET /?a=8913999c5fbb HTTP/1.1" 200 26561 "-" "Mozilla/5.0 (Linux; Android 6.0.1; Nexus 5X Build/MMB29P) AppleWebKit/537.36 (KHTML, like Gecko) Chrome/143.0.7499.192 Mobile Safari/537.36 (compatible; Googlebot/2.1; +http://www.google.com/bot.html)"
66.249.65.46 - - [22/Jan/2026:07:28:41 -0500] "GET /?a=1454900d3j5j9 HTTP/1.1" 200 26759 "-" "Mozilla/5.0 (Linux; Android 6.0.1; Nexus 5X Build/MMB29P) AppleWebKit/537.36 (KHTML, like Gecko) Chrome/143.0.7499.192 Mobile Safari/537.36 (compatible; Googlebot/2.1; +http://www.google.com/bot.html)"
74.7.227.31 - - [22/Jan/2026:07:28:41 -0500] "GET /?a=326015878fg3f HTTP/1.1" 301 - "https://www.membuatwebsite.biz/sitemap.xml" "Mozilla/5.0 AppleWebKit/537.36 (KHTML, like Gecko; compatible; GPTBot/1.3; +https://openai.com/gptbot)"
74.7.243.232 - - [22/Jan/2026:07:28:42 -0500] "GET /?a=24163768i05ic HTTP/1.1" 200 15216 "https://www.membuatwebsite.biz" "Mozilla/5.0 AppleWebKit/537.36 (KHTML, like Gecko; compatible; GPTBot/1.3; +https://openai.com/gptbot)"
216.73.216.223 - - [22/Jan/2026:07:28:43 -0500] "GET /page/140/?a=3113166fgefff HTTP/1.1" 200 15531 "-" "Mozilla/5.0 AppleWebKit/537.36 (KHTML, like Gecko; compatible; ClaudeBot/1.0; +claudebot@anthropic.com)"
74.7.227.31 - - [22/Jan/2026:07:28:44 -0500] "GET /?a=4147095ai58d2 HTTP/1.1" 301 - "https://www.membuatwebsite.biz/sitemap.xml" "Mozilla/5.0 AppleWebKit/537.36 (KHTML, like Gecko; compatible; GPTBot/1.3; +https://openai.com/gptbot)"
74.7.243.232 - - [22/Jan/2026:07:28:45 -0500] "GET /?a=37650586gh1f9 HTTP/1.1" 200 15187 "https://www.membuatwebsite.biz" "Mozilla/5.0 AppleWebKit/537.36 (KHTML, like Gecko; compatible; GPTBot/1.3; +https://openai.com/gptbot)"
66.249.73.68 - - [22/Jan/2026:07:28:45 -0500] "GET /?a=8504292305h7 HTTP/1.1" 200 27616 "-" "Mozilla/5.0 (Linux; Android 6.0.1; Nexus 5X Build/MMB29P) AppleWebKit/537.36 (KHTML, like Gecko) Chrome/143.0.7499.192 Mobile Safari/537.36 (compatible; Googlebot/2.1; +http://www.google.com/bot.html)"
216.73.216.223 - - [22/Jan/2026:07:28:46 -0500] "GET /page/13/?a=3784867aj8bf HTTP/1.1" 200 15401 "-" "Mozilla/5.0 AppleWebKit/537.36 (KHTML, like Gecko; compatible; ClaudeBot/1.0; +claudebot@anthropic.com)"
74.7.227.31 - - [22/Jan/2026:07:28:47 -0500] "GET /?a=12535136db4j7 HTTP/1.1" 301 - "https://www.membuatwebsite.biz/sitemap.xml" "Mozilla/5.0 AppleWebKit/537.36 (KHTML, like Gecko; compatible; GPTBot/1.3; +https://openai.com/gptbot)"
74.7.243.232 - - [22/Jan/2026:07:28:48 -0500] "GET /?a=3470543b160ej HTTP/1.1" 200 15187 "https://www.membuatwebsite.biz" "Mozilla/5.0 AppleWebKit/537.36 (KHTML, like Gecko; compatible; GPTBot/1.3; +https://openai.com/gptbot)"
216.73.216.223 - - [22/Jan/2026:07:28:49 -0500] "GET /page/8/?a=446066997h4ea HTTP/1.1" 200 15519 "-" "Mozilla/5.0 AppleWebKit/537.36 (KHTML, like Gecko; compatible; ClaudeBot/1.0; +claudebot@anthropic.com)"
68.65.122.212 - - [22/Jan/2026:07:28:51 -0500] "POST /wp-cron.php?doing_wp_cron=1769084931.0860509872436523437500 HTTP/1.1" 200 - "-" "WordPress/6.8.3; https://membuatwebsite.biz"
74.7.227.31 - - [22/Jan/2026:07:28:50 -0500] "GET /?a=43831752i9gg8 HTTP/1.1" 301 - "https://www.membuatwebsite.biz/sitemap.xml" "Mozilla/5.0 AppleWebKit/537.36 (KHTML, like Gecko; compatible; GPTBot/1.3; +https://openai.com/gptbot)"
74.7.243.232 - - [22/Jan/2026:07:28:51 -0500] "GET /?a=3905516403eif HTTP/1.1" 200 15262 "https://www.membuatwebsite.biz" "Mozilla/5.0 AppleWebKit/537.36 (KHTML, like Gecko; compatible; GPTBot/1.3; +https://openai.com/gptbot)"
216.73.216.223 - - [22/Jan/2026:07:28:52 -0500] "GET /page/11/?a=1375433b34chc HTTP/1.1" 200 15214 "-" "Mozilla/5.0 AppleWebKit/537.36 (KHTML, like Gecko; compatible; ClaudeBot/1.0; +claudebot@anthropic.com)"
74.7.227.31 - - [22/Jan/2026:07:28:53 -0500] "GET /?a=10758372cgi34 HTTP/1.1" 301 - "https://www.membuatwebsite.biz/sitemap.xml" "Mozilla/5.0 AppleWebKit/537.36 (KHTML, like Gecko; compatible; GPTBot/1.3; +https://openai.com/gptbot)"
74.7.243.232 - - [22/Jan/2026:07:28:54 -0500] "GET /?a=269553198edc2 HTTP/1.1" 200 15187 "https://www.membuatwebsite.biz" "Mozilla/5.0 AppleWebKit/537.36 (KHTML, like Gecko; compatible; GPTBot/1.3; +https://openai.com/gptbot)"
216.73.216.223 - - [22/Jan/2026:07:28:55 -0500] "GET /page/4/?a=3698188cdb608 HTTP/1.1" 200 15231 "-" "Mozilla/5.0 AppleWebKit/537.36 (KHTML, like Gecko; compatible; ClaudeBot/1.0; +claudebot@anthropic.com)"
66.249.73.68 - - [22/Jan/2026:07:28:56 -0500] "GET /?a=851585aacc5g HTTP/1.1" 200 26375 "-" "Mozilla/5.0 (Linux; Android 6.0.1; Nexus 5X Build/MMB29P) AppleWebKit/537.36 (KHTML, like Gecko) Chrome/143.0.7499.192 Mobile Safari/537.36 (compatible; Googlebot/2.1; +http://www.google.com/bot.html)"
40.77.167.55 - - [22/Jan/2026:07:28:56 -0500] "GET /product/edit/587309 HTTP/1.1" 200 26831 "-" "Mozilla/5.0 AppleWebKit/537.36 (KHTML, like Gecko; compatible; bingbot/2.0; +http://www.bing.com/bingbot.htm) Chrome/116.0.1938.76 Safari/537.36"
74.7.227.31 - - [22/Jan/2026:07:28:57 -0500] "GET /?a=299560314gii0 HTTP/1.1" 301 - "https://www.membuatwebsite.biz/sitemap.xml" "Mozilla/5.0 AppleWebKit/537.36 (KHTML, like Gecko; compatible; GPTBot/1.3; +https://openai.com/gptbot)"
216.73.216.223 - - [22/Jan/2026:07:28:58 -0500] "GET /page/133/?a=74650g3a2e8 HTTP/1.1" 200 15494 "-" "Mozilla/5.0 AppleWebKit/537.36 (KHTML, like Gecko; compatible; ClaudeBot/1.0; +claudebot@anthropic.com)"
74.7.243.232 - - [22/Jan/2026:07:28:57 -0500] "GET /?a=1286300bd87g9 HTTP/1.1" 200 15242 "https://www.membuatwebsite.biz" "Mozilla/5.0 AppleWebKit/537.36 (KHTML, like Gecko; compatible; GPTBot/1.3; +https://openai.com/gptbot)"
66.249.73.68 - - [22/Jan/2026:07:28:58 -0500] "GET /?a=2185102i3b482 HTTP/1.1" 200 26558 "-" "Mozilla/5.0 (Linux; Android 6.0.1; Nexus 5X Build/MMB29P) AppleWebKit/537.36 (KHTML, like Gecko) Chrome/143.0.7499.192 Mobile Safari/537.36 (compatible; Googlebot/2.1; +http://www.google.com/bot.html)"
74.7.227.31 - - [22/Jan/2026:07:29:00 -0500] "GET /?a=2437511409dhj HTTP/1.1" 301 - "https://www.membuatwebsite.biz/sitemap.xml" "Mozilla/5.0 AppleWebKit/537.36 (KHTML, like Gecko; compatible; GPTBot/1.3; +https://openai.com/gptbot)"
216.73.216.223 - - [22/Jan/2026:07:29:01 -0500] "GET /page/4/?a=2047210ba0fd1 HTTP/1.1" 200 15197 "-" "Mozilla/5.0 AppleWebKit/537.36 (KHTML, like Gecko; compatible; ClaudeBot/1.0; +claudebot@anthropic.com)"
74.7.243.232 - - [22/Jan/2026:07:29:01 -0500] "GET /?a=2368196515dgc HTTP/1.1" 200 15216 "https://www.membuatwebsite.biz" "Mozilla/5.0 AppleWebKit/537.36 (KHTML, like Gecko; compatible; GPTBot/1.3; +https://openai.com/gptbot)"
74.7.227.31 - - [22/Jan/2026:07:29:03 -0500] "GET /?a=4271543jdb781 HTTP/1.1" 301 - "https://www.membuatwebsite.biz/sitemap.xml" "Mozilla/5.0 AppleWebKit/537.36 (KHTML, like Gecko; compatible; GPTBot/1.3; +https://openai.com/gptbot)"
216.73.216.223 - - [22/Jan/2026:07:29:04 -0500] "GET /page/4/?a=5086304b0bgf HTTP/1.1" 200 15230 "-" "Mozilla/5.0 AppleWebKit/537.36 (KHTML, like Gecko; compatible; ClaudeBot/1.0; +claudebot@anthropic.com)"
74.7.243.232 - - [22/Jan/2026:07:29:04 -0500] "GET /?a=4200214df9i56 HTTP/1.1" 200 15242 "https://www.membuatwebsite.biz" "Mozilla/5.0 AppleWebKit/537.36 (KHTML, like Gecko; compatible; GPTBot/1.3; +https://openai.com/gptbot)"
74.7.227.31 - - [22/Jan/2026:07:29:06 -0500] "GET /?a=344434310h724 HTTP/1.1" 301 - "https://www.membuatwebsite.biz/sitemap.xml" "Mozilla/5.0 AppleWebKit/537.36 (KHTML, like Gecko; compatible; GPTBot/1.3; +https://openai.com/gptbot)"
216.73.216.223 - - [22/Jan/2026:07:29:07 -0500] "GET /page/7/?a=36855759ahca HTTP/1.1" 200 15303 "-" "Mozilla/5.0 AppleWebKit/537.36 (KHTML, like Gecko; compatible; ClaudeBot/1.0; +claudebot@anthropic.com)"
74.7.243.232 - - [22/Jan/2026:07:29:07 -0500] "GET /?a=126710378c8fg HTTP/1.1" 200 15262 "https://www.membuatwebsite.biz" "Mozilla/5.0 AppleWebKit/537.36 (KHTML, like Gecko; compatible; GPTBot/1.3; +https://openai.com/gptbot)"
74.7.227.31 - - [22/Jan/2026:07:29:09 -0500] "GET /?a=41951j83j4i HTTP/1.1" 301 - "https://www.membuatwebsite.biz/sitemap.xml" "Mozilla/5.0 AppleWebKit/537.36 (KHTML, like Gecko; compatible; GPTBot/1.3; +https://openai.com/gptbot)"
216.73.216.223 - - [22/Jan/2026:07:29:10 -0500] "GET /page/137/?a=880918ef11e3 HTTP/1.1" 200 15110 "-" "Mozilla/5.0 AppleWebKit/537.36 (KHTML, like Gecko; compatible; ClaudeBot/1.0; +claudebot@anthropic.com)"
66.249.73.69 - - [22/Jan/2026:07:29:10 -0500] "GET /?a=44026889j2ajf HTTP/1.1" 200 26720 "-" "Mozilla/5.0 (Linux; Android 6.0.1; Nexus 5X Build/MMB29P) AppleWebKit/537.36 (KHTML, like Gecko) Chrome/143.0.7499.192 Mobile Safari/537.36 (compatible; Googlebot/2.1; +http://www.google.com/bot.html)"
66.249.65.46 - - [22/Jan/2026:07:29:10 -0500] "GET /?a=4139266fe93a HTTP/1.1" 200 27518 "-" "Mozilla/5.0 (Linux; Android 6.0.1; Nexus 5X Build/MMB29P) AppleWebKit/537.36 (KHTML, like Gecko) Chrome/143.0.7499.192 Mobile Safari/537.36 (compatible; Googlebot/2.1; +http://www.google.com/bot.html)"
66.249.73.69 - - [22/Jan/2026:07:29:10 -0500] "GET /?a=4099445a4e6je HTTP/1.1" 200 28701 "-" "Mozilla/5.0 (Linux; Android 6.0.1; Nexus 5X Build/MMB29P) AppleWebKit/537.36 (KHTML, like Gecko) Chrome/143.0.7499.192 Mobile Safari/537.36 (compatible; Googlebot/2.1; +http://www.google.com/bot.html)"
74.7.243.232 - - [22/Jan/2026:07:29:10 -0500] "GET /?a=377956145bde3 HTTP/1.1" 200 15216 "https://www.membuatwebsite.biz" "Mozilla/5.0 AppleWebKit/537.36 (KHTML, like Gecko; compatible; GPTBot/1.3; +https://openai.com/gptbot)"
66.249.73.70 - - [22/Jan/2026:07:29:11 -0500] "GET /?a=429535g56304 HTTP/1.1" 200 28343 "-" "Mozilla/5.0 (Linux; Android 6.0.1; Nexus 5X Build/MMB29P) AppleWebKit/537.36 (KHTML, like Gecko) Chrome/143.0.7499.192 Mobile Safari/537.36 (compatible; Googlebot/2.1; +http://www.google.com/bot.html)"
74.7.227.31 - - [22/Jan/2026:07:29:12 -0500] "GET /?a=3287634fbf2 HTTP/1.1" 301 - "https://www.membuatwebsite.biz/sitemap.xml" "Mozilla/5.0 AppleWebKit/537.36 (KHTML, like Gecko; compatible; GPTBot/1.3; +https://openai.com/gptbot)"
216.73.216.223 - - [22/Jan/2026:07:29:13 -0500] "GET /page/3/?a=214452282d818 HTTP/1.1" 200 15384 "-" "Mozilla/5.0 AppleWebKit/537.36 (KHTML, like Gecko; compatible; ClaudeBot/1.0; +claudebot@anthropic.com)"
74.7.243.232 - - [22/Jan/2026:07:29:14 -0500] "GET /?a=164057591bhe0 HTTP/1.1" 200 15216 "https://www.membuatwebsite.biz" "Mozilla/5.0 AppleWebKit/537.36 (KHTML, like Gecko; compatible; GPTBot/1.3; +https://openai.com/gptbot)"
74.7.227.31 - - [22/Jan/2026:07:29:15 -0500] "GET /?a=23056ba693i HTTP/1.1" 301 - "https://www.membuatwebsite.biz/sitemap.xml" "Mozilla/5.0 AppleWebKit/537.36 (KHTML, like Gecko; compatible; GPTBot/1.3; +https://openai.com/gptbot)"
216.73.216.223 - - [22/Jan/2026:07:29:16 -0500] "GET /page/144/?a=255110127809e HTTP/1.1" 200 13107 "-" "Mozilla/5.0 AppleWebKit/537.36 (KHTML, like Gecko; compatible; ClaudeBot/1.0; +claudebot@anthropic.com)"
74.7.243.232 - - [22/Jan/2026:07:29:17 -0500] "GET /?a=4147095ai58d2 HTTP/1.1" 200 15242 "https://www.membuatwebsite.biz" "Mozilla/5.0 AppleWebKit/537.36 (KHTML, like Gecko; compatible; GPTBot/1.3; +https://openai.com/gptbot)"
74.7.227.31 - - [22/Jan/2026:07:29:19 -0500] "GET /?a=44695a2c11h HTTP/1.1" 301 - "https://www.membuatwebsite.biz/sitemap.xml" "Mozilla/5.0 AppleWebKit/537.36 (KHTML, like Gecko; compatible; GPTBot/1.3; +https://openai.com/gptbot)"
216.73.216.223 - - [22/Jan/2026:07:29:19 -0500] "GET /page/2/?a=1361219g96f59 HTTP/1.1" 200 15470 "-" "Mozilla/5.0 AppleWebKit/537.36 (KHTML, like Gecko; compatible; ClaudeBot/1.0; +claudebot@anthropic.com)"
74.7.243.232 - - [22/Jan/2026:07:29:20 -0500] "GET /?a=12535136db4j7 HTTP/1.1" 200 15188 "https://www.membuatwebsite.biz" "Mozilla/5.0 AppleWebKit/537.36 (KHTML, like Gecko; compatible; GPTBot/1.3; +https://openai.com/gptbot)"
66.249.73.69 - - [22/Jan/2026:07:29:21 -0500] "GET /?a=36848826d796e HTTP/1.1" 200 27225 "-" "Mozilla/5.0 (Linux; Android 6.0.1; Nexus 5X Build/MMB29P) AppleWebKit/537.36 (KHTML, like Gecko) Chrome/143.0.7499.192 Mobile Safari/537.36 (compatible; Googlebot/2.1; +http://www.google.com/bot.html)"
74.7.227.31 - - [22/Jan/2026:07:29:22 -0500] "GET /?a=12847308j56fb HTTP/1.1" 301 - "https://www.membuatwebsite.biz/sitemap.xml" "Mozilla/5.0 AppleWebKit/537.36 (KHTML, like Gecko; compatible; GPTBot/1.3; +https://openai.com/gptbot)"
216.73.216.223 - - [22/Jan/2026:07:29:22 -0500] "GET /page/4/?a=2313325a1c20e HTTP/1.1" 200 15197 "-" "Mozilla/5.0 AppleWebKit/537.36 (KHTML, like Gecko; compatible; ClaudeBot/1.0; +claudebot@anthropic.com)"
74.7.243.232 - - [22/Jan/2026:07:29:23 -0500] "GET /?a=43831752i9gg8 HTTP/1.1" 200 15188 "https://www.membuatwebsite.biz" "Mozilla/5.0 AppleWebKit/537.36 (KHTML, like Gecko; compatible; GPTBot/1.3; +https://openai.com/gptbot)"
167.114.139.36 - - [22/Jan/2026:07:29:24 -0500] "GET /?a=744063bg08ef HTTP/1.1" 200 15214 "-" "Mozilla/5.0 (compatible; AhrefsBot/7.0; +http://ahrefs.com/robot/)"
74.7.227.31 - - [22/Jan/2026:07:29:25 -0500] "GET /?a=3074906j21f8d HTTP/1.1" 301 - "https://www.membuatwebsite.biz/sitemap.xml" "Mozilla/5.0 AppleWebKit/537.36 (KHTML, like Gecko; compatible; GPTBot/1.3; +https://openai.com/gptbot)"
216.73.216.223 - - [22/Jan/2026:07:29:25 -0500] "GET /page/4/?a=316719095ig5e HTTP/1.1" 200 15167 "-" "Mozilla/5.0 AppleWebKit/537.36 (KHTML, like Gecko; compatible; ClaudeBot/1.0; +claudebot@anthropic.com)"
66.249.73.68 - - [22/Jan/2026:07:29:26 -0500] "GET /?a=3615857ad2j4b HTTP/1.1" 200 26095 "-" "Mozilla/5.0 (Linux; Android 6.0.1; Nexus 5X Build/MMB29P) AppleWebKit/537.36 (KHTML, like Gecko) Chrome/143.0.7499.192 Mobile Safari/537.36 (compatible; Googlebot/2.1; +http://www.google.com/bot.html)"
74.7.243.232 - - [22/Jan/2026:07:29:26 -0500] "GET /?a=10758372cgi34 HTTP/1.1" 200 15212 "https://www.membuatwebsite.biz" "Mozilla/5.0 AppleWebKit/537.36 (KHTML, like Gecko; compatible; GPTBot/1.3; +https://openai.com/gptbot)"
74.7.227.31 - - [22/Jan/2026:07:29:28 -0500] "GET /?a=876699i8hh1 HTTP/1.1" 301 - "https://www.membuatwebsite.biz/sitemap.xml" "Mozilla/5.0 AppleWebKit/537.36 (KHTML, like Gecko; compatible; GPTBot/1.3; +https://openai.com/gptbot)"
216.73.216.223 - - [22/Jan/2026:07:29:28 -0500] "GET /page/4/?a=1316211ccgh50 HTTP/1.1" 200 15231 "-" "Mozilla/5.0 AppleWebKit/537.36 (KHTML, like Gecko; compatible; ClaudeBot/1.0; +claudebot@anthropic.com)"
2a03:2880:f80e:7:: - - [22/Jan/2026:07:29:29 -0500] "GET /shopdetail/777649210.phtml HTTP/1.1" 404 49663 "-" "meta-externalagent/1.1 (+https://developers.facebook.com/docs/sharing/webmasters/crawler)"
74.7.243.232 - - [22/Jan/2026:07:29:29 -0500] "GET /?a=299560314gii0 HTTP/1.1" 200 15187 "https://www.membuatwebsite.biz" "Mozilla/5.0 AppleWebKit/537.36 (KHTML, like Gecko; compatible; GPTBot/1.3; +https://openai.com/gptbot)"
66.249.73.68 - - [22/Jan/2026:07:29:31 -0500] "GET /?a=16185149b230d HTTP/1.1" 200 26846 "-" "Mozilla/5.0 (Linux; Android 6.0.1; Nexus 5X Build/MMB29P) AppleWebKit/537.36 (KHTML, like Gecko) Chrome/143.0.7499.192 Mobile Safari/537.36 (compatible; Googlebot/2.1; +http://www.google.com/bot.html)"
66.249.65.32 - - [22/Jan/2026:07:29:31 -0500] "GET /?a=38335612fa23c HTTP/1.1" 200 26953 "-" "Mozilla/5.0 (Linux; Android 6.0.1; Nexus 5X Build/MMB29P) AppleWebKit/537.36 (KHTML, like Gecko) Chrome/143.0.7499.192 Mobile Safari/537.36 (compatible; Googlebot/2.1; +http://www.google.com/bot.html)"
74.7.227.31 - - [22/Jan/2026:07:29:31 -0500] "GET /?a=722427b61ad HTTP/1.1" 301 - "https://www.membuatwebsite.biz/sitemap.xml" "Mozilla/5.0 AppleWebKit/537.36 (KHTML, like Gecko; compatible; GPTBot/1.3; +https://openai.com/gptbot)"
216.73.216.223 - - [22/Jan/2026:07:29:31 -0500] "GET /page/9/?a=27943159ca586 HTTP/1.1" 200 15308 "-" "Mozilla/5.0 AppleWebKit/537.36 (KHTML, like Gecko; compatible; ClaudeBot/1.0; +claudebot@anthropic.com)"
74.7.243.232 - - [22/Jan/2026:07:29:32 -0500] "GET /?a=2437511409dhj HTTP/1.1" 200 15216 "https://www.membuatwebsite.biz" "Mozilla/5.0 AppleWebKit/537.36 (KHTML, like Gecko; compatible; GPTBot/1.3; +https://openai.com/gptbot)"
216.73.216.223 - - [22/Jan/2026:07:29:34 -0500] "GET /page/144/?a=39262209db32 HTTP/1.1" 200 13125 "-" "Mozilla/5.0 AppleWebKit/537.36 (KHTML, like Gecko; compatible; ClaudeBot/1.0; +claudebot@anthropic.com)"
74.7.227.31 - - [22/Jan/2026:07:29:35 -0500] "GET /?a=2146083begj1i HTTP/1.1" 301 - "https://www.membuatwebsite.biz/sitemap.xml" "Mozilla/5.0 AppleWebKit/537.36 (KHTML, like Gecko; compatible; GPTBot/1.3; +https://openai.com/gptbot)"
66.249.73.68 - - [22/Jan/2026:07:29:35 -0500] "GET /?a=3087243i40j66 HTTP/1.1" 200 26736 "-" "Mozilla/5.0 (Linux; Android 6.0.1; Nexus 5X Build/MMB29P) AppleWebKit/537.36 (KHTML, like Gecko) Chrome/143.0.7499.192 Mobile Safari/537.36 (compatible; Googlebot/2.1; +http://www.google.com/bot.html)"
74.7.243.232 - - [22/Jan/2026:07:29:35 -0500] "GET /?a=326015878fg3f HTTP/1.1" 200 15216 "https://www.membuatwebsite.biz" "Mozilla/5.0 AppleWebKit/537.36 (KHTML, like Gecko; compatible; GPTBot/1.3; +https://openai.com/gptbot)"
216.73.216.223 - - [22/Jan/2026:07:29:37 -0500] "GET /page/6/?a=24255122f6fb5 HTTP/1.1" 200 15062 "-" "Mozilla/5.0 AppleWebKit/537.36 (KHTML, like Gecko; compatible; ClaudeBot/1.0; +claudebot@anthropic.com)"
74.7.227.31 - - [22/Jan/2026:07:29:38 -0500] "GET /?a=3061125dgh7ji HTTP/1.1" 301 - "https://www.membuatwebsite.biz/sitemap.xml" "Mozilla/5.0 AppleWebKit/537.36 (KHTML, like Gecko; compatible; GPTBot/1.3; +https://openai.com/gptbot)"
74.7.243.232 - - [22/Jan/2026:07:29:38 -0500] "GET /?a=12142906c0jb7 HTTP/1.1" 200 15188 "https://www.membuatwebsite.biz" "Mozilla/5.0 AppleWebKit/537.36 (KHTML, like Gecko; compatible; GPTBot/1.3; +https://openai.com/gptbot)"
216.73.216.223 - - [22/Jan/2026:07:29:40 -0500] "GET /page/4/?a=3171059b7bd39 HTTP/1.1" 200 15148 "-" "Mozilla/5.0 AppleWebKit/537.36 (KHTML, like Gecko; compatible; ClaudeBot/1.0; +claudebot@anthropic.com)"
74.7.227.31 - - [22/Jan/2026:07:29:41 -0500] "GET /?a=2745049gihf8e HTTP/1.1" 301 - "https://www.membuatwebsite.biz/sitemap.xml" "Mozilla/5.0 AppleWebKit/537.36 (KHTML, like Gecko; compatible; GPTBot/1.3; +https://openai.com/gptbot)"
74.7.243.232 - - [22/Jan/2026:07:29:42 -0500] "GET /?a=4271543jdb781 HTTP/1.1" 200 15242 "https://www.membuatwebsite.biz" "Mozilla/5.0 AppleWebKit/537.36 (KHTML, like Gecko; compatible; GPTBot/1.3; +https://openai.com/gptbot)"
216.73.216.223 - - [22/Jan/2026:07:29:43 -0500] "GET /page/8/?a=7378388b1b92 HTTP/1.1" 200 15452 "-" "Mozilla/5.0 AppleWebKit/537.36 (KHTML, like Gecko; compatible; ClaudeBot/1.0; +claudebot@anthropic.com)"
74.7.227.31 - - [22/Jan/2026:07:29:44 -0500] "GET /?a=2796856hedj0f HTTP/1.1" 301 - "https://www.membuatwebsite.biz/sitemap.xml" "Mozilla/5.0 AppleWebKit/537.36 (KHTML, like Gecko; compatible; GPTBot/1.3; +https://openai.com/gptbot)"
66.249.73.68 - - [22/Jan/2026:07:29:45 -0500] "GET /?a=92352c5geid HTTP/1.1" 200 26102 "-" "Mozilla/5.0 (Linux; Android 6.0.1; Nexus 5X Build/MMB29P) AppleWebKit/537.36 (KHTML, like Gecko) Chrome/143.0.7499.192 Mobile Safari/537.36 (compatible; Googlebot/2.1; +http://www.google.com/bot.html)"
66.249.73.68 - - [22/Jan/2026:07:29:45 -0500] "GET /?a=43416740bbc51 HTTP/1.1" 200 28579 "-" "Mozilla/5.0 (Linux; Android 6.0.1; Nexus 5X Build/MMB29P) AppleWebKit/537.36 (KHTML, like Gecko) Chrome/143.0.7499.192 Mobile Safari/537.36 (compatible; Googlebot/2.1; +http://www.google.com/bot.html)"
74.7.243.232 - - [22/Jan/2026:07:29:45 -0500] "GET /?a=14064275c13cg HTTP/1.1" 200 15241 "https://www.membuatwebsite.biz" "Mozilla/5.0 AppleWebKit/537.36 (KHTML, like Gecko; compatible; GPTBot/1.3; +https://openai.com/gptbot)"
66.249.73.68 - - [22/Jan/2026:07:29:45 -0500] "GET /?a=3635439f45556 HTTP/1.1" 200 27254 "-" "Mozilla/5.0 (Linux; Android 6.0.1; Nexus 5X Build/MMB29P) AppleWebKit/537.36 (KHTML, like Gecko) Chrome/143.0.7499.192 Mobile Safari/537.36 (compatible; Googlebot/2.1; +http://www.google.com/bot.html)"
216.73.216.223 - - [22/Jan/2026:07:29:47 -0500] "GET /page/12/?a=41818088ee22 HTTP/1.1" 200 15312 "-" "Mozilla/5.0 AppleWebKit/537.36 (KHTML, like Gecko; compatible; ClaudeBot/1.0; +claudebot@anthropic.com)"
74.7.227.31 - - [22/Jan/2026:07:29:47 -0500] "GET /?a=1542930ebf5dg HTTP/1.1" 301 - "https://www.membuatwebsite.biz/sitemap.xml" "Mozilla/5.0 AppleWebKit/537.36 (KHTML, like Gecko; compatible; GPTBot/1.3; +https://openai.com/gptbot)"
74.7.243.232 - - [22/Jan/2026:07:29:48 -0500] "GET /?a=344434310h724 HTTP/1.1" 200 15216 "https://www.membuatwebsite.biz" "Mozilla/5.0 AppleWebKit/537.36 (KHTML, like Gecko; compatible; GPTBot/1.3; +https://openai.com/gptbot)"
216.73.216.223 - - [22/Jan/2026:07:29:50 -0500] "GET /page/7/?a=2703247cj950b HTTP/1.1" 200 15305 "-" "Mozilla/5.0 AppleWebKit/537.36 (KHTML, like Gecko; compatible; ClaudeBot/1.0; +claudebot@anthropic.com)"
74.7.243.232 - - [22/Jan/2026:07:29:51 -0500] "GET /?a=44695a2c11h HTTP/1.1" 200 15240 "https://www.membuatwebsite.biz" "Mozilla/5.0 AppleWebKit/537.36 (KHTML, like Gecko; compatible; GPTBot/1.3; +https://openai.com/gptbot)"
74.7.227.31 - - [22/Jan/2026:07:29:50 -0500] "GET /?a=13749826hiega HTTP/1.1" 301 - "https://www.membuatwebsite.biz/sitemap.xml" "Mozilla/5.0 AppleWebKit/537.36 (KHTML, like Gecko; compatible; GPTBot/1.3; +https://openai.com/gptbot)"
216.73.216.223 - - [22/Jan/2026:07:29:53 -0500] "GET /page/139/?a=44530485bc6b5 HTTP/1.1" 200 15478 "-" "Mozilla/5.0 AppleWebKit/537.36 (KHTML, like Gecko; compatible; ClaudeBot/1.0; +claudebot@anthropic.com)"
74.7.227.31 - - [22/Jan/2026:07:29:53 -0500] "GET /?a=4096134cg0ija HTTP/1.1" 301 - "https://www.membuatwebsite.biz/sitemap.xml" "Mozilla/5.0 AppleWebKit/537.36 (KHTML, like Gecko; compatible; GPTBot/1.3; +https://openai.com/gptbot)"
74.7.243.232 - - [22/Jan/2026:07:29:54 -0500] "GET /?a=12847308j56fb HTTP/1.1" 200 15188 "https://www.membuatwebsite.biz" "Mozilla/5.0 AppleWebKit/537.36 (KHTML, like Gecko; compatible; GPTBot/1.3; +https://openai.com/gptbot)"
216.73.216.223 - - [22/Jan/2026:07:29:56 -0500] "GET /page/6/?a=14267992fc41h HTTP/1.1" 200 15095 "-" "Mozilla/5.0 AppleWebKit/537.36 (KHTML, like Gecko; compatible; ClaudeBot/1.0; +claudebot@anthropic.com)"
74.7.227.31 - - [22/Jan/2026:07:29:56 -0500] "GET /?a=1663859b0gead HTTP/1.1" 301 - "https://www.membuatwebsite.biz/sitemap.xml" "Mozilla/5.0 AppleWebKit/537.36 (KHTML, like Gecko; compatible; GPTBot/1.3; +https://openai.com/gptbot)"
74.7.243.232 - - [22/Jan/2026:07:29:58 -0500] "GET /?a=23056ba693i HTTP/1.1" 200 15185 "https://www.membuatwebsite.biz" "Mozilla/5.0 AppleWebKit/537.36 (KHTML, like Gecko; compatible; GPTBot/1.3; +https://openai.com/gptbot)"
216.73.216.223 - - [22/Jan/2026:07:29:59 -0500] "GET /page/7/?a=10819646e43e6 HTTP/1.1" 200 15316 "-" "Mozilla/5.0 AppleWebKit/537.36 (KHTML, like Gecko; compatible; ClaudeBot/1.0; +claudebot@anthropic.com)"
74.7.227.31 - - [22/Jan/2026:07:29:59 -0500] "GET /?a=4103628bab0ij HTTP/1.1" 301 - "https://www.membuatwebsite.biz/sitemap.xml" "Mozilla/5.0 AppleWebKit/537.36 (KHTML, like Gecko; compatible; GPTBot/1.3; +https://openai.com/gptbot)"
74.7.243.232 - - [22/Jan/2026:07:30:01 -0500] "GET /?a=3287634fbf2 HTTP/1.1" 200 15186 "https://www.membuatwebsite.biz" "Mozilla/5.0 AppleWebKit/537.36 (KHTML, like Gecko; compatible; GPTBot/1.3; +https://openai.com/gptbot)"
114.119.133.138 - - [22/Jan/2026:07:30:01 -0500] "GET /?a=200884035ea6d HTTP/1.1" 200 15186 "https://membuatwebsite.biz/sitemap.xmlsitemap:https:/membuatwebsite.biz/sitemap-1.xml" "Mozilla/5.0 (Linux; Android 7.0;) AppleWebKit/537.36 (KHTML, like Gecko) Mobile Safari/537.36 (compatible; PetalBot;+https://webmaster.petalsearch.com/site/petalbot)"
216.73.216.223 - - [22/Jan/2026:07:30:02 -0500] "GET /page/140/?a=2660146a4ff5i HTTP/1.1" 200 15531 "-" "Mozilla/5.0 AppleWebKit/537.36 (KHTML, like Gecko; compatible; ClaudeBot/1.0; +claudebot@anthropic.com)"
74.7.227.31 - - [22/Jan/2026:07:30:03 -0500] "GET /?a=4168773ghhf5i HTTP/1.1" 301 - "https://www.membuatwebsite.biz/sitemap.xml" "Mozilla/5.0 AppleWebKit/537.36 (KHTML, like Gecko; compatible; GPTBot/1.3; +https://openai.com/gptbot)"
66.249.73.69 - - [22/Jan/2026:07:30:03 -0500] "GET /?a=34377239a8a78 HTTP/1.1" 200 26919 "-" "Mozilla/5.0 (Linux; Android 6.0.1; Nexus 5X Build/MMB29P) AppleWebKit/537.36 (KHTML, like Gecko) Chrome/143.0.7499.192 Mobile Safari/537.36 (compatible; Googlebot/2.1; +http://www.google.com/bot.html)"
74.7.243.232 - - [22/Jan/2026:07:30:04 -0500] "GET /?a=41951j83j4i HTTP/1.1" 200 15241 "https://www.membuatwebsite.biz" "Mozilla/5.0 AppleWebKit/537.36 (KHTML, like Gecko; compatible; GPTBot/1.3; +https://openai.com/gptbot)"
216.73.216.223 - - [22/Jan/2026:07:30:05 -0500] "GET /page/3/?a=10488271i0dh4 HTTP/1.1" 200 15412 "-" "Mozilla/5.0 AppleWebKit/537.36 (KHTML, like Gecko; compatible; ClaudeBot/1.0; +claudebot@anthropic.com)"
74.7.227.31 - - [22/Jan/2026:07:30:06 -0500] "GET /?a=1229580b5jcbd HTTP/1.1" 301 - "https://www.membuatwebsite.biz/sitemap.xml" "Mozilla/5.0 AppleWebKit/537.36 (KHTML, like Gecko; compatible; GPTBot/1.3; +https://openai.com/gptbot)"
74.7.243.232 - - [22/Jan/2026:07:30:07 -0500] "GET /?a=3074906j21f8d HTTP/1.1" 200 15241 "https://www.membuatwebsite.biz" "Mozilla/5.0 AppleWebKit/537.36 (KHTML, like Gecko; compatible; GPTBot/1.3; +https://openai.com/gptbot)"
66.249.73.69 - - [22/Jan/2026:07:30:08 -0500] "GET /?a=4035918i37dbc HTTP/1.1" 200 31049 "-" "Mozilla/5.0 (Linux; Android 6.0.1; Nexus 5X Build/MMB29P) AppleWebKit/537.36 (KHTML, like Gecko) Chrome/143.0.7499.192 Mobile Safari/537.36 (compatible; Googlebot/2.1; +http://www.google.com/bot.html)"
66.249.73.69 - - [22/Jan/2026:07:30:08 -0500] "GET /?a=669590i3ieg8 HTTP/1.1" 200 27768 "-" "Mozilla/5.0 (Linux; Android 6.0.1; Nexus 5X Build/MMB29P) AppleWebKit/537.36 (KHTML, like Gecko) Chrome/143.0.7499.192 Mobile Safari/537.36 (compatible; Googlebot/2.1; +http://www.google.com/bot.html)"
66.249.73.69 - - [22/Jan/2026:07:30:08 -0500] "GET /?a=2576055529bii HTTP/1.1" 200 26204 "-" "Mozilla/5.0 (Linux; Android 6.0.1; Nexus 5X Build/MMB29P) AppleWebKit/537.36 (KHTML, like Gecko) Chrome/143.0.7499.192 Mobile Safari/537.36 (compatible; Googlebot/2.1; +http://www.google.com/bot.html)"
216.73.216.223 - - [22/Jan/2026:07:30:08 -0500] "GET /page/12/?a=683915bcc94b HTTP/1.1" 200 15313 "-" "Mozilla/5.0 AppleWebKit/537.36 (KHTML, like Gecko; compatible; ClaudeBot/1.0; +claudebot@anthropic.com)"
74.7.227.31 - - [22/Jan/2026:07:30:09 -0500] "GET /?a=1506748jjgij2 HTTP/1.1" 301 - "https://www.membuatwebsite.biz/sitemap.xml" "Mozilla/5.0 AppleWebKit/537.36 (KHTML, like Gecko; compatible; GPTBot/1.3; +https://openai.com/gptbot)"
74.7.243.232 - - [22/Jan/2026:07:30:10 -0500] "GET /?a=876699i8hh1 HTTP/1.1" 200 15186 "https://www.membuatwebsite.biz" "Mozilla/5.0 AppleWebKit/537.36 (KHTML, like Gecko; compatible; GPTBot/1.3; +https://openai.com/gptbot)"
216.73.216.223 - - [22/Jan/2026:07:30:11 -0500] "GET /page/138/?a=4320073jdej4e HTTP/1.1" 200 15358 "-" "Mozilla/5.0 AppleWebKit/537.36 (KHTML, like Gecko; compatible; ClaudeBot/1.0; +claudebot@anthropic.com)"
74.7.227.31 - - [22/Jan/2026:07:30:12 -0500] "GET /?a=34525991hbicg HTTP/1.1" 301 - "https://www.membuatwebsite.biz/sitemap.xml" "Mozilla/5.0 AppleWebKit/537.36 (KHTML, like Gecko; compatible; GPTBot/1.3; +https://openai.com/gptbot)"
66.249.65.46 - - [22/Jan/2026:07:30:13 -0500] "GET /?a=2752424i7hca7 HTTP/1.1" 200 27538 "-" "Mozilla/5.0 (Linux; Android 6.0.1; Nexus 5X Build/MMB29P) AppleWebKit/537.36 (KHTML, like Gecko) Chrome/143.0.7499.192 Mobile Safari/537.36 (compatible; Googlebot/2.1; +http://www.google.com/bot.html)"
216.73.216.223 - - [22/Jan/2026:07:30:14 -0500] "GET /page/3/?a=4262261cba0ib HTTP/1.1" 200 15330 "-" "Mozilla/5.0 AppleWebKit/537.36 (KHTML, like Gecko; compatible; ClaudeBot/1.0; +claudebot@anthropic.com)"
74.7.243.232 - - [22/Jan/2026:07:30:13 -0500] "GET /?a=722427b61ad HTTP/1.1" 200 15185 "https://www.membuatwebsite.biz" "Mozilla/5.0 AppleWebKit/537.36 (KHTML, like Gecko; compatible; GPTBot/1.3; +https://openai.com/gptbot)"
74.7.227.31 - - [22/Jan/2026:07:30:16 -0500] "GET /?a=38776579iebdg HTTP/1.1" 301 - "https://www.membuatwebsite.biz/sitemap.xml" "Mozilla/5.0 AppleWebKit/537.36 (KHTML, like Gecko; compatible; GPTBot/1.3; +https://openai.com/gptbot)"
66.249.73.69 - - [22/Jan/2026:07:30:17 -0500] "GET /?a=27537639g5eha HTTP/1.1" 200 26930 "-" "Mozilla/5.0 (Linux; Android 6.0.1; Nexus 5X Build/MMB29P) AppleWebKit/537.36 (KHTML, like Gecko) Chrome/143.0.7499.192 Mobile Safari/537.36 (compatible; Googlebot/2.1; +http://www.google.com/bot.html)"
216.73.216.223 - - [22/Jan/2026:07:30:17 -0500] "GET /page/12/?a=16858741ba883 HTTP/1.1" 200 15314 "-" "Mozilla/5.0 AppleWebKit/537.36 (KHTML, like Gecko; compatible; ClaudeBot/1.0; +claudebot@anthropic.com)"
74.7.243.232 - - [22/Jan/2026:07:30:16 -0500] "GET /?a=3061125dgh7ji HTTP/1.1" 200 15187 "https://www.membuatwebsite.biz" "Mozilla/5.0 AppleWebKit/537.36 (KHTML, like Gecko; compatible; GPTBot/1.3; +https://openai.com/gptbot)"
74.7.227.31 - - [22/Jan/2026:07:30:19 -0500] "GET /?a=2633842hbhi0g HTTP/1.1" 301 - "https://www.membuatwebsite.biz/sitemap.xml" "Mozilla/5.0 AppleWebKit/537.36 (KHTML, like Gecko; compatible; GPTBot/1.3; +https://openai.com/gptbot)"
74.7.243.232 - - [22/Jan/2026:07:30:20 -0500] "GET /?a=2796856hedj0f HTTP/1.1" 200 15262 "https://www.membuatwebsite.biz" "Mozilla/5.0 AppleWebKit/537.36 (KHTML, like Gecko; compatible; GPTBot/1.3; +https://openai.com/gptbot)"
74.7.227.31 - - [22/Jan/2026:07:30:22 -0500] "GET /?a=1221650gedj7b HTTP/1.1" 301 - "https://www.membuatwebsite.biz/sitemap.xml" "Mozilla/5.0 AppleWebKit/537.36 (KHTML, like Gecko; compatible; GPTBot/1.3; +https://openai.com/gptbot)"
216.73.216.223 - - [22/Jan/2026:07:30:21 -0500] "GET /page/7/?a=787086dgb37 HTTP/1.1" 200 15303 "-" "Mozilla/5.0 AppleWebKit/537.36 (KHTML, like Gecko; compatible; ClaudeBot/1.0; +claudebot@anthropic.com)"
47.128.62.125 - - [22/Jan/2026:07:30:22 -0500] "GET / HTTP/1.1" 200 15200 "-" "Mozilla/5.0 (Linux; Android 5.0) AppleWebKit/537.36 (KHTML, like Gecko) Mobile Safari/537.36 (compatible; Bytespider; spider-feedback@bytedance.com)"
66.249.73.69 - - [22/Jan/2026:07:30:23 -0500] "GET /?a=21100393bgeg1 HTTP/1.1" 200 28174 "-" "Mozilla/5.0 (Linux; Android 6.0.1; Nexus 5X Build/MMB29P) AppleWebKit/537.36 (KHTML, like Gecko) Chrome/143.0.7499.192 Mobile Safari/537.36 (compatible; Googlebot/2.1; +http://www.google.com/bot.html)"
74.7.243.232 - - [22/Jan/2026:07:30:23 -0500] "GET /?a=1542930ebf5dg HTTP/1.1" 200 15262 "https://www.membuatwebsite.biz" "Mozilla/5.0 AppleWebKit/537.36 (KHTML, like Gecko; compatible; GPTBot/1.3; +https://openai.com/gptbot)"
15.235.27.214 - - [22/Jan/2026:07:30:23 -0500] "GET /?a=743384a049af HTTP/1.1" 200 15240 "-" "Mozilla/5.0 (compatible; AhrefsBot/7.0; +http://ahrefs.com/robot/)"
47.128.62.125 - - [22/Jan/2026:07:30:24 -0500] "GET /wp-content/uploads/2015/12/Asuransi-Perjalanan-000-589x392.jpg HTTP/1.1" 200 76126 "https://membuatwebsite.biz/" "Mozilla/5.0 (Linux; Android 5.0) AppleWebKit/537.36 (KHTML, like Gecko) Mobile Safari/537.36 (compatible; Bytespider; spider-feedback@bytedance.com)"
47.128.62.125 - - [22/Jan/2026:07:30:24 -0500] "GET /wp-content/uploads/2016/06/Cetak-Buku-Yasin-Murah.jpg HTTP/1.1" 304 - "https://membuatwebsite.biz/" "Mozilla/5.0 (Linux; Android 5.0) AppleWebKit/537.36 (KHTML, like Gecko) Mobile Safari/537.36 (compatible; Bytespider; spider-feedback@bytedance.com)"
47.128.62.125 - - [22/Jan/2026:07:30:24 -0500] "GET /wp-content/uploads/2016/09/Tumbuh-Kembang-Anak.jpg HTTP/1.1" 304 - "https://membuatwebsite.biz/" "Mozilla/5.0 (Linux; Android 5.0) AppleWebKit/537.36 (KHTML, like Gecko) Mobile Safari/537.36 (compatible; Bytespider; spider-feedback@bytedance.com)"
47.128.62.125 - - [22/Jan/2026:07:30:24 -0500] "GET /wp-content/uploads/2014/09/Software-penting-untuk-warnet.jpg HTTP/1.1" 304 - "https://membuatwebsite.biz/" "Mozilla/5.0 (Linux; Android 5.0) AppleWebKit/537.36 (KHTML, like Gecko) Mobile Safari/537.36 (compatible; Bytespider; spider-feedback@bytedance.com)"
47.128.62.125 - - [22/Jan/2026:07:30:24 -0500] "GET /wp-content/uploads/2014/09/246-SCI-Reksadana.jpeg HTTP/1.1" 304 - "https://membuatwebsite.biz/" "Mozilla/5.0 (Linux; Android 5.0) AppleWebKit/537.36 (KHTML, like Gecko) Mobile Safari/537.36 (compatible; Bytespider; spider-feedback@bytedance.com)"
47.128.62.125 - - [22/Jan/2026:07:30:25 -0500] "GET /wp-content/uploads/2026/01/1-1.png HTTP/1.1" 304 - "https://membuatwebsite.biz/" "Mozilla/5.0 (Linux; Android 5.0) AppleWebKit/537.36 (KHTML, like Gecko) Mobile Safari/537.36 (compatible; Bytespider; spider-feedback@bytedance.com)"
