216.73.216.223 - - [22/Jan/2026:07:46:57 -0500] "GET /page/2/?a=2438313hh72fe HTTP/1.1" 200 15470 "-" "Mozilla/5.0 AppleWebKit/537.36 (KHTML, like Gecko; compatible; ClaudeBot/1.0; +claudebot@anthropic.com)"
74.7.243.232 - - [22/Jan/2026:07:46:58 -0500] "GET /page/144/?a=3345468264h24 HTTP/1.1" 200 13144 "https://membuatwebsite.biz/?a=3345468264h24" "Mozilla/5.0 AppleWebKit/537.36 (KHTML, like Gecko; compatible; GPTBot/1.3; +https://openai.com/gptbot)"
216.73.216.223 - - [22/Jan/2026:07:47:00 -0500] "GET /page/3/?a=13038475ccc5e HTTP/1.1" 200 15411 "-" "Mozilla/5.0 AppleWebKit/537.36 (KHTML, like Gecko; compatible; ClaudeBot/1.0; +claudebot@anthropic.com)"
66.249.73.65 - - [22/Jan/2026:07:47:01 -0500] "GET /?a=34372228a2d40 HTTP/1.1" 200 28200 "-" "Mozilla/5.0 (Linux; Android 6.0.1; Nexus 5X Build/MMB29P) AppleWebKit/537.36 (KHTML, like Gecko) Chrome/143.0.7499.192 Mobile Safari/537.36 (compatible; Googlebot/2.1; +http://www.google.com/bot.html)"
74.7.243.232 - - [22/Jan/2026:07:47:01 -0500] "GET /page/144/?a=2024723a49001 HTTP/1.1" 200 13055 "https://membuatwebsite.biz/?a=2024723a49001" "Mozilla/5.0 AppleWebKit/537.36 (KHTML, like Gecko; compatible; GPTBot/1.3; +https://openai.com/gptbot)"
2a03:2880:f80e:6b:: - - [22/Jan/2026:07:47:03 -0500] "GET /shopdetail/194867284.phtml HTTP/1.1" 404 49663 "-" "meta-externalagent/1.1 (+https://developers.facebook.com/docs/sharing/webmasters/crawler)"
216.73.216.223 - - [22/Jan/2026:07:47:03 -0500] "GET /page/7/?a=64462995j8a9 HTTP/1.1" 200 15315 "-" "Mozilla/5.0 AppleWebKit/537.36 (KHTML, like Gecko; compatible; ClaudeBot/1.0; +claudebot@anthropic.com)"
74.7.243.232 - - [22/Jan/2026:07:47:04 -0500] "GET /page/144/?a=21997591778g2 HTTP/1.1" 200 13055 "https://membuatwebsite.biz/?a=21997591778g2" "Mozilla/5.0 AppleWebKit/537.36 (KHTML, like Gecko; compatible; GPTBot/1.3; +https://openai.com/gptbot)"
148.113.130.12 - - [22/Jan/2026:07:47:05 -0500] "GET /?a=417288236gi21 HTTP/1.1" 200 15215 "-" "Mozilla/5.0 (compatible; AhrefsBot/7.0; +http://ahrefs.com/robot/)"
216.73.216.223 - - [22/Jan/2026:07:47:06 -0500] "GET /?a=3301756h3495h HTTP/1.1" 200 15263 "-" "Mozilla/5.0 AppleWebKit/537.36 (KHTML, like Gecko; compatible; ClaudeBot/1.0; +claudebot@anthropic.com)"
74.7.243.232 - - [22/Jan/2026:07:47:07 -0500] "GET /page/144/?a=17787252734g8 HTTP/1.1" 200 13108 "https://membuatwebsite.biz/?a=17787252734g8" "Mozilla/5.0 AppleWebKit/537.36 (KHTML, like Gecko; compatible; GPTBot/1.3; +https://openai.com/gptbot)"
216.73.216.223 - - [22/Jan/2026:07:47:09 -0500] "GET /?a=1631634adg97a HTTP/1.1" 200 15203 "-" "Mozilla/5.0 AppleWebKit/537.36 (KHTML, like Gecko; compatible; ClaudeBot/1.0; +claudebot@anthropic.com)"
66.249.73.66 - - [22/Jan/2026:07:47:10 -0500] "GET /?a=954440he86db HTTP/1.1" 200 28284 "-" "Mozilla/5.0 (Linux; Android 6.0.1; Nexus 5X Build/MMB29P) AppleWebKit/537.36 (KHTML, like Gecko) Chrome/143.0.7499.192 Mobile Safari/537.36 (compatible; Googlebot/2.1; +http://www.google.com/bot.html)"
66.249.65.40 - - [22/Jan/2026:07:47:10 -0500] "GET /?a=1016527624207 HTTP/1.1" 200 26947 "-" "Mozilla/5.0 (Linux; Android 6.0.1; Nexus 5X Build/MMB29P) AppleWebKit/537.36 (KHTML, like Gecko) Chrome/143.0.7499.192 Mobile Safari/537.36 (compatible; Googlebot/2.1; +http://www.google.com/bot.html)"
66.249.73.66 - - [22/Jan/2026:07:47:10 -0500] "GET /?a=1598597040703 HTTP/1.1" 200 27809 "-" "Mozilla/5.0 (Linux; Android 6.0.1; Nexus 5X Build/MMB29P) AppleWebKit/537.36 (KHTML, like Gecko) Chrome/143.0.7499.192 Mobile Safari/537.36 (compatible; Googlebot/2.1; +http://www.google.com/bot.html)"
66.249.65.41 - - [22/Jan/2026:07:47:11 -0500] "GET /?a=3305154b716dj HTTP/1.1" 200 28022 "-" "Mozilla/5.0 (Linux; Android 6.0.1; Nexus 5X Build/MMB29P) AppleWebKit/537.36 (KHTML, like Gecko) Chrome/143.0.7499.192 Mobile Safari/537.36 (compatible; Googlebot/2.1; +http://www.google.com/bot.html)"
74.7.243.232 - - [22/Jan/2026:07:47:11 -0500] "GET /page/144/?a=1187282173g81 HTTP/1.1" 200 13055 "https://membuatwebsite.biz/?a=1187282173g81" "Mozilla/5.0 AppleWebKit/537.36 (KHTML, like Gecko; compatible; GPTBot/1.3; +https://openai.com/gptbot)"
216.73.216.223 - - [22/Jan/2026:07:47:12 -0500] "GET /page/136/?a=3299918ccff7d HTTP/1.1" 200 15407 "-" "Mozilla/5.0 AppleWebKit/537.36 (KHTML, like Gecko; compatible; ClaudeBot/1.0; +claudebot@anthropic.com)"
74.7.243.232 - - [22/Jan/2026:07:47:14 -0500] "GET /page/143/?a=173991738469 HTTP/1.1" 200 14953 "https://membuatwebsite.biz/page/144/?a=173991738469" "Mozilla/5.0 AppleWebKit/537.36 (KHTML, like Gecko; compatible; GPTBot/1.3; +https://openai.com/gptbot)"
216.73.216.223 - - [22/Jan/2026:07:47:15 -0500] "GET /?a=7886313718g1 HTTP/1.1" 200 15187 "-" "Mozilla/5.0 AppleWebKit/537.36 (KHTML, like Gecko; compatible; ClaudeBot/1.0; +claudebot@anthropic.com)"
74.7.243.232 - - [22/Jan/2026:07:47:17 -0500] "GET /page/143/?a=2535359500d45 HTTP/1.1" 200 14971 "https://membuatwebsite.biz/page/144/?a=2535359500d45" "Mozilla/5.0 AppleWebKit/537.36 (KHTML, like Gecko; compatible; GPTBot/1.3; +https://openai.com/gptbot)"
216.73.216.223 - - [22/Jan/2026:07:47:18 -0500] "GET /?a=11727107c9c2i HTTP/1.1" 200 15222 "-" "Mozilla/5.0 AppleWebKit/537.36 (KHTML, like Gecko; compatible; ClaudeBot/1.0; +claudebot@anthropic.com)"
74.7.243.232 - - [22/Jan/2026:07:47:20 -0500] "GET /page/143/?a=32122302g3797 HTTP/1.1" 200 15005 "https://membuatwebsite.biz/page/144/?a=32122302g3797" "Mozilla/5.0 AppleWebKit/537.36 (KHTML, like Gecko; compatible; GPTBot/1.3; +https://openai.com/gptbot)"
216.73.216.223 - - [22/Jan/2026:07:47:21 -0500] "GET /?a=1326712ceg811 HTTP/1.1" 200 15262 "-" "Mozilla/5.0 AppleWebKit/537.36 (KHTML, like Gecko; compatible; ClaudeBot/1.0; +claudebot@anthropic.com)"
74.7.243.232 - - [22/Jan/2026:07:47:23 -0500] "GET /page/142/?a=2535359500d45 HTTP/1.1" 200 15232 "https://membuatwebsite.biz/page/144/?a=2535359500d45" "Mozilla/5.0 AppleWebKit/537.36 (KHTML, like Gecko; compatible; GPTBot/1.3; +https://openai.com/gptbot)"
216.73.216.223 - - [22/Jan/2026:07:47:24 -0500] "GET /page/4/?a=211631fijee2 HTTP/1.1" 200 15146 "-" "Mozilla/5.0 AppleWebKit/537.36 (KHTML, like Gecko; compatible; ClaudeBot/1.0; +claudebot@anthropic.com)"
66.249.73.65 - - [22/Jan/2026:07:47:25 -0500] "GET /?a=25476384e5bde HTTP/1.1" 200 26226 "-" "Mozilla/5.0 (Linux; Android 6.0.1; Nexus 5X Build/MMB29P) AppleWebKit/537.36 (KHTML, like Gecko) Chrome/143.0.7499.192 Mobile Safari/537.36 (compatible; Googlebot/2.1; +http://www.google.com/bot.html)"
66.249.73.65 - - [22/Jan/2026:07:47:25 -0500] "GET /?a=41636f5834b HTTP/1.1" 200 28353 "-" "Mozilla/5.0 (Linux; Android 6.0.1; Nexus 5X Build/MMB29P) AppleWebKit/537.36 (KHTML, like Gecko) Chrome/143.0.7499.192 Mobile Safari/537.36 (compatible; Googlebot/2.1; +http://www.google.com/bot.html)"
66.249.65.40 - - [22/Jan/2026:07:47:26 -0500] "GET /?a=30338029ia975 HTTP/1.1" 200 26691 "-" "Mozilla/5.0 (Linux; Android 6.0.1; Nexus 5X Build/MMB29P) AppleWebKit/537.36 (KHTML, like Gecko) Chrome/143.0.7499.192 Mobile Safari/537.36 (compatible; Googlebot/2.1; +http://www.google.com/bot.html)"
74.7.243.232 - - [22/Jan/2026:07:47:26 -0500] "GET /page/143/?a=317251123428a HTTP/1.1" 200 15005 "https://membuatwebsite.biz/page/144/?a=317251123428a" "Mozilla/5.0 AppleWebKit/537.36 (KHTML, like Gecko; compatible; GPTBot/1.3; +https://openai.com/gptbot)"
216.73.216.223 - - [22/Jan/2026:07:47:27 -0500] "GET /page/3/?a=521872ba13 HTTP/1.1" 200 15382 "-" "Mozilla/5.0 AppleWebKit/537.36 (KHTML, like Gecko; compatible; ClaudeBot/1.0; +claudebot@anthropic.com)"
74.7.243.232 - - [22/Jan/2026:07:47:29 -0500] "GET /page/143/?a=248293872a394 HTTP/1.1" 200 14972 "https://membuatwebsite.biz/page/144/?a=248293872a394" "Mozilla/5.0 AppleWebKit/537.36 (KHTML, like Gecko; compatible; GPTBot/1.3; +https://openai.com/gptbot)"
216.73.216.223 - - [22/Jan/2026:07:47:30 -0500] "GET /page/13/?a=1526068eggfac HTTP/1.1" 200 15347 "-" "Mozilla/5.0 AppleWebKit/537.36 (KHTML, like Gecko; compatible; ClaudeBot/1.0; +claudebot@anthropic.com)"
74.7.243.232 - - [22/Jan/2026:07:47:33 -0500] "GET /page/142/?a=3345468264h24 HTTP/1.1" 200 15233 "https://membuatwebsite.biz/page/144/?a=3345468264h24" "Mozilla/5.0 AppleWebKit/537.36 (KHTML, like Gecko; compatible; GPTBot/1.3; +https://openai.com/gptbot)"
216.73.216.223 - - [22/Jan/2026:07:47:33 -0500] "GET /?a=2332399aiei0b HTTP/1.1" 200 15187 "-" "Mozilla/5.0 AppleWebKit/537.36 (KHTML, like Gecko; compatible; ClaudeBot/1.0; +claudebot@anthropic.com)"
66.249.73.65 - - [22/Jan/2026:07:47:35 -0500] "GET /?a=104794b3b HTTP/1.1" 200 27992 "-" "Mozilla/5.0 (Linux; Android 6.0.1; Nexus 5X Build/MMB29P) AppleWebKit/537.36 (KHTML, like Gecko) Chrome/143.0.7499.192 Mobile Safari/537.36 (compatible; Googlebot/2.1; +http://www.google.com/bot.html)"
66.249.73.65 - - [22/Jan/2026:07:47:35 -0500] "GET /?a=50155136e9fb HTTP/1.1" 200 26956 "-" "Mozilla/5.0 (Linux; Android 6.0.1; Nexus 5X Build/MMB29P) AppleWebKit/537.36 (KHTML, like Gecko) Chrome/143.0.7499.192 Mobile Safari/537.36 (compatible; Googlebot/2.1; +http://www.google.com/bot.html)"
74.7.243.232 - - [22/Jan/2026:07:47:36 -0500] "GET /page/143/?a=2024723a49001 HTTP/1.1" 200 14970 "https://membuatwebsite.biz/page/144/?a=2024723a49001" "Mozilla/5.0 AppleWebKit/537.36 (KHTML, like Gecko; compatible; GPTBot/1.3; +https://openai.com/gptbot)"
216.73.216.223 - - [22/Jan/2026:07:47:39 -0500] "GET /page/2/?a=4135907eh5j2d HTTP/1.1" 200 15532 "-" "Mozilla/5.0 AppleWebKit/537.36 (KHTML, like Gecko; compatible; ClaudeBot/1.0; +claudebot@anthropic.com)"
74.7.243.232 - - [22/Jan/2026:07:47:39 -0500] "GET /page/143/?a=21997591778g2 HTTP/1.1" 200 14955 "https://membuatwebsite.biz/page/144/?a=21997591778g2" "Mozilla/5.0 AppleWebKit/537.36 (KHTML, like Gecko; compatible; GPTBot/1.3; +https://openai.com/gptbot)"
216.73.216.223 - - [22/Jan/2026:07:47:42 -0500] "GET /page/8/?a=83261ch78dc HTTP/1.1" 200 15503 "-" "Mozilla/5.0 AppleWebKit/537.36 (KHTML, like Gecko; compatible; ClaudeBot/1.0; +claudebot@anthropic.com)"
74.7.243.232 - - [22/Jan/2026:07:47:42 -0500] "GET /page/142/?a=32122302g3797 HTTP/1.1" 200 15321 "https://membuatwebsite.biz/page/144/?a=32122302g3797" "Mozilla/5.0 AppleWebKit/537.36 (KHTML, like Gecko; compatible; GPTBot/1.3; +https://openai.com/gptbot)"
66.249.73.65 - - [22/Jan/2026:07:47:44 -0500] "GET /?a=2506357hh28e8 HTTP/1.1" 200 27345 "-" "Mozilla/5.0 (Linux; Android 6.0.1; Nexus 5X Build/MMB29P) AppleWebKit/537.36 (KHTML, like Gecko) Chrome/143.0.7499.192 Mobile Safari/537.36 (compatible; Googlebot/2.1; +http://www.google.com/bot.html)"
66.249.73.65 - - [22/Jan/2026:07:47:44 -0500] "GET /?a=29119443b15a8 HTTP/1.1" 200 26205 "-" "Mozilla/5.0 (Linux; Android 6.0.1; Nexus 5X Build/MMB29P) AppleWebKit/537.36 (KHTML, like Gecko) Chrome/143.0.7499.192 Mobile Safari/537.36 (compatible; Googlebot/2.1; +http://www.google.com/bot.html)"
216.73.216.223 - - [22/Jan/2026:07:47:45 -0500] "GET /page/136/?a=325898f9fg8b HTTP/1.1" 200 15405 "-" "Mozilla/5.0 AppleWebKit/537.36 (KHTML, like Gecko; compatible; ClaudeBot/1.0; +claudebot@anthropic.com)"
74.7.243.232 - - [22/Jan/2026:07:47:45 -0500] "GET /page/142/?a=248293872a394 HTTP/1.1" 200 15288 "https://membuatwebsite.biz/page/144/?a=248293872a394" "Mozilla/5.0 AppleWebKit/537.36 (KHTML, like Gecko; compatible; GPTBot/1.3; +https://openai.com/gptbot)"
216.73.216.223 - - [22/Jan/2026:07:47:48 -0500] "GET /page/3/?a=2289183f6068a HTTP/1.1" 200 15337 "-" "Mozilla/5.0 AppleWebKit/537.36 (KHTML, like Gecko; compatible; ClaudeBot/1.0; +claudebot@anthropic.com)"
74.7.243.232 - - [22/Jan/2026:07:47:48 -0500] "GET /page/141/?a=173991738469 HTTP/1.1" 200 15255 "https://membuatwebsite.biz/page/143/?a=173991738469" "Mozilla/5.0 AppleWebKit/537.36 (KHTML, like Gecko; compatible; GPTBot/1.3; +https://openai.com/gptbot)"
54.39.203.34 - - [22/Jan/2026:07:47:49 -0500] "GET /?a=41609001072ad HTTP/1.1" 200 15215 "-" "Mozilla/5.0 (compatible; AhrefsBot/7.0; +http://ahrefs.com/robot/)"
216.73.216.223 - - [22/Jan/2026:07:47:51 -0500] "GET /page/3/?a=1728412ba2a3b HTTP/1.1" 200 15337 "-" "Mozilla/5.0 AppleWebKit/537.36 (KHTML, like Gecko; compatible; ClaudeBot/1.0; +claudebot@anthropic.com)"
74.7.243.232 - - [22/Jan/2026:07:47:52 -0500] "GET /page/141/?a=2535359500d45 HTTP/1.1" 200 15182 "https://membuatwebsite.biz/page/143/?a=2535359500d45" "Mozilla/5.0 AppleWebKit/537.36 (KHTML, like Gecko; compatible; GPTBot/1.3; +https://openai.com/gptbot)"
66.249.73.65 - - [22/Jan/2026:07:47:53 -0500] "GET /?a=1358123ai93e9 HTTP/1.1" 200 28018 "-" "Mozilla/5.0 (Linux; Android 6.0.1; Nexus 5X Build/MMB29P) AppleWebKit/537.36 (KHTML, like Gecko) Chrome/143.0.7499.192 Mobile Safari/537.36 (compatible; Googlebot/2.1; +http://www.google.com/bot.html)"
66.249.73.65 - - [22/Jan/2026:07:47:53 -0500] "GET /?a=17248109cg7a5 HTTP/1.1" 200 27791 "-" "Mozilla/5.0 (Linux; Android 6.0.1; Nexus 5X Build/MMB29P) AppleWebKit/537.36 (KHTML, like Gecko) Chrome/143.0.7499.192 Mobile Safari/537.36 (compatible; Googlebot/2.1; +http://www.google.com/bot.html)"
216.73.216.223 - - [22/Jan/2026:07:47:54 -0500] "GET /page/8/?a=355291471aeg7 HTTP/1.1" 200 15486 "-" "Mozilla/5.0 AppleWebKit/537.36 (KHTML, like Gecko; compatible; ClaudeBot/1.0; +claudebot@anthropic.com)"
74.7.243.232 - - [22/Jan/2026:07:47:55 -0500] "GET /page/141/?a=32122302g3797 HTTP/1.1" 200 15226 "https://membuatwebsite.biz/page/143/?a=32122302g3797" "Mozilla/5.0 AppleWebKit/537.36 (KHTML, like Gecko; compatible; GPTBot/1.3; +https://openai.com/gptbot)"
216.73.216.223 - - [22/Jan/2026:07:47:57 -0500] "GET /page/4/?a=2853967f1f7e6 HTTP/1.1" 200 15231 "-" "Mozilla/5.0 AppleWebKit/537.36 (KHTML, like Gecko; compatible; ClaudeBot/1.0; +claudebot@anthropic.com)"
66.249.73.65 - - [22/Jan/2026:07:47:58 -0500] "GET /?a=2264624407ih2 HTTP/1.1" 200 26591 "-" "Mozilla/5.0 (Linux; Android 6.0.1; Nexus 5X Build/MMB29P) AppleWebKit/537.36 (KHTML, like Gecko) Chrome/143.0.7499.192 Mobile Safari/537.36 (compatible; Googlebot/2.1; +http://www.google.com/bot.html)"
74.7.243.232 - - [22/Jan/2026:07:47:58 -0500] "GET /page/140/?a=2535359500d45 HTTP/1.1" 200 15514 "https://membuatwebsite.biz/page/142/?a=2535359500d45" "Mozilla/5.0 AppleWebKit/537.36 (KHTML, like Gecko; compatible; GPTBot/1.3; +https://openai.com/gptbot)"
74.7.243.232 - - [22/Jan/2026:07:48:01 -0500] "GET /page/142/?a=2024723a49001 HTTP/1.1" 200 15322 "https://membuatwebsite.biz/page/144/?a=2024723a49001" "Mozilla/5.0 AppleWebKit/537.36 (KHTML, like Gecko; compatible; GPTBot/1.3; +https://openai.com/gptbot)"
216.73.216.223 - - [22/Jan/2026:07:48:02 -0500] "GET /page/138/?a=3792958b8i2f2 HTTP/1.1" 200 15275 "-" "Mozilla/5.0 AppleWebKit/537.36 (KHTML, like Gecko; compatible; ClaudeBot/1.0; +claudebot@anthropic.com)"
66.249.73.67 - - [22/Jan/2026:07:48:03 -0500] "GET /?a=1100149b22f87 HTTP/1.1" 200 26519 "-" "Mozilla/5.0 (Linux; Android 6.0.1; Nexus 5X Build/MMB29P) AppleWebKit/537.36 (KHTML, like Gecko) Chrome/143.0.7499.192 Mobile Safari/537.36 (compatible; Googlebot/2.1; +http://www.google.com/bot.html)"
74.7.243.232 - - [22/Jan/2026:07:48:04 -0500] "GET /page/142/?a=25121743b2494 HTTP/1.1" 200 15322 "https://membuatwebsite.biz/page/144/?a=25121743b2494" "Mozilla/5.0 AppleWebKit/537.36 (KHTML, like Gecko; compatible; GPTBot/1.3; +https://openai.com/gptbot)"
216.73.216.223 - - [22/Jan/2026:07:48:04 -0500] "GET /page/139/?a=2004045a09bej HTTP/1.1" 200 15549 "-" "Mozilla/5.0 AppleWebKit/537.36 (KHTML, like Gecko; compatible; ClaudeBot/1.0; +claudebot@anthropic.com)"
216.73.216.223 - - [22/Jan/2026:07:48:07 -0500] "GET /page/9/?a=4426392bce6d6 HTTP/1.1" 200 15278 "-" "Mozilla/5.0 AppleWebKit/537.36 (KHTML, like Gecko; compatible; ClaudeBot/1.0; +claudebot@anthropic.com)"
74.7.243.232 - - [22/Jan/2026:07:48:08 -0500] "GET /page/141/?a=3345468264h24 HTTP/1.1" 200 15183 "https://membuatwebsite.biz/page/142/?a=3345468264h24" "Mozilla/5.0 AppleWebKit/537.36 (KHTML, like Gecko; compatible; GPTBot/1.3; +https://openai.com/gptbot)"
216.73.216.223 - - [22/Jan/2026:07:48:10 -0500] "GET /page/5/?a=5516083bgi33 HTTP/1.1" 200 15209 "-" "Mozilla/5.0 AppleWebKit/537.36 (KHTML, like Gecko; compatible; ClaudeBot/1.0; +claudebot@anthropic.com)"
74.7.243.232 - - [22/Jan/2026:07:48:11 -0500] "GET /page/142/?a=21997591778g2 HTTP/1.1" 200 15287 "https://membuatwebsite.biz/page/144/?a=21997591778g2" "Mozilla/5.0 AppleWebKit/537.36 (KHTML, like Gecko; compatible; GPTBot/1.3; +https://openai.com/gptbot)"
114.119.133.138 - - [22/Jan/2026:07:48:13 -0500] "GET /?a=1949218geiegj HTTP/1.1" 200 15262 "https://membuatwebsite.biz/sitemap.xmlsitemap:https:/membuatwebsite.biz/sitemap-1.xml" "Mozilla/5.0 (Linux; Android 7.0;) AppleWebKit/537.36 (KHTML, like Gecko) Mobile Safari/537.36 (compatible; PetalBot;+https://webmaster.petalsearch.com/site/petalbot)"
216.73.216.223 - - [22/Jan/2026:07:48:13 -0500] "GET /?a=3561353di74jj HTTP/1.1" 200 15188 "-" "Mozilla/5.0 AppleWebKit/537.36 (KHTML, like Gecko; compatible; ClaudeBot/1.0; +claudebot@anthropic.com)"
74.7.243.232 - - [22/Jan/2026:07:48:14 -0500] "GET /page/141/?a=21997591778g2 HTTP/1.1" 200 15230 "https://membuatwebsite.biz/page/143/?a=21997591778g2" "Mozilla/5.0 AppleWebKit/537.36 (KHTML, like Gecko; compatible; GPTBot/1.3; +https://openai.com/gptbot)"
40.77.167.67 - - [22/Jan/2026:07:48:15 -0500] "GET /?a=1248563ha2a40 HTTP/1.1" 200 26929 "-" "Mozilla/5.0 AppleWebKit/537.36 (KHTML, like Gecko; compatible; bingbot/2.0; +http://www.bing.com/bingbot.htm) Chrome/116.0.1938.76 Safari/537.36"
216.73.216.223 - - [22/Jan/2026:07:48:16 -0500] "GET /page/6/?a=1361325a36a10 HTTP/1.1" 200 15042 "-" "Mozilla/5.0 AppleWebKit/537.36 (KHTML, like Gecko; compatible; ClaudeBot/1.0; +claudebot@anthropic.com)"
66.249.73.65 - - [22/Jan/2026:07:48:17 -0500] "GET /?a=349441492d9eb HTTP/1.1" 200 26577 "-" "Mozilla/5.0 (Linux; Android 6.0.1; Nexus 5X Build/MMB29P) AppleWebKit/537.36 (KHTML, like Gecko) Chrome/143.0.7499.192 Mobile Safari/537.36 (compatible; Googlebot/2.1; +http://www.google.com/bot.html)"
66.249.73.65 - - [22/Jan/2026:07:48:17 -0500] "GET /?a=39224735727hf HTTP/1.1" 200 28068 "-" "Mozilla/5.0 (Linux; Android 6.0.1; Nexus 5X Build/MMB29P) AppleWebKit/537.36 (KHTML, like Gecko) Chrome/143.0.7499.192 Mobile Safari/537.36 (compatible; Googlebot/2.1; +http://www.google.com/bot.html)"
66.249.73.65 - - [22/Jan/2026:07:48:17 -0500] "GET /ctg/search/similarImageSearchResultView/?ctgItemCd=01619984 HTTP/1.1" 200 26395 "-" "Mozilla/5.0 (Linux; Android 6.0.1; Nexus 5X Build/MMB29P) AppleWebKit/537.36 (KHTML, like Gecko) Chrome/143.0.7499.192 Mobile Safari/537.36 (compatible; Googlebot/2.1; +http://www.google.com/bot.html)"
74.7.243.232 - - [22/Jan/2026:07:48:17 -0500] "GET /page/140/?a=32122302g3797 HTTP/1.1" 200 15484 "https://membuatwebsite.biz/page/142/?a=32122302g3797" "Mozilla/5.0 AppleWebKit/537.36 (KHTML, like Gecko; compatible; GPTBot/1.3; +https://openai.com/gptbot)"
216.73.216.223 - - [22/Jan/2026:07:48:19 -0500] "GET /page/4/?a=37077518e2223 HTTP/1.1" 200 15175 "-" "Mozilla/5.0 AppleWebKit/537.36 (KHTML, like Gecko; compatible; ClaudeBot/1.0; +claudebot@anthropic.com)"
74.7.243.232 - - [22/Jan/2026:07:48:20 -0500] "GET /page/143/?a=3345468264h24 HTTP/1.1" 200 14934 "https://membuatwebsite.biz/page/144/?a=3345468264h24" "Mozilla/5.0 AppleWebKit/537.36 (KHTML, like Gecko; compatible; GPTBot/1.3; +https://openai.com/gptbot)"
66.249.73.65 - - [22/Jan/2026:07:48:22 -0500] "GET /?a=33916306fe39c HTTP/1.1" 200 26077 "-" "Mozilla/5.0 (Linux; Android 6.0.1; Nexus 5X Build/MMB29P) AppleWebKit/537.36 (KHTML, like Gecko) Chrome/143.0.7499.192 Mobile Safari/537.36 (compatible; Googlebot/2.1; +http://www.google.com/bot.html)"
216.73.216.223 - - [22/Jan/2026:07:48:22 -0500] "GET /page/9/?a=21761913gf49e HTTP/1.1" 200 15278 "-" "Mozilla/5.0 AppleWebKit/537.36 (KHTML, like Gecko; compatible; ClaudeBot/1.0; +claudebot@anthropic.com)"
74.7.243.232 - - [22/Jan/2026:07:48:23 -0500] "GET /page/139/?a=173991738469 HTTP/1.1" 200 15560 "https://membuatwebsite.biz/page/141/?a=173991738469" "Mozilla/5.0 AppleWebKit/537.36 (KHTML, like Gecko; compatible; GPTBot/1.3; +https://openai.com/gptbot)"
66.249.65.41 - - [22/Jan/2026:07:48:24 -0500] "GET /?a=69634216c897 HTTP/1.1" 200 26692 "-" "Mozilla/5.0 (Linux; Android 6.0.1; Nexus 5X Build/MMB29P) AppleWebKit/537.36 (KHTML, like Gecko) Chrome/143.0.7499.192 Mobile Safari/537.36 (compatible; Googlebot/2.1; +http://www.google.com/bot.html)"
216.73.216.223 - - [22/Jan/2026:07:48:25 -0500] "GET /page/141/?a=19955228773ff HTTP/1.1" 200 15183 "-" "Mozilla/5.0 AppleWebKit/537.36 (KHTML, like Gecko; compatible; ClaudeBot/1.0; +claudebot@anthropic.com)"
74.7.243.232 - - [22/Jan/2026:07:48:26 -0500] "GET /page/139/?a=2535359500d45 HTTP/1.1" 200 15506 "https://membuatwebsite.biz/page/141/?a=2535359500d45" "Mozilla/5.0 AppleWebKit/537.36 (KHTML, like Gecko; compatible; GPTBot/1.3; +https://openai.com/gptbot)"
15.235.98.219 - - [22/Jan/2026:07:48:27 -0500] "GET /?a=41492786if650 HTTP/1.1" 200 15243 "-" "Mozilla/5.0 (compatible; AhrefsBot/7.0; +http://ahrefs.com/robot/)"
216.73.216.223 - - [22/Jan/2026:07:48:28 -0500] "GET /page/136/?a=2801362590de4 HTTP/1.1" 200 15405 "-" "Mozilla/5.0 AppleWebKit/537.36 (KHTML, like Gecko; compatible; ClaudeBot/1.0; +claudebot@anthropic.com)"
74.7.243.232 - - [22/Jan/2026:07:48:29 -0500] "GET /page/143/?a=17787252734g8 HTTP/1.1" 200 15042 "https://membuatwebsite.biz/page/144/?a=17787252734g8" "Mozilla/5.0 AppleWebKit/537.36 (KHTML, like Gecko; compatible; GPTBot/1.3; +https://openai.com/gptbot)"
66.249.73.65 - - [22/Jan/2026:07:48:31 -0500] "GET /?a=2537064ehf7jj HTTP/1.1" 200 27049 "-" "Mozilla/5.0 (Linux; Android 6.0.1; Nexus 5X Build/MMB29P) AppleWebKit/537.36 (KHTML, like Gecko) Chrome/143.0.7499.192 Mobile Safari/537.36 (compatible; Googlebot/2.1; +http://www.google.com/bot.html)"
216.73.216.223 - - [22/Jan/2026:07:48:31 -0500] "GET /page/5/?a=20048289hfa76 HTTP/1.1" 200 15210 "-" "Mozilla/5.0 AppleWebKit/537.36 (KHTML, like Gecko; compatible; ClaudeBot/1.0; +claudebot@anthropic.com)"
74.7.243.232 - - [22/Jan/2026:07:48:33 -0500] "GET /page/141/?a=2024723a49001 HTTP/1.1" 200 15183 "https://membuatwebsite.biz/page/143/?a=2024723a49001" "Mozilla/5.0 AppleWebKit/537.36 (KHTML, like Gecko; compatible; GPTBot/1.3; +https://openai.com/gptbot)"
216.73.216.223 - - [22/Jan/2026:07:48:34 -0500] "GET /page/129/?a=2663383f69b0f HTTP/1.1" 200 15559 "-" "Mozilla/5.0 AppleWebKit/537.36 (KHTML, like Gecko; compatible; ClaudeBot/1.0; +claudebot@anthropic.com)"
66.249.65.41 - - [22/Jan/2026:07:48:36 -0500] "GET /?a=1031919icacjd HTTP/1.1" 200 27386 "-" "Mozilla/5.0 (Linux; Android 6.0.1; Nexus 5X Build/MMB29P) AppleWebKit/537.36 (KHTML, like Gecko) Chrome/143.0.7499.192 Mobile Safari/537.36 (compatible; Googlebot/2.1; +http://www.google.com/bot.html)"
66.249.73.65 - - [22/Jan/2026:07:48:36 -0500] "GET /?a=34679429f519h HTTP/1.1" 200 26088 "-" "Mozilla/5.0 (Linux; Android 6.0.1; Nexus 5X Build/MMB29P) AppleWebKit/537.36 (KHTML, like Gecko) Chrome/143.0.7499.192 Mobile Safari/537.36 (compatible; Googlebot/2.1; +http://www.google.com/bot.html)"
74.7.243.232 - - [22/Jan/2026:07:48:36 -0500] "GET /page/140/?a=2024723a49001 HTTP/1.1" 200 15483 "https://membuatwebsite.biz/page/142/?a=2024723a49001" "Mozilla/5.0 AppleWebKit/537.36 (KHTML, like Gecko; compatible; GPTBot/1.3; +https://openai.com/gptbot)"
66.249.73.65 - - [22/Jan/2026:07:48:36 -0500] "GET /?a=4468120ba1jbg HTTP/1.1" 200 26183 "-" "Mozilla/5.0 (Linux; Android 6.0.1; Nexus 5X Build/MMB29P) AppleWebKit/537.36 (KHTML, like Gecko) Chrome/143.0.7499.192 Mobile Safari/537.36 (compatible; Googlebot/2.1; +http://www.google.com/bot.html)"
216.73.216.223 - - [22/Jan/2026:07:48:37 -0500] "GET /page/5/?a=4159910ca53fj HTTP/1.1" 200 15177 "-" "Mozilla/5.0 AppleWebKit/537.36 (KHTML, like Gecko; compatible; ClaudeBot/1.0; +claudebot@anthropic.com)"
74.7.243.232 - - [22/Jan/2026:07:48:39 -0500] "GET /page/141/?a=25121743b2494 HTTP/1.1" 200 15183 "https://membuatwebsite.biz/page/142/?a=25121743b2494" "Mozilla/5.0 AppleWebKit/537.36 (KHTML, like Gecko; compatible; GPTBot/1.3; +https://openai.com/gptbot)"
216.73.216.223 - - [22/Jan/2026:07:48:40 -0500] "GET /page/8/?a=37755319144f6 HTTP/1.1" 200 15486 "-" "Mozilla/5.0 AppleWebKit/537.36 (KHTML, like Gecko; compatible; ClaudeBot/1.0; +claudebot@anthropic.com)"
74.7.243.232 - - [22/Jan/2026:07:48:42 -0500] "GET /page/141/?a=248293872a394 HTTP/1.1" 200 15257 "https://membuatwebsite.biz/page/143/?a=248293872a394" "Mozilla/5.0 AppleWebKit/537.36 (KHTML, like Gecko; compatible; GPTBot/1.3; +https://openai.com/gptbot)"
216.73.216.223 - - [22/Jan/2026:07:48:43 -0500] "GET /page/10/?a=875161d6caj7 HTTP/1.1" 200 15430 "-" "Mozilla/5.0 AppleWebKit/537.36 (KHTML, like Gecko; compatible; ClaudeBot/1.0; +claudebot@anthropic.com)"
74.7.243.232 - - [22/Jan/2026:07:48:45 -0500] "GET /page/142/?a=17787252734g8 HTTP/1.1" 200 15266 "https://membuatwebsite.biz/page/144/?a=17787252734g8" "Mozilla/5.0 AppleWebKit/537.36 (KHTML, like Gecko; compatible; GPTBot/1.3; +https://openai.com/gptbot)"
216.73.216.223 - - [22/Jan/2026:07:48:46 -0500] "GET /page/16/?a=652447c7736b HTTP/1.1" 200 15342 "-" "Mozilla/5.0 AppleWebKit/537.36 (KHTML, like Gecko; compatible; ClaudeBot/1.0; +claudebot@anthropic.com)"
2a03:2880:f80e:22:: - - [22/Jan/2026:07:48:47 -0500] "GET /shopdetail/195021998.phtml HTTP/1.1" 404 49663 "-" "meta-externalagent/1.1 (+https://developers.facebook.com/docs/sharing/webmasters/crawler)"
74.7.243.232 - - [22/Jan/2026:07:48:48 -0500] "GET /page/139/?a=21997591778g2 HTTP/1.1" 200 15479 "https://membuatwebsite.biz/page/141/?a=21997591778g2" "Mozilla/5.0 AppleWebKit/537.36 (KHTML, like Gecko; compatible; GPTBot/1.3; +https://openai.com/gptbot)"
216.73.216.223 - - [22/Jan/2026:07:48:49 -0500] "GET /page/140/?a=2284916348fcj HTTP/1.1" 200 15514 "-" "Mozilla/5.0 AppleWebKit/537.36 (KHTML, like Gecko; compatible; ClaudeBot/1.0; +claudebot@anthropic.com)"
66.249.73.65 - - [22/Jan/2026:07:48:50 -0500] "GET /?a=1445547dbf3cb HTTP/1.1" 200 25892 "-" "Mozilla/5.0 (Linux; Android 6.0.1; Nexus 5X Build/MMB29P) AppleWebKit/537.36 (KHTML, like Gecko) Chrome/143.0.7499.192 Mobile Safari/537.36 (compatible; Googlebot/2.1; +http://www.google.com/bot.html)"
74.7.243.232 - - [22/Jan/2026:07:48:51 -0500] "GET /page/138/?a=32122302g3797 HTTP/1.1" 200 15274 "https://membuatwebsite.biz/page/140/?a=32122302g3797" "Mozilla/5.0 AppleWebKit/537.36 (KHTML, like Gecko; compatible; GPTBot/1.3; +https://openai.com/gptbot)"
216.73.216.223 - - [22/Jan/2026:07:48:52 -0500] "GET /page/12/?a=14615620a2de4 HTTP/1.1" 200 15217 "-" "Mozilla/5.0 AppleWebKit/537.36 (KHTML, like Gecko; compatible; ClaudeBot/1.0; +claudebot@anthropic.com)"
74.7.243.232 - - [22/Jan/2026:07:48:54 -0500] "GET /page/139/?a=32122302g3797 HTTP/1.1" 200 15506 "https://membuatwebsite.biz/page/141/?a=32122302g3797" "Mozilla/5.0 AppleWebKit/537.36 (KHTML, like Gecko; compatible; GPTBot/1.3; +https://openai.com/gptbot)"
216.73.216.223 - - [22/Jan/2026:07:48:55 -0500] "GET /page/142/?a=424945488383 HTTP/1.1" 200 15265 "-" "Mozilla/5.0 AppleWebKit/537.36 (KHTML, like Gecko; compatible; ClaudeBot/1.0; +claudebot@anthropic.com)"
74.7.243.232 - - [22/Jan/2026:07:48:58 -0500] "GET /page/137/?a=173991738469 HTTP/1.1" 200 15077 "https://membuatwebsite.biz/page/139/?a=173991738469" "Mozilla/5.0 AppleWebKit/537.36 (KHTML, like Gecko; compatible; GPTBot/1.3; +https://openai.com/gptbot)"
216.73.216.223 - - [22/Jan/2026:07:48:58 -0500] "GET /page/138/?a=39628661daa76 HTTP/1.1" 200 15343 "-" "Mozilla/5.0 AppleWebKit/537.36 (KHTML, like Gecko; compatible; ClaudeBot/1.0; +claudebot@anthropic.com)"
66.249.73.65 - - [22/Jan/2026:07:48:59 -0500] "GET /?a=3002430f2a7eg HTTP/1.1" 200 27530 "-" "Mozilla/5.0 (Linux; Android 6.0.1; Nexus 5X Build/MMB29P) AppleWebKit/537.36 (KHTML, like Gecko) Chrome/143.0.7499.192 Mobile Safari/537.36 (compatible; Googlebot/2.1; +http://www.google.com/bot.html)"
66.249.73.65 - - [22/Jan/2026:07:48:59 -0500] "GET /?a=443976284jgf3 HTTP/1.1" 200 27376 "-" "Mozilla/5.0 (Linux; Android 6.0.1; Nexus 5X Build/MMB29P) AppleWebKit/537.36 (KHTML, like Gecko) Chrome/143.0.7499.192 Mobile Safari/537.36 (compatible; Googlebot/2.1; +http://www.google.com/bot.html)"
74.7.243.232 - - [22/Jan/2026:07:49:01 -0500] "GET /page/138/?a=173991738469 HTTP/1.1" 200 15280 "https://membuatwebsite.biz/page/139/?a=173991738469" "Mozilla/5.0 AppleWebKit/537.36 (KHTML, like Gecko; compatible; GPTBot/1.3; +https://openai.com/gptbot)"
216.73.216.223 - - [22/Jan/2026:07:49:01 -0500] "GET /page/143/?a=263531aadh3e HTTP/1.1" 200 14971 "-" "Mozilla/5.0 AppleWebKit/537.36 (KHTML, like Gecko; compatible; ClaudeBot/1.0; +claudebot@anthropic.com)"
74.7.243.232 - - [22/Jan/2026:07:49:04 -0500] "GET /page/141/?a=17787252734g8 HTTP/1.1" 200 15257 "https://membuatwebsite.biz/page/143/?a=17787252734g8" "Mozilla/5.0 AppleWebKit/537.36 (KHTML, like Gecko; compatible; GPTBot/1.3; +https://openai.com/gptbot)"
216.73.216.223 - - [22/Jan/2026:07:49:04 -0500] "GET /page/140/?a=21597ihj4bf HTTP/1.1" 200 15512 "-" "Mozilla/5.0 AppleWebKit/537.36 (KHTML, like Gecko; compatible; ClaudeBot/1.0; +claudebot@anthropic.com)"
66.249.73.65 - - [22/Jan/2026:07:49:05 -0500] "GET /?a=338195822a8e7 HTTP/1.1" 200 27132 "-" "Mozilla/5.0 (Linux; Android 6.0.1; Nexus 5X Build/MMB29P) AppleWebKit/537.36 (KHTML, like Gecko) Chrome/143.0.7499.192 Mobile Safari/537.36 (compatible; Googlebot/2.1; +http://www.google.com/bot.html)"
66.249.73.65 - - [22/Jan/2026:07:49:05 -0500] "GET /?a=160998e19hi2 HTTP/1.1" 200 27064 "-" "Mozilla/5.0 (Linux; Android 6.0.1; Nexus 5X Build/MMB29P) AppleWebKit/537.36 (KHTML, like Gecko) Chrome/143.0.7499.192 Mobile Safari/537.36 (compatible; Googlebot/2.1; +http://www.google.com/bot.html)"
66.249.65.40 - - [22/Jan/2026:07:49:06 -0500] "GET /?a=1383292hf7hj7 HTTP/1.1" 200 26496 "-" "Mozilla/5.0 (Linux; Android 6.0.1; Nexus 5X Build/MMB29P) AppleWebKit/537.36 (KHTML, like Gecko) Chrome/143.0.7499.192 Mobile Safari/537.36 (compatible; Googlebot/2.1; +http://www.google.com/bot.html)"
74.7.243.232 - - [22/Jan/2026:07:49:07 -0500] "GET /page/139/?a=2024723a49001 HTTP/1.1" 200 15505 "https://membuatwebsite.biz/page/141/?a=2024723a49001" "Mozilla/5.0 AppleWebKit/537.36 (KHTML, like Gecko; compatible; GPTBot/1.3; +https://openai.com/gptbot)"
216.73.216.223 - - [22/Jan/2026:07:49:07 -0500] "GET /page/7/?a=2889606i8cf1e HTTP/1.1" 200 15268 "-" "Mozilla/5.0 AppleWebKit/537.36 (KHTML, like Gecko; compatible; ClaudeBot/1.0; +claudebot@anthropic.com)"
74.7.243.232 - - [22/Jan/2026:07:49:10 -0500] "GET /page/143/?a=1187282173g81 HTTP/1.1" 200 14955 "https://membuatwebsite.biz/page/144/?a=1187282173g81" "Mozilla/5.0 AppleWebKit/537.36 (KHTML, like Gecko; compatible; GPTBot/1.3; +https://openai.com/gptbot)"
216.73.216.223 - - [22/Jan/2026:07:49:10 -0500] "GET /page/7/?a=30673275id58a HTTP/1.1" 200 15304 "-" "Mozilla/5.0 AppleWebKit/537.36 (KHTML, like Gecko; compatible; ClaudeBot/1.0; +claudebot@anthropic.com)"
142.44.228.123 - - [22/Jan/2026:07:49:12 -0500] "GET /?a=414275agce28 HTTP/1.1" 200 15261 "-" "Mozilla/5.0 (compatible; AhrefsBot/7.0; +http://ahrefs.com/robot/)"
216.73.216.223 - - [22/Jan/2026:07:49:13 -0500] "GET /page/9/?a=344319261e698 HTTP/1.1" 200 15278 "-" "Mozilla/5.0 AppleWebKit/537.36 (KHTML, like Gecko; compatible; ClaudeBot/1.0; +claudebot@anthropic.com)"
74.7.243.232 - - [22/Jan/2026:07:49:13 -0500] "GET /page/141/?a=317251123428a HTTP/1.1" 200 15230 "https://membuatwebsite.biz/page/143/?a=317251123428a" "Mozilla/5.0 AppleWebKit/537.36 (KHTML, like Gecko; compatible; GPTBot/1.3; +https://openai.com/gptbot)"
216.73.216.223 - - [22/Jan/2026:07:49:16 -0500] "GET /page/141/?a=35751364bc20c HTTP/1.1" 200 15230 "-" "Mozilla/5.0 AppleWebKit/537.36 (KHTML, like Gecko; compatible; ClaudeBot/1.0; +claudebot@anthropic.com)"
66.249.65.41 - - [22/Jan/2026:07:49:17 -0500] "GET /?a=2092876jec0ah HTTP/1.1" 200 26595 "-" "Mozilla/5.0 (Linux; Android 6.0.1; Nexus 5X Build/MMB29P) AppleWebKit/537.36 (KHTML, like Gecko) Chrome/143.0.7499.192 Mobile Safari/537.36 (compatible; Googlebot/2.1; +http://www.google.com/bot.html)"
74.7.243.232 - - [22/Jan/2026:07:49:17 -0500] "GET /page/142/?a=1187282173g81 HTTP/1.1" 200 15233 "https://membuatwebsite.biz/page/144/?a=1187282173g81" "Mozilla/5.0 AppleWebKit/537.36 (KHTML, like Gecko; compatible; GPTBot/1.3; +https://openai.com/gptbot)"
66.249.73.65 - - [22/Jan/2026:07:49:19 -0500] "GET /?a=882324j1ae7f HTTP/1.1" 200 26463 "-" "Mozilla/5.0 (Linux; Android 6.0.1; Nexus 5X Build/MMB29P) AppleWebKit/537.36 (KHTML, like Gecko) Chrome/143.0.7499.192 Mobile Safari/537.36 (compatible; Googlebot/2.1; +http://www.google.com/bot.html)"
66.249.65.40 - - [22/Jan/2026:07:49:20 -0500] "GET /?a=3701700bi71b2 HTTP/1.1" 200 26526 "-" "Mozilla/5.0 (Linux; Android 6.0.1; Nexus 5X Build/MMB29P) AppleWebKit/537.36 (KHTML, like Gecko) Chrome/143.0.7499.192 Mobile Safari/537.36 (compatible; Googlebot/2.1; +http://www.google.com/bot.html)"
216.73.216.223 - - [22/Jan/2026:07:49:19 -0500] "GET /page/137/?a=63396e0d3a1 HTTP/1.1" 200 15085 "-" "Mozilla/5.0 AppleWebKit/537.36 (KHTML, like Gecko; compatible; ClaudeBot/1.0; +claudebot@anthropic.com)"
74.7.243.232 - - [22/Jan/2026:07:49:20 -0500] "GET /page/142/?a=173991738469 HTTP/1.1" 200 15319 "https://membuatwebsite.biz/page/144/?a=173991738469" "Mozilla/5.0 AppleWebKit/537.36 (KHTML, like Gecko; compatible; GPTBot/1.3; +https://openai.com/gptbot)"
216.73.216.223 - - [22/Jan/2026:07:49:22 -0500] "GET /page/16/?a=26005161ci99f HTTP/1.1" 200 15343 "-" "Mozilla/5.0 AppleWebKit/537.36 (KHTML, like Gecko; compatible; ClaudeBot/1.0; +claudebot@anthropic.com)"
74.7.243.232 - - [22/Jan/2026:07:49:23 -0500] "GET /page/137/?a=21997591778g2 HTTP/1.1" 200 15090 "https://membuatwebsite.biz/page/139/?a=21997591778g2" "Mozilla/5.0 AppleWebKit/537.36 (KHTML, like Gecko; compatible; GPTBot/1.3; +https://openai.com/gptbot)"
66.249.73.65 - - [22/Jan/2026:07:49:24 -0500] "GET /?a=1110499f1cfei HTTP/1.1" 200 26033 "-" "Mozilla/5.0 (Linux; Android 6.0.1; Nexus 5X Build/MMB29P) AppleWebKit/537.36 (KHTML, like Gecko) Chrome/143.0.7499.192 Mobile Safari/537.36 (compatible; Googlebot/2.1; +http://www.google.com/bot.html)"
66.249.73.65 - - [22/Jan/2026:07:49:25 -0500] "GET /?a=2361688789f5i HTTP/1.1" 200 26799 "-" "Mozilla/5.0 (Linux; Android 6.0.1; Nexus 5X Build/MMB29P) AppleWebKit/537.36 (KHTML, like Gecko) Chrome/143.0.7499.192 Mobile Safari/537.36 (compatible; Googlebot/2.1; +http://www.google.com/bot.html)"
216.73.216.223 - - [22/Jan/2026:07:49:25 -0500] "GET /page/6/?a=1998791623e0 HTTP/1.1" 200 15120 "-" "Mozilla/5.0 AppleWebKit/537.36 (KHTML, like Gecko; compatible; ClaudeBot/1.0; +claudebot@anthropic.com)"
74.7.243.232 - - [22/Jan/2026:07:49:26 -0500] "GET /page/136/?a=32122302g3797 HTTP/1.1" 200 15326 "https://membuatwebsite.biz/page/138/?a=32122302g3797" "Mozilla/5.0 AppleWebKit/537.36 (KHTML, like Gecko; compatible; GPTBot/1.3; +https://openai.com/gptbot)"
40.77.167.159 - - [22/Jan/2026:07:49:26 -0500] "GET /?a=1299620226114 HTTP/1.1" 200 26693 "-" "Mozilla/5.0 AppleWebKit/537.36 (KHTML, like Gecko; compatible; bingbot/2.0; +http://www.bing.com/bingbot.htm) Chrome/116.0.1938.76 Safari/537.36"
216.73.216.223 - - [22/Jan/2026:07:49:28 -0500] "GET /page/139/?a=22385894fbed2 HTTP/1.1" 200 15561 "-" "Mozilla/5.0 AppleWebKit/537.36 (KHTML, like Gecko; compatible; ClaudeBot/1.0; +claudebot@anthropic.com)"
74.7.243.232 - - [22/Jan/2026:07:49:29 -0500] "GET /page/138/?a=21997591778g2 HTTP/1.1" 200 15275 "https://membuatwebsite.biz/page/139/?a=21997591778g2" "Mozilla/5.0 AppleWebKit/537.36 (KHTML, like Gecko; compatible; GPTBot/1.3; +https://openai.com/gptbot)"
216.73.216.223 - - [22/Jan/2026:07:49:31 -0500] "GET /page/2/?a=44561552c1c41 HTTP/1.1" 200 15497 "-" "Mozilla/5.0 AppleWebKit/537.36 (KHTML, like Gecko; compatible; ClaudeBot/1.0; +claudebot@anthropic.com)"
74.7.243.232 - - [22/Jan/2026:07:49:32 -0500] "GET /page/136/?a=173991738469 HTTP/1.1" 200 15341 "https://membuatwebsite.biz/page/137/?a=173991738469" "Mozilla/5.0 AppleWebKit/537.36 (KHTML, like Gecko; compatible; GPTBot/1.3; +https://openai.com/gptbot)"
114.119.133.125 - - [22/Jan/2026:07:49:33 -0500] "GET /?a=19451632cie4a HTTP/1.1" 200 15262 "https://membuatwebsite.biz/sitemap.xmlsitemap:https:/membuatwebsite.biz/sitemap-1.xml" "Mozilla/5.0 (Linux; Android 7.0;) AppleWebKit/537.36 (KHTML, like Gecko) Mobile Safari/537.36 (compatible; PetalBot;+https://webmaster.petalsearch.com/site/petalbot)"
4.194.2.136 - - [22/Jan/2026:07:49:33 -0500] "GET /wp-good.php HTTP/1.1" 404 49663 "-" "Mozilla/5.0 (Windows NT 10.0; Win64; x64) AppleWebKit/537.36 (KHTML, like Gecko) Chrome/120.0.0.0 Safari/537.36"
4.194.2.136 - - [22/Jan/2026:07:49:34 -0500] "GET /file.php HTTP/1.1" 404 49663 "-" "Mozilla/5.0 (Windows NT 10.0; Win64; x64) AppleWebKit/537.36 (KHTML, like Gecko) Chrome/120.0.0.0 Safari/537.36"
216.73.216.223 - - [22/Jan/2026:07:49:34 -0500] "GET /page/9/?a=2625817af5jgf HTTP/1.1" 200 15278 "-" "Mozilla/5.0 AppleWebKit/537.36 (KHTML, like Gecko; compatible; ClaudeBot/1.0; +claudebot@anthropic.com)"
4.194.2.136 - - [22/Jan/2026:07:49:35 -0500] "GET /bless.php HTTP/1.1" 404 49663 "-" "Mozilla/5.0 (Windows NT 10.0; Win64; x64) AppleWebKit/537.36 (KHTML, like Gecko) Chrome/120.0.0.0 Safari/537.36"
4.194.2.136 - - [22/Jan/2026:07:49:36 -0500] "GET /admin.php HTTP/1.1" 302 - "-" "Mozilla/5.0 (Windows NT 10.0; Win64; x64) AppleWebKit/537.36 (KHTML, like Gecko) Chrome/120.0.0.0 Safari/537.36"
74.7.243.232 - - [22/Jan/2026:07:49:35 -0500] "GET /page/135/?a=173991738469 HTTP/1.1" 200 15859 "https://membuatwebsite.biz/page/137/?a=173991738469" "Mozilla/5.0 AppleWebKit/537.36 (KHTML, like Gecko; compatible; GPTBot/1.3; +https://openai.com/gptbot)"
4.194.2.136 - - [22/Jan/2026:07:49:36 -0500] "GET /ioxi-o.php HTTP/1.1" 404 49663 "-" "Mozilla/5.0 (Windows NT 10.0; Win64; x64) AppleWebKit/537.36 (KHTML, like Gecko) Chrome/120.0.0.0 Safari/537.36"
4.194.2.136 - - [22/Jan/2026:07:49:37 -0500] "GET /adminfuns.php HTTP/1.1" 404 49663 "-" "Mozilla/5.0 (Windows NT 10.0; Win64; x64) AppleWebKit/537.36 (KHTML, like Gecko) Chrome/120.0.0.0 Safari/537.36"
4.194.2.136 - - [22/Jan/2026:07:49:37 -0500] "GET /wp-content/admin.php HTTP/1.1" 404 49663 "-" "Mozilla/5.0 (Windows NT 10.0; Win64; x64) AppleWebKit/537.36 (KHTML, like Gecko) Chrome/120.0.0.0 Safari/537.36"
216.73.216.223 - - [22/Jan/2026:07:49:37 -0500] "GET /page/140/?a=2151502a9a50e HTTP/1.1" 200 15514 "-" "Mozilla/5.0 AppleWebKit/537.36 (KHTML, like Gecko; compatible; ClaudeBot/1.0; +claudebot@anthropic.com)"
4.194.2.136 - - [22/Jan/2026:07:49:38 -0500] "GET /aa.php HTTP/1.1" 404 49663 "-" "Mozilla/5.0 (Windows NT 10.0; Win64; x64) AppleWebKit/537.36 (KHTML, like Gecko) Chrome/120.0.0.0 Safari/537.36"
66.249.73.65 - - [22/Jan/2026:07:49:38 -0500] "GET /?a=3245207ghgge4 HTTP/1.1" 200 25908 "-" "Mozilla/5.0 (Linux; Android 6.0.1; Nexus 5X Build/MMB29P) AppleWebKit/537.36 (KHTML, like Gecko) Chrome/143.0.7499.192 Mobile Safari/537.36 (compatible; Googlebot/2.1; +http://www.google.com/bot.html)"
74.7.243.232 - - [22/Jan/2026:07:49:38 -0500] "GET /page/140/?a=173991738469 HTTP/1.1" 200 15495 "https://membuatwebsite.biz/page/141/?a=173991738469" "Mozilla/5.0 AppleWebKit/537.36 (KHTML, like Gecko; compatible; GPTBot/1.3; +https://openai.com/gptbot)"
4.194.2.136 - - [22/Jan/2026:07:49:39 -0500] "GET /akcc.php HTTP/1.1" 404 49663 "-" "Mozilla/5.0 (Windows NT 10.0; Win64; x64) AppleWebKit/537.36 (KHTML, like Gecko) Chrome/120.0.0.0 Safari/537.36"
4.194.2.136 - - [22/Jan/2026:07:49:40 -0500] "GET /xmrlpc.php HTTP/1.1" 404 49663 "-" "Mozilla/5.0 (Windows NT 10.0; Win64; x64) AppleWebKit/537.36 (KHTML, like Gecko) Chrome/120.0.0.0 Safari/537.36"
4.194.2.136 - - [22/Jan/2026:07:49:40 -0500] "GET /xmlrpc.php HTTP/1.1" 405 42 "-" "Mozilla/5.0 (Windows NT 10.0; Win64; x64) AppleWebKit/537.36 (KHTML, like Gecko) Chrome/120.0.0.0 Safari/537.36"
4.194.2.136 - - [22/Jan/2026:07:49:41 -0500] "GET /class.php HTTP/1.1" 404 49663 "-" "Mozilla/5.0 (Windows NT 10.0; Win64; x64) AppleWebKit/537.36 (KHTML, like Gecko) Chrome/120.0.0.0 Safari/537.36"
4.194.2.136 - - [22/Jan/2026:07:49:42 -0500] "GET /goods.php HTTP/1.1" 200 5902 "-" "Mozilla/5.0 (Windows NT 10.0; Win64; x64) AppleWebKit/537.36 (KHTML, like Gecko) Chrome/120.0.0.0 Safari/537.36"
74.7.243.232 - - [22/Jan/2026:07:49:42 -0500] "GET /page/137/?a=2024723a49001 HTTP/1.1" 200 15119 "https://membuatwebsite.biz/page/139/?a=2024723a49001" "Mozilla/5.0 AppleWebKit/537.36 (KHTML, like Gecko; compatible; GPTBot/1.3; +https://openai.com/gptbot)"
4.194.2.136 - - [22/Jan/2026:07:49:42 -0500] "GET /info.php HTTP/1.1" 404 49663 "-" "Mozilla/5.0 (Windows NT 10.0; Win64; x64) AppleWebKit/537.36 (KHTML, like Gecko) Chrome/120.0.0.0 Safari/537.36"
216.73.216.223 - - [22/Jan/2026:07:49:42 -0500] "GET /page/141/?a=34091053a19jb HTTP/1.1" 200 15257 "-" "Mozilla/5.0 AppleWebKit/537.36 (KHTML, like Gecko; compatible; ClaudeBot/1.0; +claudebot@anthropic.com)"
4.194.2.136 - - [22/Jan/2026:07:49:43 -0500] "GET /num.php HTTP/1.1" 404 49663 "-" "Mozilla/5.0 (Windows NT 10.0; Win64; x64) AppleWebKit/537.36 (KHTML, like Gecko) Chrome/120.0.0.0 Safari/537.36"
66.249.73.65 - - [22/Jan/2026:07:49:43 -0500] "GET /?a=937235icd424 HTTP/1.1" 200 26244 "-" "Mozilla/5.0 (Linux; Android 6.0.1; Nexus 5X Build/MMB29P) AppleWebKit/537.36 (KHTML, like Gecko) Chrome/143.0.7499.192 Mobile Safari/537.36 (compatible; Googlebot/2.1; +http://www.google.com/bot.html)"
66.249.73.65 - - [22/Jan/2026:07:49:43 -0500] "GET /?a=247303136jfhi HTTP/1.1" 200 26795 "-" "Mozilla/5.0 (Linux; Android 6.0.1; Nexus 5X Build/MMB29P) AppleWebKit/537.36 (KHTML, like Gecko) Chrome/143.0.7499.192 Mobile Safari/537.36 (compatible; Googlebot/2.1; +http://www.google.com/bot.html)"
4.194.2.136 - - [22/Jan/2026:07:49:44 -0500] "GET /txets.php HTTP/1.1" 404 49663 "-" "Mozilla/5.0 (Windows NT 10.0; Win64; x64) AppleWebKit/537.36 (KHTML, like Gecko) Chrome/120.0.0.0 Safari/537.36"
74.7.243.232 - - [22/Jan/2026:07:49:45 -0500] "GET /page/141/?a=1187282173g81 HTTP/1.1" 200 15276 "https://membuatwebsite.biz/page/143/?a=1187282173g81" "Mozilla/5.0 AppleWebKit/537.36 (KHTML, like Gecko; compatible; GPTBot/1.3; +https://openai.com/gptbot)"
4.194.2.136 - - [22/Jan/2026:07:49:45 -0500] "GET /defaults.php HTTP/1.1" 404 49663 "-" "Mozilla/5.0 (Windows NT 10.0; Win64; x64) AppleWebKit/537.36 (KHTML, like Gecko) Chrome/120.0.0.0 Safari/537.36"
216.73.216.223 - - [22/Jan/2026:07:49:45 -0500] "GET /page/8/?a=2355713b752h HTTP/1.1" 200 15519 "-" "Mozilla/5.0 AppleWebKit/537.36 (KHTML, like Gecko; compatible; ClaudeBot/1.0; +claudebot@anthropic.com)"
54.39.203.180 - - [22/Jan/2026:07:49:45 -0500] "GET /?a=409260214adj HTTP/1.1" 200 15241 "-" "Mozilla/5.0 (compatible; AhrefsBot/7.0; +http://ahrefs.com/robot/)"
4.194.2.136 - - [22/Jan/2026:07:49:46 -0500] "GET /php.php HTTP/1.1" 404 49663 "-" "Mozilla/5.0 (Windows NT 10.0; Win64; x64) AppleWebKit/537.36 (KHTML, like Gecko) Chrome/120.0.0.0 Safari/537.36"
4.194.2.136 - - [22/Jan/2026:07:49:47 -0500] "GET /wp-xml.php HTTP/1.1" 404 49663 "-" "Mozilla/5.0 (Windows NT 10.0; Win64; x64) AppleWebKit/537.36 (KHTML, like Gecko) Chrome/120.0.0.0 Safari/537.36"
4.194.2.136 - - [22/Jan/2026:07:49:48 -0500] "GET /wp-admin/ HTTP/1.1" 302 - "-" "Mozilla/5.0 (Windows NT 10.0; Win64; x64) AppleWebKit/537.36 (KHTML, like Gecko) Chrome/120.0.0.0 Safari/537.36"
74.7.243.232 - - [22/Jan/2026:07:49:48 -0500] "GET /page/139/?a=317251123428a HTTP/1.1" 200 15479 "https://membuatwebsite.biz/page/141/?a=317251123428a" "Mozilla/5.0 AppleWebKit/537.36 (KHTML, like Gecko; compatible; GPTBot/1.3; +https://openai.com/gptbot)"
216.73.216.223 - - [22/Jan/2026:07:49:48 -0500] "GET /page/136/?a=4661845a6h5e HTTP/1.1" 200 15382 "-" "Mozilla/5.0 AppleWebKit/537.36 (KHTML, like Gecko; compatible; ClaudeBot/1.0; +claudebot@anthropic.com)"
4.194.2.136 - - [22/Jan/2026:07:49:49 -0500] "GET /wp-admin/alfa.php HTTP/1.1" 404 49663 "-" "Mozilla/5.0 (Windows NT 10.0; Win64; x64) AppleWebKit/537.36 (KHTML, like Gecko) Chrome/120.0.0.0 Safari/537.36"
4.194.2.136 - - [22/Jan/2026:07:49:50 -0500] "GET /wp-admin/images/admin.php HTTP/1.1" 404 49769 "-" "Mozilla/5.0 (Windows NT 10.0; Win64; x64) AppleWebKit/537.36 (KHTML, like Gecko) Chrome/120.0.0.0 Safari/537.36"
4.194.2.136 - - [22/Jan/2026:07:49:51 -0500] "GET /wp-admin/js/widgets/ HTTP/1.1" 404 49769 "-" "Mozilla/5.0 (Windows NT 10.0; Win64; x64) AppleWebKit/537.36 (KHTML, like Gecko) Chrome/120.0.0.0 Safari/537.36"
74.7.243.232 - - [22/Jan/2026:07:49:51 -0500] "GET /page/140/?a=1187282173g81 HTTP/1.1" 200 15514 "https://membuatwebsite.biz/page/142/?a=1187282173g81" "Mozilla/5.0 AppleWebKit/537.36 (KHTML, like Gecko; compatible; GPTBot/1.3; +https://openai.com/gptbot)"
216.73.216.223 - - [22/Jan/2026:07:49:51 -0500] "GET /page/3/?a=1348158h06fj7 HTTP/1.1" 200 15385 "-" "Mozilla/5.0 AppleWebKit/537.36 (KHTML, like Gecko; compatible; ClaudeBot/1.0; +claudebot@anthropic.com)"
4.194.2.136 - - [22/Jan/2026:07:49:52 -0500] "GET /wp-blog.php HTTP/1.1" 404 49663 "-" "Mozilla/5.0 (Windows NT 10.0; Win64; x64) AppleWebKit/537.36 (KHTML, like Gecko) Chrome/120.0.0.0 Safari/537.36"
4.194.2.136 - - [22/Jan/2026:07:49:53 -0500] "GET /wp-includes/block-bindings/ HTTP/1.1" 404 49663 "-" "Mozilla/5.0 (Windows NT 10.0; Win64; x64) AppleWebKit/537.36 (KHTML, like Gecko) Chrome/120.0.0.0 Safari/537.36"
4.194.2.136 - - [22/Jan/2026:07:49:54 -0500] "GET /13.php HTTP/1.1" 404 49663 "-" "Mozilla/5.0 (Windows NT 10.0; Win64; x64) AppleWebKit/537.36 (KHTML, like Gecko) Chrome/120.0.0.0 Safari/537.36"
74.7.243.232 - - [22/Jan/2026:07:49:54 -0500] "GET /page/140/?a=317251123428a HTTP/1.1" 200 15485 "https://membuatwebsite.biz/page/141/?a=317251123428a" "Mozilla/5.0 AppleWebKit/537.36 (KHTML, like Gecko; compatible; GPTBot/1.3; +https://openai.com/gptbot)"
216.73.216.223 - - [22/Jan/2026:07:49:54 -0500] "GET /page/2/?a=36243537cjddg HTTP/1.1" 200 15531 "-" "Mozilla/5.0 AppleWebKit/537.36 (KHTML, like Gecko; compatible; ClaudeBot/1.0; +claudebot@anthropic.com)"
4.194.2.136 - - [22/Jan/2026:07:49:55 -0500] "GET /administrator/templates/hathor/error.php HTTP/1.1" 404 49769 "-" "Mozilla/5.0 (Windows NT 10.0; Win64; x64) AppleWebKit/537.36 (KHTML, like Gecko) Chrome/120.0.0.0 Safari/537.36"
4.194.2.136 - - [22/Jan/2026:07:49:56 -0500] "GET /alfa.php HTTP/1.1" 404 49663 "-" "Mozilla/5.0 (Windows NT 10.0; Win64; x64) AppleWebKit/537.36 (KHTML, like Gecko) Chrome/120.0.0.0 Safari/537.36"
4.194.2.136 - - [22/Jan/2026:07:49:56 -0500] "GET /classwithtostring.php HTTP/1.1" 404 49663 "-" "Mozilla/5.0 (Windows NT 10.0; Win64; x64) AppleWebKit/537.36 (KHTML, like Gecko) Chrome/120.0.0.0 Safari/537.36"
66.249.73.65 - - [22/Jan/2026:07:49:57 -0500] "GET /?a=1675205h8c31e HTTP/1.1" 200 27165 "-" "Mozilla/5.0 (Linux; Android 6.0.1; Nexus 5X Build/MMB29P) AppleWebKit/537.36 (KHTML, like Gecko) Chrome/143.0.7499.192 Mobile Safari/537.36 (compatible; Googlebot/2.1; +http://www.google.com/bot.html)"
4.194.2.136 - - [22/Jan/2026:07:49:57 -0500] "GET /gelay.php HTTP/1.1" 404 49663 "-" "Mozilla/5.0 (Windows NT 10.0; Win64; x64) AppleWebKit/537.36 (KHTML, like Gecko) Chrome/120.0.0.0 Safari/537.36"
74.7.243.232 - - [22/Jan/2026:07:49:57 -0500] "GET /page/135/?a=21997591778g2 HTTP/1.1" 200 15861 "https://membuatwebsite.biz/page/137/?a=21997591778g2" "Mozilla/5.0 AppleWebKit/537.36 (KHTML, like Gecko; compatible; GPTBot/1.3; +https://openai.com/gptbot)"
216.73.216.223 - - [22/Jan/2026:07:49:57 -0500] "GET /page/4/?a=1134514756b4h HTTP/1.1" 200 15147 "-" "Mozilla/5.0 AppleWebKit/537.36 (KHTML, like Gecko; compatible; ClaudeBot/1.0; +claudebot@anthropic.com)"
4.194.2.136 - - [22/Jan/2026:07:49:58 -0500] "GET /radio.php HTTP/1.1" 404 49663 "-" "Mozilla/5.0 (Windows NT 10.0; Win64; x64) AppleWebKit/537.36 (KHTML, like Gecko) Chrome/120.0.0.0 Safari/537.36"
4.194.2.136 - - [22/Jan/2026:07:49:59 -0500] "GET /server.php HTTP/1.1" 404 49663 "-" "Mozilla/5.0 (Windows NT 10.0; Win64; x64) AppleWebKit/537.36 (KHTML, like Gecko) Chrome/120.0.0.0 Safari/537.36"
4.194.2.136 - - [22/Jan/2026:07:49:59 -0500] "GET /wp-includes/js/crop/cropper.php HTTP/1.1" 404 49769 "-" "Mozilla/5.0 (Windows NT 10.0; Win64; x64) AppleWebKit/537.36 (KHTML, like Gecko) Chrome/120.0.0.0 Safari/537.36"
4.194.2.136 - - [22/Jan/2026:07:50:00 -0500] "GET /wp-includes/js/thickbox/thickbox.php HTTP/1.1" 404 49769 "-" "Mozilla/5.0 (Windows NT 10.0; Win64; x64) AppleWebKit/537.36 (KHTML, like Gecko) Chrome/120.0.0.0 Safari/537.36"
74.7.243.232 - - [22/Jan/2026:07:50:00 -0500] "GET /page/134/?a=32122302g3797 HTTP/1.1" 200 15848 "https://membuatwebsite.biz/page/136/?a=32122302g3797" "Mozilla/5.0 AppleWebKit/537.36 (KHTML, like Gecko; compatible; GPTBot/1.3; +https://openai.com/gptbot)"
216.73.216.223 - - [22/Jan/2026:07:50:00 -0500] "GET /page/134/?a=320284325hf2d HTTP/1.1" 200 15812 "-" "Mozilla/5.0 AppleWebKit/537.36 (KHTML, like Gecko; compatible; ClaudeBot/1.0; +claudebot@anthropic.com)"
4.194.2.136 - - [22/Jan/2026:07:50:01 -0500] "GET /wp-content/plugins/yanierin/akcc.php HTTP/1.1" 404 49769 "-" "Mozilla/5.0 (Windows NT 10.0; Win64; x64) AppleWebKit/537.36 (KHTML, like Gecko) Chrome/120.0.0.0 Safari/537.36"
4.194.2.136 - - [22/Jan/2026:07:50:02 -0500] "GET /wp-admin/images/file.php HTTP/1.1" 404 49769 "-" "Mozilla/5.0 (Windows NT 10.0; Win64; x64) AppleWebKit/537.36 (KHTML, like Gecko) Chrome/120.0.0.0 Safari/537.36"
66.249.73.65 - - [22/Jan/2026:07:50:02 -0500] "GET /?a=37585495f17h6 HTTP/1.1" 200 27677 "-" "Mozilla/5.0 (Linux; Android 6.0.1; Nexus 5X Build/MMB29P) AppleWebKit/537.36 (KHTML, like Gecko) Chrome/143.0.7499.192 Mobile Safari/537.36 (compatible; Googlebot/2.1; +http://www.google.com/bot.html)"
66.249.65.32 - - [22/Jan/2026:07:50:02 -0500] "GET /?a=27536041b45e0 HTTP/1.1" 200 25958 "-" "Mozilla/5.0 (Linux; Android 6.0.1; Nexus 5X Build/MMB29P) AppleWebKit/537.36 (KHTML, like Gecko) Chrome/143.0.7499.192 Mobile Safari/537.36 (compatible; Googlebot/2.1; +http://www.google.com/bot.html)"
