216.73.216.223 - - [22/Jan/2026:08:14:07 -0500] "GET /page/135/?a=1274844c607i9 HTTP/1.1" 200 15833 "-" "Mozilla/5.0 AppleWebKit/537.36 (KHTML, like Gecko; compatible; ClaudeBot/1.0; +claudebot@anthropic.com)"
66.249.65.32 - - [22/Jan/2026:08:14:08 -0500] "GET /?a=32250595cf2f8 HTTP/1.1" 200 26974 "-" "Mozilla/5.0 (Linux; Android 6.0.1; Nexus 5X Build/MMB29P) AppleWebKit/537.36 (KHTML, like Gecko) Chrome/143.0.7499.192 Mobile Safari/537.36 (compatible; Googlebot/2.1; +http://www.google.com/bot.html)"
74.7.243.232 - - [22/Jan/2026:08:14:09 -0500] "GET /page/130/?a=101501612304a HTTP/1.1" 200 15572 "https://membuatwebsite.biz/page/132/?a=101501612304a" "Mozilla/5.0 AppleWebKit/537.36 (KHTML, like Gecko; compatible; GPTBot/1.3; +https://openai.com/gptbot)"
216.73.216.223 - - [22/Jan/2026:08:14:10 -0500] "GET /page/10/?a=1840582j4h5d2 HTTP/1.1" 200 15390 "-" "Mozilla/5.0 AppleWebKit/537.36 (KHTML, like Gecko; compatible; ClaudeBot/1.0; +claudebot@anthropic.com)"
74.7.243.232 - - [22/Jan/2026:08:14:12 -0500] "GET /page/129/?a=101501612304a HTTP/1.1" 200 15559 "https://membuatwebsite.biz/page/131/?a=101501612304a" "Mozilla/5.0 AppleWebKit/537.36 (KHTML, like Gecko; compatible; GPTBot/1.3; +https://openai.com/gptbot)"
66.249.73.66 - - [22/Jan/2026:08:14:12 -0500] "GET /?a=2761624hf8hji HTTP/1.1" 200 28036 "-" "Mozilla/5.0 (Linux; Android 6.0.1; Nexus 5X Build/MMB29P) AppleWebKit/537.36 (KHTML, like Gecko) Chrome/143.0.7499.192 Mobile Safari/537.36 (compatible; Googlebot/2.1; +http://www.google.com/bot.html)"
66.249.73.65 - - [22/Jan/2026:08:14:13 -0500] "GET /?a=3826592acbdej HTTP/1.1" 200 26756 "-" "Mozilla/5.0 (Linux; Android 6.0.1; Nexus 5X Build/MMB29P) AppleWebKit/537.36 (KHTML, like Gecko) Chrome/143.0.7499.192 Mobile Safari/537.36 (compatible; Googlebot/2.1; +http://www.google.com/bot.html)"
216.73.216.223 - - [22/Jan/2026:08:14:13 -0500] "GET /page/135/?a=4384087ceh79g HTTP/1.1" 200 15848 "-" "Mozilla/5.0 AppleWebKit/537.36 (KHTML, like Gecko; compatible; ClaudeBot/1.0; +claudebot@anthropic.com)"
74.7.243.232 - - [22/Jan/2026:08:14:15 -0500] "GET /page/115/?a=44001609800e6 HTTP/1.1" 200 15774 "https://membuatwebsite.biz/page/117/?a=44001609800e6" "Mozilla/5.0 AppleWebKit/537.36 (KHTML, like Gecko; compatible; GPTBot/1.3; +https://openai.com/gptbot)"
216.73.216.223 - - [22/Jan/2026:08:14:16 -0500] "GET /page/141/?a=34493509d278 HTTP/1.1" 200 15276 "-" "Mozilla/5.0 AppleWebKit/537.36 (KHTML, like Gecko; compatible; ClaudeBot/1.0; +claudebot@anthropic.com)"
66.249.65.46 - - [22/Jan/2026:08:14:17 -0500] "GET /e/06/ HTTP/1.1" 200 26216 "-" "Mozilla/5.0 (Linux; Android 6.0.1; Nexus 5X Build/MMB29P) AppleWebKit/537.36 (KHTML, like Gecko) Chrome/143.0.7499.192 Mobile Safari/537.36 (compatible; Googlebot/2.1; +http://www.google.com/bot.html)"
40.77.167.9 - - [22/Jan/2026:08:14:18 -0500] "GET /?a=32060340ica6d HTTP/1.1" 200 27068 "-" "Mozilla/5.0 AppleWebKit/537.36 (KHTML, like Gecko; compatible; bingbot/2.0; +http://www.bing.com/bingbot.htm) Chrome/116.0.1938.76 Safari/537.36"
74.7.243.232 - - [22/Jan/2026:08:14:18 -0500] "GET /page/114/?a=44001609800e6 HTTP/1.1" 200 15660 "https://membuatwebsite.biz/page/116/?a=44001609800e6" "Mozilla/5.0 AppleWebKit/537.36 (KHTML, like Gecko; compatible; GPTBot/1.3; +https://openai.com/gptbot)"
216.73.216.223 - - [22/Jan/2026:08:14:19 -0500] "GET /page/8/?a=2471306h9ah8e HTTP/1.1" 200 15454 "-" "Mozilla/5.0 AppleWebKit/537.36 (KHTML, like Gecko; compatible; ClaudeBot/1.0; +claudebot@anthropic.com)"
74.7.243.232 - - [22/Jan/2026:08:14:22 -0500] "GET /page/114/?a=4088036806a41 HTTP/1.1" 200 15660 "https://membuatwebsite.biz/page/115/?a=4088036806a41" "Mozilla/5.0 AppleWebKit/537.36 (KHTML, like Gecko; compatible; GPTBot/1.3; +https://openai.com/gptbot)"
66.249.65.46 - - [22/Jan/2026:08:14:22 -0500] "GET /?a=23589714baei HTTP/1.1" 200 26595 "-" "Mozilla/5.0 (compatible; Googlebot/2.1; +http://www.google.com/bot.html)"
216.73.216.223 - - [22/Jan/2026:08:14:22 -0500] "GET /page/10/?a=3810788d0ei1j HTTP/1.1" 200 15414 "-" "Mozilla/5.0 AppleWebKit/537.36 (KHTML, like Gecko; compatible; ClaudeBot/1.0; +claudebot@anthropic.com)"
40.77.167.143 - - [22/Jan/2026:08:14:23 -0500] "GET /?a=8719661j377h HTTP/1.1" 200 26891 "-" "Mozilla/5.0 AppleWebKit/537.36 (KHTML, like Gecko; compatible; bingbot/2.0; +http://www.bing.com/bingbot.htm) Chrome/116.0.1938.76 Safari/537.36"
66.249.73.65 - - [22/Jan/2026:08:14:24 -0500] "GET /?a=742077g702d5 HTTP/1.1" 200 25931 "-" "Mozilla/5.0 (Linux; Android 6.0.1; Nexus 5X Build/MMB29P) AppleWebKit/537.36 (KHTML, like Gecko) Chrome/143.0.7499.192 Mobile Safari/537.36 (compatible; Googlebot/2.1; +http://www.google.com/bot.html)"
148.113.128.193 - - [22/Jan/2026:08:14:24 -0500] "GET /?a=3024177d56258 HTTP/1.1" 200 15215 "-" "Mozilla/5.0 (compatible; AhrefsBot/7.0; +http://ahrefs.com/robot/)"
74.7.243.232 - - [22/Jan/2026:08:14:25 -0500] "GET /page/113/?a=4088036806a41 HTTP/1.1" 200 15538 "https://membuatwebsite.biz/page/115/?a=4088036806a41" "Mozilla/5.0 AppleWebKit/537.36 (KHTML, like Gecko; compatible; GPTBot/1.3; +https://openai.com/gptbot)"
66.249.65.46 - - [22/Jan/2026:08:14:25 -0500] "GET /?a=4108140i8chae HTTP/1.1" 200 26927 "-" "Mozilla/5.0 (Linux; Android 6.0.1; Nexus 5X Build/MMB29P) AppleWebKit/537.36 (KHTML, like Gecko) Chrome/143.0.7499.192 Mobile Safari/537.36 (compatible; Googlebot/2.1; +http://www.google.com/bot.html)"
66.249.73.65 - - [22/Jan/2026:08:14:25 -0500] "GET /?a=2601436ed655j HTTP/1.1" 200 27576 "-" "Mozilla/5.0 (Linux; Android 6.0.1; Nexus 5X Build/MMB29P) AppleWebKit/537.36 (KHTML, like Gecko) Chrome/143.0.7499.192 Mobile Safari/537.36 (compatible; Googlebot/2.1; +http://www.google.com/bot.html)"
216.73.216.223 - - [22/Jan/2026:08:14:25 -0500] "GET /page/9/?a=1467077g309b0 HTTP/1.1" 200 15278 "-" "Mozilla/5.0 AppleWebKit/537.36 (KHTML, like Gecko; compatible; ClaudeBot/1.0; +claudebot@anthropic.com)"
74.7.243.232 - - [22/Jan/2026:08:14:28 -0500] "GET /page/113/?a=12860121b0520 HTTP/1.1" 200 15566 "https://membuatwebsite.biz/page/115/?a=12860121b0520" "Mozilla/5.0 AppleWebKit/537.36 (KHTML, like Gecko; compatible; GPTBot/1.3; +https://openai.com/gptbot)"
216.73.216.223 - - [22/Jan/2026:08:14:28 -0500] "GET /page/17/?a=40674611gb488 HTTP/1.1" 200 15366 "-" "Mozilla/5.0 AppleWebKit/537.36 (KHTML, like Gecko; compatible; ClaudeBot/1.0; +claudebot@anthropic.com)"
74.7.243.232 - - [22/Jan/2026:08:14:31 -0500] "GET /page/114/?a=12860121b0520 HTTP/1.1" 200 15631 "https://membuatwebsite.biz/page/115/?a=12860121b0520" "Mozilla/5.0 AppleWebKit/537.36 (KHTML, like Gecko; compatible; GPTBot/1.3; +https://openai.com/gptbot)"
216.73.216.223 - - [22/Jan/2026:08:14:31 -0500] "GET /page/142/?a=3342179i3g7ei HTTP/1.1" 200 15321 "-" "Mozilla/5.0 AppleWebKit/537.36 (KHTML, like Gecko; compatible; ClaudeBot/1.0; +claudebot@anthropic.com)"
66.249.73.65 - - [22/Jan/2026:08:14:32 -0500] "GET /?a=22378202d9b1h HTTP/1.1" 200 28616 "-" "Mozilla/5.0 (Linux; Android 6.0.1; Nexus 5X Build/MMB29P) AppleWebKit/537.36 (KHTML, like Gecko) Chrome/143.0.7499.192 Mobile Safari/537.36 (compatible; Googlebot/2.1; +http://www.google.com/bot.html)"
74.7.243.232 - - [22/Jan/2026:08:14:34 -0500] "GET /page/112/?a=225141825477e HTTP/1.1" 200 15757 "https://membuatwebsite.biz/page/114/?a=225141825477e" "Mozilla/5.0 AppleWebKit/537.36 (KHTML, like Gecko; compatible; GPTBot/1.3; +https://openai.com/gptbot)"
216.73.216.223 - - [22/Jan/2026:08:14:34 -0500] "GET /page/11/?a=3986813de141h HTTP/1.1" 200 15249 "-" "Mozilla/5.0 AppleWebKit/537.36 (KHTML, like Gecko; compatible; ClaudeBot/1.0; +claudebot@anthropic.com)"
74.7.243.232 - - [22/Jan/2026:08:14:37 -0500] "GET /page/143/?a=42278171e2792 HTTP/1.1" 200 15005 "https://membuatwebsite.biz/page/144/?a=42278171e2792" "Mozilla/5.0 AppleWebKit/537.36 (KHTML, like Gecko; compatible; GPTBot/1.3; +https://openai.com/gptbot)"
216.73.216.223 - - [22/Jan/2026:08:14:37 -0500] "GET /page/4/?a=23564763g9j3f HTTP/1.1" 200 15176 "-" "Mozilla/5.0 AppleWebKit/537.36 (KHTML, like Gecko; compatible; ClaudeBot/1.0; +claudebot@anthropic.com)"
114.119.133.125 - - [22/Jan/2026:08:14:39 -0500] "GET /?a=18266141bf26e HTTP/1.1" 200 15215 "https://membuatwebsite.biz/sitemap.xmlsitemap:https:/membuatwebsite.biz/sitemap-1.xml" "Mozilla/5.0 (Linux; Android 7.0;) AppleWebKit/537.36 (KHTML, like Gecko) Mobile Safari/537.36 (compatible; PetalBot;+https://webmaster.petalsearch.com/site/petalbot)"
216.73.216.223 - - [22/Jan/2026:08:14:40 -0500] "GET /page/7/?a=3834884694287 HTTP/1.1" 200 15339 "-" "Mozilla/5.0 AppleWebKit/537.36 (KHTML, like Gecko; compatible; ClaudeBot/1.0; +claudebot@anthropic.com)"
74.7.243.232 - - [22/Jan/2026:08:14:40 -0500] "GET /page/142/?a=42278171e2792 HTTP/1.1" 200 15265 "https://membuatwebsite.biz/page/144/?a=42278171e2792" "Mozilla/5.0 AppleWebKit/537.36 (KHTML, like Gecko; compatible; GPTBot/1.3; +https://openai.com/gptbot)"
66.249.65.46 - - [22/Jan/2026:08:14:41 -0500] "GET /?a=278334318cfe9 HTTP/1.1" 200 27558 "-" "Mozilla/5.0 (Linux; Android 6.0.1; Nexus 5X Build/MMB29P) AppleWebKit/537.36 (KHTML, like Gecko) Chrome/143.0.7499.192 Mobile Safari/537.36 (compatible; Googlebot/2.1; +http://www.google.com/bot.html)"
216.73.216.223 - - [22/Jan/2026:08:14:43 -0500] "GET /page/137/?a=2943102f7hdid HTTP/1.1" 200 15112 "-" "Mozilla/5.0 AppleWebKit/537.36 (KHTML, like Gecko; compatible; ClaudeBot/1.0; +claudebot@anthropic.com)"
74.7.243.232 - - [22/Jan/2026:08:14:44 -0500] "GET /page/128/?a=101501612304a HTTP/1.1" 200 15757 "https://membuatwebsite.biz/page/130/?a=101501612304a" "Mozilla/5.0 AppleWebKit/537.36 (KHTML, like Gecko; compatible; GPTBot/1.3; +https://openai.com/gptbot)"
66.249.73.65 - - [22/Jan/2026:08:14:46 -0500] "GET /?a=2346050d8b6e0 HTTP/1.1" 200 28266 "-" "Mozilla/5.0 (Linux; Android 6.0.1; Nexus 5X Build/MMB29P) AppleWebKit/537.36 (KHTML, like Gecko) Chrome/143.0.7499.192 Mobile Safari/537.36 (compatible; Googlebot/2.1; +http://www.google.com/bot.html)"
216.73.216.223 - - [22/Jan/2026:08:14:46 -0500] "GET /page/4/?a=20094111217h7 HTTP/1.1" 200 15190 "-" "Mozilla/5.0 AppleWebKit/537.36 (KHTML, like Gecko; compatible; ClaudeBot/1.0; +claudebot@anthropic.com)"
74.7.243.232 - - [22/Jan/2026:08:14:47 -0500] "GET /page/127/?a=101501612304a HTTP/1.1" 200 15760 "https://membuatwebsite.biz/page/129/?a=101501612304a" "Mozilla/5.0 AppleWebKit/537.36 (KHTML, like Gecko; compatible; GPTBot/1.3; +https://openai.com/gptbot)"
216.73.216.223 - - [22/Jan/2026:08:14:49 -0500] "GET /page/5/?a=1528960j54g2b HTTP/1.1" 200 15177 "-" "Mozilla/5.0 AppleWebKit/537.36 (KHTML, like Gecko; compatible; ClaudeBot/1.0; +claudebot@anthropic.com)"
74.7.243.232 - - [22/Jan/2026:08:14:50 -0500] "GET /page/113/?a=44001609800e6 HTTP/1.1" 200 15498 "https://membuatwebsite.biz/page/115/?a=44001609800e6" "Mozilla/5.0 AppleWebKit/537.36 (KHTML, like Gecko; compatible; GPTBot/1.3; +https://openai.com/gptbot)"
66.249.73.65 - - [22/Jan/2026:08:14:51 -0500] "GET /?a=1501906a5013b HTTP/1.1" 200 26175 "-" "Mozilla/5.0 (Linux; Android 6.0.1; Nexus 5X Build/MMB29P) AppleWebKit/537.36 (KHTML, like Gecko) Chrome/143.0.7499.192 Mobile Safari/537.36 (compatible; Googlebot/2.1; +http://www.google.com/bot.html)"
66.249.73.65 - - [22/Jan/2026:08:14:51 -0500] "GET /?a=2292090a5h5cc HTTP/1.1" 200 26670 "-" "Mozilla/5.0 (Linux; Android 6.0.1; Nexus 5X Build/MMB29P) AppleWebKit/537.36 (KHTML, like Gecko) Chrome/143.0.7499.192 Mobile Safari/537.36 (compatible; Googlebot/2.1; +http://www.google.com/bot.html)"
216.73.216.223 - - [22/Jan/2026:08:14:52 -0500] "GET /page/143/?a=2673691eda23f HTTP/1.1" 200 15005 "-" "Mozilla/5.0 AppleWebKit/537.36 (KHTML, like Gecko; compatible; ClaudeBot/1.0; +claudebot@anthropic.com)"
74.7.243.232 - - [22/Jan/2026:08:14:53 -0500] "GET /page/112/?a=44001609800e6 HTTP/1.1" 200 15703 "https://membuatwebsite.biz/page/114/?a=44001609800e6" "Mozilla/5.0 AppleWebKit/537.36 (KHTML, like Gecko; compatible; GPTBot/1.3; +https://openai.com/gptbot)"
216.73.216.223 - - [22/Jan/2026:08:14:55 -0500] "GET /page/8/?a=16755942a6ifj HTTP/1.1" 200 15521 "-" "Mozilla/5.0 AppleWebKit/537.36 (KHTML, like Gecko; compatible; ClaudeBot/1.0; +claudebot@anthropic.com)"
74.7.243.232 - - [22/Jan/2026:08:14:56 -0500] "GET /page/112/?a=4088036806a41 HTTP/1.1" 200 15757 "https://membuatwebsite.biz/page/114/?a=4088036806a41" "Mozilla/5.0 AppleWebKit/537.36 (KHTML, like Gecko; compatible; GPTBot/1.3; +https://openai.com/gptbot)"
216.73.216.223 - - [22/Jan/2026:08:14:58 -0500] "GET /page/136/?a=1171295hc2iee HTTP/1.1" 200 15326 "-" "Mozilla/5.0 AppleWebKit/537.36 (KHTML, like Gecko; compatible; ClaudeBot/1.0; +claudebot@anthropic.com)"
74.7.243.232 - - [22/Jan/2026:08:14:59 -0500] "GET /page/129/?a=32122302g3797 HTTP/1.1" 200 15627 "https://membuatwebsite.biz/page/131/?a=32122302g3797" "Mozilla/5.0 AppleWebKit/537.36 (KHTML, like Gecko; compatible; GPTBot/1.3; +https://openai.com/gptbot)"
51.222.95.53 - - [22/Jan/2026:08:15:00 -0500] "GET /?a=2992161d2529c HTTP/1.1" 200 15216 "-" "Mozilla/5.0 (compatible; AhrefsBot/7.0; +http://ahrefs.com/robot/)"
216.73.216.223 - - [22/Jan/2026:08:15:01 -0500] "GET /page/13/?a=188531860g3e7 HTTP/1.1" 200 15347 "-" "Mozilla/5.0 AppleWebKit/537.36 (KHTML, like Gecko; compatible; ClaudeBot/1.0; +claudebot@anthropic.com)"
74.7.243.232 - - [22/Jan/2026:08:15:03 -0500] "GET /page/143/?a=101501612304a HTTP/1.1" 200 14971 "https://membuatwebsite.biz/page/144/?a=101501612304a" "Mozilla/5.0 AppleWebKit/537.36 (KHTML, like Gecko; compatible; GPTBot/1.3; +https://openai.com/gptbot)"
66.249.73.65 - - [22/Jan/2026:08:15:04 -0500] "GET /?a=1074554g01dec HTTP/1.1" 200 26604 "-" "Mozilla/5.0 (Linux; Android 6.0.1; Nexus 5X Build/MMB29P) AppleWebKit/537.36 (KHTML, like Gecko) Chrome/143.0.7499.192 Mobile Safari/537.36 (compatible; Googlebot/2.1; +http://www.google.com/bot.html)"
216.73.216.223 - - [22/Jan/2026:08:15:04 -0500] "GET /page/2/?a=3715091474hgh HTTP/1.1" 200 15445 "-" "Mozilla/5.0 AppleWebKit/537.36 (KHTML, like Gecko; compatible; ClaudeBot/1.0; +claudebot@anthropic.com)"
66.249.73.66 - - [22/Jan/2026:08:15:05 -0500] "GET /?a=4270455h80cb9 HTTP/1.1" 200 26249 "-" "Mozilla/5.0 (Linux; Android 6.0.1; Nexus 5X Build/MMB29P) AppleWebKit/537.36 (KHTML, like Gecko) Chrome/143.0.7499.192 Mobile Safari/537.36 (compatible; Googlebot/2.1; +http://www.google.com/bot.html)"
74.7.243.232 - - [22/Jan/2026:08:15:06 -0500] "GET /page/133/?a=4088036806a41 HTTP/1.1" 200 15526 "https://membuatwebsite.biz/page/135/?a=4088036806a41" "Mozilla/5.0 AppleWebKit/537.36 (KHTML, like Gecko; compatible; GPTBot/1.3; +https://openai.com/gptbot)"
216.73.216.223 - - [22/Jan/2026:08:15:07 -0500] "GET /page/5/?a=478821j6e97j HTTP/1.1" 200 15238 "-" "Mozilla/5.0 AppleWebKit/537.36 (KHTML, like Gecko; compatible; ClaudeBot/1.0; +claudebot@anthropic.com)"
66.249.73.65 - - [22/Jan/2026:08:15:10 -0500] "GET /?a=2487487cd6j24 HTTP/1.1" 200 27679 "-" "Mozilla/5.0 (Linux; Android 6.0.1; Nexus 5X Build/MMB29P) AppleWebKit/537.36 (KHTML, like Gecko) Chrome/143.0.7499.192 Mobile Safari/537.36 (compatible; Googlebot/2.1; +http://www.google.com/bot.html)"
66.249.65.46 - - [22/Jan/2026:08:15:10 -0500] "GET /?a=287769549467 HTTP/1.1" 200 26390 "-" "Mozilla/5.0 (Linux; Android 6.0.1; Nexus 5X Build/MMB29P) AppleWebKit/537.36 (KHTML, like Gecko) Chrome/143.0.7499.192 Mobile Safari/537.36 (compatible; Googlebot/2.1; +http://www.google.com/bot.html)"
74.7.243.232 - - [22/Jan/2026:08:15:09 -0500] "GET /page/110/?a=225141825477e HTTP/1.1" 200 15227 "https://membuatwebsite.biz/page/112/?a=225141825477e" "Mozilla/5.0 AppleWebKit/537.36 (KHTML, like Gecko; compatible; GPTBot/1.3; +https://openai.com/gptbot)"
216.73.216.223 - - [22/Jan/2026:08:15:10 -0500] "GET /page/7/?a=21318320g1583 HTTP/1.1" 200 15304 "-" "Mozilla/5.0 AppleWebKit/537.36 (KHTML, like Gecko; compatible; ClaudeBot/1.0; +claudebot@anthropic.com)"
66.249.65.33 - - [22/Jan/2026:08:15:11 -0500] "GET /?a=12515827cf1g3 HTTP/1.1" 200 27711 "-" "Mozilla/5.0 (Linux; Android 6.0.1; Nexus 5X Build/MMB29P) AppleWebKit/537.36 (KHTML, like Gecko) Chrome/143.0.7499.192 Mobile Safari/537.36 (compatible; Googlebot/2.1; +http://www.google.com/bot.html)"
216.73.216.223 - - [22/Jan/2026:08:15:13 -0500] "GET /page/141/?a=1845802i31c4i HTTP/1.1" 200 15230 "-" "Mozilla/5.0 AppleWebKit/537.36 (KHTML, like Gecko; compatible; ClaudeBot/1.0; +claudebot@anthropic.com)"
74.7.243.232 - - [22/Jan/2026:08:15:12 -0500] "GET /page/141/?a=42278171e2792 HTTP/1.1" 200 15256 "https://membuatwebsite.biz/page/143/?a=42278171e2792" "Mozilla/5.0 AppleWebKit/537.36 (KHTML, like Gecko; compatible; GPTBot/1.3; +https://openai.com/gptbot)"
66.249.73.65 - - [22/Jan/2026:08:15:16 -0500] "GET /?a=699369fce48b HTTP/1.1" 200 27605 "-" "Mozilla/5.0 (Linux; Android 6.0.1; Nexus 5X Build/MMB29P) AppleWebKit/537.36 (KHTML, like Gecko) Chrome/143.0.7499.192 Mobile Safari/537.36 (compatible; Googlebot/2.1; +http://www.google.com/bot.html)"
74.7.243.232 - - [22/Jan/2026:08:15:16 -0500] "GET /page/140/?a=42278171e2792 HTTP/1.1" 200 15454 "https://membuatwebsite.biz/page/142/?a=42278171e2792" "Mozilla/5.0 AppleWebKit/537.36 (KHTML, like Gecko; compatible; GPTBot/1.3; +https://openai.com/gptbot)"
216.73.216.223 - - [22/Jan/2026:08:15:16 -0500] "GET /page/138/?a=39284535b21ig HTTP/1.1" 200 15358 "-" "Mozilla/5.0 AppleWebKit/537.36 (KHTML, like Gecko; compatible; ClaudeBot/1.0; +claudebot@anthropic.com)"
66.249.73.65 - - [22/Jan/2026:08:15:18 -0500] "GET /?a=14222605j3i30 HTTP/1.1" 200 26334 "-" "Mozilla/5.0 (Linux; Android 6.0.1; Nexus 5X Build/MMB29P) AppleWebKit/537.36 (KHTML, like Gecko) Chrome/143.0.7499.192 Mobile Safari/537.36 (compatible; Googlebot/2.1; +http://www.google.com/bot.html)"
74.7.243.232 - - [22/Jan/2026:08:15:19 -0500] "GET /page/126/?a=101501612304a HTTP/1.1" 200 15742 "https://membuatwebsite.biz/page/128/?a=101501612304a" "Mozilla/5.0 AppleWebKit/537.36 (KHTML, like Gecko; compatible; GPTBot/1.3; +https://openai.com/gptbot)"
216.73.216.223 - - [22/Jan/2026:08:15:19 -0500] "GET /page/16/?a=1533297g8bd5a HTTP/1.1" 200 15402 "-" "Mozilla/5.0 AppleWebKit/537.36 (KHTML, like Gecko; compatible; ClaudeBot/1.0; +claudebot@anthropic.com)"
74.7.243.232 - - [22/Jan/2026:08:15:22 -0500] "GET /page/125/?a=101501612304a HTTP/1.1" 200 15898 "https://membuatwebsite.biz/page/127/?a=101501612304a" "Mozilla/5.0 AppleWebKit/537.36 (KHTML, like Gecko; compatible; GPTBot/1.3; +https://openai.com/gptbot)"
216.73.216.223 - - [22/Jan/2026:08:15:22 -0500] "GET /page/7/?a=3547021dh9h2 HTTP/1.1" 200 15267 "-" "Mozilla/5.0 AppleWebKit/537.36 (KHTML, like Gecko; compatible; ClaudeBot/1.0; +claudebot@anthropic.com)"
74.7.243.232 - - [22/Jan/2026:08:15:25 -0500] "GET /page/112/?a=12860121b0520 HTTP/1.1" 200 15800 "https://membuatwebsite.biz/page/113/?a=12860121b0520" "Mozilla/5.0 AppleWebKit/537.36 (KHTML, like Gecko; compatible; GPTBot/1.3; +https://openai.com/gptbot)"
216.73.216.223 - - [22/Jan/2026:08:15:25 -0500] "GET /page/9/?a=2438249cg61a5 HTTP/1.1" 200 15332 "-" "Mozilla/5.0 AppleWebKit/537.36 (KHTML, like Gecko; compatible; ClaudeBot/1.0; +claudebot@anthropic.com)"
66.249.73.65 - - [22/Jan/2026:08:15:26 -0500] "GET /?a=32808110jhc6b HTTP/1.1" 200 26650 "-" "Mozilla/5.0 (Linux; Android 6.0.1; Nexus 5X Build/MMB29P) AppleWebKit/537.36 (KHTML, like Gecko) Chrome/143.0.7499.192 Mobile Safari/537.36 (compatible; Googlebot/2.1; +http://www.google.com/bot.html)"
66.249.65.46 - - [22/Jan/2026:08:15:27 -0500] "GET /f/services/ HTTP/1.1" 200 27882 "-" "Mozilla/5.0 (Linux; Android 6.0.1; Nexus 5X Build/MMB29P) AppleWebKit/537.36 (KHTML, like Gecko) Chrome/143.0.7499.192 Mobile Safari/537.36 (compatible; Googlebot/2.1; +http://www.google.com/bot.html)"
74.7.243.232 - - [22/Jan/2026:08:15:28 -0500] "GET /page/125/?a=317251123428a HTTP/1.1" 200 15985 "https://membuatwebsite.biz/page/126/?a=317251123428a" "Mozilla/5.0 AppleWebKit/537.36 (KHTML, like Gecko; compatible; GPTBot/1.3; +https://openai.com/gptbot)"
216.73.216.223 - - [22/Jan/2026:08:15:28 -0500] "GET /page/3/?a=1838891c785i1 HTTP/1.1" 200 15337 "-" "Mozilla/5.0 AppleWebKit/537.36 (KHTML, like Gecko; compatible; ClaudeBot/1.0; +claudebot@anthropic.com)"
66.249.73.65 - - [22/Jan/2026:08:15:30 -0500] "GET /?a=4766940daji HTTP/1.1" 200 25806 "-" "Mozilla/5.0 (Linux; Android 6.0.1; Nexus 5X Build/MMB29P) AppleWebKit/537.36 (KHTML, like Gecko) Chrome/143.0.7499.192 Mobile Safari/537.36 (compatible; Googlebot/2.1; +http://www.google.com/bot.html)"
66.249.73.65 - - [22/Jan/2026:08:15:30 -0500] "GET /?a=1161895ijee76 HTTP/1.1" 200 26864 "-" "Mozilla/5.0 (Linux; Android 6.0.1; Nexus 5X Build/MMB29P) AppleWebKit/537.36 (KHTML, like Gecko) Chrome/143.0.7499.192 Mobile Safari/537.36 (compatible; Googlebot/2.1; +http://www.google.com/bot.html)"
216.73.216.223 - - [22/Jan/2026:08:15:31 -0500] "GET /page/9/?a=13537943a2h43 HTTP/1.1" 200 15333 "-" "Mozilla/5.0 AppleWebKit/537.36 (KHTML, like Gecko; compatible; ClaudeBot/1.0; +claudebot@anthropic.com)"
74.7.243.232 - - [22/Jan/2026:08:15:31 -0500] "GET /page/110/?a=44001609800e6 HTTP/1.1" 200 15215 "https://membuatwebsite.biz/page/112/?a=44001609800e6" "Mozilla/5.0 AppleWebKit/537.36 (KHTML, like Gecko; compatible; GPTBot/1.3; +https://openai.com/gptbot)"
66.249.73.65 - - [22/Jan/2026:08:15:35 -0500] "GET /?a=1668333d33fi8 HTTP/1.1" 200 27861 "-" "Mozilla/5.0 (Linux; Android 6.0.1; Nexus 5X Build/MMB29P) AppleWebKit/537.36 (KHTML, like Gecko) Chrome/143.0.7499.192 Mobile Safari/537.36 (compatible; Googlebot/2.1; +http://www.google.com/bot.html)"
74.7.243.232 - - [22/Jan/2026:08:15:35 -0500] "GET /page/110/?a=4088036806a41 HTTP/1.1" 200 15226 "https://membuatwebsite.biz/page/112/?a=4088036806a41" "Mozilla/5.0 AppleWebKit/537.36 (KHTML, like Gecko; compatible; GPTBot/1.3; +https://openai.com/gptbot)"
216.73.216.223 - - [22/Jan/2026:08:15:36 -0500] "GET /page/10/?a=1982202hg9i19 HTTP/1.1" 200 15390 "-" "Mozilla/5.0 AppleWebKit/537.36 (KHTML, like Gecko; compatible; ClaudeBot/1.0; +claudebot@anthropic.com)"
74.7.243.232 - - [22/Jan/2026:08:15:38 -0500] "GET /page/99/?a=173991738469 HTTP/1.1" 200 15345 "https://membuatwebsite.biz/page/101/?a=173991738469" "Mozilla/5.0 AppleWebKit/537.36 (KHTML, like Gecko; compatible; GPTBot/1.3; +https://openai.com/gptbot)"
216.73.216.223 - - [22/Jan/2026:08:15:39 -0500] "GET /page/11/?a=3039269ai7616 HTTP/1.1" 200 15249 "-" "Mozilla/5.0 AppleWebKit/537.36 (KHTML, like Gecko; compatible; ClaudeBot/1.0; +claudebot@anthropic.com)"
74.7.243.232 - - [22/Jan/2026:08:15:41 -0500] "GET /page/144/?a=280524448617 HTTP/1.1" 200 13107 "https://membuatwebsite.biz/?a=280524448617" "Mozilla/5.0 AppleWebKit/537.36 (KHTML, like Gecko; compatible; GPTBot/1.3; +https://openai.com/gptbot)"
216.73.216.223 - - [22/Jan/2026:08:15:42 -0500] "GET /page/136/?a=10913881c60g4 HTTP/1.1" 200 15382 "-" "Mozilla/5.0 AppleWebKit/537.36 (KHTML, like Gecko; compatible; ClaudeBot/1.0; +claudebot@anthropic.com)"
51.222.168.234 - - [22/Jan/2026:08:15:43 -0500] "GET /?a=2964874j85ia6 HTTP/1.1" 200 15262 "-" "Mozilla/5.0 (compatible; AhrefsBot/7.0; +http://ahrefs.com/robot/)"
74.7.243.232 - - [22/Jan/2026:08:15:44 -0500] "GET /page/108/?a=225141825477e HTTP/1.1" 200 15544 "https://membuatwebsite.biz/page/110/?a=225141825477e" "Mozilla/5.0 AppleWebKit/537.36 (KHTML, like Gecko; compatible; GPTBot/1.3; +https://openai.com/gptbot)"
216.73.216.223 - - [22/Jan/2026:08:15:45 -0500] "GET /page/14/?a=29301866507ah HTTP/1.1" 200 15373 "-" "Mozilla/5.0 AppleWebKit/537.36 (KHTML, like Gecko; compatible; ClaudeBot/1.0; +claudebot@anthropic.com)"
74.7.243.232 - - [22/Jan/2026:08:15:47 -0500] "GET /page/139/?a=42278171e2792 HTTP/1.1" 200 15562 "https://membuatwebsite.biz/page/141/?a=42278171e2792" "Mozilla/5.0 AppleWebKit/537.36 (KHTML, like Gecko; compatible; GPTBot/1.3; +https://openai.com/gptbot)"
216.73.216.223 - - [22/Jan/2026:08:15:48 -0500] "GET /page/144/?a=29349925h9i7a HTTP/1.1" 200 13144 "-" "Mozilla/5.0 AppleWebKit/537.36 (KHTML, like Gecko; compatible; ClaudeBot/1.0; +claudebot@anthropic.com)"
74.7.243.232 - - [22/Jan/2026:08:15:51 -0500] "GET /page/138/?a=42278171e2792 HTTP/1.1" 200 15357 "https://membuatwebsite.biz/page/140/?a=42278171e2792" "Mozilla/5.0 AppleWebKit/537.36 (KHTML, like Gecko; compatible; GPTBot/1.3; +https://openai.com/gptbot)"
216.73.216.223 - - [22/Jan/2026:08:15:51 -0500] "GET /page/134/?a=2752133d429jd HTTP/1.1" 200 15789 "-" "Mozilla/5.0 AppleWebKit/537.36 (KHTML, like Gecko; compatible; ClaudeBot/1.0; +claudebot@anthropic.com)"
66.249.65.46 - - [22/Jan/2026:08:15:53 -0500] "GET /?a=44670495h0ef5 HTTP/1.1" 200 26476 "-" "Mozilla/5.0 (Linux; Android 6.0.1; Nexus 5X Build/MMB29P) AppleWebKit/537.36 (KHTML, like Gecko) Chrome/143.0.7499.192 Mobile Safari/537.36 (compatible; Googlebot/2.1; +http://www.google.com/bot.html)"
66.249.73.65 - - [22/Jan/2026:08:15:53 -0500] "GET /?a=1758113b73875 HTTP/1.1" 200 28022 "-" "Mozilla/5.0 (Linux; Android 6.0.1; Nexus 5X Build/MMB29P) AppleWebKit/537.36 (KHTML, like Gecko) Chrome/143.0.7499.192 Mobile Safari/537.36 (compatible; Googlebot/2.1; +http://www.google.com/bot.html)"
66.249.73.65 - - [22/Jan/2026:08:15:53 -0500] "GET /?a=1451720bbd7e9 HTTP/1.1" 200 25900 "-" "Mozilla/5.0 (Linux; Android 6.0.1; Nexus 5X Build/MMB29P) AppleWebKit/537.36 (KHTML, like Gecko) Chrome/143.0.7499.192 Mobile Safari/537.36 (compatible; Googlebot/2.1; +http://www.google.com/bot.html)"
74.7.243.232 - - [22/Jan/2026:08:15:54 -0500] "GET /page/124/?a=101501612304a HTTP/1.1" 200 15496 "https://membuatwebsite.biz/page/126/?a=101501612304a" "Mozilla/5.0 AppleWebKit/537.36 (KHTML, like Gecko; compatible; GPTBot/1.3; +https://openai.com/gptbot)"
216.73.216.223 - - [22/Jan/2026:08:15:54 -0500] "GET /page/11/?a=694731jb293g HTTP/1.1" 200 15249 "-" "Mozilla/5.0 AppleWebKit/537.36 (KHTML, like Gecko; compatible; ClaudeBot/1.0; +claudebot@anthropic.com)"
74.7.243.232 - - [22/Jan/2026:08:15:57 -0500] "GET /page/123/?a=101501612304a HTTP/1.1" 200 15498 "https://membuatwebsite.biz/page/125/?a=101501612304a" "Mozilla/5.0 AppleWebKit/537.36 (KHTML, like Gecko; compatible; GPTBot/1.3; +https://openai.com/gptbot)"
216.73.216.223 - - [22/Jan/2026:08:15:57 -0500] "GET /page/136/?a=4243009eeieie HTTP/1.1" 200 15325 "-" "Mozilla/5.0 AppleWebKit/537.36 (KHTML, like Gecko; compatible; ClaudeBot/1.0; +claudebot@anthropic.com)"
74.7.243.232 - - [22/Jan/2026:08:16:00 -0500] "GET /page/110/?a=12860121b0520 HTTP/1.1" 200 15225 "https://membuatwebsite.biz/page/112/?a=12860121b0520" "Mozilla/5.0 AppleWebKit/537.36 (KHTML, like Gecko; compatible; GPTBot/1.3; +https://openai.com/gptbot)"
216.73.216.223 - - [22/Jan/2026:08:16:00 -0500] "GET /page/143/?a=1777888610b88 HTTP/1.1" 200 14933 "-" "Mozilla/5.0 AppleWebKit/537.36 (KHTML, like Gecko; compatible; ClaudeBot/1.0; +claudebot@anthropic.com)"
74.7.243.232 - - [22/Jan/2026:08:16:03 -0500] "GET /page/144/?a=2889283302412 HTTP/1.1" 200 13055 "https://membuatwebsite.biz/?a=2889283302412" "Mozilla/5.0 AppleWebKit/537.36 (KHTML, like Gecko; compatible; GPTBot/1.3; +https://openai.com/gptbot)"
216.73.216.223 - - [22/Jan/2026:08:16:03 -0500] "GET /page/138/?a=157959491474a HTTP/1.1" 200 15358 "-" "Mozilla/5.0 AppleWebKit/537.36 (KHTML, like Gecko; compatible; ClaudeBot/1.0; +claudebot@anthropic.com)"
114.119.157.54 - - [22/Jan/2026:08:16:05 -0500] "GET /?a=1823089f16j7d HTTP/1.1" 200 15241 "https://membuatwebsite.biz/sitemap.xmlsitemap:https:/membuatwebsite.biz/sitemap-1.xml" "Mozilla/5.0 (Linux; Android 7.0;) AppleWebKit/537.36 (KHTML, like Gecko) Mobile Safari/537.36 (compatible; PetalBot;+https://webmaster.petalsearch.com/site/petalbot)"
216.73.216.223 - - [22/Jan/2026:08:16:06 -0500] "GET /page/135/?a=417950164020h HTTP/1.1" 200 15708 "-" "Mozilla/5.0 AppleWebKit/537.36 (KHTML, like Gecko; compatible; ClaudeBot/1.0; +claudebot@anthropic.com)"
74.7.243.232 - - [22/Jan/2026:08:16:06 -0500] "GET /page/108/?a=44001609800e6 HTTP/1.1" 200 15451 "https://membuatwebsite.biz/page/110/?a=44001609800e6" "Mozilla/5.0 AppleWebKit/537.36 (KHTML, like Gecko; compatible; GPTBot/1.3; +https://openai.com/gptbot)"
66.249.65.32 - - [22/Jan/2026:08:16:07 -0500] "GET /?a=18936028cb89g HTTP/1.1" 200 26444 "-" "Mozilla/5.0 (Linux; Android 6.0.1; Nexus 5X Build/MMB29P) AppleWebKit/537.36 (KHTML, like Gecko) Chrome/143.0.7499.192 Mobile Safari/537.36 (compatible; Googlebot/2.1; +http://www.google.com/bot.html)"
216.73.216.223 - - [22/Jan/2026:08:16:09 -0500] "GET /page/142/?a=1587924g1j604 HTTP/1.1" 200 15322 "-" "Mozilla/5.0 AppleWebKit/537.36 (KHTML, like Gecko; compatible; ClaudeBot/1.0; +claudebot@anthropic.com)"
74.7.243.232 - - [22/Jan/2026:08:16:09 -0500] "GET /page/109/?a=4088036806a41 HTTP/1.1" 200 15404 "https://membuatwebsite.biz/page/110/?a=4088036806a41" "Mozilla/5.0 AppleWebKit/537.36 (KHTML, like Gecko; compatible; GPTBot/1.3; +https://openai.com/gptbot)"
66.249.73.69 - - [22/Jan/2026:08:16:11 -0500] "GET /?a=2433735858g05 HTTP/1.1" 200 29133 "-" "Mozilla/5.0 (Linux; Android 6.0.1; Nexus 5X Build/MMB29P) AppleWebKit/537.36 (KHTML, like Gecko) Chrome/143.0.7499.192 Mobile Safari/537.36 (compatible; Googlebot/2.1; +http://www.google.com/bot.html)"
66.249.73.70 - - [22/Jan/2026:08:16:12 -0500] "GET /?a=4132481gdedeg HTTP/1.1" 200 28377 "-" "Mozilla/5.0 (Linux; Android 6.0.1; Nexus 5X Build/MMB29P) AppleWebKit/537.36 (KHTML, like Gecko) Chrome/143.0.7499.192 Mobile Safari/537.36 (compatible; Googlebot/2.1; +http://www.google.com/bot.html)"
74.7.243.232 - - [22/Jan/2026:08:16:12 -0500] "GET /page/109/?a=44001609800e6 HTTP/1.1" 200 15403 "https://membuatwebsite.biz/page/110/?a=44001609800e6" "Mozilla/5.0 AppleWebKit/537.36 (KHTML, like Gecko; compatible; GPTBot/1.3; +https://openai.com/gptbot)"
216.73.216.223 - - [22/Jan/2026:08:16:12 -0500] "GET /page/141/?a=4237057i34g0a HTTP/1.1" 200 15184 "-" "Mozilla/5.0 AppleWebKit/537.36 (KHTML, like Gecko; compatible; ClaudeBot/1.0; +claudebot@anthropic.com)"
66.249.73.70 - - [22/Jan/2026:08:16:13 -0500] "GET /?a=7668236652i HTTP/1.1" 200 27658 "-" "Mozilla/5.0 (Linux; Android 6.0.1; Nexus 5X Build/MMB29P) AppleWebKit/537.36 (KHTML, like Gecko) Chrome/143.0.7499.192 Mobile Safari/537.36 (compatible; Googlebot/2.1; +http://www.google.com/bot.html)"
66.249.73.70 - - [22/Jan/2026:08:16:13 -0500] "GET /?a=355650jfh81d HTTP/1.1" 200 26251 "-" "Mozilla/5.0 (Linux; Android 6.0.1; Nexus 5X Build/MMB29P) AppleWebKit/537.36 (KHTML, like Gecko) Chrome/143.0.7499.192 Mobile Safari/537.36 (compatible; Googlebot/2.1; +http://www.google.com/bot.html)"
216.73.216.223 - - [22/Jan/2026:08:16:15 -0500] "GET /page/144/?a=2640524b8cgig HTTP/1.1" 200 13145 "-" "Mozilla/5.0 AppleWebKit/537.36 (KHTML, like Gecko; compatible; ClaudeBot/1.0; +claudebot@anthropic.com)"
74.7.243.232 - - [22/Jan/2026:08:16:15 -0500] "GET /page/143/?a=280524448617 HTTP/1.1" 200 15005 "https://membuatwebsite.biz/page/144/?a=280524448617" "Mozilla/5.0 AppleWebKit/537.36 (KHTML, like Gecko; compatible; GPTBot/1.3; +https://openai.com/gptbot)"
66.249.65.32 - - [22/Jan/2026:08:16:17 -0500] "GET /e/34/ HTTP/1.1" 200 26093 "-" "Mozilla/5.0 (Linux; Android 6.0.1; Nexus 5X Build/MMB29P) AppleWebKit/537.36 (KHTML, like Gecko) Chrome/143.0.7499.192 Mobile Safari/537.36 (compatible; Googlebot/2.1; +http://www.google.com/bot.html)"
216.73.216.223 - - [22/Jan/2026:08:16:18 -0500] "GET /page/11/?a=29301866507ah HTTP/1.1" 200 15213 "-" "Mozilla/5.0 AppleWebKit/537.36 (KHTML, like Gecko; compatible; ClaudeBot/1.0; +claudebot@anthropic.com)"
74.7.243.232 - - [22/Jan/2026:08:16:19 -0500] "GET /page/107/?a=225141825477e HTTP/1.1" 200 15912 "https://membuatwebsite.biz/page/108/?a=225141825477e" "Mozilla/5.0 AppleWebKit/537.36 (KHTML, like Gecko; compatible; GPTBot/1.3; +https://openai.com/gptbot)"
216.73.216.223 - - [22/Jan/2026:08:16:21 -0500] "GET /page/12/?a=1887272gb16j HTTP/1.1" 200 15313 "-" "Mozilla/5.0 AppleWebKit/537.36 (KHTML, like Gecko; compatible; ClaudeBot/1.0; +claudebot@anthropic.com)"
74.7.243.232 - - [22/Jan/2026:08:16:22 -0500] "GET /page/137/?a=42278171e2792 HTTP/1.1" 200 15119 "https://membuatwebsite.biz/page/139/?a=42278171e2792" "Mozilla/5.0 AppleWebKit/537.36 (KHTML, like Gecko; compatible; GPTBot/1.3; +https://openai.com/gptbot)"
216.73.216.223 - - [22/Jan/2026:08:16:24 -0500] "GET /page/130/?a=1218944668493 HTTP/1.1" 200 15537 "-" "Mozilla/5.0 AppleWebKit/537.36 (KHTML, like Gecko; compatible; ClaudeBot/1.0; +claudebot@anthropic.com)"
74.7.243.232 - - [22/Jan/2026:08:16:25 -0500] "GET /page/136/?a=42278171e2792 HTTP/1.1" 200 15343 "https://membuatwebsite.biz/page/138/?a=42278171e2792" "Mozilla/5.0 AppleWebKit/537.36 (KHTML, like Gecko; compatible; GPTBot/1.3; +https://openai.com/gptbot)"
66.249.73.68 - - [22/Jan/2026:08:16:27 -0500] "GET /?a=1984470cicda3 HTTP/1.1" 200 25867 "-" "Mozilla/5.0 (Linux; Android 6.0.1; Nexus 5X Build/MMB29P) AppleWebKit/537.36 (KHTML, like Gecko) Chrome/143.0.7499.192 Mobile Safari/537.36 (compatible; Googlebot/2.1; +http://www.google.com/bot.html)"
66.249.73.68 - - [22/Jan/2026:08:16:27 -0500] "GET /?a=17245405jbia3 HTTP/1.1" 200 28253 "-" "Mozilla/5.0 (Linux; Android 6.0.1; Nexus 5X Build/MMB29P) AppleWebKit/537.36 (KHTML, like Gecko) Chrome/143.0.7499.192 Mobile Safari/537.36 (compatible; Googlebot/2.1; +http://www.google.com/bot.html)"
216.73.216.223 - - [22/Jan/2026:08:16:27 -0500] "GET /page/8/?a=1022027ade639 HTTP/1.1" 200 15519 "-" "Mozilla/5.0 AppleWebKit/537.36 (KHTML, like Gecko; compatible; ClaudeBot/1.0; +claudebot@anthropic.com)"
74.7.243.232 - - [22/Jan/2026:08:16:28 -0500] "GET /page/122/?a=101501612304a HTTP/1.1" 200 15284 "https://membuatwebsite.biz/page/124/?a=101501612304a" "Mozilla/5.0 AppleWebKit/537.36 (KHTML, like Gecko; compatible; GPTBot/1.3; +https://openai.com/gptbot)"
167.114.139.6 - - [22/Jan/2026:08:16:29 -0500] "GET /?a=2943474aiga8a HTTP/1.1" 200 15187 "-" "Mozilla/5.0 (compatible; AhrefsBot/7.0; +http://ahrefs.com/robot/)"
216.73.216.223 - - [22/Jan/2026:08:16:30 -0500] "GET /page/6/?a=40899857fhh68 HTTP/1.1" 200 15094 "-" "Mozilla/5.0 AppleWebKit/537.36 (KHTML, like Gecko; compatible; ClaudeBot/1.0; +claudebot@anthropic.com)"
74.7.243.232 - - [22/Jan/2026:08:16:31 -0500] "GET /page/121/?a=101501612304a HTTP/1.1" 200 15256 "https://membuatwebsite.biz/page/123/?a=101501612304a" "Mozilla/5.0 AppleWebKit/537.36 (KHTML, like Gecko; compatible; GPTBot/1.3; +https://openai.com/gptbot)"
66.249.65.46 - - [22/Jan/2026:08:16:32 -0500] "GET /?a=42549288e6c3h HTTP/1.1" 200 26364 "-" "Mozilla/5.0 (Linux; Android 6.0.1; Nexus 5X Build/MMB29P) AppleWebKit/537.36 (KHTML, like Gecko) Chrome/143.0.7499.192 Mobile Safari/537.36 (compatible; Googlebot/2.1; +http://www.google.com/bot.html)"
216.73.216.223 - - [22/Jan/2026:08:16:33 -0500] "GET /page/12/?a=4271794f6i9gd HTTP/1.1" 200 15286 "-" "Mozilla/5.0 AppleWebKit/537.36 (KHTML, like Gecko; compatible; ClaudeBot/1.0; +claudebot@anthropic.com)"
66.249.65.46 - - [22/Jan/2026:08:16:34 -0500] "GET /?a=2742372aga0e4 HTTP/1.1" 200 26485 "-" "Mozilla/5.0 (Linux; Android 6.0.1; Nexus 5X Build/MMB29P) AppleWebKit/537.36 (KHTML, like Gecko) Chrome/143.0.7499.192 Mobile Safari/537.36 (compatible; Googlebot/2.1; +http://www.google.com/bot.html)"
66.249.73.68 - - [22/Jan/2026:08:16:34 -0500] "GET /?a=2318361e5c0hi HTTP/1.1" 200 27484 "-" "Mozilla/5.0 (Linux; Android 6.0.1; Nexus 5X Build/MMB29P) AppleWebKit/537.36 (KHTML, like Gecko) Chrome/143.0.7499.192 Mobile Safari/537.36 (compatible; Googlebot/2.1; +http://www.google.com/bot.html)"
74.7.243.232 - - [22/Jan/2026:08:16:34 -0500] "GET /page/109/?a=12860121b0520 HTTP/1.1" 200 15445 "https://membuatwebsite.biz/page/110/?a=12860121b0520" "Mozilla/5.0 AppleWebKit/537.36 (KHTML, like Gecko; compatible; GPTBot/1.3; +https://openai.com/gptbot)"
216.73.216.223 - - [22/Jan/2026:08:16:36 -0500] "GET /page/4/?a=4460354hc2jj6 HTTP/1.1" 200 15176 "-" "Mozilla/5.0 AppleWebKit/537.36 (KHTML, like Gecko; compatible; ClaudeBot/1.0; +claudebot@anthropic.com)"
74.7.243.232 - - [22/Jan/2026:08:16:37 -0500] "GET /page/108/?a=12860121b0520 HTTP/1.1" 200 15409 "https://membuatwebsite.biz/page/110/?a=12860121b0520" "Mozilla/5.0 AppleWebKit/537.36 (KHTML, like Gecko; compatible; GPTBot/1.3; +https://openai.com/gptbot)"
216.73.216.223 - - [22/Jan/2026:08:16:39 -0500] "GET /page/126/?a=4163934ba46ai HTTP/1.1" 200 15742 "-" "Mozilla/5.0 AppleWebKit/537.36 (KHTML, like Gecko; compatible; ClaudeBot/1.0; +claudebot@anthropic.com)"
2a03:2880:f80e:1:: - - [22/Jan/2026:08:16:40 -0500] "GET /shopdetail/777619144.phtml HTTP/1.1" 404 49663 "-" "meta-externalagent/1.1 (+https://developers.facebook.com/docs/sharing/webmasters/crawler)"
74.7.243.232 - - [22/Jan/2026:08:16:40 -0500] "GET /page/106/?a=44001609800e6 HTTP/1.1" 200 15586 "https://membuatwebsite.biz/page/108/?a=44001609800e6" "Mozilla/5.0 AppleWebKit/537.36 (KHTML, like Gecko; compatible; GPTBot/1.3; +https://openai.com/gptbot)"
2a03:2880:f80e:5c:: - - [22/Jan/2026:08:16:42 -0500] "GET /shopdetail/195055190.phtml HTTP/1.1" 404 49663 "-" "meta-externalagent/1.1 (+https://developers.facebook.com/docs/sharing/webmasters/crawler)"
66.249.73.68 - - [22/Jan/2026:08:16:42 -0500] "GET /?a=2465890fh36ee HTTP/1.1" 200 26685 "-" "Mozilla/5.0 (Linux; Android 6.0.1; Nexus 5X Build/MMB29P) AppleWebKit/537.36 (KHTML, like Gecko) Chrome/143.0.7499.192 Mobile Safari/537.36 (compatible; Googlebot/2.1; +http://www.google.com/bot.html)"
216.73.216.223 - - [22/Jan/2026:08:16:42 -0500] "GET /page/138/?a=4094318595hbh HTTP/1.1" 200 15275 "-" "Mozilla/5.0 AppleWebKit/537.36 (KHTML, like Gecko; compatible; ClaudeBot/1.0; +claudebot@anthropic.com)"
74.7.243.232 - - [22/Jan/2026:08:16:43 -0500] "GET /page/107/?a=4088036806a41 HTTP/1.1" 200 15947 "https://membuatwebsite.biz/page/109/?a=4088036806a41" "Mozilla/5.0 AppleWebKit/537.36 (KHTML, like Gecko; compatible; GPTBot/1.3; +https://openai.com/gptbot)"
216.73.216.223 - - [22/Jan/2026:08:16:46 -0500] "GET /page/136/?a=12014740i0hgc HTTP/1.1" 200 15342 "-" "Mozilla/5.0 AppleWebKit/537.36 (KHTML, like Gecko; compatible; ClaudeBot/1.0; +claudebot@anthropic.com)"
74.7.243.232 - - [22/Jan/2026:08:16:47 -0500] "GET /page/107/?a=44001609800e6 HTTP/1.1" 200 15947 "https://membuatwebsite.biz/page/108/?a=44001609800e6" "Mozilla/5.0 AppleWebKit/537.36 (KHTML, like Gecko; compatible; GPTBot/1.3; +https://openai.com/gptbot)"
66.249.73.68 - - [22/Jan/2026:08:16:47 -0500] "GET /?a=33328481ibc3b HTTP/1.1" 200 27180 "-" "Mozilla/5.0 (Linux; Android 6.0.1; Nexus 5X Build/MMB29P) AppleWebKit/537.36 (KHTML, like Gecko) Chrome/143.0.7499.192 Mobile Safari/537.36 (compatible; Googlebot/2.1; +http://www.google.com/bot.html)"
216.73.216.223 - - [22/Jan/2026:08:16:49 -0500] "GET /page/137/?a=3143527960di6 HTTP/1.1" 200 15120 "-" "Mozilla/5.0 AppleWebKit/537.36 (KHTML, like Gecko; compatible; ClaudeBot/1.0; +claudebot@anthropic.com)"
74.7.243.232 - - [22/Jan/2026:08:16:50 -0500] "GET /page/108/?a=4088036806a41 HTTP/1.1" 200 15451 "https://membuatwebsite.biz/page/110/?a=4088036806a41" "Mozilla/5.0 AppleWebKit/537.36 (KHTML, like Gecko; compatible; GPTBot/1.3; +https://openai.com/gptbot)"
216.73.216.223 - - [22/Jan/2026:08:16:52 -0500] "GET /page/141/?a=1086836h3h2ge HTTP/1.1" 200 15184 "-" "Mozilla/5.0 AppleWebKit/537.36 (KHTML, like Gecko; compatible; ClaudeBot/1.0; +claudebot@anthropic.com)"
66.249.65.46 - - [22/Jan/2026:08:16:52 -0500] "GET /?a=2037479c91g5a HTTP/1.1" 200 26216 "-" "Mozilla/5.0 (Linux; Android 6.0.1; Nexus 5X Build/MMB29P) AppleWebKit/537.36 (KHTML, like Gecko) Chrome/143.0.7499.192 Mobile Safari/537.36 (compatible; Googlebot/2.1; +http://www.google.com/bot.html)"
74.7.243.232 - - [22/Jan/2026:08:16:53 -0500] "GET /page/105/?a=225141825477e HTTP/1.1" 200 15307 "https://membuatwebsite.biz/page/107/?a=225141825477e" "Mozilla/5.0 AppleWebKit/537.36 (KHTML, like Gecko; compatible; GPTBot/1.3; +https://openai.com/gptbot)"
216.73.216.223 - - [22/Jan/2026:08:16:55 -0500] "GET /page/7/?a=2071426cj7gje HTTP/1.1" 200 15339 "-" "Mozilla/5.0 AppleWebKit/537.36 (KHTML, like Gecko; compatible; ClaudeBot/1.0; +claudebot@anthropic.com)"
66.249.73.68 - - [22/Jan/2026:08:16:56 -0500] "GET /?a=996054i9i86b HTTP/1.1" 200 27870 "-" "Mozilla/5.0 (Linux; Android 6.0.1; Nexus 5X Build/MMB29P) AppleWebKit/537.36 (KHTML, like Gecko) Chrome/143.0.7499.192 Mobile Safari/537.36 (compatible; Googlebot/2.1; +http://www.google.com/bot.html)"
66.249.73.68 - - [22/Jan/2026:08:16:56 -0500] "GET /?a=814247gga75i HTTP/1.1" 200 29014 "-" "Mozilla/5.0 (Linux; Android 6.0.1; Nexus 5X Build/MMB29P) AppleWebKit/537.36 (KHTML, like Gecko) Chrome/143.0.7499.192 Mobile Safari/537.36 (compatible; Googlebot/2.1; +http://www.google.com/bot.html)"
74.7.243.232 - - [22/Jan/2026:08:16:56 -0500] "GET /page/135/?a=42278171e2792 HTTP/1.1" 200 15708 "https://membuatwebsite.biz/page/137/?a=42278171e2792" "Mozilla/5.0 AppleWebKit/537.36 (KHTML, like Gecko; compatible; GPTBot/1.3; +https://openai.com/gptbot)"
66.249.73.68 - - [22/Jan/2026:08:16:57 -0500] "GET /?a=3739468jcf21e HTTP/1.1" 200 26106 "-" "Mozilla/5.0 (Linux; Android 6.0.1; Nexus 5X Build/MMB29P) AppleWebKit/537.36 (KHTML, like Gecko) Chrome/143.0.7499.192 Mobile Safari/537.36 (compatible; Googlebot/2.1; +http://www.google.com/bot.html)"
216.73.216.223 - - [22/Jan/2026:08:16:58 -0500] "GET /page/136/?a=1565907c6hj9g HTTP/1.1" 200 15407 "-" "Mozilla/5.0 AppleWebKit/537.36 (KHTML, like Gecko; compatible; ClaudeBot/1.0; +claudebot@anthropic.com)"
40.77.167.32 - - [22/Jan/2026:08:16:59 -0500] "GET /?a=16637027c9b58 HTTP/1.1" 200 27136 "-" "Mozilla/5.0 AppleWebKit/537.36 (KHTML, like Gecko; compatible; bingbot/2.0; +http://www.bing.com/bingbot.htm) Chrome/116.0.1938.76 Safari/537.36"
74.7.243.232 - - [22/Jan/2026:08:16:59 -0500] "GET /page/134/?a=42278171e2792 HTTP/1.1" 200 15788 "https://membuatwebsite.biz/page/136/?a=42278171e2792" "Mozilla/5.0 AppleWebKit/537.36 (KHTML, like Gecko; compatible; GPTBot/1.3; +https://openai.com/gptbot)"
216.73.216.223 - - [22/Jan/2026:08:17:01 -0500] "GET /page/3/?a=180828363gic9 HTTP/1.1" 200 15385 "-" "Mozilla/5.0 AppleWebKit/537.36 (KHTML, like Gecko; compatible; ClaudeBot/1.0; +claudebot@anthropic.com)"
74.7.243.232 - - [22/Jan/2026:08:17:02 -0500] "GET /page/120/?a=101501612304a HTTP/1.1" 200 15246 "https://membuatwebsite.biz/page/122/?a=101501612304a" "Mozilla/5.0 AppleWebKit/537.36 (KHTML, like Gecko; compatible; GPTBot/1.3; +https://openai.com/gptbot)"
175.6.217.4 - - [22/Jan/2026:08:17:04 -0500] "GET / HTTP/1.1" 301 - "http://www.membuatwebsite.biz" "Mozilla/5.0 (iPhone; CPU iPhone OS 13_2_3 like Mac OS X) AppleWebKit/605.1.15 (KHTML, like Gecko) Version/13.0.3 Mobile/15E148 Safari/604.1"
216.73.216.223 - - [22/Jan/2026:08:17:04 -0500] "GET /page/4/?a=2064655h041gj HTTP/1.1" 200 15232 "-" "Mozilla/5.0 AppleWebKit/537.36 (KHTML, like Gecko; compatible; ClaudeBot/1.0; +claudebot@anthropic.com)"
15.235.96.38 - - [22/Jan/2026:08:17:04 -0500] "GET /?a=2922218i4ca62 HTTP/1.1" 200 15241 "-" "Mozilla/5.0 (compatible; AhrefsBot/7.0; +http://ahrefs.com/robot/)"
74.7.243.232 - - [22/Jan/2026:08:17:05 -0500] "GET /page/119/?a=101501612304a HTTP/1.1" 200 15897 "https://membuatwebsite.biz/page/121/?a=101501612304a" "Mozilla/5.0 AppleWebKit/537.36 (KHTML, like Gecko; compatible; GPTBot/1.3; +https://openai.com/gptbot)"
216.73.216.223 - - [22/Jan/2026:08:17:07 -0500] "GET /page/13/?a=3855447hi0775 HTTP/1.1" 200 15401 "-" "Mozilla/5.0 AppleWebKit/537.36 (KHTML, like Gecko; compatible; ClaudeBot/1.0; +claudebot@anthropic.com)"
74.7.243.232 - - [22/Jan/2026:08:17:08 -0500] "GET /page/107/?a=12860121b0520 HTTP/1.1" 200 15947 "https://membuatwebsite.biz/page/109/?a=12860121b0520" "Mozilla/5.0 AppleWebKit/537.36 (KHTML, like Gecko; compatible; GPTBot/1.3; +https://openai.com/gptbot)"
216.73.216.223 - - [22/Jan/2026:08:17:10 -0500] "GET /page/142/?a=392569793e1h9 HTTP/1.1" 200 15321 "-" "Mozilla/5.0 AppleWebKit/537.36 (KHTML, like Gecko; compatible; ClaudeBot/1.0; +claudebot@anthropic.com)"
175.6.217.4 - - [22/Jan/2026:08:17:10 -0500] "GET / HTTP/1.1" 200 15200 "https://www.membuatwebsite.biz/" "Mozilla/5.0 (iPhone; CPU iPhone OS 13_2_3 like Mac OS X) AppleWebKit/605.1.15 (KHTML, like Gecko) Version/13.0.3 Mobile/15E148 Safari/604.1"
74.7.243.232 - - [22/Jan/2026:08:17:12 -0500] "GET /page/106/?a=12860121b0520 HTTP/1.1" 200 15485 "https://membuatwebsite.biz/page/108/?a=12860121b0520" "Mozilla/5.0 AppleWebKit/537.36 (KHTML, like Gecko; compatible; GPTBot/1.3; +https://openai.com/gptbot)"
216.73.216.223 - - [22/Jan/2026:08:17:13 -0500] "GET /page/144/?a=3464234a45gcj HTTP/1.1" 200 13055 "-" "Mozilla/5.0 AppleWebKit/537.36 (KHTML, like Gecko; compatible; ClaudeBot/1.0; +claudebot@anthropic.com)"
74.7.243.232 - - [22/Jan/2026:08:17:15 -0500] "GET /page/104/?a=44001609800e6 HTTP/1.1" 200 15103 "https://membuatwebsite.biz/page/106/?a=44001609800e6" "Mozilla/5.0 AppleWebKit/537.36 (KHTML, like Gecko; compatible; GPTBot/1.3; +https://openai.com/gptbot)"
66.249.73.69 - - [22/Jan/2026:08:17:15 -0500] "GET /?a=2908175jicec9 HTTP/1.1" 200 27401 "-" "Mozilla/5.0 (Linux; Android 6.0.1; Nexus 5X Build/MMB29P) AppleWebKit/537.36 (KHTML, like Gecko) Chrome/143.0.7499.192 Mobile Safari/537.36 (compatible; Googlebot/2.1; +http://www.google.com/bot.html)"
66.249.73.68 - - [22/Jan/2026:08:17:15 -0500] "GET /?a=25726511ja739 HTTP/1.1" 200 26711 "-" "Mozilla/5.0 (Linux; Android 6.0.1; Nexus 5X Build/MMB29P) AppleWebKit/537.36 (KHTML, like Gecko) Chrome/143.0.7499.192 Mobile Safari/537.36 (compatible; Googlebot/2.1; +http://www.google.com/bot.html)"
66.249.65.46 - - [22/Jan/2026:08:17:16 -0500] "GET /?a=2788617j7cfd1 HTTP/1.1" 200 27273 "-" "Mozilla/5.0 (Linux; Android 6.0.1; Nexus 5X Build/MMB29P) AppleWebKit/537.36 (KHTML, like Gecko) Chrome/143.0.7499.192 Mobile Safari/537.36 (compatible; Googlebot/2.1; +http://www.google.com/bot.html)"
216.73.216.223 - - [22/Jan/2026:08:17:16 -0500] "GET /page/143/?a=44999435h782 HTTP/1.1" 200 14955 "-" "Mozilla/5.0 AppleWebKit/537.36 (KHTML, like Gecko; compatible; ClaudeBot/1.0; +claudebot@anthropic.com)"
66.249.65.32 - - [22/Jan/2026:08:17:17 -0500] "GET /?a=3141483j73631 HTTP/1.1" 200 26986 "-" "Mozilla/5.0 (Linux; Android 6.0.1; Nexus 5X Build/MMB29P) AppleWebKit/537.36 (KHTML, like Gecko) Chrome/143.0.7499.192 Mobile Safari/537.36 (compatible; Googlebot/2.1; +http://www.google.com/bot.html)"
66.249.73.69 - - [22/Jan/2026:08:17:17 -0500] "GET /?a=1071725b28955 HTTP/1.1" 200 26805 "-" "Mozilla/5.0 (Linux; Android 6.0.1; Nexus 5X Build/MMB29P) AppleWebKit/537.36 (KHTML, like Gecko) Chrome/143.0.7499.192 Mobile Safari/537.36 (compatible; Googlebot/2.1; +http://www.google.com/bot.html)"
74.7.243.232 - - [22/Jan/2026:08:17:18 -0500] "GET /page/105/?a=4088036806a41 HTTP/1.1" 200 15306 "https://membuatwebsite.biz/page/107/?a=4088036806a41" "Mozilla/5.0 AppleWebKit/537.36 (KHTML, like Gecko; compatible; GPTBot/1.3; +https://openai.com/gptbot)"
216.73.216.223 - - [22/Jan/2026:08:17:19 -0500] "GET /page/141/?a=37733534dhj4h HTTP/1.1" 200 15257 "-" "Mozilla/5.0 AppleWebKit/537.36 (KHTML, like Gecko; compatible; ClaudeBot/1.0; +claudebot@anthropic.com)"
74.7.243.232 - - [22/Jan/2026:08:17:21 -0500] "GET /page/105/?a=44001609800e6 HTTP/1.1" 200 15305 "https://membuatwebsite.biz/page/106/?a=44001609800e6" "Mozilla/5.0 AppleWebKit/537.36 (KHTML, like Gecko; compatible; GPTBot/1.3; +https://openai.com/gptbot)"
216.73.216.223 - - [22/Jan/2026:08:17:22 -0500] "GET /page/10/?a=1022427aad921 HTTP/1.1" 200 15430 "-" "Mozilla/5.0 AppleWebKit/537.36 (KHTML, like Gecko; compatible; ClaudeBot/1.0; +claudebot@anthropic.com)"
74.7.243.232 - - [22/Jan/2026:08:17:24 -0500] "GET /page/106/?a=4088036806a41 HTTP/1.1" 200 15570 "https://membuatwebsite.biz/page/107/?a=4088036806a41" "Mozilla/5.0 AppleWebKit/537.36 (KHTML, like Gecko; compatible; GPTBot/1.3; +https://openai.com/gptbot)"
216.73.216.223 - - [22/Jan/2026:08:17:25 -0500] "GET /page/144/?a=1393525969i24 HTTP/1.1" 200 13126 "-" "Mozilla/5.0 AppleWebKit/537.36 (KHTML, like Gecko; compatible; ClaudeBot/1.0; +claudebot@anthropic.com)"
114.119.136.160 - - [22/Jan/2026:08:17:25 -0500] "GET /?a=1821573e6g4g7 HTTP/1.1" 200 15241 "https://membuatwebsite.biz/sitemap.xmlsitemap:https:/membuatwebsite.biz/sitemap-1.xml" "Mozilla/5.0 (Linux; Android 7.0;) AppleWebKit/537.36 (KHTML, like Gecko) Mobile Safari/537.36 (compatible; PetalBot;+https://webmaster.petalsearch.com/site/petalbot)"
66.249.73.69 - - [22/Jan/2026:08:17:25 -0500] "GET /ctg/search/similarImageSearchResultView/?ctgItemCd=39292829 HTTP/1.1" 200 25882 "-" "Mozilla/5.0 (Linux; Android 6.0.1; Nexus 5X Build/MMB29P) AppleWebKit/537.36 (KHTML, like Gecko) Chrome/143.0.7499.192 Mobile Safari/537.36 (compatible; Googlebot/2.1; +http://www.google.com/bot.html)"
66.249.73.69 - - [22/Jan/2026:08:17:26 -0500] "GET /?a=4072634ijhd84 HTTP/1.1" 200 26933 "-" "Mozilla/5.0 (Linux; Android 6.0.1; Nexus 5X Build/MMB29P) AppleWebKit/537.36 (KHTML, like Gecko) Chrome/143.0.7499.192 Mobile Safari/537.36 (compatible; Googlebot/2.1; +http://www.google.com/bot.html)"
66.249.65.32 - - [22/Jan/2026:08:17:26 -0500] "GET /sf/outlet/outlet_00/0/ HTTP/1.1" 200 27683 "-" "Mozilla/5.0 (Linux; Android 6.0.1; Nexus 5X Build/MMB29P) AppleWebKit/537.36 (KHTML, like Gecko) Chrome/143.0.7499.192 Mobile Safari/537.36 (compatible; Googlebot/2.1; +http://www.google.com/bot.html)"
74.7.243.232 - - [22/Jan/2026:08:17:28 -0500] "GET /page/104/?a=225141825477e HTTP/1.1" 200 15104 "https://membuatwebsite.biz/page/105/?a=225141825477e" "Mozilla/5.0 AppleWebKit/537.36 (KHTML, like Gecko; compatible; GPTBot/1.3; +https://openai.com/gptbot)"
216.73.216.223 - - [22/Jan/2026:08:17:28 -0500] "GET /page/10/?a=3855447hi0775 HTTP/1.1" 200 15432 "-" "Mozilla/5.0 AppleWebKit/537.36 (KHTML, like Gecko; compatible; ClaudeBot/1.0; +claudebot@anthropic.com)"
66.249.73.68 - - [22/Jan/2026:08:17:30 -0500] "GET /?a=33851339bg0h8 HTTP/1.1" 200 28274 "-" "Mozilla/5.0 (Linux; Android 6.0.1; Nexus 5X Build/MMB29P) AppleWebKit/537.36 (KHTML, like Gecko) Chrome/143.0.7499.192 Mobile Safari/537.36 (compatible; Googlebot/2.1; +http://www.google.com/bot.html)"
