66.249.73.68 - - [22/Jan/2026:07:04:55 -0500] "GET /?a=3489517c4456g HTTP/1.1" 200 27916 "-" "Mozilla/5.0 (Linux; Android 6.0.1; Nexus 5X Build/MMB29P) AppleWebKit/537.36 (KHTML, like Gecko) Chrome/143.0.7499.192 Mobile Safari/537.36 (compatible; Googlebot/2.1; +http://www.google.com/bot.html)"
66.249.73.69 - - [22/Jan/2026:07:04:55 -0500] "GET /?a=1579946a30977 HTTP/1.1" 200 28087 "-" "Mozilla/5.0 (Linux; Android 6.0.1; Nexus 5X Build/MMB29P) AppleWebKit/537.36 (KHTML, like Gecko) Chrome/143.0.7499.192 Mobile Safari/537.36 (compatible; Googlebot/2.1; +http://www.google.com/bot.html)"
74.7.227.31 - - [22/Jan/2026:07:04:56 -0500] "GET /?a=206322110a55h HTTP/1.1" 301 - "https://www.membuatwebsite.biz/sitemap.xml" "Mozilla/5.0 AppleWebKit/537.36 (KHTML, like Gecko; compatible; GPTBot/1.3; +https://openai.com/gptbot)"
66.249.73.68 - - [22/Jan/2026:07:04:56 -0500] "GET /?a=1090989f14664 HTTP/1.1" 200 27628 "-" "Mozilla/5.0 (Linux; Android 6.0.1; Nexus 5X Build/MMB29P) AppleWebKit/537.36 (KHTML, like Gecko) Chrome/143.0.7499.192 Mobile Safari/537.36 (compatible; Googlebot/2.1; +http://www.google.com/bot.html)"
114.119.155.13 - - [22/Jan/2026:07:04:56 -0500] "GET /?a=2114888058jf7 HTTP/1.1" 200 15188 "https://membuatwebsite.biz/sitemap.xmlsitemap:https:/membuatwebsite.biz/sitemap-1.xml" "Mozilla/5.0 (Linux; Android 7.0;) AppleWebKit/537.36 (KHTML, like Gecko) Mobile Safari/537.36 (compatible; PetalBot;+https://webmaster.petalsearch.com/site/petalbot)"
66.249.73.71 - - [22/Jan/2026:07:04:57 -0500] "GET /?a=4301290i93b87 HTTP/1.1" 200 26904 "-" "Mozilla/5.0 (Linux; Android 6.0.1; Nexus 5X Build/MMB29P) AppleWebKit/537.36 (KHTML, like Gecko) Chrome/143.0.7499.192 Mobile Safari/537.36 (compatible; Googlebot/2.1; +http://www.google.com/bot.html)"
216.73.216.223 - - [22/Jan/2026:07:04:57 -0500] "GET /page/143/?a=4426357i629i7 HTTP/1.1" 200 14934 "-" "Mozilla/5.0 AppleWebKit/537.36 (KHTML, like Gecko; compatible; ClaudeBot/1.0; +claudebot@anthropic.com)"
74.7.243.232 - - [22/Jan/2026:07:04:57 -0500] "GET /?a=44708890i5i00 HTTP/1.1" 200 15262 "https://www.membuatwebsite.biz" "Mozilla/5.0 AppleWebKit/537.36 (KHTML, like Gecko; compatible; GPTBot/1.3; +https://openai.com/gptbot)"
51.222.95.140 - - [22/Jan/2026:07:04:58 -0500] "GET /2019/02/20/ HTTP/1.1" 200 11620 "-" "Mozilla/5.0 (compatible; AhrefsBot/7.0; +http://ahrefs.com/robot/)"
66.249.73.68 - - [22/Jan/2026:07:04:58 -0500] "GET /?a=4275087fe2c7a HTTP/1.1" 200 26621 "-" "Mozilla/5.0 (Linux; Android 6.0.1; Nexus 5X Build/MMB29P) AppleWebKit/537.36 (KHTML, like Gecko) Chrome/143.0.7499.192 Mobile Safari/537.36 (compatible; Googlebot/2.1; +http://www.google.com/bot.html)"
66.249.73.69 - - [22/Jan/2026:07:04:59 -0500] "GET /?a=37734071e2e6d HTTP/1.1" 200 28991 "-" "Mozilla/5.0 (Linux; Android 6.0.1; Nexus 5X Build/MMB29P) AppleWebKit/537.36 (KHTML, like Gecko) Chrome/143.0.7499.192 Mobile Safari/537.36 (compatible; Googlebot/2.1; +http://www.google.com/bot.html)"
66.249.73.73 - - [22/Jan/2026:07:04:59 -0500] "GET /?a=3546746jhfh4f HTTP/1.1" 200 26897 "-" "Mozilla/5.0 (Linux; Android 6.0.1; Nexus 5X Build/MMB29P) AppleWebKit/537.36 (KHTML, like Gecko) Chrome/143.0.7499.192 Mobile Safari/537.36 (compatible; Googlebot/2.1; +http://www.google.com/bot.html)"
66.249.73.73 - - [22/Jan/2026:07:04:59 -0500] "GET /?a=3751796g85h8f HTTP/1.1" 200 27036 "-" "Mozilla/5.0 (Linux; Android 6.0.1; Nexus 5X Build/MMB29P) AppleWebKit/537.36 (KHTML, like Gecko) Chrome/143.0.7499.192 Mobile Safari/537.36 (compatible; Googlebot/2.1; +http://www.google.com/bot.html)"
74.7.227.31 - - [22/Jan/2026:07:04:59 -0500] "GET /?a=4239642682d3g HTTP/1.1" 301 - "https://www.membuatwebsite.biz/sitemap.xml" "Mozilla/5.0 AppleWebKit/537.36 (KHTML, like Gecko; compatible; GPTBot/1.3; +https://openai.com/gptbot)"
66.249.73.68 - - [22/Jan/2026:07:04:59 -0500] "GET /?a=1832036b6dd69 HTTP/1.1" 200 26413 "-" "Mozilla/5.0 (Linux; Android 6.0.1; Nexus 5X Build/MMB29P) AppleWebKit/537.36 (KHTML, like Gecko) Chrome/143.0.7499.192 Mobile Safari/537.36 (compatible; Googlebot/2.1; +http://www.google.com/bot.html)"
66.249.73.69 - - [22/Jan/2026:07:05:00 -0500] "GET /?a=527496b0bd5h HTTP/1.1" 200 26623 "-" "Mozilla/5.0 (Linux; Android 6.0.1; Nexus 5X Build/MMB29P) AppleWebKit/537.36 (KHTML, like Gecko) Chrome/143.0.7499.192 Mobile Safari/537.36 (compatible; Googlebot/2.1; +http://www.google.com/bot.html)"
216.73.216.223 - - [22/Jan/2026:07:05:00 -0500] "GET /page/134/?a=32310244jhi1 HTTP/1.1" 200 15847 "-" "Mozilla/5.0 AppleWebKit/537.36 (KHTML, like Gecko; compatible; ClaudeBot/1.0; +claudebot@anthropic.com)"
74.7.243.232 - - [22/Jan/2026:07:05:00 -0500] "GET /?a=1618387a58h33 HTTP/1.1" 200 15242 "https://www.membuatwebsite.biz" "Mozilla/5.0 AppleWebKit/537.36 (KHTML, like Gecko; compatible; GPTBot/1.3; +https://openai.com/gptbot)"
66.249.73.68 - - [22/Jan/2026:07:05:01 -0500] "GET /?a=2536139g09h HTTP/1.1" 200 28973 "-" "Mozilla/5.0 (Linux; Android 6.0.1; Nexus 5X Build/MMB29P) AppleWebKit/537.36 (KHTML, like Gecko) Chrome/143.0.7499.192 Mobile Safari/537.36 (compatible; Googlebot/2.1; +http://www.google.com/bot.html)"
66.249.73.64 - - [22/Jan/2026:07:05:02 -0500] "GET /?a=3876166h2i5cj HTTP/1.1" 200 27936 "-" "Mozilla/5.0 (Linux; Android 6.0.1; Nexus 5X Build/MMB29P) AppleWebKit/537.36 (KHTML, like Gecko) Chrome/143.0.7499.192 Mobile Safari/537.36 (compatible; Googlebot/2.1; +http://www.google.com/bot.html)"
74.7.227.31 - - [22/Jan/2026:07:05:02 -0500] "GET /?a=26311013j057a HTTP/1.1" 301 - "https://www.membuatwebsite.biz/sitemap.xml" "Mozilla/5.0 AppleWebKit/537.36 (KHTML, like Gecko; compatible; GPTBot/1.3; +https://openai.com/gptbot)"
66.249.73.73 - - [22/Jan/2026:07:05:03 -0500] "GET /?a=202159513fg86 HTTP/1.1" 200 26136 "-" "Mozilla/5.0 (Linux; Android 6.0.1; Nexus 5X Build/MMB29P) AppleWebKit/537.36 (KHTML, like Gecko) Chrome/143.0.7499.192 Mobile Safari/537.36 (compatible; Googlebot/2.1; +http://www.google.com/bot.html)"
66.249.73.68 - - [22/Jan/2026:07:05:03 -0500] "GET /?a=136700276c94 HTTP/1.1" 200 28355 "-" "Mozilla/5.0 (Linux; Android 6.0.1; Nexus 5X Build/MMB29P) AppleWebKit/537.36 (KHTML, like Gecko) Chrome/143.0.7499.192 Mobile Safari/537.36 (compatible; Googlebot/2.1; +http://www.google.com/bot.html)"
66.249.73.72 - - [22/Jan/2026:07:05:03 -0500] "GET /?a=7687083b8bc HTTP/1.1" 200 26325 "-" "Mozilla/5.0 (Linux; Android 6.0.1; Nexus 5X Build/MMB29P) AppleWebKit/537.36 (KHTML, like Gecko) Chrome/143.0.7499.192 Mobile Safari/537.36 (compatible; Googlebot/2.1; +http://www.google.com/bot.html)"
216.73.216.223 - - [22/Jan/2026:07:05:03 -0500] "GET /page/137/?a=14203675031i3 HTTP/1.1" 200 15090 "-" "Mozilla/5.0 AppleWebKit/537.36 (KHTML, like Gecko; compatible; ClaudeBot/1.0; +claudebot@anthropic.com)"
74.7.243.232 - - [22/Jan/2026:07:05:04 -0500] "GET /?a=4184996e02c11 HTTP/1.1" 200 15262 "https://www.membuatwebsite.biz" "Mozilla/5.0 AppleWebKit/537.36 (KHTML, like Gecko; compatible; GPTBot/1.3; +https://openai.com/gptbot)"
66.249.73.70 - - [22/Jan/2026:07:05:04 -0500] "GET /?a=1704756a07b22 HTTP/1.1" 200 26539 "-" "Mozilla/5.0 (Linux; Android 6.0.1; Nexus 5X Build/MMB29P) AppleWebKit/537.36 (KHTML, like Gecko) Chrome/143.0.7499.192 Mobile Safari/537.36 (compatible; Googlebot/2.1; +http://www.google.com/bot.html)"
66.249.73.71 - - [22/Jan/2026:07:05:04 -0500] "GET /?a=15602374902bb HTTP/1.1" 200 27380 "-" "Mozilla/5.0 (Linux; Android 6.0.1; Nexus 5X Build/MMB29P) AppleWebKit/537.36 (KHTML, like Gecko) Chrome/143.0.7499.192 Mobile Safari/537.36 (compatible; Googlebot/2.1; +http://www.google.com/bot.html)"
74.7.227.31 - - [22/Jan/2026:07:05:05 -0500] "GET /?a=3605899d30d87 HTTP/1.1" 301 - "https://www.membuatwebsite.biz/sitemap.xml" "Mozilla/5.0 AppleWebKit/537.36 (KHTML, like Gecko; compatible; GPTBot/1.3; +https://openai.com/gptbot)"
66.249.73.68 - - [22/Jan/2026:07:05:06 -0500] "GET /?a=2143609985gai HTTP/1.1" 200 26416 "-" "Mozilla/5.0 (Linux; Android 6.0.1; Nexus 5X Build/MMB29P) AppleWebKit/537.36 (KHTML, like Gecko) Chrome/143.0.7499.192 Mobile Safari/537.36 (compatible; Googlebot/2.1; +http://www.google.com/bot.html)"
66.249.65.42 - - [22/Jan/2026:07:05:06 -0500] "GET /?a=1305814aifh73 HTTP/1.1" 200 26400 "-" "Mozilla/5.0 (Linux; Android 6.0.1; Nexus 5X Build/MMB29P) AppleWebKit/537.36 (KHTML, like Gecko) Chrome/143.0.7499.192 Mobile Safari/537.36 (compatible; Googlebot/2.1; +http://www.google.com/bot.html)"
66.249.73.72 - - [22/Jan/2026:07:05:06 -0500] "GET /?a=24855530g8i7j HTTP/1.1" 200 29197 "-" "Mozilla/5.0 (Linux; Android 6.0.1; Nexus 5X Build/MMB29P) AppleWebKit/537.36 (KHTML, like Gecko) Chrome/143.0.7499.192 Mobile Safari/537.36 (compatible; Googlebot/2.1; +http://www.google.com/bot.html)"
66.249.73.72 - - [22/Jan/2026:07:05:07 -0500] "GET /?a=1874213787b42 HTTP/1.1" 200 27438 "-" "Mozilla/5.0 (Linux; Android 6.0.1; Nexus 5X Build/MMB29P) AppleWebKit/537.36 (KHTML, like Gecko) Chrome/143.0.7499.192 Mobile Safari/537.36 (compatible; Googlebot/2.1; +http://www.google.com/bot.html)"
216.73.216.223 - - [22/Jan/2026:07:05:06 -0500] "GET /page/140/?a=1183416f942jj HTTP/1.1" 200 15514 "-" "Mozilla/5.0 AppleWebKit/537.36 (KHTML, like Gecko; compatible; ClaudeBot/1.0; +claudebot@anthropic.com)"
74.7.243.232 - - [22/Jan/2026:07:05:07 -0500] "GET /?a=40091066376fa HTTP/1.1" 200 15262 "https://www.membuatwebsite.biz" "Mozilla/5.0 AppleWebKit/537.36 (KHTML, like Gecko; compatible; GPTBot/1.3; +https://openai.com/gptbot)"
66.249.73.72 - - [22/Jan/2026:07:05:07 -0500] "GET /?a=124721678af34 HTTP/1.1" 200 25825 "-" "Mozilla/5.0 (Linux; Android 6.0.1; Nexus 5X Build/MMB29P) AppleWebKit/537.36 (KHTML, like Gecko) Chrome/143.0.7499.192 Mobile Safari/537.36 (compatible; Googlebot/2.1; +http://www.google.com/bot.html)"
66.249.73.70 - - [22/Jan/2026:07:05:08 -0500] "GET /?a=584356ff9715 HTTP/1.1" 200 31337 "-" "Mozilla/5.0 (Linux; Android 6.0.1; Nexus 5X Build/MMB29P) AppleWebKit/537.36 (KHTML, like Gecko) Chrome/143.0.7499.192 Mobile Safari/537.36 (compatible; Googlebot/2.1; +http://www.google.com/bot.html)"
66.249.73.72 - - [22/Jan/2026:07:05:08 -0500] "GET /?a=44663537654hj HTTP/1.1" 200 26764 "-" "Mozilla/5.0 (Linux; Android 6.0.1; Nexus 5X Build/MMB29P) AppleWebKit/537.36 (KHTML, like Gecko) Chrome/143.0.7499.192 Mobile Safari/537.36 (compatible; Googlebot/2.1; +http://www.google.com/bot.html)"
148.113.130.91 - - [22/Jan/2026:07:05:08 -0500] "GET /tag/rental-scaffolding/feed/ HTTP/1.1" 200 14028 "-" "Mozilla/5.0 (compatible; AhrefsBot/7.0; +http://ahrefs.com/robot/)"
66.249.73.69 - - [22/Jan/2026:07:05:09 -0500] "GET /?a=3296434fe0dgi HTTP/1.1" 200 26361 "-" "Mozilla/5.0 (Linux; Android 6.0.1; Nexus 5X Build/MMB29P) AppleWebKit/537.36 (KHTML, like Gecko) Chrome/143.0.7499.192 Mobile Safari/537.36 (compatible; Googlebot/2.1; +http://www.google.com/bot.html)"
74.7.227.31 - - [22/Jan/2026:07:05:08 -0500] "GET /?a=12647497c1d89 HTTP/1.1" 301 - "https://www.membuatwebsite.biz/sitemap.xml" "Mozilla/5.0 AppleWebKit/537.36 (KHTML, like Gecko; compatible; GPTBot/1.3; +https://openai.com/gptbot)"
66.249.73.68 - - [22/Jan/2026:07:05:10 -0500] "GET /?a=3623586cfe6ja HTTP/1.1" 200 28848 "-" "Mozilla/5.0 (Linux; Android 6.0.1; Nexus 5X Build/MMB29P) AppleWebKit/537.36 (KHTML, like Gecko) Chrome/143.0.7499.192 Mobile Safari/537.36 (compatible; Googlebot/2.1; +http://www.google.com/bot.html)"
216.73.216.223 - - [22/Jan/2026:07:05:09 -0500] "GET /page/137/?a=3316195h1j762 HTTP/1.1" 200 15091 "-" "Mozilla/5.0 AppleWebKit/537.36 (KHTML, like Gecko; compatible; ClaudeBot/1.0; +claudebot@anthropic.com)"
66.249.73.72 - - [22/Jan/2026:07:05:10 -0500] "GET /?a=4056161i0388h HTTP/1.1" 200 28215 "-" "Mozilla/5.0 (Linux; Android 6.0.1; Nexus 5X Build/MMB29P) AppleWebKit/537.36 (KHTML, like Gecko) Chrome/143.0.7499.192 Mobile Safari/537.36 (compatible; Googlebot/2.1; +http://www.google.com/bot.html)"
74.7.243.232 - - [22/Jan/2026:07:05:10 -0500] "GET /?a=12809044847cb HTTP/1.1" 200 15262 "https://www.membuatwebsite.biz" "Mozilla/5.0 AppleWebKit/537.36 (KHTML, like Gecko; compatible; GPTBot/1.3; +https://openai.com/gptbot)"
66.249.73.72 - - [22/Jan/2026:07:05:11 -0500] "GET /?a=4378141b2962 HTTP/1.1" 200 26977 "-" "Mozilla/5.0 (Linux; Android 6.0.1; Nexus 5X Build/MMB29P) AppleWebKit/537.36 (KHTML, like Gecko) Chrome/143.0.7499.192 Mobile Safari/537.36 (compatible; Googlebot/2.1; +http://www.google.com/bot.html)"
66.249.65.41 - - [22/Jan/2026:07:05:11 -0500] "GET /?a=360562981j77i HTTP/1.1" 200 29034 "-" "Mozilla/5.0 (Linux; Android 6.0.1; Nexus 5X Build/MMB29P) AppleWebKit/537.36 (KHTML, like Gecko) Chrome/143.0.7499.192 Mobile Safari/537.36 (compatible; Googlebot/2.1; +http://www.google.com/bot.html)"
66.249.73.71 - - [22/Jan/2026:07:05:11 -0500] "GET /?a=536794ha27gb HTTP/1.1" 200 27624 "-" "Mozilla/5.0 (Linux; Android 6.0.1; Nexus 5X Build/MMB29P) AppleWebKit/537.36 (KHTML, like Gecko) Chrome/143.0.7499.192 Mobile Safari/537.36 (compatible; Googlebot/2.1; +http://www.google.com/bot.html)"
66.249.73.69 - - [22/Jan/2026:07:05:11 -0500] "GET /?a=1959771dcdce1 HTTP/1.1" 200 27379 "-" "Mozilla/5.0 (Linux; Android 6.0.1; Nexus 5X Build/MMB29P) AppleWebKit/537.36 (KHTML, like Gecko) Chrome/143.0.7499.192 Mobile Safari/537.36 (compatible; Googlebot/2.1; +http://www.google.com/bot.html)"
66.249.73.68 - - [22/Jan/2026:07:05:12 -0500] "GET /?a=226087e6e33g HTTP/1.1" 200 28368 "-" "Mozilla/5.0 (Linux; Android 6.0.1; Nexus 5X Build/MMB29P) AppleWebKit/537.36 (KHTML, like Gecko) Chrome/143.0.7499.192 Mobile Safari/537.36 (compatible; Googlebot/2.1; +http://www.google.com/bot.html)"
66.249.73.69 - - [22/Jan/2026:07:05:13 -0500] "GET /?a=722275ej6hee HTTP/1.1" 200 26099 "-" "Mozilla/5.0 (Linux; Android 6.0.1; Nexus 5X Build/MMB29P) AppleWebKit/537.36 (KHTML, like Gecko) Chrome/143.0.7499.192 Mobile Safari/537.36 (compatible; Googlebot/2.1; +http://www.google.com/bot.html)"
74.7.227.31 - - [22/Jan/2026:07:05:12 -0500] "GET /?a=4198994136d2e HTTP/1.1" 301 - "https://www.membuatwebsite.biz/sitemap.xml" "Mozilla/5.0 AppleWebKit/537.36 (KHTML, like Gecko; compatible; GPTBot/1.3; +https://openai.com/gptbot)"
216.73.216.223 - - [22/Jan/2026:07:05:12 -0500] "GET /page/6/?a=1053337920ai5 HTTP/1.1" 200 15121 "-" "Mozilla/5.0 AppleWebKit/537.36 (KHTML, like Gecko; compatible; ClaudeBot/1.0; +claudebot@anthropic.com)"
66.249.73.69 - - [22/Jan/2026:07:05:13 -0500] "GET /?a=347786395133e HTTP/1.1" 200 26030 "-" "Mozilla/5.0 (Linux; Android 6.0.1; Nexus 5X Build/MMB29P) AppleWebKit/537.36 (KHTML, like Gecko) Chrome/143.0.7499.192 Mobile Safari/537.36 (compatible; Googlebot/2.1; +http://www.google.com/bot.html)"
74.7.243.232 - - [22/Jan/2026:07:05:13 -0500] "GET /?a=2596386a6590e HTTP/1.1" 200 15215 "https://www.membuatwebsite.biz" "Mozilla/5.0 AppleWebKit/537.36 (KHTML, like Gecko; compatible; GPTBot/1.3; +https://openai.com/gptbot)"
66.249.73.68 - - [22/Jan/2026:07:05:14 -0500] "GET /?a=43636083dd4g5 HTTP/1.1" 200 27322 "-" "Mozilla/5.0 (Linux; Android 6.0.1; Nexus 5X Build/MMB29P) AppleWebKit/537.36 (KHTML, like Gecko) Chrome/143.0.7499.192 Mobile Safari/537.36 (compatible; Googlebot/2.1; +http://www.google.com/bot.html)"
66.249.73.68 - - [22/Jan/2026:07:05:15 -0500] "GET /?a=13259648e5j3i HTTP/1.1" 200 28494 "-" "Mozilla/5.0 (Linux; Android 6.0.1; Nexus 5X Build/MMB29P) AppleWebKit/537.36 (KHTML, like Gecko) Chrome/143.0.7499.192 Mobile Safari/537.36 (compatible; Googlebot/2.1; +http://www.google.com/bot.html)"
74.7.227.31 - - [22/Jan/2026:07:05:15 -0500] "GET /?a=154544159h3e7 HTTP/1.1" 301 - "https://www.membuatwebsite.biz/sitemap.xml" "Mozilla/5.0 AppleWebKit/537.36 (KHTML, like Gecko; compatible; GPTBot/1.3; +https://openai.com/gptbot)"
66.249.73.70 - - [22/Jan/2026:07:05:15 -0500] "GET /?a=675192f6g5je HTTP/1.1" 200 26847 "-" "Mozilla/5.0 (Linux; Android 6.0.1; Nexus 5X Build/MMB29P) AppleWebKit/537.36 (KHTML, like Gecko) Chrome/143.0.7499.192 Mobile Safari/537.36 (compatible; Googlebot/2.1; +http://www.google.com/bot.html)"
216.73.216.223 - - [22/Jan/2026:07:05:15 -0500] "GET /page/6/?a=26707763i1jei HTTP/1.1" 200 15060 "-" "Mozilla/5.0 AppleWebKit/537.36 (KHTML, like Gecko; compatible; ClaudeBot/1.0; +claudebot@anthropic.com)"
66.249.73.68 - - [22/Jan/2026:07:05:16 -0500] "GET /?a=332687b8gd43 HTTP/1.1" 200 27170 "-" "Mozilla/5.0 (Linux; Android 6.0.1; Nexus 5X Build/MMB29P) AppleWebKit/537.36 (KHTML, like Gecko) Chrome/143.0.7499.192 Mobile Safari/537.36 (compatible; Googlebot/2.1; +http://www.google.com/bot.html)"
74.7.243.232 - - [22/Jan/2026:07:05:16 -0500] "GET /?a=101413599ej24 HTTP/1.1" 200 15187 "https://www.membuatwebsite.biz" "Mozilla/5.0 AppleWebKit/537.36 (KHTML, like Gecko; compatible; GPTBot/1.3; +https://openai.com/gptbot)"
66.249.73.68 - - [22/Jan/2026:07:05:16 -0500] "GET /?a=1872388j1h5eb HTTP/1.1" 200 27068 "-" "Mozilla/5.0 (Linux; Android 6.0.1; Nexus 5X Build/MMB29P) AppleWebKit/537.36 (KHTML, like Gecko) Chrome/143.0.7499.192 Mobile Safari/537.36 (compatible; Googlebot/2.1; +http://www.google.com/bot.html)"
66.249.73.69 - - [22/Jan/2026:07:05:17 -0500] "GET /?a=1466353degf44 HTTP/1.1" 200 26318 "-" "Mozilla/5.0 (Linux; Android 6.0.1; Nexus 5X Build/MMB29P) AppleWebKit/537.36 (KHTML, like Gecko) Chrome/143.0.7499.192 Mobile Safari/537.36 (compatible; Googlebot/2.1; +http://www.google.com/bot.html)"
66.249.73.70 - - [22/Jan/2026:07:05:18 -0500] "GET /?a=3160422igffib HTTP/1.1" 200 26638 "-" "Mozilla/5.0 (Linux; Android 6.0.1; Nexus 5X Build/MMB29P) AppleWebKit/537.36 (KHTML, like Gecko) Chrome/143.0.7499.192 Mobile Safari/537.36 (compatible; Googlebot/2.1; +http://www.google.com/bot.html)"
74.7.227.31 - - [22/Jan/2026:07:05:18 -0500] "GET /?a=3118591fg1779 HTTP/1.1" 301 - "https://www.membuatwebsite.biz/sitemap.xml" "Mozilla/5.0 AppleWebKit/537.36 (KHTML, like Gecko; compatible; GPTBot/1.3; +https://openai.com/gptbot)"
216.73.216.223 - - [22/Jan/2026:07:05:18 -0500] "GET /page/11/?a=1354184j14hd5 HTTP/1.1" 200 15250 "-" "Mozilla/5.0 AppleWebKit/537.36 (KHTML, like Gecko; compatible; ClaudeBot/1.0; +claudebot@anthropic.com)"
66.249.73.70 - - [22/Jan/2026:07:05:19 -0500] "GET /?a=3992724c50edh HTTP/1.1" 200 26326 "-" "Mozilla/5.0 (Linux; Android 6.0.1; Nexus 5X Build/MMB29P) AppleWebKit/537.36 (KHTML, like Gecko) Chrome/143.0.7499.192 Mobile Safari/537.36 (compatible; Googlebot/2.1; +http://www.google.com/bot.html)"
66.249.65.40 - - [22/Jan/2026:07:05:19 -0500] "GET /?a=34193120bjfb8 HTTP/1.1" 200 27028 "-" "Mozilla/5.0 (Linux; Android 6.0.1; Nexus 5X Build/MMB29P) AppleWebKit/537.36 (KHTML, like Gecko) Chrome/143.0.7499.192 Mobile Safari/537.36 (compatible; Googlebot/2.1; +http://www.google.com/bot.html)"
66.249.73.68 - - [22/Jan/2026:07:05:20 -0500] "GET /?a=26708066eb57i HTTP/1.1" 200 27475 "-" "Mozilla/5.0 (Linux; Android 6.0.1; Nexus 5X Build/MMB29P) AppleWebKit/537.36 (KHTML, like Gecko) Chrome/143.0.7499.192 Mobile Safari/537.36 (compatible; Googlebot/2.1; +http://www.google.com/bot.html)"
74.7.243.232 - - [22/Jan/2026:07:05:19 -0500] "GET /?a=26520434j66e6 HTTP/1.1" 200 15188 "https://www.membuatwebsite.biz" "Mozilla/5.0 AppleWebKit/537.36 (KHTML, like Gecko; compatible; GPTBot/1.3; +https://openai.com/gptbot)"
66.249.73.69 - - [22/Jan/2026:07:05:20 -0500] "GET /?a=4420892ah6c35 HTTP/1.1" 200 26855 "-" "Mozilla/5.0 (Linux; Android 6.0.1; Nexus 5X Build/MMB29P) AppleWebKit/537.36 (KHTML, like Gecko) Chrome/143.0.7499.192 Mobile Safari/537.36 (compatible; Googlebot/2.1; +http://www.google.com/bot.html)"
66.249.73.69 - - [22/Jan/2026:07:05:20 -0500] "GET /?a=28126463abj60 HTTP/1.1" 200 25663 "-" "Mozilla/5.0 (Linux; Android 6.0.1; Nexus 5X Build/MMB29P) AppleWebKit/537.36 (KHTML, like Gecko) Chrome/143.0.7499.192 Mobile Safari/537.36 (compatible; Googlebot/2.1; +http://www.google.com/bot.html)"
66.249.73.70 - - [22/Jan/2026:07:05:20 -0500] "GET /?a=37527726a5d01 HTTP/1.1" 200 26901 "-" "Mozilla/5.0 (Linux; Android 6.0.1; Nexus 5X Build/MMB29P) AppleWebKit/537.36 (KHTML, like Gecko) Chrome/143.0.7499.192 Mobile Safari/537.36 (compatible; Googlebot/2.1; +http://www.google.com/bot.html)"
142.44.233.147 - - [22/Jan/2026:07:05:20 -0500] "GET /tag/cara-hidup-sehat/ HTTP/1.1" 200 12008 "-" "Mozilla/5.0 (compatible; AhrefsBot/7.0; +http://ahrefs.com/robot/)"
66.249.73.70 - - [22/Jan/2026:07:05:21 -0500] "GET /?a=31474608fhf6g HTTP/1.1" 200 25752 "-" "Mozilla/5.0 (Linux; Android 6.0.1; Nexus 5X Build/MMB29P) AppleWebKit/537.36 (KHTML, like Gecko) Chrome/143.0.7499.192 Mobile Safari/537.36 (compatible; Googlebot/2.1; +http://www.google.com/bot.html)"
66.249.73.70 - - [22/Jan/2026:07:05:22 -0500] "GET /?a=5076115b2bb0 HTTP/1.1" 200 25681 "-" "Mozilla/5.0 (Linux; Android 6.0.1; Nexus 5X Build/MMB29P) AppleWebKit/537.36 (KHTML, like Gecko) Chrome/143.0.7499.192 Mobile Safari/537.36 (compatible; Googlebot/2.1; +http://www.google.com/bot.html)"
74.7.227.31 - - [22/Jan/2026:07:05:21 -0500] "GET /?a=15374398a1i95 HTTP/1.1" 301 - "https://www.membuatwebsite.biz/sitemap.xml" "Mozilla/5.0 AppleWebKit/537.36 (KHTML, like Gecko; compatible; GPTBot/1.3; +https://openai.com/gptbot)"
216.73.216.223 - - [22/Jan/2026:07:05:21 -0500] "GET /page/144/?a=1213728ie7i44 HTTP/1.1" 200 13144 "-" "Mozilla/5.0 AppleWebKit/537.36 (KHTML, like Gecko; compatible; ClaudeBot/1.0; +claudebot@anthropic.com)"
66.249.73.69 - - [22/Jan/2026:07:05:22 -0500] "GET /?a=10653894i6b2a HTTP/1.1" 200 26611 "-" "Mozilla/5.0 (Linux; Android 6.0.1; Nexus 5X Build/MMB29P) AppleWebKit/537.36 (KHTML, like Gecko) Chrome/143.0.7499.192 Mobile Safari/537.36 (compatible; Googlebot/2.1; +http://www.google.com/bot.html)"
74.7.243.232 - - [22/Jan/2026:07:05:22 -0500] "GET /?a=2191133ji3455 HTTP/1.1" 200 15262 "https://www.membuatwebsite.biz" "Mozilla/5.0 AppleWebKit/537.36 (KHTML, like Gecko; compatible; GPTBot/1.3; +https://openai.com/gptbot)"
66.249.73.69 - - [22/Jan/2026:07:05:23 -0500] "GET /?a=408970590ff9j HTTP/1.1" 200 27282 "-" "Mozilla/5.0 (Linux; Android 6.0.1; Nexus 5X Build/MMB29P) AppleWebKit/537.36 (KHTML, like Gecko) Chrome/143.0.7499.192 Mobile Safari/537.36 (compatible; Googlebot/2.1; +http://www.google.com/bot.html)"
66.249.73.69 - - [22/Jan/2026:07:05:23 -0500] "GET /?a=3851803ji9j4i HTTP/1.1" 200 27175 "-" "Mozilla/5.0 (Linux; Android 6.0.1; Nexus 5X Build/MMB29P) AppleWebKit/537.36 (KHTML, like Gecko) Chrome/143.0.7499.192 Mobile Safari/537.36 (compatible; Googlebot/2.1; +http://www.google.com/bot.html)"
66.249.73.70 - - [22/Jan/2026:07:05:24 -0500] "GET /?a=2925047hfdd6j HTTP/1.1" 200 27113 "-" "Mozilla/5.0 (Linux; Android 6.0.1; Nexus 5X Build/MMB29P) AppleWebKit/537.36 (KHTML, like Gecko) Chrome/143.0.7499.192 Mobile Safari/537.36 (compatible; Googlebot/2.1; +http://www.google.com/bot.html)"
216.73.216.223 - - [22/Jan/2026:07:05:24 -0500] "GET /page/143/?a=1256158h41jg9 HTTP/1.1" 200 14934 "-" "Mozilla/5.0 AppleWebKit/537.36 (KHTML, like Gecko; compatible; ClaudeBot/1.0; +claudebot@anthropic.com)"
74.7.227.31 - - [22/Jan/2026:07:05:25 -0500] "GET /?a=3122342361d8e HTTP/1.1" 301 - "https://www.membuatwebsite.biz/sitemap.xml" "Mozilla/5.0 AppleWebKit/537.36 (KHTML, like Gecko; compatible; GPTBot/1.3; +https://openai.com/gptbot)"
66.249.73.69 - - [22/Jan/2026:07:05:25 -0500] "GET /?a=12767405j64a5 HTTP/1.1" 200 26479 "-" "Mozilla/5.0 (Linux; Android 6.0.1; Nexus 5X Build/MMB29P) AppleWebKit/537.36 (KHTML, like Gecko) Chrome/143.0.7499.192 Mobile Safari/537.36 (compatible; Googlebot/2.1; +http://www.google.com/bot.html)"
66.249.73.69 - - [22/Jan/2026:07:05:25 -0500] "GET /?a=2634017726j75 HTTP/1.1" 200 27404 "-" "Mozilla/5.0 (Linux; Android 6.0.1; Nexus 5X Build/MMB29P) AppleWebKit/537.36 (KHTML, like Gecko) Chrome/143.0.7499.192 Mobile Safari/537.36 (compatible; Googlebot/2.1; +http://www.google.com/bot.html)"
74.7.243.232 - - [22/Jan/2026:07:05:25 -0500] "GET /?a=1041673g56g33 HTTP/1.1" 200 15216 "https://www.membuatwebsite.biz" "Mozilla/5.0 AppleWebKit/537.36 (KHTML, like Gecko; compatible; GPTBot/1.3; +https://openai.com/gptbot)"
66.249.73.71 - - [22/Jan/2026:07:05:26 -0500] "GET /?a=642713dc65c9 HTTP/1.1" 200 27540 "-" "Mozilla/5.0 (Linux; Android 6.0.1; Nexus 5X Build/MMB29P) AppleWebKit/537.36 (KHTML, like Gecko) Chrome/143.0.7499.192 Mobile Safari/537.36 (compatible; Googlebot/2.1; +http://www.google.com/bot.html)"
66.249.73.69 - - [22/Jan/2026:07:05:27 -0500] "GET /?a=315035454dib1 HTTP/1.1" 200 27067 "-" "Mozilla/5.0 (Linux; Android 6.0.1; Nexus 5X Build/MMB29P) AppleWebKit/537.36 (KHTML, like Gecko) Chrome/143.0.7499.192 Mobile Safari/537.36 (compatible; Googlebot/2.1; +http://www.google.com/bot.html)"
66.249.73.71 - - [22/Jan/2026:07:05:27 -0500] "GET /?a=25024999j7g5i HTTP/1.1" 200 26011 "-" "Mozilla/5.0 (Linux; Android 6.0.1; Nexus 5X Build/MMB29P) AppleWebKit/537.36 (KHTML, like Gecko) Chrome/143.0.7499.192 Mobile Safari/537.36 (compatible; Googlebot/2.1; +http://www.google.com/bot.html)"
216.73.216.223 - - [22/Jan/2026:07:05:27 -0500] "GET /page/9/?a=20545030gd8eh HTTP/1.1" 200 15248 "-" "Mozilla/5.0 AppleWebKit/537.36 (KHTML, like Gecko; compatible; ClaudeBot/1.0; +claudebot@anthropic.com)"
66.249.73.68 - - [22/Jan/2026:07:05:28 -0500] "GET /?a=2238370fgfhb6 HTTP/1.1" 200 27145 "-" "Mozilla/5.0 (Linux; Android 6.0.1; Nexus 5X Build/MMB29P) AppleWebKit/537.36 (KHTML, like Gecko) Chrome/143.0.7499.192 Mobile Safari/537.36 (compatible; Googlebot/2.1; +http://www.google.com/bot.html)"
74.7.227.31 - - [22/Jan/2026:07:05:28 -0500] "GET /?a=3890558g26f55 HTTP/1.1" 301 - "https://www.membuatwebsite.biz/sitemap.xml" "Mozilla/5.0 AppleWebKit/537.36 (KHTML, like Gecko; compatible; GPTBot/1.3; +https://openai.com/gptbot)"
66.249.73.69 - - [22/Jan/2026:07:05:29 -0500] "GET /?a=2629664g8hdj8 HTTP/1.1" 200 27841 "-" "Mozilla/5.0 (Linux; Android 6.0.1; Nexus 5X Build/MMB29P) AppleWebKit/537.36 (KHTML, like Gecko) Chrome/143.0.7499.192 Mobile Safari/537.36 (compatible; Googlebot/2.1; +http://www.google.com/bot.html)"
15.235.96.126 - - [22/Jan/2026:07:05:29 -0500] "GET /pinjaman-dana-tunai-jaminan-bpkb-mobil/ HTTP/1.1" 200 13805 "-" "Mozilla/5.0 (compatible; AhrefsBot/7.0; +http://ahrefs.com/robot/)"
74.7.243.232 - - [22/Jan/2026:07:05:29 -0500] "GET /?a=206322110a55h HTTP/1.1" 200 15187 "https://www.membuatwebsite.biz" "Mozilla/5.0 AppleWebKit/537.36 (KHTML, like Gecko; compatible; GPTBot/1.3; +https://openai.com/gptbot)"
66.249.73.71 - - [22/Jan/2026:07:05:29 -0500] "GET /?a=303798c0ieh5 HTTP/1.1" 200 26111 "-" "Mozilla/5.0 (Linux; Android 6.0.1; Nexus 5X Build/MMB29P) AppleWebKit/537.36 (KHTML, like Gecko) Chrome/143.0.7499.192 Mobile Safari/537.36 (compatible; Googlebot/2.1; +http://www.google.com/bot.html)"
66.249.73.68 - - [22/Jan/2026:07:05:30 -0500] "GET /?a=135070900ddc8 HTTP/1.1" 200 25769 "-" "Mozilla/5.0 (Linux; Android 6.0.1; Nexus 5X Build/MMB29P) AppleWebKit/537.36 (KHTML, like Gecko) Chrome/143.0.7499.192 Mobile Safari/537.36 (compatible; Googlebot/2.1; +http://www.google.com/bot.html)"
66.249.73.69 - - [22/Jan/2026:07:05:30 -0500] "GET /?a=1340010552f89 HTTP/1.1" 200 27927 "-" "Mozilla/5.0 (Linux; Android 6.0.1; Nexus 5X Build/MMB29P) AppleWebKit/537.36 (KHTML, like Gecko) Chrome/143.0.7499.192 Mobile Safari/537.36 (compatible; Googlebot/2.1; +http://www.google.com/bot.html)"
216.73.216.223 - - [22/Jan/2026:07:05:30 -0500] "GET /page/140/?a=1252224ie629 HTTP/1.1" 200 15407 "-" "Mozilla/5.0 AppleWebKit/537.36 (KHTML, like Gecko; compatible; ClaudeBot/1.0; +claudebot@anthropic.com)"
74.7.227.31 - - [22/Jan/2026:07:05:31 -0500] "GET /?a=4100535i3g037 HTTP/1.1" 301 - "https://www.membuatwebsite.biz/sitemap.xml" "Mozilla/5.0 AppleWebKit/537.36 (KHTML, like Gecko; compatible; GPTBot/1.3; +https://openai.com/gptbot)"
66.249.73.70 - - [22/Jan/2026:07:05:31 -0500] "GET /?a=360060948aegf HTTP/1.1" 200 27794 "-" "Mozilla/5.0 (Linux; Android 6.0.1; Nexus 5X Build/MMB29P) AppleWebKit/537.36 (KHTML, like Gecko) Chrome/143.0.7499.192 Mobile Safari/537.36 (compatible; Googlebot/2.1; +http://www.google.com/bot.html)"
66.249.73.71 - - [22/Jan/2026:07:05:32 -0500] "GET /?a=2404551h29e03 HTTP/1.1" 200 28727 "-" "Mozilla/5.0 (Linux; Android 6.0.1; Nexus 5X Build/MMB29P) AppleWebKit/537.36 (KHTML, like Gecko) Chrome/143.0.7499.192 Mobile Safari/537.36 (compatible; Googlebot/2.1; +http://www.google.com/bot.html)"
66.249.73.69 - - [22/Jan/2026:07:05:32 -0500] "GET /?a=20673398i6chg HTTP/1.1" 200 28385 "-" "Mozilla/5.0 (Linux; Android 6.0.1; Nexus 5X Build/MMB29P) AppleWebKit/537.36 (KHTML, like Gecko) Chrome/143.0.7499.192 Mobile Safari/537.36 (compatible; Googlebot/2.1; +http://www.google.com/bot.html)"
74.7.243.232 - - [22/Jan/2026:07:05:32 -0500] "GET /?a=116792322c43d HTTP/1.1" 200 15187 "https://www.membuatwebsite.biz" "Mozilla/5.0 AppleWebKit/537.36 (KHTML, like Gecko; compatible; GPTBot/1.3; +https://openai.com/gptbot)"
66.249.73.70 - - [22/Jan/2026:07:05:32 -0500] "GET /?a=64817g5fd6f HTTP/1.1" 200 28358 "-" "Mozilla/5.0 (Linux; Android 6.0.1; Nexus 5X Build/MMB29P) AppleWebKit/537.36 (KHTML, like Gecko) Chrome/143.0.7499.192 Mobile Safari/537.36 (compatible; Googlebot/2.1; +http://www.google.com/bot.html)"
66.249.73.69 - - [22/Jan/2026:07:05:33 -0500] "GET /?a=2977327c59hf3 HTTP/1.1" 200 27930 "-" "Mozilla/5.0 (Linux; Android 6.0.1; Nexus 5X Build/MMB29P) AppleWebKit/537.36 (KHTML, like Gecko) Chrome/143.0.7499.192 Mobile Safari/537.36 (compatible; Googlebot/2.1; +http://www.google.com/bot.html)"
66.249.73.68 - - [22/Jan/2026:07:05:34 -0500] "GET /?a=44188243g44ce HTTP/1.1" 200 26223 "-" "Mozilla/5.0 (Linux; Android 6.0.1; Nexus 5X Build/MMB29P) AppleWebKit/537.36 (KHTML, like Gecko) Chrome/143.0.7499.192 Mobile Safari/537.36 (compatible; Googlebot/2.1; +http://www.google.com/bot.html)"
216.73.216.223 - - [22/Jan/2026:07:05:33 -0500] "GET /page/143/?a=329289326026i HTTP/1.1" 200 14972 "-" "Mozilla/5.0 AppleWebKit/537.36 (KHTML, like Gecko; compatible; ClaudeBot/1.0; +claudebot@anthropic.com)"
74.7.227.31 - - [22/Jan/2026:07:05:34 -0500] "GET /?a=32259347gi438 HTTP/1.1" 301 - "https://www.membuatwebsite.biz/sitemap.xml" "Mozilla/5.0 AppleWebKit/537.36 (KHTML, like Gecko; compatible; GPTBot/1.3; +https://openai.com/gptbot)"
66.249.73.68 - - [22/Jan/2026:07:05:34 -0500] "GET /?a=2476508cgj5j8 HTTP/1.1" 200 26904 "-" "Mozilla/5.0 (Linux; Android 6.0.1; Nexus 5X Build/MMB29P) AppleWebKit/537.36 (KHTML, like Gecko) Chrome/143.0.7499.192 Mobile Safari/537.36 (compatible; Googlebot/2.1; +http://www.google.com/bot.html)"
66.249.73.68 - - [22/Jan/2026:07:05:35 -0500] "GET /?a=119142246jj46 HTTP/1.1" 200 25809 "-" "Mozilla/5.0 (Linux; Android 6.0.1; Nexus 5X Build/MMB29P) AppleWebKit/537.36 (KHTML, like Gecko) Chrome/143.0.7499.192 Mobile Safari/537.36 (compatible; Googlebot/2.1; +http://www.google.com/bot.html)"
74.7.243.232 - - [22/Jan/2026:07:05:35 -0500] "GET /?a=26311013j057a HTTP/1.1" 200 15187 "https://www.membuatwebsite.biz" "Mozilla/5.0 AppleWebKit/537.36 (KHTML, like Gecko; compatible; GPTBot/1.3; +https://openai.com/gptbot)"
66.249.73.70 - - [22/Jan/2026:07:05:36 -0500] "GET /?a=34340963gdge8 HTTP/1.1" 200 27646 "-" "Mozilla/5.0 (Linux; Android 6.0.1; Nexus 5X Build/MMB29P) AppleWebKit/537.36 (KHTML, like Gecko) Chrome/143.0.7499.192 Mobile Safari/537.36 (compatible; Googlebot/2.1; +http://www.google.com/bot.html)"
66.249.73.70 - - [22/Jan/2026:07:05:36 -0500] "GET /?a=526473hcae16 HTTP/1.1" 200 26945 "-" "Mozilla/5.0 (Linux; Android 6.0.1; Nexus 5X Build/MMB29P) AppleWebKit/537.36 (KHTML, like Gecko) Chrome/143.0.7499.192 Mobile Safari/537.36 (compatible; Googlebot/2.1; +http://www.google.com/bot.html)"
216.73.216.223 - - [22/Jan/2026:07:05:36 -0500] "GET /page/9/?a=86415254cije HTTP/1.1" 200 15332 "-" "Mozilla/5.0 AppleWebKit/537.36 (KHTML, like Gecko; compatible; ClaudeBot/1.0; +claudebot@anthropic.com)"
66.249.73.68 - - [22/Jan/2026:07:05:37 -0500] "GET /?a=275390904e4ii HTTP/1.1" 200 25863 "-" "Mozilla/5.0 (Linux; Android 6.0.1; Nexus 5X Build/MMB29P) AppleWebKit/537.36 (KHTML, like Gecko) Chrome/143.0.7499.192 Mobile Safari/537.36 (compatible; Googlebot/2.1; +http://www.google.com/bot.html)"
74.7.227.31 - - [22/Jan/2026:07:05:37 -0500] "GET /?a=4183359c9428h HTTP/1.1" 301 - "https://www.membuatwebsite.biz/sitemap.xml" "Mozilla/5.0 AppleWebKit/537.36 (KHTML, like Gecko; compatible; GPTBot/1.3; +https://openai.com/gptbot)"
54.39.203.156 - - [22/Jan/2026:07:05:37 -0500] "GET /2017/11/09/ HTTP/1.1" 200 12461 "-" "Mozilla/5.0 (compatible; AhrefsBot/7.0; +http://ahrefs.com/robot/)"
66.249.73.69 - - [22/Jan/2026:07:05:37 -0500] "GET /?a=320791c621je HTTP/1.1" 200 28419 "-" "Mozilla/5.0 (Linux; Android 6.0.1; Nexus 5X Build/MMB29P) AppleWebKit/537.36 (KHTML, like Gecko) Chrome/143.0.7499.192 Mobile Safari/537.36 (compatible; Googlebot/2.1; +http://www.google.com/bot.html)"
66.249.73.70 - - [22/Jan/2026:07:05:38 -0500] "GET /?a=6515536afaj7 HTTP/1.1" 200 27877 "-" "Mozilla/5.0 (Linux; Android 6.0.1; Nexus 5X Build/MMB29P) AppleWebKit/537.36 (KHTML, like Gecko) Chrome/143.0.7499.192 Mobile Safari/537.36 (compatible; Googlebot/2.1; +http://www.google.com/bot.html)"
74.7.243.232 - - [22/Jan/2026:07:05:38 -0500] "GET /?a=3605899d30d87 HTTP/1.1" 200 15262 "https://www.membuatwebsite.biz" "Mozilla/5.0 AppleWebKit/537.36 (KHTML, like Gecko; compatible; GPTBot/1.3; +https://openai.com/gptbot)"
66.249.73.73 - - [22/Jan/2026:07:05:39 -0500] "GET /?a=9772114898jd HTTP/1.1" 200 27730 "-" "Mozilla/5.0 (Linux; Android 6.0.1; Nexus 5X Build/MMB29P) AppleWebKit/537.36 (KHTML, like Gecko) Chrome/143.0.7499.192 Mobile Safari/537.36 (compatible; Googlebot/2.1; +http://www.google.com/bot.html)"
66.249.73.70 - - [22/Jan/2026:07:05:39 -0500] "GET /?a=25185489a969g HTTP/1.1" 200 27215 "-" "Mozilla/5.0 (Linux; Android 6.0.1; Nexus 5X Build/MMB29P) AppleWebKit/537.36 (KHTML, like Gecko) Chrome/143.0.7499.192 Mobile Safari/537.36 (compatible; Googlebot/2.1; +http://www.google.com/bot.html)"
216.73.216.223 - - [22/Jan/2026:07:05:40 -0500] "GET /page/142/?a=1895349fd9bb3 HTTP/1.1" 200 15321 "-" "Mozilla/5.0 AppleWebKit/537.36 (KHTML, like Gecko; compatible; ClaudeBot/1.0; +claudebot@anthropic.com)"
66.249.65.40 - - [22/Jan/2026:07:05:40 -0500] "GET /?a=12333019fjjf3 HTTP/1.1" 200 26674 "-" "Mozilla/5.0 (Linux; Android 6.0.1; Nexus 5X Build/MMB29P) AppleWebKit/537.36 (KHTML, like Gecko) Chrome/143.0.7499.192 Mobile Safari/537.36 (compatible; Googlebot/2.1; +http://www.google.com/bot.html)"
66.249.73.72 - - [22/Jan/2026:07:05:40 -0500] "GET /?a=7966760ijdbg HTTP/1.1" 200 26987 "-" "Mozilla/5.0 (Linux; Android 6.0.1; Nexus 5X Build/MMB29P) AppleWebKit/537.36 (KHTML, like Gecko) Chrome/143.0.7499.192 Mobile Safari/537.36 (compatible; Googlebot/2.1; +http://www.google.com/bot.html)"
66.249.73.72 - - [22/Jan/2026:07:05:40 -0500] "GET /?a=15509442acjd3 HTTP/1.1" 200 27511 "-" "Mozilla/5.0 (Linux; Android 6.0.1; Nexus 5X Build/MMB29P) AppleWebKit/537.36 (KHTML, like Gecko) Chrome/143.0.7499.192 Mobile Safari/537.36 (compatible; Googlebot/2.1; +http://www.google.com/bot.html)"
66.249.73.68 - - [22/Jan/2026:07:05:40 -0500] "GET /?a=1568935e7g385 HTTP/1.1" 200 27770 "-" "Mozilla/5.0 (Linux; Android 6.0.1; Nexus 5X Build/MMB29P) AppleWebKit/537.36 (KHTML, like Gecko) Chrome/143.0.7499.192 Mobile Safari/537.36 (compatible; Googlebot/2.1; +http://www.google.com/bot.html)"
74.7.227.31 - - [22/Jan/2026:07:05:40 -0500] "GET /?a=3726440e76g22 HTTP/1.1" 301 - "https://www.membuatwebsite.biz/sitemap.xml" "Mozilla/5.0 AppleWebKit/537.36 (KHTML, like Gecko; compatible; GPTBot/1.3; +https://openai.com/gptbot)"
66.249.73.72 - - [22/Jan/2026:07:05:41 -0500] "GET /?a=3627174785jhh HTTP/1.1" 200 26891 "-" "Mozilla/5.0 (Linux; Android 6.0.1; Nexus 5X Build/MMB29P) AppleWebKit/537.36 (KHTML, like Gecko) Chrome/143.0.7499.192 Mobile Safari/537.36 (compatible; Googlebot/2.1; +http://www.google.com/bot.html)"
66.249.73.68 - - [22/Jan/2026:07:05:41 -0500] "GET /?a=35636882fafc2 HTTP/1.1" 200 25976 "-" "Mozilla/5.0 (Linux; Android 6.0.1; Nexus 5X Build/MMB29P) AppleWebKit/537.36 (KHTML, like Gecko) Chrome/143.0.7499.192 Mobile Safari/537.36 (compatible; Googlebot/2.1; +http://www.google.com/bot.html)"
74.7.243.232 - - [22/Jan/2026:07:05:41 -0500] "GET /?a=12647497c1d89 HTTP/1.1" 200 15222 "https://www.membuatwebsite.biz" "Mozilla/5.0 AppleWebKit/537.36 (KHTML, like Gecko; compatible; GPTBot/1.3; +https://openai.com/gptbot)"
66.249.73.68 - - [22/Jan/2026:07:05:42 -0500] "GET /?a=1663240f15d8d HTTP/1.1" 200 26876 "-" "Mozilla/5.0 (Linux; Android 6.0.1; Nexus 5X Build/MMB29P) AppleWebKit/537.36 (KHTML, like Gecko) Chrome/143.0.7499.192 Mobile Safari/537.36 (compatible; Googlebot/2.1; +http://www.google.com/bot.html)"
66.249.73.68 - - [22/Jan/2026:07:05:43 -0500] "GET /?a=26797646i81b8 HTTP/1.1" 200 27952 "-" "Mozilla/5.0 (Linux; Android 6.0.1; Nexus 5X Build/MMB29P) AppleWebKit/537.36 (KHTML, like Gecko) Chrome/143.0.7499.192 Mobile Safari/537.36 (compatible; Googlebot/2.1; +http://www.google.com/bot.html)"
216.73.216.223 - - [22/Jan/2026:07:05:43 -0500] "GET /page/5/?a=433693566bd35 HTTP/1.1" 200 15211 "-" "Mozilla/5.0 AppleWebKit/537.36 (KHTML, like Gecko; compatible; ClaudeBot/1.0; +claudebot@anthropic.com)"
66.249.73.68 - - [22/Jan/2026:07:05:43 -0500] "GET /?a=4254492b40j56 HTTP/1.1" 200 26981 "-" "Mozilla/5.0 (Linux; Android 6.0.1; Nexus 5X Build/MMB29P) AppleWebKit/537.36 (KHTML, like Gecko) Chrome/143.0.7499.192 Mobile Safari/537.36 (compatible; Googlebot/2.1; +http://www.google.com/bot.html)"
74.7.227.31 - - [22/Jan/2026:07:05:44 -0500] "GET /?a=2768450a4957d HTTP/1.1" 301 - "https://www.membuatwebsite.biz/sitemap.xml" "Mozilla/5.0 AppleWebKit/537.36 (KHTML, like Gecko; compatible; GPTBot/1.3; +https://openai.com/gptbot)"
66.249.73.71 - - [22/Jan/2026:07:05:44 -0500] "GET /?a=1160427b0159c HTTP/1.1" 200 27877 "-" "Mozilla/5.0 (Linux; Android 6.0.1; Nexus 5X Build/MMB29P) AppleWebKit/537.36 (KHTML, like Gecko) Chrome/143.0.7499.192 Mobile Safari/537.36 (compatible; Googlebot/2.1; +http://www.google.com/bot.html)"
66.249.73.71 - - [22/Jan/2026:07:05:45 -0500] "GET /?a=1105980c6g796 HTTP/1.1" 200 28538 "-" "Mozilla/5.0 (Linux; Android 6.0.1; Nexus 5X Build/MMB29P) AppleWebKit/537.36 (KHTML, like Gecko) Chrome/143.0.7499.192 Mobile Safari/537.36 (compatible; Googlebot/2.1; +http://www.google.com/bot.html)"
74.7.243.232 - - [22/Jan/2026:07:05:45 -0500] "GET /?a=4198994136d2e HTTP/1.1" 200 15215 "https://www.membuatwebsite.biz" "Mozilla/5.0 AppleWebKit/537.36 (KHTML, like Gecko; compatible; GPTBot/1.3; +https://openai.com/gptbot)"
66.249.73.64 - - [22/Jan/2026:07:05:45 -0500] "GET /?a=3151448h18390 HTTP/1.1" 200 26758 "-" "Mozilla/5.0 (Linux; Android 6.0.1; Nexus 5X Build/MMB29P) AppleWebKit/537.36 (KHTML, like Gecko) Chrome/143.0.7499.192 Mobile Safari/537.36 (compatible; Googlebot/2.1; +http://www.google.com/bot.html)"
66.249.73.73 - - [22/Jan/2026:07:05:46 -0500] "GET /?a=3688558g8d4be HTTP/1.1" 200 28179 "-" "Mozilla/5.0 (Linux; Android 6.0.1; Nexus 5X Build/MMB29P) AppleWebKit/537.36 (KHTML, like Gecko) Chrome/143.0.7499.192 Mobile Safari/537.36 (compatible; Googlebot/2.1; +http://www.google.com/bot.html)"
216.73.216.223 - - [22/Jan/2026:07:05:46 -0500] "GET /page/3/?a=2364171c2cf8i HTTP/1.1" 200 15330 "-" "Mozilla/5.0 AppleWebKit/537.36 (KHTML, like Gecko; compatible; ClaudeBot/1.0; +claudebot@anthropic.com)"
66.249.73.68 - - [22/Jan/2026:07:05:46 -0500] "GET /?a=30377621h8jb6 HTTP/1.1" 200 26332 "-" "Mozilla/5.0 (Linux; Android 6.0.1; Nexus 5X Build/MMB29P) AppleWebKit/537.36 (KHTML, like Gecko) Chrome/143.0.7499.192 Mobile Safari/537.36 (compatible; Googlebot/2.1; +http://www.google.com/bot.html)"
142.44.233.82 - - [22/Jan/2026:07:05:46 -0500] "GET /tag/smartfren-andromax-e2/feed/ HTTP/1.1" 200 2109 "-" "Mozilla/5.0 (compatible; AhrefsBot/7.0; +http://ahrefs.com/robot/)"
74.7.227.31 - - [22/Jan/2026:07:05:47 -0500] "GET /?a=42131404276dc HTTP/1.1" 301 - "https://www.membuatwebsite.biz/sitemap.xml" "Mozilla/5.0 AppleWebKit/537.36 (KHTML, like Gecko; compatible; GPTBot/1.3; +https://openai.com/gptbot)"
66.249.73.68 - - [22/Jan/2026:07:05:47 -0500] "GET /?a=35238618c8ej7 HTTP/1.1" 200 26108 "-" "Mozilla/5.0 (Linux; Android 6.0.1; Nexus 5X Build/MMB29P) AppleWebKit/537.36 (KHTML, like Gecko) Chrome/143.0.7499.192 Mobile Safari/537.36 (compatible; Googlebot/2.1; +http://www.google.com/bot.html)"
66.249.73.72 - - [22/Jan/2026:07:05:48 -0500] "GET /?a=3453378dd57f5 HTTP/1.1" 200 27601 "-" "Mozilla/5.0 (Linux; Android 6.0.1; Nexus 5X Build/MMB29P) AppleWebKit/537.36 (KHTML, like Gecko) Chrome/143.0.7499.192 Mobile Safari/537.36 (compatible; Googlebot/2.1; +http://www.google.com/bot.html)"
74.7.243.232 - - [22/Jan/2026:07:05:48 -0500] "GET /?a=154544159h3e7 HTTP/1.1" 200 15216 "https://www.membuatwebsite.biz" "Mozilla/5.0 AppleWebKit/537.36 (KHTML, like Gecko; compatible; GPTBot/1.3; +https://openai.com/gptbot)"
66.249.73.64 - - [22/Jan/2026:07:05:48 -0500] "GET /?a=37598671iibia HTTP/1.1" 200 25556 "-" "Mozilla/5.0 (Linux; Android 6.0.1; Nexus 5X Build/MMB29P) AppleWebKit/537.36 (KHTML, like Gecko) Chrome/143.0.7499.192 Mobile Safari/537.36 (compatible; Googlebot/2.1; +http://www.google.com/bot.html)"
66.249.73.64 - - [22/Jan/2026:07:05:49 -0500] "GET /?a=3697215ea3jg2 HTTP/1.1" 200 27665 "-" "Mozilla/5.0 (Linux; Android 6.0.1; Nexus 5X Build/MMB29P) AppleWebKit/537.36 (KHTML, like Gecko) Chrome/143.0.7499.192 Mobile Safari/537.36 (compatible; Googlebot/2.1; +http://www.google.com/bot.html)"
216.73.216.223 - - [22/Jan/2026:07:05:49 -0500] "GET /page/5/?a=376107849d2d3 HTTP/1.1" 200 15259 "-" "Mozilla/5.0 AppleWebKit/537.36 (KHTML, like Gecko; compatible; ClaudeBot/1.0; +claudebot@anthropic.com)"
66.249.73.72 - - [22/Jan/2026:07:05:49 -0500] "GET /?a=3054628h11bg4 HTTP/1.1" 200 26342 "-" "Mozilla/5.0 (Linux; Android 6.0.1; Nexus 5X Build/MMB29P) AppleWebKit/537.36 (KHTML, like Gecko) Chrome/143.0.7499.192 Mobile Safari/537.36 (compatible; Googlebot/2.1; +http://www.google.com/bot.html)"
66.249.73.68 - - [22/Jan/2026:07:05:50 -0500] "GET /?a=2582263e40jj8 HTTP/1.1" 200 27123 "-" "Mozilla/5.0 (Linux; Android 6.0.1; Nexus 5X Build/MMB29P) AppleWebKit/537.36 (KHTML, like Gecko) Chrome/143.0.7499.192 Mobile Safari/537.36 (compatible; Googlebot/2.1; +http://www.google.com/bot.html)"
74.7.227.31 - - [22/Jan/2026:07:05:50 -0500] "GET /?a=14120891jj342 HTTP/1.1" 301 - "https://www.membuatwebsite.biz/sitemap.xml" "Mozilla/5.0 AppleWebKit/537.36 (KHTML, like Gecko; compatible; GPTBot/1.3; +https://openai.com/gptbot)"
66.249.73.70 - - [22/Jan/2026:07:05:50 -0500] "GET /?a=2416022ec1bge HTTP/1.1" 200 26281 "-" "Mozilla/5.0 (Linux; Android 6.0.1; Nexus 5X Build/MMB29P) AppleWebKit/537.36 (KHTML, like Gecko) Chrome/143.0.7499.192 Mobile Safari/537.36 (compatible; Googlebot/2.1; +http://www.google.com/bot.html)"
66.249.73.64 - - [22/Jan/2026:07:05:51 -0500] "GET /?a=133851051dgb7 HTTP/1.1" 200 27361 "-" "Mozilla/5.0 (Linux; Android 6.0.1; Nexus 5X Build/MMB29P) AppleWebKit/537.36 (KHTML, like Gecko) Chrome/143.0.7499.192 Mobile Safari/537.36 (compatible; Googlebot/2.1; +http://www.google.com/bot.html)"
74.7.243.232 - - [22/Jan/2026:07:05:51 -0500] "GET /?a=3118591fg1779 HTTP/1.1" 200 15216 "https://www.membuatwebsite.biz" "Mozilla/5.0 AppleWebKit/537.36 (KHTML, like Gecko; compatible; GPTBot/1.3; +https://openai.com/gptbot)"
66.249.73.72 - - [22/Jan/2026:07:05:51 -0500] "GET /?a=531855gidic8 HTTP/1.1" 200 27395 "-" "Mozilla/5.0 (Linux; Android 6.0.1; Nexus 5X Build/MMB29P) AppleWebKit/537.36 (KHTML, like Gecko) Chrome/143.0.7499.192 Mobile Safari/537.36 (compatible; Googlebot/2.1; +http://www.google.com/bot.html)"
216.73.216.223 - - [22/Jan/2026:07:05:52 -0500] "GET /page/9/?a=3598972f249d0 HTTP/1.1" 200 15248 "-" "Mozilla/5.0 AppleWebKit/537.36 (KHTML, like Gecko; compatible; ClaudeBot/1.0; +claudebot@anthropic.com)"
66.249.73.68 - - [22/Jan/2026:07:05:52 -0500] "GET /?a=3089254e94571 HTTP/1.1" 200 27377 "-" "Mozilla/5.0 (Linux; Android 6.0.1; Nexus 5X Build/MMB29P) AppleWebKit/537.36 (KHTML, like Gecko) Chrome/143.0.7499.192 Mobile Safari/537.36 (compatible; Googlebot/2.1; +http://www.google.com/bot.html)"
66.249.73.72 - - [22/Jan/2026:07:05:53 -0500] "GET /?a=4060408a2be53 HTTP/1.1" 200 26618 "-" "Mozilla/5.0 (Linux; Android 6.0.1; Nexus 5X Build/MMB29P) AppleWebKit/537.36 (KHTML, like Gecko) Chrome/143.0.7499.192 Mobile Safari/537.36 (compatible; Googlebot/2.1; +http://www.google.com/bot.html)"
74.7.227.31 - - [22/Jan/2026:07:05:53 -0500] "GET /?a=25307423b0j22 HTTP/1.1" 301 - "https://www.membuatwebsite.biz/sitemap.xml" "Mozilla/5.0 AppleWebKit/537.36 (KHTML, like Gecko; compatible; GPTBot/1.3; +https://openai.com/gptbot)"
66.249.73.71 - - [22/Jan/2026:07:05:53 -0500] "GET /?a=427860319ae1e HTTP/1.1" 200 26984 "-" "Mozilla/5.0 (Linux; Android 6.0.1; Nexus 5X Build/MMB29P) AppleWebKit/537.36 (KHTML, like Gecko) Chrome/143.0.7499.192 Mobile Safari/537.36 (compatible; Googlebot/2.1; +http://www.google.com/bot.html)"
54.39.136.106 - - [22/Jan/2026:07:05:53 -0500] "GET /tag/5-juta-jaringan-terkini/feed/ HTTP/1.1" 200 1652 "-" "Mozilla/5.0 (compatible; AhrefsBot/7.0; +http://ahrefs.com/robot/)"
66.249.65.40 - - [22/Jan/2026:07:05:54 -0500] "GET /?a=1477598e2j1h3 HTTP/1.1" 200 27308 "-" "Mozilla/5.0 (Linux; Android 6.0.1; Nexus 5X Build/MMB29P) AppleWebKit/537.36 (KHTML, like Gecko) Chrome/143.0.7499.192 Mobile Safari/537.36 (compatible; Googlebot/2.1; +http://www.google.com/bot.html)"
66.249.73.71 - - [22/Jan/2026:07:05:54 -0500] "GET /?a=2511595802e04 HTTP/1.1" 200 26254 "-" "Mozilla/5.0 (Linux; Android 6.0.1; Nexus 5X Build/MMB29P) AppleWebKit/537.36 (KHTML, like Gecko) Chrome/143.0.7499.192 Mobile Safari/537.36 (compatible; Googlebot/2.1; +http://www.google.com/bot.html)"
74.7.243.232 - - [22/Jan/2026:07:05:54 -0500] "GET /?a=15374398a1i95 HTTP/1.1" 200 15216 "https://www.membuatwebsite.biz" "Mozilla/5.0 AppleWebKit/537.36 (KHTML, like Gecko; compatible; GPTBot/1.3; +https://openai.com/gptbot)"
66.249.73.71 - - [22/Jan/2026:07:05:55 -0500] "GET /?a=2150703c5e7gj HTTP/1.1" 200 26811 "-" "Mozilla/5.0 (Linux; Android 6.0.1; Nexus 5X Build/MMB29P) AppleWebKit/537.36 (KHTML, like Gecko) Chrome/143.0.7499.192 Mobile Safari/537.36 (compatible; Googlebot/2.1; +http://www.google.com/bot.html)"
66.249.73.65 - - [22/Jan/2026:07:05:55 -0500] "GET /?a=4158680f7dd63 HTTP/1.1" 200 29344 "-" "Mozilla/5.0 (Linux; Android 6.0.1; Nexus 5X Build/MMB29P) AppleWebKit/537.36 (KHTML, like Gecko) Chrome/143.0.7499.192 Mobile Safari/537.36 (compatible; Googlebot/2.1; +http://www.google.com/bot.html)"
66.249.73.73 - - [22/Jan/2026:07:05:56 -0500] "GET /?a=3963771a4hegf HTTP/1.1" 200 27179 "-" "Mozilla/5.0 (Linux; Android 6.0.1; Nexus 5X Build/MMB29P) AppleWebKit/537.36 (KHTML, like Gecko) Chrome/143.0.7499.192 Mobile Safari/537.36 (compatible; Googlebot/2.1; +http://www.google.com/bot.html)"
74.7.227.31 - - [22/Jan/2026:07:05:56 -0500] "GET /?a=439081316bc93 HTTP/1.1" 301 - "https://www.membuatwebsite.biz/sitemap.xml" "Mozilla/5.0 AppleWebKit/537.36 (KHTML, like Gecko; compatible; GPTBot/1.3; +https://openai.com/gptbot)"
66.249.73.73 - - [22/Jan/2026:07:05:57 -0500] "GET /?a=2060736cdag2h HTTP/1.1" 200 26264 "-" "Mozilla/5.0 (Linux; Android 6.0.1; Nexus 5X Build/MMB29P) AppleWebKit/537.36 (KHTML, like Gecko) Chrome/143.0.7499.192 Mobile Safari/537.36 (compatible; Googlebot/2.1; +http://www.google.com/bot.html)"
74.7.243.232 - - [22/Jan/2026:07:05:57 -0500] "GET /?a=3122342361d8e HTTP/1.1" 200 15262 "https://www.membuatwebsite.biz" "Mozilla/5.0 AppleWebKit/537.36 (KHTML, like Gecko; compatible; GPTBot/1.3; +https://openai.com/gptbot)"
66.249.73.71 - - [22/Jan/2026:07:05:57 -0500] "GET /?a=436897118dggg HTTP/1.1" 200 27735 "-" "Mozilla/5.0 (Linux; Android 6.0.1; Nexus 5X Build/MMB29P) AppleWebKit/537.36 (KHTML, like Gecko) Chrome/143.0.7499.192 Mobile Safari/537.36 (compatible; Googlebot/2.1; +http://www.google.com/bot.html)"
216.73.216.223 - - [22/Jan/2026:07:05:58 -0500] "GET /page/144/?a=23591624df2c8 HTTP/1.1" 200 13055 "-" "Mozilla/5.0 AppleWebKit/537.36 (KHTML, like Gecko; compatible; ClaudeBot/1.0; +claudebot@anthropic.com)"
66.249.73.64 - - [22/Jan/2026:07:05:58 -0500] "GET /?a=4134600530ba1 HTTP/1.1" 200 26320 "-" "Mozilla/5.0 (Linux; Android 6.0.1; Nexus 5X Build/MMB29P) AppleWebKit/537.36 (KHTML, like Gecko) Chrome/143.0.7499.192 Mobile Safari/537.36 (compatible; Googlebot/2.1; +http://www.google.com/bot.html)"
66.249.73.72 - - [22/Jan/2026:07:05:58 -0500] "GET /?a=3343938iib683 HTTP/1.1" 200 27984 "-" "Mozilla/5.0 (Linux; Android 6.0.1; Nexus 5X Build/MMB29P) AppleWebKit/537.36 (KHTML, like Gecko) Chrome/143.0.7499.192 Mobile Safari/537.36 (compatible; Googlebot/2.1; +http://www.google.com/bot.html)"
66.249.73.73 - - [22/Jan/2026:07:05:59 -0500] "GET /?a=38135698hd1cb HTTP/1.1" 200 26902 "-" "Mozilla/5.0 (Linux; Android 6.0.1; Nexus 5X Build/MMB29P) AppleWebKit/537.36 (KHTML, like Gecko) Chrome/143.0.7499.192 Mobile Safari/537.36 (compatible; Googlebot/2.1; +http://www.google.com/bot.html)"
74.7.227.31 - - [22/Jan/2026:07:06:00 -0500] "GET /?a=1030397f8189e HTTP/1.1" 301 - "https://www.membuatwebsite.biz/sitemap.xml" "Mozilla/5.0 AppleWebKit/537.36 (KHTML, like Gecko; compatible; GPTBot/1.3; +https://openai.com/gptbot)"
66.249.73.68 - - [22/Jan/2026:07:06:00 -0500] "GET /?a=1670838f03ibg HTTP/1.1" 200 26711 "-" "Mozilla/5.0 (Linux; Android 6.0.1; Nexus 5X Build/MMB29P) AppleWebKit/537.36 (KHTML, like Gecko) Chrome/143.0.7499.192 Mobile Safari/537.36 (compatible; Googlebot/2.1; +http://www.google.com/bot.html)"
74.7.243.232 - - [22/Jan/2026:07:06:00 -0500] "GET /?a=3890558g26f55 HTTP/1.1" 200 15242 "https://www.membuatwebsite.biz" "Mozilla/5.0 AppleWebKit/537.36 (KHTML, like Gecko; compatible; GPTBot/1.3; +https://openai.com/gptbot)"
66.249.73.70 - - [22/Jan/2026:07:06:00 -0500] "GET /?a=33513c76ac8 HTTP/1.1" 200 27206 "-" "Mozilla/5.0 (Linux; Android 6.0.1; Nexus 5X Build/MMB29P) AppleWebKit/537.36 (KHTML, like Gecko) Chrome/143.0.7499.192 Mobile Safari/537.36 (compatible; Googlebot/2.1; +http://www.google.com/bot.html)"
