74.7.243.232 - - [22/Jan/2026:07:25:11 -0500] "GET /?a=44001609800e6 HTTP/1.1" 200 15242 "https://www.membuatwebsite.biz" "Mozilla/5.0 AppleWebKit/537.36 (KHTML, like Gecko; compatible; GPTBot/1.3; +https://openai.com/gptbot)"
66.249.73.68 - - [22/Jan/2026:07:25:12 -0500] "GET /resource/js/json/megadrop_2015new.json HTTP/1.1" 200 27333 "https://membuatwebsite.biz/?a=29978062feh5" "Mozilla/5.0 (Linux; Android 6.0.1; Nexus 5X Build/MMB29P) AppleWebKit/537.36 (KHTML, like Gecko) Chrome/143.0.7499.192 Mobile Safari/537.36 (compatible; Googlebot/2.1; +http://www.google.com/bot.html)"
216.73.216.223 - - [22/Jan/2026:07:25:12 -0500] "GET /page/3/?a=3872131ceb2f HTTP/1.1" 200 15411 "-" "Mozilla/5.0 AppleWebKit/537.36 (KHTML, like Gecko; compatible; ClaudeBot/1.0; +claudebot@anthropic.com)"
74.7.227.31 - - [22/Jan/2026:07:25:12 -0500] "GET /?a=857028aj3ha6 HTTP/1.1" 301 - "https://www.membuatwebsite.biz/sitemap.xml" "Mozilla/5.0 AppleWebKit/537.36 (KHTML, like Gecko; compatible; GPTBot/1.3; +https://openai.com/gptbot)"
74.7.243.232 - - [22/Jan/2026:07:25:15 -0500] "GET /?a=4041980fcc3b HTTP/1.1" 200 15241 "https://www.membuatwebsite.biz" "Mozilla/5.0 AppleWebKit/537.36 (KHTML, like Gecko; compatible; GPTBot/1.3; +https://openai.com/gptbot)"
216.73.216.223 - - [22/Jan/2026:07:25:15 -0500] "GET /page/6/?a=44061299bc55a HTTP/1.1" 200 15121 "-" "Mozilla/5.0 AppleWebKit/537.36 (KHTML, like Gecko; compatible; ClaudeBot/1.0; +claudebot@anthropic.com)"
74.7.227.31 - - [22/Jan/2026:07:25:16 -0500] "GET /?a=741742d3h3ih HTTP/1.1" 301 - "https://www.membuatwebsite.biz/sitemap.xml" "Mozilla/5.0 AppleWebKit/537.36 (KHTML, like Gecko; compatible; GPTBot/1.3; +https://openai.com/gptbot)"
74.7.243.232 - - [22/Jan/2026:07:25:18 -0500] "GET /?a=424037cg07de HTTP/1.1" 200 15186 "https://www.membuatwebsite.biz" "Mozilla/5.0 AppleWebKit/537.36 (KHTML, like Gecko; compatible; GPTBot/1.3; +https://openai.com/gptbot)"
74.7.227.31 - - [22/Jan/2026:07:25:19 -0500] "GET /?a=3443723j4dfh HTTP/1.1" 301 - "https://www.membuatwebsite.biz/sitemap.xml" "Mozilla/5.0 AppleWebKit/537.36 (KHTML, like Gecko; compatible; GPTBot/1.3; +https://openai.com/gptbot)"
66.249.73.68 - - [22/Jan/2026:07:25:20 -0500] "GET /?a=25715018agg6c HTTP/1.1" 200 26180 "-" "Mozilla/5.0 (Linux; Android 6.0.1; Nexus 5X Build/MMB29P) AppleWebKit/537.36 (KHTML, like Gecko) Chrome/143.0.7499.192 Mobile Safari/537.36 (compatible; Googlebot/2.1; +http://www.google.com/bot.html)"
66.249.73.68 - - [22/Jan/2026:07:25:20 -0500] "GET /?a=3832256d927i5 HTTP/1.1" 200 26868 "-" "Mozilla/5.0 (Linux; Android 6.0.1; Nexus 5X Build/MMB29P) AppleWebKit/537.36 (KHTML, like Gecko) Chrome/143.0.7499.192 Mobile Safari/537.36 (compatible; Googlebot/2.1; +http://www.google.com/bot.html)"
74.7.243.232 - - [22/Jan/2026:07:25:21 -0500] "GET /?a=507551bab0e4 HTTP/1.1" 200 15241 "https://www.membuatwebsite.biz" "Mozilla/5.0 AppleWebKit/537.36 (KHTML, like Gecko; compatible; GPTBot/1.3; +https://openai.com/gptbot)"
66.249.65.32 - - [22/Jan/2026:07:25:21 -0500] "GET /?a=12931223f8j60 HTTP/1.1" 200 28344 "-" "Mozilla/5.0 (compatible; Googlebot/2.1; +http://www.google.com/bot.html)"
74.7.227.31 - - [22/Jan/2026:07:25:22 -0500] "GET /?a=122886b55bjf HTTP/1.1" 301 - "https://www.membuatwebsite.biz/sitemap.xml" "Mozilla/5.0 AppleWebKit/537.36 (KHTML, like Gecko; compatible; GPTBot/1.3; +https://openai.com/gptbot)"
66.249.73.68 - - [22/Jan/2026:07:25:23 -0500] "GET /?a=32487440ia4ae HTTP/1.1" 200 26975 "-" "Mozilla/5.0 (Linux; Android 6.0.1; Nexus 5X Build/MMB29P) AppleWebKit/537.36 (KHTML, like Gecko) Chrome/143.0.7499.192 Mobile Safari/537.36 (compatible; Googlebot/2.1; +http://www.google.com/bot.html)"
74.7.243.232 - - [22/Jan/2026:07:25:24 -0500] "GET /?a=5841545ebj7i HTTP/1.1" 200 15261 "https://www.membuatwebsite.biz" "Mozilla/5.0 AppleWebKit/537.36 (KHTML, like Gecko; compatible; GPTBot/1.3; +https://openai.com/gptbot)"
66.249.73.68 - - [22/Jan/2026:07:25:25 -0500] "GET /resource/js/json/megadrop_2015new.json HTTP/1.1" 200 27333 "https://membuatwebsite.biz/?a=44516358592bh" "Mozilla/5.0 (Linux; Android 6.0.1; Nexus 5X Build/MMB29P) AppleWebKit/537.36 (KHTML, like Gecko) Chrome/143.0.7499.192 Mobile Safari/537.36 (compatible; Googlebot/2.1; +http://www.google.com/bot.html)"
74.7.227.31 - - [22/Jan/2026:07:25:25 -0500] "GET /?a=463504if3hf1 HTTP/1.1" 301 - "https://www.membuatwebsite.biz/sitemap.xml" "Mozilla/5.0 AppleWebKit/537.36 (KHTML, like Gecko; compatible; GPTBot/1.3; +https://openai.com/gptbot)"
74.7.243.232 - - [22/Jan/2026:07:25:27 -0500] "GET /?a=376508bb5g0c HTTP/1.1" 200 15260 "https://www.membuatwebsite.biz" "Mozilla/5.0 AppleWebKit/537.36 (KHTML, like Gecko; compatible; GPTBot/1.3; +https://openai.com/gptbot)"
74.7.227.31 - - [22/Jan/2026:07:25:29 -0500] "GET /?a=788131fh2g3f HTTP/1.1" 301 - "https://www.membuatwebsite.biz/sitemap.xml" "Mozilla/5.0 AppleWebKit/537.36 (KHTML, like Gecko; compatible; GPTBot/1.3; +https://openai.com/gptbot)"
74.7.243.232 - - [22/Jan/2026:07:25:30 -0500] "GET /?a=607939eeac63 HTTP/1.1" 200 15241 "https://www.membuatwebsite.biz" "Mozilla/5.0 AppleWebKit/537.36 (KHTML, like Gecko; compatible; GPTBot/1.3; +https://openai.com/gptbot)"
54.39.136.234 - - [22/Jan/2026:07:25:31 -0500] "GET /?a=9082900282j9 HTTP/1.1" 200 15241 "-" "Mozilla/5.0 (compatible; AhrefsBot/7.0; +http://ahrefs.com/robot/)"
74.7.227.31 - - [22/Jan/2026:07:25:32 -0500] "GET /?a=641650a5jfe0 HTTP/1.1" 301 - "https://www.membuatwebsite.biz/sitemap.xml" "Mozilla/5.0 AppleWebKit/537.36 (KHTML, like Gecko; compatible; GPTBot/1.3; +https://openai.com/gptbot)"
66.249.73.68 - - [22/Jan/2026:07:25:33 -0500] "GET /?a=2570979aa0776 HTTP/1.1" 200 27787 "-" "Mozilla/5.0 (Linux; Android 6.0.1; Nexus 5X Build/MMB29P) AppleWebKit/537.36 (KHTML, like Gecko) Chrome/143.0.7499.192 Mobile Safari/537.36 (compatible; Googlebot/2.1; +http://www.google.com/bot.html)"
74.7.243.232 - - [22/Jan/2026:07:25:33 -0500] "GET /?a=959325h5gb8h HTTP/1.1" 200 15187 "https://www.membuatwebsite.biz" "Mozilla/5.0 AppleWebKit/537.36 (KHTML, like Gecko; compatible; GPTBot/1.3; +https://openai.com/gptbot)"
66.249.73.68 - - [22/Jan/2026:07:25:33 -0500] "GET /?a=33203205d025i HTTP/1.1" 200 26957 "-" "Mozilla/5.0 (Linux; Android 6.0.1; Nexus 5X Build/MMB29P) AppleWebKit/537.36 (KHTML, like Gecko) Chrome/143.0.7499.192 Mobile Safari/537.36 (compatible; Googlebot/2.1; +http://www.google.com/bot.html)"
66.249.73.68 - - [22/Jan/2026:07:25:33 -0500] "GET /resource/js/json/megadrop_2015new.json HTTP/1.1" 200 27333 "https://membuatwebsite.biz/?a=3570795e9a2ce" "Mozilla/5.0 (Linux; Android 6.0.1; Nexus 5X Build/MMB29P) AppleWebKit/537.36 (KHTML, like Gecko) Chrome/143.0.7499.192 Mobile Safari/537.36 (compatible; Googlebot/2.1; +http://www.google.com/bot.html)"
20.15.133.160 - - [22/Jan/2026:07:25:33 -0500] "GET /?a=64427fgi258 HTTP/1.1" 200 27254 "-" "Mozilla/5.0 AppleWebKit/537.36 (KHTML, like Gecko; compatible; bingbot/2.0; +http://www.bing.com/bingbot.htm) Chrome/116.0.1938.76 Safari/537.36"
66.249.73.68 - - [22/Jan/2026:07:25:35 -0500] "GET /resource/js/json/megadrop_2015new.json HTTP/1.1" 200 27333 "https://membuatwebsite.biz/?a=6804559843e3" "Mozilla/5.0 (Linux; Android 6.0.1; Nexus 5X Build/MMB29P) AppleWebKit/537.36 (KHTML, like Gecko) Chrome/143.0.7499.192 Mobile Safari/537.36 (compatible; Googlebot/2.1; +http://www.google.com/bot.html)"
74.7.227.31 - - [22/Jan/2026:07:25:35 -0500] "GET /?a=275337h4cg2a HTTP/1.1" 301 - "https://www.membuatwebsite.biz/sitemap.xml" "Mozilla/5.0 AppleWebKit/537.36 (KHTML, like Gecko; compatible; GPTBot/1.3; +https://openai.com/gptbot)"
66.249.73.68 - - [22/Jan/2026:07:25:35 -0500] "GET /resource/js/json/megadrop_2015new.json HTTP/1.1" 200 27333 "https://membuatwebsite.biz/?a=3462724g3bifb" "Mozilla/5.0 (Linux; Android 6.0.1; Nexus 5X Build/MMB29P) AppleWebKit/537.36 (KHTML, like Gecko) Chrome/143.0.7499.192 Mobile Safari/537.36 (compatible; Googlebot/2.1; +http://www.google.com/bot.html)"
66.249.73.68 - - [22/Jan/2026:07:25:35 -0500] "GET /resource/js/json/megadrop_2015new.json HTTP/1.1" 200 27333 "https://membuatwebsite.biz/?a=4309067jifage" "Mozilla/5.0 (Linux; Android 6.0.1; Nexus 5X Build/MMB29P) AppleWebKit/537.36 (KHTML, like Gecko) Chrome/143.0.7499.192 Mobile Safari/537.36 (compatible; Googlebot/2.1; +http://www.google.com/bot.html)"
74.7.243.232 - - [22/Jan/2026:07:25:36 -0500] "GET /?a=403432cf2e6b HTTP/1.1" 200 15241 "https://www.membuatwebsite.biz" "Mozilla/5.0 AppleWebKit/537.36 (KHTML, like Gecko; compatible; GPTBot/1.3; +https://openai.com/gptbot)"
66.249.73.68 - - [22/Jan/2026:07:25:38 -0500] "GET /?a=1012530a99907 HTTP/1.1" 200 26300 "-" "Mozilla/5.0 (Linux; Android 6.0.1; Nexus 5X Build/MMB29P) AppleWebKit/537.36 (KHTML, like Gecko) Chrome/143.0.7499.192 Mobile Safari/537.36 (compatible; Googlebot/2.1; +http://www.google.com/bot.html)"
74.7.227.31 - - [22/Jan/2026:07:25:38 -0500] "GET /?a=869909gh1h2a HTTP/1.1" 301 - "https://www.membuatwebsite.biz/sitemap.xml" "Mozilla/5.0 AppleWebKit/537.36 (KHTML, like Gecko; compatible; GPTBot/1.3; +https://openai.com/gptbot)"
66.249.73.69 - - [22/Jan/2026:07:25:38 -0500] "GET /?a=400014287d9j1 HTTP/1.1" 200 27176 "-" "Mozilla/5.0 (Linux; Android 6.0.1; Nexus 5X Build/MMB29P) AppleWebKit/537.36 (KHTML, like Gecko) Chrome/143.0.7499.192 Mobile Safari/537.36 (compatible; Googlebot/2.1; +http://www.google.com/bot.html)"
74.7.243.232 - - [22/Jan/2026:07:25:39 -0500] "GET /?a=6175411efgi1 HTTP/1.1" 200 15261 "https://www.membuatwebsite.biz" "Mozilla/5.0 AppleWebKit/537.36 (KHTML, like Gecko; compatible; GPTBot/1.3; +https://openai.com/gptbot)"
74.7.227.31 - - [22/Jan/2026:07:25:41 -0500] "GET /?a=940021ih26hh HTTP/1.1" 301 - "https://www.membuatwebsite.biz/sitemap.xml" "Mozilla/5.0 AppleWebKit/537.36 (KHTML, like Gecko; compatible; GPTBot/1.3; +https://openai.com/gptbot)"
66.249.73.68 - - [22/Jan/2026:07:25:42 -0500] "GET /resource/js/json/megadrop_2015new.json HTTP/1.1" 200 27333 "https://membuatwebsite.biz/?a=91648ij13gf" "Mozilla/5.0 (Linux; Android 6.0.1; Nexus 5X Build/MMB29P) AppleWebKit/537.36 (KHTML, like Gecko) Chrome/143.0.7499.192 Mobile Safari/537.36 (compatible; Googlebot/2.1; +http://www.google.com/bot.html)"
74.7.243.232 - - [22/Jan/2026:07:25:42 -0500] "GET /?a=985579f65dje HTTP/1.1" 200 15215 "https://www.membuatwebsite.biz" "Mozilla/5.0 AppleWebKit/537.36 (KHTML, like Gecko; compatible; GPTBot/1.3; +https://openai.com/gptbot)"
74.7.227.31 - - [22/Jan/2026:07:25:44 -0500] "GET /?a=755747e4bhd9 HTTP/1.1" 301 - "https://www.membuatwebsite.biz/sitemap.xml" "Mozilla/5.0 AppleWebKit/537.36 (KHTML, like Gecko; compatible; GPTBot/1.3; +https://openai.com/gptbot)"
66.249.73.68 - - [22/Jan/2026:07:25:45 -0500] "GET /resource/js/json/megadrop_2015new.json HTTP/1.1" 200 27333 "https://membuatwebsite.biz/?a=3938011c341b3" "Mozilla/5.0 (Linux; Android 6.0.1; Nexus 5X Build/MMB29P) AppleWebKit/537.36 (KHTML, like Gecko) Chrome/143.0.7499.192 Mobile Safari/537.36 (compatible; Googlebot/2.1; +http://www.google.com/bot.html)"
74.7.243.232 - - [22/Jan/2026:07:25:45 -0500] "GET /?a=968158jc38ib HTTP/1.1" 200 15261 "https://www.membuatwebsite.biz" "Mozilla/5.0 AppleWebKit/537.36 (KHTML, like Gecko; compatible; GPTBot/1.3; +https://openai.com/gptbot)"
66.249.73.68 - - [22/Jan/2026:07:25:47 -0500] "GET /?a=136739464h1ji HTTP/1.1" 200 25572 "-" "Mozilla/5.0 (Linux; Android 6.0.1; Nexus 5X Build/MMB29P) AppleWebKit/537.36 (KHTML, like Gecko) Chrome/143.0.7499.192 Mobile Safari/537.36 (compatible; Googlebot/2.1; +http://www.google.com/bot.html)"
74.7.227.31 - - [22/Jan/2026:07:25:48 -0500] "GET /?a=446202ihd8h0 HTTP/1.1" 301 - "https://www.membuatwebsite.biz/sitemap.xml" "Mozilla/5.0 AppleWebKit/537.36 (KHTML, like Gecko; compatible; GPTBot/1.3; +https://openai.com/gptbot)"
66.249.65.46 - - [22/Jan/2026:07:25:48 -0500] "GET /?a=3977728867fc1 HTTP/1.1" 200 27120 "-" "Mozilla/5.0 (Linux; Android 6.0.1; Nexus 5X Build/MMB29P) AppleWebKit/537.36 (KHTML, like Gecko) Chrome/143.0.7499.192 Mobile Safari/537.36 (compatible; Googlebot/2.1; +http://www.google.com/bot.html)"
66.249.73.68 - - [22/Jan/2026:07:25:48 -0500] "GET /resource/js/json/megadrop_2015new.json HTTP/1.1" 200 27333 "https://membuatwebsite.biz/?a=337895685d95d" "Mozilla/5.0 (Linux; Android 6.0.1; Nexus 5X Build/MMB29P) AppleWebKit/537.36 (KHTML, like Gecko) Chrome/143.0.7499.192 Mobile Safari/537.36 (compatible; Googlebot/2.1; +http://www.google.com/bot.html)"
74.7.243.232 - - [22/Jan/2026:07:25:48 -0500] "GET /?a=741742d3h3ih HTTP/1.1" 200 15261 "https://www.membuatwebsite.biz" "Mozilla/5.0 AppleWebKit/537.36 (KHTML, like Gecko; compatible; GPTBot/1.3; +https://openai.com/gptbot)"
74.7.227.31 - - [22/Jan/2026:07:25:51 -0500] "GET /?a=985668aj93de HTTP/1.1" 301 - "https://www.membuatwebsite.biz/sitemap.xml" "Mozilla/5.0 AppleWebKit/537.36 (KHTML, like Gecko; compatible; GPTBot/1.3; +https://openai.com/gptbot)"
114.119.136.160 - - [22/Jan/2026:07:25:51 -0500] "GET /?a=2027198ha76b1 HTTP/1.1" 200 15242 "https://membuatwebsite.biz/sitemap.xmlsitemap:https:/membuatwebsite.biz/sitemap-1.xml" "Mozilla/5.0 (Linux; Android 7.0;) AppleWebKit/537.36 (KHTML, like Gecko) Mobile Safari/537.36 (compatible; PetalBot;+https://webmaster.petalsearch.com/site/petalbot)"
66.249.73.68 - - [22/Jan/2026:07:25:51 -0500] "GET /resource/js/json/megadrop_2015new.json HTTP/1.1" 200 27333 "https://membuatwebsite.biz/?a=2148064j01239" "Mozilla/5.0 (Linux; Android 6.0.1; Nexus 5X Build/MMB29P) AppleWebKit/537.36 (KHTML, like Gecko) Chrome/143.0.7499.192 Mobile Safari/537.36 (compatible; Googlebot/2.1; +http://www.google.com/bot.html)"
74.7.243.232 - - [22/Jan/2026:07:25:52 -0500] "GET /?a=3443723j4dfh HTTP/1.1" 200 15215 "https://www.membuatwebsite.biz" "Mozilla/5.0 AppleWebKit/537.36 (KHTML, like Gecko; compatible; GPTBot/1.3; +https://openai.com/gptbot)"
66.249.73.69 - - [22/Jan/2026:07:25:52 -0500] "GET /resource/js/json/megadrop_2015new.json HTTP/1.1" 200 27333 "https://membuatwebsite.biz/?a=20345465jg6a0" "Mozilla/5.0 (Linux; Android 6.0.1; Nexus 5X Build/MMB29P) AppleWebKit/537.36 (KHTML, like Gecko) Chrome/143.0.7499.192 Mobile Safari/537.36 (compatible; Googlebot/2.1; +http://www.google.com/bot.html)"
66.249.73.69 - - [22/Jan/2026:07:25:53 -0500] "GET /?a=3487549aa3cea HTTP/1.1" 200 26900 "-" "Mozilla/5.0 (Linux; Android 6.0.1; Nexus 5X Build/MMB29P) AppleWebKit/537.36 (KHTML, like Gecko) Chrome/143.0.7499.192 Mobile Safari/537.36 (compatible; Googlebot/2.1; +http://www.google.com/bot.html)"
66.249.65.46 - - [22/Jan/2026:07:25:53 -0500] "GET /?a=3704086dc969 HTTP/1.1" 200 26306 "-" "Mozilla/5.0 (Linux; Android 6.0.1; Nexus 5X Build/MMB29P) AppleWebKit/537.36 (KHTML, like Gecko) Chrome/143.0.7499.192 Mobile Safari/537.36 (compatible; Googlebot/2.1; +http://www.google.com/bot.html)"
74.7.227.31 - - [22/Jan/2026:07:25:54 -0500] "GET /?a=118724jeg1a5 HTTP/1.1" 301 - "https://www.membuatwebsite.biz/sitemap.xml" "Mozilla/5.0 AppleWebKit/537.36 (KHTML, like Gecko; compatible; GPTBot/1.3; +https://openai.com/gptbot)"
74.7.243.232 - - [22/Jan/2026:07:25:55 -0500] "GET /?a=122886b55bjf HTTP/1.1" 200 15241 "https://www.membuatwebsite.biz" "Mozilla/5.0 AppleWebKit/537.36 (KHTML, like Gecko; compatible; GPTBot/1.3; +https://openai.com/gptbot)"
216.73.216.223 - - [22/Jan/2026:07:25:57 -0500] "GET /page/7/?a=3530451e33215 HTTP/1.1" 200 15316 "-" "Mozilla/5.0 AppleWebKit/537.36 (KHTML, like Gecko; compatible; ClaudeBot/1.0; +claudebot@anthropic.com)"
74.7.227.31 - - [22/Jan/2026:07:25:57 -0500] "GET /?a=125216ja2f8g HTTP/1.1" 301 - "https://www.membuatwebsite.biz/sitemap.xml" "Mozilla/5.0 AppleWebKit/537.36 (KHTML, like Gecko; compatible; GPTBot/1.3; +https://openai.com/gptbot)"
74.7.243.232 - - [22/Jan/2026:07:25:58 -0500] "GET /?a=463504if3hf1 HTTP/1.1" 200 15241 "https://www.membuatwebsite.biz" "Mozilla/5.0 AppleWebKit/537.36 (KHTML, like Gecko; compatible; GPTBot/1.3; +https://openai.com/gptbot)"
216.73.216.223 - - [22/Jan/2026:07:25:59 -0500] "GET /page/2/?a=363101ih3j2d HTTP/1.1" 200 15530 "-" "Mozilla/5.0 AppleWebKit/537.36 (KHTML, like Gecko; compatible; ClaudeBot/1.0; +claudebot@anthropic.com)"
74.7.227.31 - - [22/Jan/2026:07:26:00 -0500] "GET /?a=539944c2ja4g HTTP/1.1" 301 - "https://www.membuatwebsite.biz/sitemap.xml" "Mozilla/5.0 AppleWebKit/537.36 (KHTML, like Gecko; compatible; GPTBot/1.3; +https://openai.com/gptbot)"
74.7.243.232 - - [22/Jan/2026:07:26:01 -0500] "GET /?a=788131fh2g3f HTTP/1.1" 200 15187 "https://www.membuatwebsite.biz" "Mozilla/5.0 AppleWebKit/537.36 (KHTML, like Gecko; compatible; GPTBot/1.3; +https://openai.com/gptbot)"
66.249.73.69 - - [22/Jan/2026:07:26:02 -0500] "GET /?a=35181790081gc HTTP/1.1" 200 26405 "-" "Mozilla/5.0 (Linux; Android 6.0.1; Nexus 5X Build/MMB29P) AppleWebKit/537.36 (KHTML, like Gecko) Chrome/143.0.7499.192 Mobile Safari/537.36 (compatible; Googlebot/2.1; +http://www.google.com/bot.html)"
216.73.216.223 - - [22/Jan/2026:07:26:02 -0500] "GET /?a=311452bh6cg3 HTTP/1.1" 200 15215 "-" "Mozilla/5.0 AppleWebKit/537.36 (KHTML, like Gecko; compatible; ClaudeBot/1.0; +claudebot@anthropic.com)"
74.7.227.31 - - [22/Jan/2026:07:26:03 -0500] "GET /?a=5400586d5fcg HTTP/1.1" 301 - "https://www.membuatwebsite.biz/sitemap.xml" "Mozilla/5.0 AppleWebKit/537.36 (KHTML, like Gecko; compatible; GPTBot/1.3; +https://openai.com/gptbot)"
74.7.243.232 - - [22/Jan/2026:07:26:04 -0500] "GET /?a=641650a5jfe0 HTTP/1.1" 200 15186 "https://www.membuatwebsite.biz" "Mozilla/5.0 AppleWebKit/537.36 (KHTML, like Gecko; compatible; GPTBot/1.3; +https://openai.com/gptbot)"
216.73.216.223 - - [22/Jan/2026:07:26:05 -0500] "GET /page/13/?a=3415047745bc3 HTTP/1.1" 200 15347 "-" "Mozilla/5.0 AppleWebKit/537.36 (KHTML, like Gecko; compatible; ClaudeBot/1.0; +claudebot@anthropic.com)"
74.7.227.31 - - [22/Jan/2026:07:26:06 -0500] "GET /?a=3823924cf0cd HTTP/1.1" 301 - "https://www.membuatwebsite.biz/sitemap.xml" "Mozilla/5.0 AppleWebKit/537.36 (KHTML, like Gecko; compatible; GPTBot/1.3; +https://openai.com/gptbot)"
74.7.243.232 - - [22/Jan/2026:07:26:08 -0500] "GET /?a=275337h4cg2a HTTP/1.1" 200 15186 "https://www.membuatwebsite.biz" "Mozilla/5.0 AppleWebKit/537.36 (KHTML, like Gecko; compatible; GPTBot/1.3; +https://openai.com/gptbot)"
216.73.216.223 - - [22/Jan/2026:07:26:08 -0500] "GET /page/140/?a=122394881fc15 HTTP/1.1" 200 15456 "-" "Mozilla/5.0 AppleWebKit/537.36 (KHTML, like Gecko; compatible; ClaudeBot/1.0; +claudebot@anthropic.com)"
74.7.227.31 - - [22/Jan/2026:07:26:10 -0500] "GET /?a=31855090ghab HTTP/1.1" 301 - "https://www.membuatwebsite.biz/sitemap.xml" "Mozilla/5.0 AppleWebKit/537.36 (KHTML, like Gecko; compatible; GPTBot/1.3; +https://openai.com/gptbot)"
74.7.243.232 - - [22/Jan/2026:07:26:11 -0500] "GET /?a=869909gh1h2a HTTP/1.1" 200 15186 "https://www.membuatwebsite.biz" "Mozilla/5.0 AppleWebKit/537.36 (KHTML, like Gecko; compatible; GPTBot/1.3; +https://openai.com/gptbot)"
66.249.73.68 - - [22/Jan/2026:07:26:12 -0500] "GET /?a=2709068231h2e HTTP/1.1" 200 27301 "-" "Mozilla/5.0 (Linux; Android 6.0.1; Nexus 5X Build/MMB29P) AppleWebKit/537.36 (KHTML, like Gecko) Chrome/143.0.7499.192 Mobile Safari/537.36 (compatible; Googlebot/2.1; +http://www.google.com/bot.html)"
216.73.216.223 - - [22/Jan/2026:07:26:11 -0500] "GET /page/8/?a=16645178c70d9 HTTP/1.1" 200 15520 "-" "Mozilla/5.0 AppleWebKit/537.36 (KHTML, like Gecko; compatible; ClaudeBot/1.0; +claudebot@anthropic.com)"
66.249.73.69 - - [22/Jan/2026:07:26:12 -0500] "GET /?a=169790642gf46 HTTP/1.1" 200 26656 "-" "Mozilla/5.0 (Linux; Android 6.0.1; Nexus 5X Build/MMB29P) AppleWebKit/537.36 (KHTML, like Gecko) Chrome/143.0.7499.192 Mobile Safari/537.36 (compatible; Googlebot/2.1; +http://www.google.com/bot.html)"
74.7.227.31 - - [22/Jan/2026:07:26:13 -0500] "GET /?a=6310810jf1dj HTTP/1.1" 301 - "https://www.membuatwebsite.biz/sitemap.xml" "Mozilla/5.0 AppleWebKit/537.36 (KHTML, like Gecko; compatible; GPTBot/1.3; +https://openai.com/gptbot)"
74.7.243.232 - - [22/Jan/2026:07:26:14 -0500] "GET /?a=940021ih26hh HTTP/1.1" 200 15186 "https://www.membuatwebsite.biz" "Mozilla/5.0 AppleWebKit/537.36 (KHTML, like Gecko; compatible; GPTBot/1.3; +https://openai.com/gptbot)"
216.73.216.223 - - [22/Jan/2026:07:26:14 -0500] "GET /page/3/?a=397232884891 HTTP/1.1" 200 15337 "-" "Mozilla/5.0 AppleWebKit/537.36 (KHTML, like Gecko; compatible; ClaudeBot/1.0; +claudebot@anthropic.com)"
74.7.227.31 - - [22/Jan/2026:07:26:16 -0500] "GET /?a=740846g0iea5 HTTP/1.1" 301 - "https://www.membuatwebsite.biz/sitemap.xml" "Mozilla/5.0 AppleWebKit/537.36 (KHTML, like Gecko; compatible; GPTBot/1.3; +https://openai.com/gptbot)"
47.128.30.249 - - [22/Jan/2026:07:26:16 -0500] "GET /author/sulaeman/page/43/ HTTP/1.1" 200 14598 "-" "Mozilla/5.0 (Linux; Android 5.0) AppleWebKit/537.36 (KHTML, like Gecko) Mobile Safari/537.36 (compatible; Bytespider; spider-feedback@bytedance.com)"
74.7.243.232 - - [22/Jan/2026:07:26:17 -0500] "GET /?a=755747e4bhd9 HTTP/1.1" 200 15241 "https://www.membuatwebsite.biz" "Mozilla/5.0 AppleWebKit/537.36 (KHTML, like Gecko; compatible; GPTBot/1.3; +https://openai.com/gptbot)"
47.128.30.249 - - [22/Jan/2026:07:26:18 -0500] "GET /wp-content/uploads/2016/02/Manfaat-Spa-Bagi-Tubuh.jpeg HTTP/1.1" 200 7914 "https://membuatwebsite.biz/author/sulaeman/page/43/" "Mozilla/5.0 (Linux; Android 5.0) AppleWebKit/537.36 (KHTML, like Gecko) Mobile Safari/537.36 (compatible; Bytespider; spider-feedback@bytedance.com)"
216.73.216.223 - - [22/Jan/2026:07:26:17 -0500] "GET /page/6/?a=23474b50ch3 HTTP/1.1" 200 15060 "-" "Mozilla/5.0 AppleWebKit/537.36 (KHTML, like Gecko; compatible; ClaudeBot/1.0; +claudebot@anthropic.com)"
47.128.30.249 - - [22/Jan/2026:07:26:18 -0500] "GET /wp-content/uploads/2016/02/Medikal-Spa-Surabaya-Untuk-Ibu-Hamil.jpg HTTP/1.1" 200 149779 "https://membuatwebsite.biz/author/sulaeman/page/43/" "Mozilla/5.0 (Linux; Android 5.0) AppleWebKit/537.36 (KHTML, like Gecko) Mobile Safari/537.36 (compatible; Bytespider; spider-feedback@bytedance.com)"
47.128.30.249 - - [22/Jan/2026:07:26:18 -0500] "GET /wp-content/uploads/2016/02/Dokter-Kecantikan-di-Surabaya.jpg HTTP/1.1" 200 70044 "https://membuatwebsite.biz/author/sulaeman/page/43/" "Mozilla/5.0 (Linux; Android 5.0) AppleWebKit/537.36 (KHTML, like Gecko) Mobile Safari/537.36 (compatible; Bytespider; spider-feedback@bytedance.com)"
47.128.30.249 - - [22/Jan/2026:07:26:18 -0500] "GET /wp-content/uploads/2016/02/Bosan-Disebut-Kutu-Buku-Beli-Kacamata-Online-Trendy-Dengan-Tips-Berikut-Ini.jpg HTTP/1.1" 200 5818 "https://membuatwebsite.biz/author/sulaeman/page/43/" "Mozilla/5.0 (Linux; Android 5.0) AppleWebKit/537.36 (KHTML, like Gecko) Mobile Safari/537.36 (compatible; Bytespider; spider-feedback@bytedance.com)"
47.128.30.249 - - [22/Jan/2026:07:26:18 -0500] "GET /wp-content/uploads/2016/02/Melakukan-Perawatan-di-Klinik-Kecantikan-Terbaik-Jakarta.jpg HTTP/1.1" 200 35725 "https://membuatwebsite.biz/author/sulaeman/page/43/" "Mozilla/5.0 (Linux; Android 5.0) AppleWebKit/537.36 (KHTML, like Gecko) Mobile Safari/537.36 (compatible; Bytespider; spider-feedback@bytedance.com)"
47.128.30.249 - - [22/Jan/2026:07:26:18 -0500] "GET /wp-content/uploads/2016/02/Pemasaran-Bisnis-Anda-Dengan-Menggunakan-Google-Adwords.jpg HTTP/1.1" 200 31026 "https://membuatwebsite.biz/author/sulaeman/page/43/" "Mozilla/5.0 (Linux; Android 5.0) AppleWebKit/537.36 (KHTML, like Gecko) Mobile Safari/537.36 (compatible; Bytespider; spider-feedback@bytedance.com)"
47.128.30.249 - - [22/Jan/2026:07:26:19 -0500] "GET /wp-content/uploads/2016/02/Tips-Menghadapi-Pesaing-Dengan-Jasa-Pembuatan-Website-768x407.jpg HTTP/1.1" 200 99465 "https://membuatwebsite.biz/author/sulaeman/page/43/" "Mozilla/5.0 (Linux; Android 5.0) AppleWebKit/537.36 (KHTML, like Gecko) Mobile Safari/537.36 (compatible; Bytespider; spider-feedback@bytedance.com)"
74.7.227.31 - - [22/Jan/2026:07:26:19 -0500] "GET /?a=874544ei75ec HTTP/1.1" 301 - "https://www.membuatwebsite.biz/sitemap.xml" "Mozilla/5.0 AppleWebKit/537.36 (KHTML, like Gecko; compatible; GPTBot/1.3; +https://openai.com/gptbot)"
74.7.243.232 - - [22/Jan/2026:07:26:20 -0500] "GET /?a=446202ihd8h0 HTTP/1.1" 200 15186 "https://www.membuatwebsite.biz" "Mozilla/5.0 AppleWebKit/537.36 (KHTML, like Gecko; compatible; GPTBot/1.3; +https://openai.com/gptbot)"
216.73.216.223 - - [22/Jan/2026:07:26:20 -0500] "GET /page/9/?a=2634375ffdgh4 HTTP/1.1" 200 15309 "-" "Mozilla/5.0 AppleWebKit/537.36 (KHTML, like Gecko; compatible; ClaudeBot/1.0; +claudebot@anthropic.com)"
74.7.227.31 - - [22/Jan/2026:07:26:22 -0500] "GET /?a=986218j2jh1h HTTP/1.1" 301 - "https://www.membuatwebsite.biz/sitemap.xml" "Mozilla/5.0 AppleWebKit/537.36 (KHTML, like Gecko; compatible; GPTBot/1.3; +https://openai.com/gptbot)"
74.7.243.232 - - [22/Jan/2026:07:26:23 -0500] "GET /?a=985668aj93de HTTP/1.1" 200 15214 "https://www.membuatwebsite.biz" "Mozilla/5.0 AppleWebKit/537.36 (KHTML, like Gecko; compatible; GPTBot/1.3; +https://openai.com/gptbot)"
216.73.216.223 - - [22/Jan/2026:07:26:23 -0500] "GET /page/6/?a=3069118b60e93 HTTP/1.1" 200 15094 "-" "Mozilla/5.0 AppleWebKit/537.36 (KHTML, like Gecko; compatible; ClaudeBot/1.0; +claudebot@anthropic.com)"
74.7.227.31 - - [22/Jan/2026:07:26:25 -0500] "GET /?a=767541i9cib5 HTTP/1.1" 301 - "https://www.membuatwebsite.biz/sitemap.xml" "Mozilla/5.0 AppleWebKit/537.36 (KHTML, like Gecko; compatible; GPTBot/1.3; +https://openai.com/gptbot)"
66.249.73.68 - - [22/Jan/2026:07:26:26 -0500] "GET /?a=15480669ac469 HTTP/1.1" 200 28409 "-" "Mozilla/5.0 (Linux; Android 6.0.1; Nexus 5X Build/MMB29P) AppleWebKit/537.36 (KHTML, like Gecko) Chrome/143.0.7499.192 Mobile Safari/537.36 (compatible; Googlebot/2.1; +http://www.google.com/bot.html)"
66.249.73.68 - - [22/Jan/2026:07:26:26 -0500] "GET /?a=3247602f53b6h HTTP/1.1" 200 28446 "-" "Mozilla/5.0 (Linux; Android 6.0.1; Nexus 5X Build/MMB29P) AppleWebKit/537.36 (KHTML, like Gecko) Chrome/143.0.7499.192 Mobile Safari/537.36 (compatible; Googlebot/2.1; +http://www.google.com/bot.html)"
216.73.216.223 - - [22/Jan/2026:07:26:26 -0500] "GET /page/3/?a=896759d16bgj HTTP/1.1" 200 15337 "-" "Mozilla/5.0 AppleWebKit/537.36 (KHTML, like Gecko; compatible; ClaudeBot/1.0; +claudebot@anthropic.com)"
74.7.243.232 - - [22/Jan/2026:07:26:27 -0500] "GET /?a=118724jeg1a5 HTTP/1.1" 200 15261 "https://www.membuatwebsite.biz" "Mozilla/5.0 AppleWebKit/537.36 (KHTML, like Gecko; compatible; GPTBot/1.3; +https://openai.com/gptbot)"
74.7.227.31 - - [22/Jan/2026:07:26:28 -0500] "GET /?a=634220iic44a HTTP/1.1" 301 - "https://www.membuatwebsite.biz/sitemap.xml" "Mozilla/5.0 AppleWebKit/537.36 (KHTML, like Gecko; compatible; GPTBot/1.3; +https://openai.com/gptbot)"
216.73.216.223 - - [22/Jan/2026:07:26:29 -0500] "GET /?a=2526188h987h HTTP/1.1" 200 15241 "-" "Mozilla/5.0 AppleWebKit/537.36 (KHTML, like Gecko; compatible; ClaudeBot/1.0; +claudebot@anthropic.com)"
74.7.243.232 - - [22/Jan/2026:07:26:30 -0500] "GET /?a=125216ja2f8g HTTP/1.1" 200 15214 "https://www.membuatwebsite.biz" "Mozilla/5.0 AppleWebKit/537.36 (KHTML, like Gecko; compatible; GPTBot/1.3; +https://openai.com/gptbot)"
66.249.65.33 - - [22/Jan/2026:07:26:31 -0500] "GET /?a=24181526d6622 HTTP/1.1" 200 28773 "-" "Mozilla/5.0 (Linux; Android 6.0.1; Nexus 5X Build/MMB29P) AppleWebKit/537.36 (KHTML, like Gecko) Chrome/143.0.7499.192 Mobile Safari/537.36 (compatible; Googlebot/2.1; +http://www.google.com/bot.html)"
66.249.65.46 - - [22/Jan/2026:07:26:31 -0500] "GET /?a=277579aj7baa HTTP/1.1" 200 25948 "-" "Mozilla/5.0 (Linux; Android 6.0.1; Nexus 5X Build/MMB29P) AppleWebKit/537.36 (KHTML, like Gecko) Chrome/143.0.7499.192 Mobile Safari/537.36 (compatible; Googlebot/2.1; +http://www.google.com/bot.html)"
66.249.73.68 - - [22/Jan/2026:07:26:31 -0500] "GET /?a=39778731c0878 HTTP/1.1" 200 28029 "-" "Mozilla/5.0 (Linux; Android 6.0.1; Nexus 5X Build/MMB29P) AppleWebKit/537.36 (KHTML, like Gecko) Chrome/143.0.7499.192 Mobile Safari/537.36 (compatible; Googlebot/2.1; +http://www.google.com/bot.html)"
74.7.227.31 - - [22/Jan/2026:07:26:32 -0500] "GET /?a=7866454g2ed HTTP/1.1" 301 - "https://www.membuatwebsite.biz/sitemap.xml" "Mozilla/5.0 AppleWebKit/537.36 (KHTML, like Gecko; compatible; GPTBot/1.3; +https://openai.com/gptbot)"
216.73.216.223 - - [22/Jan/2026:07:26:32 -0500] "GET /page/4/?a=803065bci03e HTTP/1.1" 200 15230 "-" "Mozilla/5.0 AppleWebKit/537.36 (KHTML, like Gecko; compatible; ClaudeBot/1.0; +claudebot@anthropic.com)"
74.7.243.232 - - [22/Jan/2026:07:26:33 -0500] "GET /?a=539944c2ja4g HTTP/1.1" 200 15241 "https://www.membuatwebsite.biz" "Mozilla/5.0 AppleWebKit/537.36 (KHTML, like Gecko; compatible; GPTBot/1.3; +https://openai.com/gptbot)"
74.7.227.31 - - [22/Jan/2026:07:26:35 -0500] "GET /?a=1673468aeb5 HTTP/1.1" 301 - "https://www.membuatwebsite.biz/sitemap.xml" "Mozilla/5.0 AppleWebKit/537.36 (KHTML, like Gecko; compatible; GPTBot/1.3; +https://openai.com/gptbot)"
216.73.216.223 - - [22/Jan/2026:07:26:35 -0500] "GET /page/2/?a=497339aig0d3 HTTP/1.1" 200 15469 "-" "Mozilla/5.0 AppleWebKit/537.36 (KHTML, like Gecko; compatible; ClaudeBot/1.0; +claudebot@anthropic.com)"
167.114.139.8 - - [22/Jan/2026:07:26:36 -0500] "GET /?a=84214913b92j HTTP/1.1" 200 15215 "-" "Mozilla/5.0 (compatible; AhrefsBot/7.0; +http://ahrefs.com/robot/)"
74.7.227.31 - - [22/Jan/2026:07:26:38 -0500] "GET /?a=10951696i5558 HTTP/1.1" 301 - "https://www.membuatwebsite.biz/sitemap.xml" "Mozilla/5.0 AppleWebKit/537.36 (KHTML, like Gecko; compatible; GPTBot/1.3; +https://openai.com/gptbot)"
74.7.243.232 - - [22/Jan/2026:07:26:36 -0500] "GET /?a=5400586d5fcg HTTP/1.1" 200 15211 "https://www.membuatwebsite.biz" "Mozilla/5.0 AppleWebKit/537.36 (KHTML, like Gecko; compatible; GPTBot/1.3; +https://openai.com/gptbot)"
216.73.216.223 - - [22/Jan/2026:07:26:38 -0500] "GET /page/143/?a=705366ffd8g3 HTTP/1.1" 200 14933 "-" "Mozilla/5.0 AppleWebKit/537.36 (KHTML, like Gecko; compatible; ClaudeBot/1.0; +claudebot@anthropic.com)"
74.7.243.232 - - [22/Jan/2026:07:26:39 -0500] "GET /?a=3823924cf0cd HTTP/1.1" 200 15240 "https://www.membuatwebsite.biz" "Mozilla/5.0 AppleWebKit/537.36 (KHTML, like Gecko; compatible; GPTBot/1.3; +https://openai.com/gptbot)"
74.7.227.31 - - [22/Jan/2026:07:26:41 -0500] "GET /?a=411156678576g HTTP/1.1" 301 - "https://www.membuatwebsite.biz/sitemap.xml" "Mozilla/5.0 AppleWebKit/537.36 (KHTML, like Gecko; compatible; GPTBot/1.3; +https://openai.com/gptbot)"
66.249.73.68 - - [22/Jan/2026:07:26:41 -0500] "GET /?a=25189370591ca HTTP/1.1" 200 27065 "-" "Mozilla/5.0 (Linux; Android 6.0.1; Nexus 5X Build/MMB29P) AppleWebKit/537.36 (KHTML, like Gecko) Chrome/143.0.7499.192 Mobile Safari/537.36 (compatible; Googlebot/2.1; +http://www.google.com/bot.html)"
216.73.216.223 - - [22/Jan/2026:07:26:41 -0500] "GET /page/3/?a=850804ac88ef HTTP/1.1" 200 15383 "-" "Mozilla/5.0 AppleWebKit/537.36 (KHTML, like Gecko; compatible; ClaudeBot/1.0; +claudebot@anthropic.com)"
66.249.73.68 - - [22/Jan/2026:07:26:42 -0500] "GET /?a=3767791d257f5 HTTP/1.1" 200 27574 "-" "Mozilla/5.0 (Linux; Android 6.0.1; Nexus 5X Build/MMB29P) AppleWebKit/537.36 (KHTML, like Gecko) Chrome/143.0.7499.192 Mobile Safari/537.36 (compatible; Googlebot/2.1; +http://www.google.com/bot.html)"
74.7.243.232 - - [22/Jan/2026:07:26:43 -0500] "GET /?a=31855090ghab HTTP/1.1" 200 15241 "https://www.membuatwebsite.biz" "Mozilla/5.0 AppleWebKit/537.36 (KHTML, like Gecko; compatible; GPTBot/1.3; +https://openai.com/gptbot)"
74.7.227.31 - - [22/Jan/2026:07:26:44 -0500] "GET /?a=3744123g00056 HTTP/1.1" 301 - "https://www.membuatwebsite.biz/sitemap.xml" "Mozilla/5.0 AppleWebKit/537.36 (KHTML, like Gecko; compatible; GPTBot/1.3; +https://openai.com/gptbot)"
216.73.216.223 - - [22/Jan/2026:07:26:44 -0500] "GET /page/8/?a=238018451ff72 HTTP/1.1" 200 15487 "-" "Mozilla/5.0 AppleWebKit/537.36 (KHTML, like Gecko; compatible; ClaudeBot/1.0; +claudebot@anthropic.com)"
74.7.243.232 - - [22/Jan/2026:07:26:46 -0500] "GET /?a=6310810jf1dj HTTP/1.1" 200 15241 "https://www.membuatwebsite.biz" "Mozilla/5.0 AppleWebKit/537.36 (KHTML, like Gecko; compatible; GPTBot/1.3; +https://openai.com/gptbot)"
66.249.73.68 - - [22/Jan/2026:07:26:47 -0500] "GET /?a=3882815eha66j HTTP/1.1" 200 27033 "-" "Mozilla/5.0 (Linux; Android 6.0.1; Nexus 5X Build/MMB29P) AppleWebKit/537.36 (KHTML, like Gecko) Chrome/143.0.7499.192 Mobile Safari/537.36 (compatible; Googlebot/2.1; +http://www.google.com/bot.html)"
66.249.73.68 - - [22/Jan/2026:07:26:47 -0500] "GET /?a=2448788egg23g HTTP/1.1" 200 27771 "-" "Mozilla/5.0 (Linux; Android 6.0.1; Nexus 5X Build/MMB29P) AppleWebKit/537.36 (KHTML, like Gecko) Chrome/143.0.7499.192 Mobile Safari/537.36 (compatible; Googlebot/2.1; +http://www.google.com/bot.html)"
74.7.227.31 - - [22/Jan/2026:07:26:47 -0500] "GET /?a=709580451eb HTTP/1.1" 301 - "https://www.membuatwebsite.biz/sitemap.xml" "Mozilla/5.0 AppleWebKit/537.36 (KHTML, like Gecko; compatible; GPTBot/1.3; +https://openai.com/gptbot)"
216.73.216.223 - - [22/Jan/2026:07:26:47 -0500] "GET /page/3/?a=220428536600f HTTP/1.1" 200 15330 "-" "Mozilla/5.0 AppleWebKit/537.36 (KHTML, like Gecko; compatible; ClaudeBot/1.0; +claudebot@anthropic.com)"
74.7.243.232 - - [22/Jan/2026:07:26:49 -0500] "GET /?a=740846g0iea5 HTTP/1.1" 200 15185 "https://www.membuatwebsite.biz" "Mozilla/5.0 AppleWebKit/537.36 (KHTML, like Gecko; compatible; GPTBot/1.3; +https://openai.com/gptbot)"
74.7.227.31 - - [22/Jan/2026:07:26:50 -0500] "GET /?a=890859hh9h8c HTTP/1.1" 301 - "https://www.membuatwebsite.biz/sitemap.xml" "Mozilla/5.0 AppleWebKit/537.36 (KHTML, like Gecko; compatible; GPTBot/1.3; +https://openai.com/gptbot)"
216.73.216.223 - - [22/Jan/2026:07:26:50 -0500] "GET /?a=2554189h02h6b HTTP/1.1" 200 15263 "-" "Mozilla/5.0 AppleWebKit/537.36 (KHTML, like Gecko; compatible; ClaudeBot/1.0; +claudebot@anthropic.com)"
74.7.243.232 - - [22/Jan/2026:07:26:52 -0500] "GET /?a=874544ei75ec HTTP/1.1" 200 15261 "https://www.membuatwebsite.biz" "Mozilla/5.0 AppleWebKit/537.36 (KHTML, like Gecko; compatible; GPTBot/1.3; +https://openai.com/gptbot)"
74.7.227.31 - - [22/Jan/2026:07:26:54 -0500] "GET /?a=16728678ddda HTTP/1.1" 301 - "https://www.membuatwebsite.biz/sitemap.xml" "Mozilla/5.0 AppleWebKit/537.36 (KHTML, like Gecko; compatible; GPTBot/1.3; +https://openai.com/gptbot)"
216.73.216.223 - - [22/Jan/2026:07:26:53 -0500] "GET /page/7/?a=1891840a2dcb3 HTTP/1.1" 200 15304 "-" "Mozilla/5.0 AppleWebKit/537.36 (KHTML, like Gecko; compatible; ClaudeBot/1.0; +claudebot@anthropic.com)"
74.7.243.232 - - [22/Jan/2026:07:26:55 -0500] "GET /?a=986218j2jh1h HTTP/1.1" 200 15261 "https://www.membuatwebsite.biz" "Mozilla/5.0 AppleWebKit/537.36 (KHTML, like Gecko; compatible; GPTBot/1.3; +https://openai.com/gptbot)"
216.73.216.223 - - [22/Jan/2026:07:26:56 -0500] "GET /page/140/?a=59545206e4d2 HTTP/1.1" 200 15483 "-" "Mozilla/5.0 AppleWebKit/537.36 (KHTML, like Gecko; compatible; ClaudeBot/1.0; +claudebot@anthropic.com)"
74.7.227.31 - - [22/Jan/2026:07:26:57 -0500] "GET /?a=6662178eahi1 HTTP/1.1" 301 - "https://www.membuatwebsite.biz/sitemap.xml" "Mozilla/5.0 AppleWebKit/537.36 (KHTML, like Gecko; compatible; GPTBot/1.3; +https://openai.com/gptbot)"
74.7.243.232 - - [22/Jan/2026:07:26:58 -0500] "GET /?a=767541i9cib5 HTTP/1.1" 200 15215 "https://www.membuatwebsite.biz" "Mozilla/5.0 AppleWebKit/537.36 (KHTML, like Gecko; compatible; GPTBot/1.3; +https://openai.com/gptbot)"
66.249.73.68 - - [22/Jan/2026:07:26:59 -0500] "GET /?a=2046419c2089h HTTP/1.1" 200 27630 "-" "Mozilla/5.0 (Linux; Android 6.0.1; Nexus 5X Build/MMB29P) AppleWebKit/537.36 (KHTML, like Gecko) Chrome/143.0.7499.192 Mobile Safari/537.36 (compatible; Googlebot/2.1; +http://www.google.com/bot.html)"
66.249.73.68 - - [22/Jan/2026:07:26:59 -0500] "GET /?a=15292511j992i HTTP/1.1" 200 26644 "-" "Mozilla/5.0 (Linux; Android 6.0.1; Nexus 5X Build/MMB29P) AppleWebKit/537.36 (KHTML, like Gecko) Chrome/143.0.7499.192 Mobile Safari/537.36 (compatible; Googlebot/2.1; +http://www.google.com/bot.html)"
216.73.216.223 - - [22/Jan/2026:07:26:59 -0500] "GET /page/143/?a=3452425fgi56j HTTP/1.1" 200 15006 "-" "Mozilla/5.0 AppleWebKit/537.36 (KHTML, like Gecko; compatible; ClaudeBot/1.0; +claudebot@anthropic.com)"
74.7.227.31 - - [22/Jan/2026:07:27:00 -0500] "GET /?a=242708731j9ca HTTP/1.1" 301 - "https://www.membuatwebsite.biz/sitemap.xml" "Mozilla/5.0 AppleWebKit/537.36 (KHTML, like Gecko; compatible; GPTBot/1.3; +https://openai.com/gptbot)"
74.7.243.232 - - [22/Jan/2026:07:27:01 -0500] "GET /?a=634220iic44a HTTP/1.1" 200 15214 "https://www.membuatwebsite.biz" "Mozilla/5.0 AppleWebKit/537.36 (KHTML, like Gecko; compatible; GPTBot/1.3; +https://openai.com/gptbot)"
216.73.216.223 - - [22/Jan/2026:07:27:02 -0500] "GET /page/4/?a=35888689daa88 HTTP/1.1" 200 15231 "-" "Mozilla/5.0 AppleWebKit/537.36 (KHTML, like Gecko; compatible; ClaudeBot/1.0; +claudebot@anthropic.com)"
74.7.227.31 - - [22/Jan/2026:07:27:03 -0500] "GET /?a=32288473jdb90 HTTP/1.1" 301 - "https://www.membuatwebsite.biz/sitemap.xml" "Mozilla/5.0 AppleWebKit/537.36 (KHTML, like Gecko; compatible; GPTBot/1.3; +https://openai.com/gptbot)"
66.249.73.68 - - [22/Jan/2026:07:27:04 -0500] "GET /?a=79037i1h7jb HTTP/1.1" 200 27475 "-" "Mozilla/5.0 (Linux; Android 6.0.1; Nexus 5X Build/MMB29P) AppleWebKit/537.36 (KHTML, like Gecko) Chrome/143.0.7499.192 Mobile Safari/537.36 (compatible; Googlebot/2.1; +http://www.google.com/bot.html)"
66.249.73.68 - - [22/Jan/2026:07:27:05 -0500] "GET /?a=3973310hc2jj3 HTTP/1.1" 200 27413 "-" "Mozilla/5.0 (Linux; Android 6.0.1; Nexus 5X Build/MMB29P) AppleWebKit/537.36 (KHTML, like Gecko) Chrome/143.0.7499.192 Mobile Safari/537.36 (compatible; Googlebot/2.1; +http://www.google.com/bot.html)"
74.7.243.232 - - [22/Jan/2026:07:27:04 -0500] "GET /?a=857028aj3ha6 HTTP/1.1" 200 15261 "https://www.membuatwebsite.biz" "Mozilla/5.0 AppleWebKit/537.36 (KHTML, like Gecko; compatible; GPTBot/1.3; +https://openai.com/gptbot)"
66.249.65.32 - - [22/Jan/2026:07:27:05 -0500] "GET /?a=229702708e74 HTTP/1.1" 200 27595 "-" "Mozilla/5.0 (Linux; Android 6.0.1; Nexus 5X Build/MMB29P) AppleWebKit/537.36 (KHTML, like Gecko) Chrome/143.0.7499.192 Mobile Safari/537.36 (compatible; Googlebot/2.1; +http://www.google.com/bot.html)"
216.73.216.223 - - [22/Jan/2026:07:27:05 -0500] "GET /?a=731730hbg7j2 HTTP/1.1" 200 15241 "-" "Mozilla/5.0 AppleWebKit/537.36 (KHTML, like Gecko; compatible; ClaudeBot/1.0; +claudebot@anthropic.com)"
2a03:2880:f80e:18:: - - [22/Jan/2026:07:27:06 -0500] "GET /shopdetail/117523152.phtml HTTP/1.1" 404 49663 "-" "meta-externalagent/1.1 (+https://developers.facebook.com/docs/sharing/webmasters/crawler)"
74.7.227.31 - - [22/Jan/2026:07:27:06 -0500] "GET /?a=17845532jf03c HTTP/1.1" 301 - "https://www.membuatwebsite.biz/sitemap.xml" "Mozilla/5.0 AppleWebKit/537.36 (KHTML, like Gecko; compatible; GPTBot/1.3; +https://openai.com/gptbot)"
74.7.243.232 - - [22/Jan/2026:07:27:08 -0500] "GET /?a=1673468aeb5 HTTP/1.1" 200 15261 "https://www.membuatwebsite.biz" "Mozilla/5.0 AppleWebKit/537.36 (KHTML, like Gecko; compatible; GPTBot/1.3; +https://openai.com/gptbot)"
216.73.216.223 - - [22/Jan/2026:07:27:08 -0500] "GET /?a=139463eh6046 HTTP/1.1" 200 15187 "-" "Mozilla/5.0 AppleWebKit/537.36 (KHTML, like Gecko; compatible; ClaudeBot/1.0; +claudebot@anthropic.com)"
74.7.227.31 - - [22/Jan/2026:07:27:09 -0500] "GET /?a=4416520f3d94c HTTP/1.1" 301 - "https://www.membuatwebsite.biz/sitemap.xml" "Mozilla/5.0 AppleWebKit/537.36 (KHTML, like Gecko; compatible; GPTBot/1.3; +https://openai.com/gptbot)"
74.7.243.232 - - [22/Jan/2026:07:27:11 -0500] "GET /?a=7866454g2ed HTTP/1.1" 200 15185 "https://www.membuatwebsite.biz" "Mozilla/5.0 AppleWebKit/537.36 (KHTML, like Gecko; compatible; GPTBot/1.3; +https://openai.com/gptbot)"
216.73.216.223 - - [22/Jan/2026:07:27:11 -0500] "GET /?a=3643339g3hd70 HTTP/1.1" 200 15261 "-" "Mozilla/5.0 AppleWebKit/537.36 (KHTML, like Gecko; compatible; ClaudeBot/1.0; +claudebot@anthropic.com)"
74.7.227.31 - - [22/Jan/2026:07:27:13 -0500] "GET /?a=12142906c0jb7 HTTP/1.1" 301 - "https://www.membuatwebsite.biz/sitemap.xml" "Mozilla/5.0 AppleWebKit/537.36 (KHTML, like Gecko; compatible; GPTBot/1.3; +https://openai.com/gptbot)"
66.249.65.46 - - [22/Jan/2026:07:27:14 -0500] "GET /?a=142193546j57d HTTP/1.1" 200 28456 "-" "Mozilla/5.0 (Linux; Android 6.0.1; Nexus 5X Build/MMB29P) AppleWebKit/537.36 (KHTML, like Gecko) Chrome/143.0.7499.192 Mobile Safari/537.36 (compatible; Googlebot/2.1; +http://www.google.com/bot.html)"
74.7.243.232 - - [22/Jan/2026:07:27:14 -0500] "GET /page/144/?a=42135997594ei HTTP/1.1" 200 13055 "https://membuatwebsite.biz/?a=42135997594ei" "Mozilla/5.0 AppleWebKit/537.36 (KHTML, like Gecko; compatible; GPTBot/1.3; +https://openai.com/gptbot)"
66.249.73.68 - - [22/Jan/2026:07:27:15 -0500] "GET /?a=2104525cab773 HTTP/1.1" 200 26659 "-" "Mozilla/5.0 (Linux; Android 6.0.1; Nexus 5X Build/MMB29P) AppleWebKit/537.36 (KHTML, like Gecko) Chrome/143.0.7499.192 Mobile Safari/537.36 (compatible; Googlebot/2.1; +http://www.google.com/bot.html)"
66.249.73.68 - - [22/Jan/2026:07:27:15 -0500] "GET /?a=2613716da1ed2 HTTP/1.1" 200 26920 "-" "Mozilla/5.0 (Linux; Android 6.0.1; Nexus 5X Build/MMB29P) AppleWebKit/537.36 (KHTML, like Gecko) Chrome/143.0.7499.192 Mobile Safari/537.36 (compatible; Googlebot/2.1; +http://www.google.com/bot.html)"
74.7.227.31 - - [22/Jan/2026:07:27:16 -0500] "GET /?a=1763620c95h2a HTTP/1.1" 301 - "https://www.membuatwebsite.biz/sitemap.xml" "Mozilla/5.0 AppleWebKit/537.36 (KHTML, like Gecko; compatible; GPTBot/1.3; +https://openai.com/gptbot)"
114.119.136.160 - - [22/Jan/2026:07:27:15 -0500] "GET /?a=2024076ge455f HTTP/1.1" 200 15215 "https://membuatwebsite.biz/sitemap.xmlsitemap:https:/membuatwebsite.biz/sitemap-1.xml" "Mozilla/5.0 (Linux; Android 7.0;) AppleWebKit/537.36 (KHTML, like Gecko) Mobile Safari/537.36 (compatible; PetalBot;+https://webmaster.petalsearch.com/site/petalbot)"
216.73.216.223 - - [22/Jan/2026:07:27:15 -0500] "GET /page/19/?a=50360810f0a7 HTTP/1.1" 200 15253 "-" "Mozilla/5.0 AppleWebKit/537.36 (KHTML, like Gecko; compatible; ClaudeBot/1.0; +claudebot@anthropic.com)"
74.7.243.232 - - [22/Jan/2026:07:27:17 -0500] "GET /?a=3744123g00056 HTTP/1.1" 200 15262 "https://www.membuatwebsite.biz" "Mozilla/5.0 AppleWebKit/537.36 (KHTML, like Gecko; compatible; GPTBot/1.3; +https://openai.com/gptbot)"
216.73.216.223 - - [22/Jan/2026:07:27:18 -0500] "GET /page/133/?a=3215151f115bd HTTP/1.1" 200 15497 "-" "Mozilla/5.0 AppleWebKit/537.36 (KHTML, like Gecko; compatible; ClaudeBot/1.0; +claudebot@anthropic.com)"
74.7.227.31 - - [22/Jan/2026:07:27:19 -0500] "GET /?a=1817483fd7h29 HTTP/1.1" 301 - "https://www.membuatwebsite.biz/sitemap.xml" "Mozilla/5.0 AppleWebKit/537.36 (KHTML, like Gecko; compatible; GPTBot/1.3; +https://openai.com/gptbot)"
74.7.243.232 - - [22/Jan/2026:07:27:20 -0500] "GET /?a=411156678576g HTTP/1.1" 200 15187 "https://www.membuatwebsite.biz" "Mozilla/5.0 AppleWebKit/537.36 (KHTML, like Gecko; compatible; GPTBot/1.3; +https://openai.com/gptbot)"
216.73.216.223 - - [22/Jan/2026:07:27:21 -0500] "GET /page/7/?a=3968815e2c7f8 HTTP/1.1" 200 15268 "-" "Mozilla/5.0 AppleWebKit/537.36 (KHTML, like Gecko; compatible; ClaudeBot/1.0; +claudebot@anthropic.com)"
74.7.227.31 - - [22/Jan/2026:07:27:22 -0500] "GET /?a=3695101j74eb0 HTTP/1.1" 301 - "https://www.membuatwebsite.biz/sitemap.xml" "Mozilla/5.0 AppleWebKit/537.36 (KHTML, like Gecko; compatible; GPTBot/1.3; +https://openai.com/gptbot)"
74.7.243.232 - - [22/Jan/2026:07:27:23 -0500] "GET /?a=10951696i5558 HTTP/1.1" 200 15216 "https://www.membuatwebsite.biz" "Mozilla/5.0 AppleWebKit/537.36 (KHTML, like Gecko; compatible; GPTBot/1.3; +https://openai.com/gptbot)"
167.114.139.142 - - [22/Jan/2026:07:27:24 -0500] "GET /?a=796610h9601d HTTP/1.1" 200 15240 "-" "Mozilla/5.0 (compatible; AhrefsBot/7.0; +http://ahrefs.com/robot/)"
216.73.216.223 - - [22/Jan/2026:07:27:24 -0500] "GET /page/9/?a=3052376j490d0 HTTP/1.1" 200 15308 "-" "Mozilla/5.0 AppleWebKit/537.36 (KHTML, like Gecko; compatible; ClaudeBot/1.0; +claudebot@anthropic.com)"
74.7.227.31 - - [22/Jan/2026:07:27:25 -0500] "GET /?a=2019142id5f67 HTTP/1.1" 301 - "https://www.membuatwebsite.biz/sitemap.xml" "Mozilla/5.0 AppleWebKit/537.36 (KHTML, like Gecko; compatible; GPTBot/1.3; +https://openai.com/gptbot)"
74.7.243.232 - - [22/Jan/2026:07:27:27 -0500] "GET /?a=709580451eb HTTP/1.1" 200 15240 "https://www.membuatwebsite.biz" "Mozilla/5.0 AppleWebKit/537.36 (KHTML, like Gecko; compatible; GPTBot/1.3; +https://openai.com/gptbot)"
216.73.216.223 - - [22/Jan/2026:07:27:27 -0500] "GET /page/136/?a=2893228f4b50c HTTP/1.1" 200 15382 "-" "Mozilla/5.0 AppleWebKit/537.36 (KHTML, like Gecko; compatible; ClaudeBot/1.0; +claudebot@anthropic.com)"
74.7.227.31 - - [22/Jan/2026:07:27:28 -0500] "GET /?a=3607228g6d81i HTTP/1.1" 301 - "https://www.membuatwebsite.biz/sitemap.xml" "Mozilla/5.0 AppleWebKit/537.36 (KHTML, like Gecko; compatible; GPTBot/1.3; +https://openai.com/gptbot)"
66.249.73.68 - - [22/Jan/2026:07:27:29 -0500] "GET /?a=80974362f61d HTTP/1.1" 200 27156 "-" "Mozilla/5.0 (Linux; Android 6.0.1; Nexus 5X Build/MMB29P) AppleWebKit/537.36 (KHTML, like Gecko) Chrome/143.0.7499.192 Mobile Safari/537.36 (compatible; Googlebot/2.1; +http://www.google.com/bot.html)"
66.249.73.68 - - [22/Jan/2026:07:27:29 -0500] "GET /?a=349842114aiff HTTP/1.1" 200 27578 "-" "Mozilla/5.0 (Linux; Android 6.0.1; Nexus 5X Build/MMB29P) AppleWebKit/537.36 (KHTML, like Gecko) Chrome/143.0.7499.192 Mobile Safari/537.36 (compatible; Googlebot/2.1; +http://www.google.com/bot.html)"
66.249.73.68 - - [22/Jan/2026:07:27:29 -0500] "GET /?a=1013692i6jaah HTTP/1.1" 200 25718 "-" "Mozilla/5.0 (Linux; Android 6.0.1; Nexus 5X Build/MMB29P) AppleWebKit/537.36 (KHTML, like Gecko) Chrome/143.0.7499.192 Mobile Safari/537.36 (compatible; Googlebot/2.1; +http://www.google.com/bot.html)"
66.249.73.68 - - [22/Jan/2026:07:27:30 -0500] "GET /ctg/search/similarImageSearchResultView/?ctgItemCd=15143597 HTTP/1.1" 200 27702 "-" "Mozilla/5.0 (Linux; Android 6.0.1; Nexus 5X Build/MMB29P) AppleWebKit/537.36 (KHTML, like Gecko) Chrome/143.0.7499.192 Mobile Safari/537.36 (compatible; Googlebot/2.1; +http://www.google.com/bot.html)"
74.7.243.232 - - [22/Jan/2026:07:27:30 -0500] "GET /?a=890859hh9h8c HTTP/1.1" 200 15241 "https://www.membuatwebsite.biz" "Mozilla/5.0 AppleWebKit/537.36 (KHTML, like Gecko; compatible; GPTBot/1.3; +https://openai.com/gptbot)"
216.73.216.223 - - [22/Jan/2026:07:27:30 -0500] "GET /page/7/?a=2188075da3772 HTTP/1.1" 200 15268 "-" "Mozilla/5.0 AppleWebKit/537.36 (KHTML, like Gecko; compatible; ClaudeBot/1.0; +claudebot@anthropic.com)"
66.249.73.68 - - [22/Jan/2026:07:27:31 -0500] "GET /?a=144450671jg89 HTTP/1.1" 200 27061 "-" "Mozilla/5.0 (Linux; Android 6.0.1; Nexus 5X Build/MMB29P) AppleWebKit/537.36 (KHTML, like Gecko) Chrome/143.0.7499.192 Mobile Safari/537.36 (compatible; Googlebot/2.1; +http://www.google.com/bot.html)"
74.7.227.31 - - [22/Jan/2026:07:27:32 -0500] "GET /?a=269553198edc2 HTTP/1.1" 301 - "https://www.membuatwebsite.biz/sitemap.xml" "Mozilla/5.0 AppleWebKit/537.36 (KHTML, like Gecko; compatible; GPTBot/1.3; +https://openai.com/gptbot)"
74.7.243.232 - - [22/Jan/2026:07:27:33 -0500] "GET /?a=6662178eahi1 HTTP/1.1" 200 15241 "https://www.membuatwebsite.biz" "Mozilla/5.0 AppleWebKit/537.36 (KHTML, like Gecko; compatible; GPTBot/1.3; +https://openai.com/gptbot)"
216.73.216.223 - - [22/Jan/2026:07:27:33 -0500] "GET /page/2/?a=1560338h484ca HTTP/1.1" 200 15531 "-" "Mozilla/5.0 AppleWebKit/537.36 (KHTML, like Gecko; compatible; ClaudeBot/1.0; +claudebot@anthropic.com)"
74.7.227.31 - - [22/Jan/2026:07:27:35 -0500] "GET /?a=3427054951ich HTTP/1.1" 301 - "https://www.membuatwebsite.biz/sitemap.xml" "Mozilla/5.0 AppleWebKit/537.36 (KHTML, like Gecko; compatible; GPTBot/1.3; +https://openai.com/gptbot)"
74.7.243.232 - - [22/Jan/2026:07:27:36 -0500] "GET /?a=16728678ddda HTTP/1.1" 200 15185 "https://www.membuatwebsite.biz" "Mozilla/5.0 AppleWebKit/537.36 (KHTML, like Gecko; compatible; GPTBot/1.3; +https://openai.com/gptbot)"
216.73.216.223 - - [22/Jan/2026:07:27:36 -0500] "GET /page/13/?a=10168290efhc2 HTTP/1.1" 200 15347 "-" "Mozilla/5.0 AppleWebKit/537.36 (KHTML, like Gecko; compatible; ClaudeBot/1.0; +claudebot@anthropic.com)"
74.7.227.31 - - [22/Jan/2026:07:27:38 -0500] "GET /?a=4367185ajg189 HTTP/1.1" 301 - "https://www.membuatwebsite.biz/sitemap.xml" "Mozilla/5.0 AppleWebKit/537.36 (KHTML, like Gecko; compatible; GPTBot/1.3; +https://openai.com/gptbot)"
74.7.243.232 - - [22/Jan/2026:07:27:39 -0500] "GET /?a=17845532jf03c HTTP/1.1" 200 15216 "https://www.membuatwebsite.biz" "Mozilla/5.0 AppleWebKit/537.36 (KHTML, like Gecko; compatible; GPTBot/1.3; +https://openai.com/gptbot)"
216.73.216.223 - - [22/Jan/2026:07:27:39 -0500] "GET /page/14/?a=342391c94d0h HTTP/1.1" 200 15373 "-" "Mozilla/5.0 AppleWebKit/537.36 (KHTML, like Gecko; compatible; ClaudeBot/1.0; +claudebot@anthropic.com)"
74.7.227.31 - - [22/Jan/2026:07:27:41 -0500] "GET /?a=14064275c13cg HTTP/1.1" 301 - "https://www.membuatwebsite.biz/sitemap.xml" "Mozilla/5.0 AppleWebKit/537.36 (KHTML, like Gecko; compatible; GPTBot/1.3; +https://openai.com/gptbot)"
74.7.243.232 - - [22/Jan/2026:07:27:42 -0500] "GET /?a=242708731j9ca HTTP/1.1" 200 15216 "https://www.membuatwebsite.biz" "Mozilla/5.0 AppleWebKit/537.36 (KHTML, like Gecko; compatible; GPTBot/1.3; +https://openai.com/gptbot)"
216.73.216.223 - - [22/Jan/2026:07:27:42 -0500] "GET /page/6/?a=528679dbi4f0 HTTP/1.1" 200 15061 "-" "Mozilla/5.0 AppleWebKit/537.36 (KHTML, like Gecko; compatible; ClaudeBot/1.0; +claudebot@anthropic.com)"
74.7.227.31 - - [22/Jan/2026:07:27:44 -0500] "GET /?a=4165126f0ch92 HTTP/1.1" 301 - "https://www.membuatwebsite.biz/sitemap.xml" "Mozilla/5.0 AppleWebKit/537.36 (KHTML, like Gecko; compatible; GPTBot/1.3; +https://openai.com/gptbot)"
74.7.243.232 - - [22/Jan/2026:07:27:45 -0500] "GET /?a=32288473jdb90 HTTP/1.1" 200 15188 "https://www.membuatwebsite.biz" "Mozilla/5.0 AppleWebKit/537.36 (KHTML, like Gecko; compatible; GPTBot/1.3; +https://openai.com/gptbot)"
