66.249.73.65 - - [22/Jan/2026:07:50:02 -0500] "GET /?a=191231934fe2h HTTP/1.1" 200 27276 "-" "Mozilla/5.0 (Linux; Android 6.0.1; Nexus 5X Build/MMB29P) AppleWebKit/537.36 (KHTML, like Gecko) Chrome/143.0.7499.192 Mobile Safari/537.36 (compatible; Googlebot/2.1; +http://www.google.com/bot.html)"
4.194.2.136 - - [22/Jan/2026:07:50:02 -0500] "GET /wp-admin/includes/ HTTP/1.1" 404 49663 "-" "Mozilla/5.0 (Windows NT 10.0; Win64; x64) AppleWebKit/537.36 (KHTML, like Gecko) Chrome/120.0.0.0 Safari/537.36"
4.194.2.136 - - [22/Jan/2026:07:50:03 -0500] "GET /wp-admin/network/index.php HTTP/1.1" 301 - "-" "Mozilla/5.0 (Windows NT 10.0; Win64; x64) AppleWebKit/537.36 (KHTML, like Gecko) Chrome/120.0.0.0 Safari/537.36"
74.7.243.232 - - [22/Jan/2026:07:50:03 -0500] "GET /page/135/?a=32122302g3797 HTTP/1.1" 200 15708 "https://membuatwebsite.biz/page/136/?a=32122302g3797" "Mozilla/5.0 AppleWebKit/537.36 (KHTML, like Gecko; compatible; GPTBot/1.3; +https://openai.com/gptbot)"
216.73.216.223 - - [22/Jan/2026:07:50:03 -0500] "GET /page/8/?a=25405567b498c HTTP/1.1" 200 15520 "-" "Mozilla/5.0 AppleWebKit/537.36 (KHTML, like Gecko; compatible; ClaudeBot/1.0; +claudebot@anthropic.com)"
4.194.2.136 - - [22/Jan/2026:07:50:04 -0500] "GET /wp-admin/radio.php HTTP/1.1" 404 49663 "-" "Mozilla/5.0 (Windows NT 10.0; Win64; x64) AppleWebKit/537.36 (KHTML, like Gecko) Chrome/120.0.0.0 Safari/537.36"
4.194.2.136 - - [22/Jan/2026:07:50:05 -0500] "GET /wp-content/uploads/ HTTP/1.1" 404 49663 "-" "Mozilla/5.0 (Windows NT 10.0; Win64; x64) AppleWebKit/537.36 (KHTML, like Gecko) Chrome/120.0.0.0 Safari/537.36"
4.194.2.136 - - [22/Jan/2026:07:50:06 -0500] "GET /wp-content/plugins/wp-diambar/includes/loadme.php HTTP/1.1" 404 49769 "-" "Mozilla/5.0 (Windows NT 10.0; Win64; x64) AppleWebKit/537.36 (KHTML, like Gecko) Chrome/120.0.0.0 Safari/537.36"
216.73.216.223 - - [22/Jan/2026:07:50:06 -0500] "GET /page/5/?a=30366049h8agf HTTP/1.1" 200 15210 "-" "Mozilla/5.0 AppleWebKit/537.36 (KHTML, like Gecko; compatible; ClaudeBot/1.0; +claudebot@anthropic.com)"
66.249.65.32 - - [22/Jan/2026:07:50:07 -0500] "GET /?a=42545340di8f6 HTTP/1.1" 200 26746 "-" "Mozilla/5.0 (Linux; Android 6.0.1; Nexus 5X Build/MMB29P) AppleWebKit/537.36 (KHTML, like Gecko) Chrome/143.0.7499.192 Mobile Safari/537.36 (compatible; Googlebot/2.1; +http://www.google.com/bot.html)"
4.194.2.136 - - [22/Jan/2026:07:50:07 -0500] "GET /wp-includes/IXR/index.php HTTP/1.1" 301 - "-" "Mozilla/5.0 (Windows NT 10.0; Win64; x64) AppleWebKit/537.36 (KHTML, like Gecko) Chrome/120.0.0.0 Safari/537.36"
74.7.243.232 - - [22/Jan/2026:07:50:07 -0500] "GET /page/134/?a=173991738469 HTTP/1.1" 200 15787 "https://membuatwebsite.biz/page/136/?a=173991738469" "Mozilla/5.0 AppleWebKit/537.36 (KHTML, like Gecko; compatible; GPTBot/1.3; +https://openai.com/gptbot)"
4.194.2.136 - - [22/Jan/2026:07:50:08 -0500] "GET /wp-includes/index.php HTTP/1.1" 301 - "-" "Mozilla/5.0 (Windows NT 10.0; Win64; x64) AppleWebKit/537.36 (KHTML, like Gecko) Chrome/120.0.0.0 Safari/537.36"
4.194.2.136 - - [22/Jan/2026:07:50:09 -0500] "GET /wp-includes/js/dist HTTP/1.1" 301 295 "-" "Mozilla/5.0 (Windows NT 10.0; Win64; x64) AppleWebKit/537.36 (KHTML, like Gecko) Chrome/120.0.0.0 Safari/537.36"
66.249.73.65 - - [22/Jan/2026:07:50:10 -0500] "GET /?a=2355980be6hdd HTTP/1.1" 200 27799 "-" "Mozilla/5.0 (Linux; Android 6.0.1; Nexus 5X Build/MMB29P) AppleWebKit/537.36 (KHTML, like Gecko) Chrome/143.0.7499.192 Mobile Safari/537.36 (compatible; Googlebot/2.1; +http://www.google.com/bot.html)"
216.73.216.223 - - [22/Jan/2026:07:50:09 -0500] "GET /page/139/?a=19868332d90fa HTTP/1.1" 200 15549 "-" "Mozilla/5.0 AppleWebKit/537.36 (KHTML, like Gecko; compatible; ClaudeBot/1.0; +claudebot@anthropic.com)"
4.194.2.136 - - [22/Jan/2026:07:50:09 -0500] "GET /wp-includes/js/index.php HTTP/1.1" 301 - "-" "Mozilla/5.0 (Windows NT 10.0; Win64; x64) AppleWebKit/537.36 (KHTML, like Gecko) Chrome/120.0.0.0 Safari/537.36"
74.7.243.232 - - [22/Jan/2026:07:50:10 -0500] "GET /page/133/?a=173991738469 HTTP/1.1" 200 15541 "https://membuatwebsite.biz/page/135/?a=173991738469" "Mozilla/5.0 AppleWebKit/537.36 (KHTML, like Gecko; compatible; GPTBot/1.3; +https://openai.com/gptbot)"
4.194.2.136 - - [22/Jan/2026:07:50:11 -0500] "GET /wp-includes/widgets/autoload_classmap.php HTTP/1.1" 404 49769 "-" "Mozilla/5.0 (Windows NT 10.0; Win64; x64) AppleWebKit/537.36 (KHTML, like Gecko) Chrome/120.0.0.0 Safari/537.36"
216.73.216.223 - - [22/Jan/2026:07:50:12 -0500] "GET /page/8/?a=34725384i7c4b HTTP/1.1" 200 15485 "-" "Mozilla/5.0 AppleWebKit/537.36 (KHTML, like Gecko; compatible; ClaudeBot/1.0; +claudebot@anthropic.com)"
4.194.2.136 - - [22/Jan/2026:07:50:12 -0500] "GET /wp.php HTTP/1.1" 404 49663 "-" "Mozilla/5.0 (Windows NT 10.0; Win64; x64) AppleWebKit/537.36 (KHTML, like Gecko) Chrome/120.0.0.0 Safari/537.36"
4.194.2.136 - - [22/Jan/2026:07:50:13 -0500] "GET /.well-known/rk2.php HTTP/1.1" 404 49663 "-" "Mozilla/5.0 (Windows NT 10.0; Win64; x64) AppleWebKit/537.36 (KHTML, like Gecko) Chrome/120.0.0.0 Safari/537.36"
74.7.243.232 - - [22/Jan/2026:07:50:13 -0500] "GET /page/144/?a=344434310h724 HTTP/1.1" 200 13108 "https://membuatwebsite.biz/?a=344434310h724" "Mozilla/5.0 AppleWebKit/537.36 (KHTML, like Gecko; compatible; GPTBot/1.3; +https://openai.com/gptbot)"
4.194.2.136 - - [22/Jan/2026:07:50:14 -0500] "GET /.well-known/x.php HTTP/1.1" 404 49663 "-" "Mozilla/5.0 (Windows NT 10.0; Win64; x64) AppleWebKit/537.36 (KHTML, like Gecko) Chrome/120.0.0.0 Safari/537.36"
2a03:2880:f80e:51:: - - [22/Jan/2026:07:50:15 -0500] "GET /shopdetail/769047938.phtml HTTP/1.1" 404 49663 "-" "meta-externalagent/1.1 (+https://developers.facebook.com/docs/sharing/webmasters/crawler)"
216.73.216.223 - - [22/Jan/2026:07:50:15 -0500] "GET /page/136/?a=3750397ef5j0h HTTP/1.1" 200 15382 "-" "Mozilla/5.0 AppleWebKit/537.36 (KHTML, like Gecko; compatible; ClaudeBot/1.0; +claudebot@anthropic.com)"
4.194.2.136 - - [22/Jan/2026:07:50:16 -0500] "GET /wp-admin/maint/chosen.php HTTP/1.1" 404 49769 "-" "Mozilla/5.0 (Windows NT 10.0; Win64; x64) AppleWebKit/537.36 (KHTML, like Gecko) Chrome/120.0.0.0 Safari/537.36"
74.7.243.232 - - [22/Jan/2026:07:50:16 -0500] "GET /page/2/?a=741742d3h3ih HTTP/1.1" 200 15469 "https://membuatwebsite.biz/?a=741742d3h3ih" "Mozilla/5.0 AppleWebKit/537.36 (KHTML, like Gecko; compatible; GPTBot/1.3; +https://openai.com/gptbot)"
4.194.2.136 - - [22/Jan/2026:07:50:17 -0500] "GET /wp-admin/network/autoload_classmap.php HTTP/1.1" 404 49769 "-" "Mozilla/5.0 (Windows NT 10.0; Win64; x64) AppleWebKit/537.36 (KHTML, like Gecko) Chrome/120.0.0.0 Safari/537.36"
216.73.216.223 - - [22/Jan/2026:07:50:18 -0500] "GET /page/2/?a=1139479593222 HTTP/1.1" 200 15497 "-" "Mozilla/5.0 AppleWebKit/537.36 (KHTML, like Gecko; compatible; ClaudeBot/1.0; +claudebot@anthropic.com)"
66.249.65.46 - - [22/Jan/2026:07:50:19 -0500] "GET /?a=2407908bfae54 HTTP/1.1" 200 26736 "-" "Mozilla/5.0 (Linux; Android 6.0.1; Nexus 5X Build/MMB29P) AppleWebKit/537.36 (KHTML, like Gecko) Chrome/143.0.7499.192 Mobile Safari/537.36 (compatible; Googlebot/2.1; +http://www.google.com/bot.html)"
74.7.243.232 - - [22/Jan/2026:07:50:20 -0500] "GET /page/139/?a=1187282173g81 HTTP/1.1" 200 15506 "https://membuatwebsite.biz/page/141/?a=1187282173g81" "Mozilla/5.0 AppleWebKit/537.36 (KHTML, like Gecko; compatible; GPTBot/1.3; +https://openai.com/gptbot)"
216.73.216.223 - - [22/Jan/2026:07:50:22 -0500] "GET /page/6/?a=5309892ei096 HTTP/1.1" 200 15060 "-" "Mozilla/5.0 AppleWebKit/537.36 (KHTML, like Gecko; compatible; ClaudeBot/1.0; +claudebot@anthropic.com)"
74.7.243.232 - - [22/Jan/2026:07:50:23 -0500] "GET /page/138/?a=317251123428a HTTP/1.1" 200 15344 "https://membuatwebsite.biz/page/139/?a=317251123428a" "Mozilla/5.0 AppleWebKit/537.36 (KHTML, like Gecko; compatible; GPTBot/1.3; +https://openai.com/gptbot)"
216.73.216.223 - - [22/Jan/2026:07:50:25 -0500] "GET /page/134/?a=3454145bj6e7d HTTP/1.1" 200 15813 "-" "Mozilla/5.0 AppleWebKit/537.36 (KHTML, like Gecko; compatible; ClaudeBot/1.0; +claudebot@anthropic.com)"
40.77.167.159 - - [22/Jan/2026:07:50:26 -0500] "GET /?a=3973903ec51e4 HTTP/1.1" 200 26631 "-" "Mozilla/5.0 AppleWebKit/537.36 (KHTML, like Gecko; compatible; bingbot/2.0; +http://www.bing.com/bingbot.htm) Chrome/116.0.1938.76 Safari/537.36"
74.7.243.232 - - [22/Jan/2026:07:50:26 -0500] "GET /page/138/?a=1187282173g81 HTTP/1.1" 200 15344 "https://membuatwebsite.biz/page/140/?a=1187282173g81" "Mozilla/5.0 AppleWebKit/537.36 (KHTML, like Gecko; compatible; GPTBot/1.3; +https://openai.com/gptbot)"
66.249.73.68 - - [22/Jan/2026:07:50:26 -0500] "GET /shopdetail/170150790.phtml HTTP/1.1" 200 27053 "-" "Mozilla/5.0 (Linux; Android 6.0.1; Nexus 5X Build/MMB29P) AppleWebKit/537.36 (KHTML, like Gecko) Chrome/143.0.7499.192 Mobile Safari/537.36 (compatible; Googlebot/2.1; +http://www.google.com/bot.html)"
66.249.73.68 - - [22/Jan/2026:07:50:26 -0500] "GET /?a=95317956f14g HTTP/1.1" 200 27385 "-" "Mozilla/5.0 (Linux; Android 6.0.1; Nexus 5X Build/MMB29P) AppleWebKit/537.36 (KHTML, like Gecko) Chrome/143.0.7499.192 Mobile Safari/537.36 (compatible; Googlebot/2.1; +http://www.google.com/bot.html)"
66.249.73.68 - - [22/Jan/2026:07:50:27 -0500] "GET /?a=2932544fgc6a8 HTTP/1.1" 200 28544 "-" "Mozilla/5.0 (Linux; Android 6.0.1; Nexus 5X Build/MMB29P) AppleWebKit/537.36 (KHTML, like Gecko) Chrome/143.0.7499.192 Mobile Safari/537.36 (compatible; Googlebot/2.1; +http://www.google.com/bot.html)"
66.249.73.68 - - [22/Jan/2026:07:50:27 -0500] "GET /?a=22818888g19jc HTTP/1.1" 200 27088 "-" "Mozilla/5.0 (Linux; Android 6.0.1; Nexus 5X Build/MMB29P) AppleWebKit/537.36 (KHTML, like Gecko) Chrome/143.0.7499.192 Mobile Safari/537.36 (compatible; Googlebot/2.1; +http://www.google.com/bot.html)"
66.249.73.68 - - [22/Jan/2026:07:50:27 -0500] "GET /?a=19691556h8d0g HTTP/1.1" 200 27174 "-" "Mozilla/5.0 (Linux; Android 6.0.1; Nexus 5X Build/MMB29P) AppleWebKit/537.36 (KHTML, like Gecko) Chrome/143.0.7499.192 Mobile Safari/537.36 (compatible; Googlebot/2.1; +http://www.google.com/bot.html)"
54.39.203.26 - - [22/Jan/2026:07:50:27 -0500] "GET /?a=40577803b209c HTTP/1.1" 200 15216 "-" "Mozilla/5.0 (compatible; AhrefsBot/7.0; +http://ahrefs.com/robot/)"
216.73.216.223 - - [22/Jan/2026:07:50:28 -0500] "GET /page/10/?a=3221890a7fg5b HTTP/1.1" 200 15468 "-" "Mozilla/5.0 AppleWebKit/537.36 (KHTML, like Gecko; compatible; ClaudeBot/1.0; +claudebot@anthropic.com)"
74.7.243.232 - - [22/Jan/2026:07:50:29 -0500] "GET /page/137/?a=317251123428a HTTP/1.1" 200 15120 "https://membuatwebsite.biz/page/139/?a=317251123428a" "Mozilla/5.0 AppleWebKit/537.36 (KHTML, like Gecko; compatible; GPTBot/1.3; +https://openai.com/gptbot)"
52.167.144.157 - - [22/Jan/2026:07:50:31 -0500] "GET /?a=1137094fcc2g2 HTTP/1.1" 200 26828 "-" "Mozilla/5.0 AppleWebKit/537.36 (KHTML, like Gecko; compatible; bingbot/2.0; +http://www.bing.com/bingbot.htm) Chrome/116.0.1938.76 Safari/537.36"
216.73.216.223 - - [22/Jan/2026:07:50:31 -0500] "GET /page/136/?a=2471380j0bgcc HTTP/1.1" 200 15343 "-" "Mozilla/5.0 AppleWebKit/537.36 (KHTML, like Gecko; compatible; ClaudeBot/1.0; +claudebot@anthropic.com)"
74.7.243.232 - - [22/Jan/2026:07:50:32 -0500] "GET /page/133/?a=21997591778g2 HTTP/1.1" 200 15526 "https://membuatwebsite.biz/page/135/?a=21997591778g2" "Mozilla/5.0 AppleWebKit/537.36 (KHTML, like Gecko; compatible; GPTBot/1.3; +https://openai.com/gptbot)"
216.73.216.223 - - [22/Jan/2026:07:50:34 -0500] "GET /page/142/?a=25405567b498c HTTP/1.1" 200 15287 "-" "Mozilla/5.0 AppleWebKit/537.36 (KHTML, like Gecko; compatible; ClaudeBot/1.0; +claudebot@anthropic.com)"
74.7.243.232 - - [22/Jan/2026:07:50:36 -0500] "GET /page/133/?a=32122302g3797 HTTP/1.1" 200 15580 "https://membuatwebsite.biz/page/134/?a=32122302g3797" "Mozilla/5.0 AppleWebKit/537.36 (KHTML, like Gecko; compatible; GPTBot/1.3; +https://openai.com/gptbot)"
216.73.216.223 - - [22/Jan/2026:07:50:37 -0500] "GET /page/4/?a=30572420fe9g2 HTTP/1.1" 200 15230 "-" "Mozilla/5.0 AppleWebKit/537.36 (KHTML, like Gecko; compatible; ClaudeBot/1.0; +claudebot@anthropic.com)"
74.7.243.232 - - [22/Jan/2026:07:50:39 -0500] "GET /page/138/?a=2535359500d45 HTTP/1.1" 200 15357 "https://membuatwebsite.biz/page/140/?a=2535359500d45" "Mozilla/5.0 AppleWebKit/537.36 (KHTML, like Gecko; compatible; GPTBot/1.3; +https://openai.com/gptbot)"
216.73.216.223 - - [22/Jan/2026:07:50:40 -0500] "GET /page/4/?a=868229f3411i HTTP/1.1" 200 15196 "-" "Mozilla/5.0 AppleWebKit/537.36 (KHTML, like Gecko; compatible; ClaudeBot/1.0; +claudebot@anthropic.com)"
66.249.73.68 - - [22/Jan/2026:07:50:41 -0500] "GET /?a=139752c25bic HTTP/1.1" 200 26903 "-" "Mozilla/5.0 (Linux; Android 6.0.1; Nexus 5X Build/MMB29P) AppleWebKit/537.36 (KHTML, like Gecko) Chrome/143.0.7499.192 Mobile Safari/537.36 (compatible; Googlebot/2.1; +http://www.google.com/bot.html)"
66.249.65.46 - - [22/Jan/2026:07:50:41 -0500] "GET /?a=1833010bahbjh HTTP/1.1" 200 28295 "-" "Mozilla/5.0 (Linux; Android 6.0.1; Nexus 5X Build/MMB29P) AppleWebKit/537.36 (KHTML, like Gecko) Chrome/143.0.7499.192 Mobile Safari/537.36 (compatible; Googlebot/2.1; +http://www.google.com/bot.html)"
74.7.243.232 - - [22/Jan/2026:07:50:42 -0500] "GET /page/132/?a=173991738469 HTTP/1.1" 200 15763 "https://membuatwebsite.biz/page/134/?a=173991738469" "Mozilla/5.0 AppleWebKit/537.36 (KHTML, like Gecko; compatible; GPTBot/1.3; +https://openai.com/gptbot)"
216.73.216.223 - - [22/Jan/2026:07:50:43 -0500] "GET /page/8/?a=2150091537c9e HTTP/1.1" 200 15485 "-" "Mozilla/5.0 AppleWebKit/537.36 (KHTML, like Gecko; compatible; ClaudeBot/1.0; +claudebot@anthropic.com)"
66.249.73.68 - - [22/Jan/2026:07:50:43 -0500] "GET /?a=293981347396f HTTP/1.1" 200 27224 "-" "Mozilla/5.0 (Linux; Android 6.0.1; Nexus 5X Build/MMB29P) AppleWebKit/537.36 (KHTML, like Gecko) Chrome/143.0.7499.192 Mobile Safari/537.36 (compatible; Googlebot/2.1; +http://www.google.com/bot.html)"
66.249.65.46 - - [22/Jan/2026:07:50:44 -0500] "GET /?a=2573131ih8a36 HTTP/1.1" 200 28153 "-" "Mozilla/5.0 (Linux; Android 6.0.1; Nexus 5X Build/MMB29P) AppleWebKit/537.36 (KHTML, like Gecko) Chrome/143.0.7499.192 Mobile Safari/537.36 (compatible; Googlebot/2.1; +http://www.google.com/bot.html)"
66.249.73.68 - - [22/Jan/2026:07:50:44 -0500] "GET /?a=317007090jah4 HTTP/1.1" 200 27138 "-" "Mozilla/5.0 (Linux; Android 6.0.1; Nexus 5X Build/MMB29P) AppleWebKit/537.36 (KHTML, like Gecko) Chrome/143.0.7499.192 Mobile Safari/537.36 (compatible; Googlebot/2.1; +http://www.google.com/bot.html)"
74.7.243.232 - - [22/Jan/2026:07:50:45 -0500] "GET /page/131/?a=173991738469 HTTP/1.1" 200 15599 "https://membuatwebsite.biz/page/133/?a=173991738469" "Mozilla/5.0 AppleWebKit/537.36 (KHTML, like Gecko; compatible; GPTBot/1.3; +https://openai.com/gptbot)"
216.73.216.223 - - [22/Jan/2026:07:50:46 -0500] "GET /page/6/?a=3531788563cf6 HTTP/1.1" 200 15095 "-" "Mozilla/5.0 AppleWebKit/537.36 (KHTML, like Gecko; compatible; ClaudeBot/1.0; +claudebot@anthropic.com)"
74.7.243.232 - - [22/Jan/2026:07:50:48 -0500] "GET /page/144/?a=14141397d2857 HTTP/1.1" 200 13054 "https://membuatwebsite.biz/?a=14141397d2857" "Mozilla/5.0 AppleWebKit/537.36 (KHTML, like Gecko; compatible; GPTBot/1.3; +https://openai.com/gptbot)"
216.73.216.223 - - [22/Jan/2026:07:50:49 -0500] "GET /page/135/?a=24570934b9ea7 HTTP/1.1" 200 15861 "-" "Mozilla/5.0 AppleWebKit/537.36 (KHTML, like Gecko; compatible; ClaudeBot/1.0; +claudebot@anthropic.com)"
74.7.243.232 - - [22/Jan/2026:07:50:52 -0500] "GET /page/137/?a=2535359500d45 HTTP/1.1" 200 15062 "https://membuatwebsite.biz/page/139/?a=2535359500d45" "Mozilla/5.0 AppleWebKit/537.36 (KHTML, like Gecko; compatible; GPTBot/1.3; +https://openai.com/gptbot)"
216.73.216.223 - - [22/Jan/2026:07:50:52 -0500] "GET /page/4/?a=24713204jhfdf HTTP/1.1" 200 15175 "-" "Mozilla/5.0 AppleWebKit/537.36 (KHTML, like Gecko; compatible; ClaudeBot/1.0; +claudebot@anthropic.com)"
74.7.243.232 - - [22/Jan/2026:07:50:54 -0500] "GET /page/137/?a=1187282173g81 HTTP/1.1" 200 15120 "https://membuatwebsite.biz/page/139/?a=1187282173g81" "Mozilla/5.0 AppleWebKit/537.36 (KHTML, like Gecko; compatible; GPTBot/1.3; +https://openai.com/gptbot)"
216.73.216.223 - - [22/Jan/2026:07:50:55 -0500] "GET /page/8/?a=807442feig9g HTTP/1.1" 200 15451 "-" "Mozilla/5.0 AppleWebKit/537.36 (KHTML, like Gecko; compatible; ClaudeBot/1.0; +claudebot@anthropic.com)"
114.119.157.54 - - [22/Jan/2026:07:50:58 -0500] "GET /?a=1938818426eb4 HTTP/1.1" 200 15187 "https://membuatwebsite.biz/sitemap.xmlsitemap:https:/membuatwebsite.biz/sitemap-1.xml" "Mozilla/5.0 (Linux; Android 7.0;) AppleWebKit/537.36 (KHTML, like Gecko) Mobile Safari/537.36 (compatible; PetalBot;+https://webmaster.petalsearch.com/site/petalbot)"
74.7.243.232 - - [22/Jan/2026:07:50:58 -0500] "GET /page/136/?a=317251123428a HTTP/1.1" 200 15343 "https://membuatwebsite.biz/page/138/?a=317251123428a" "Mozilla/5.0 AppleWebKit/537.36 (KHTML, like Gecko; compatible; GPTBot/1.3; +https://openai.com/gptbot)"
216.73.216.223 - - [22/Jan/2026:07:50:58 -0500] "GET /page/131/?a=438555533g581 HTTP/1.1" 200 15582 "-" "Mozilla/5.0 AppleWebKit/537.36 (KHTML, like Gecko; compatible; ClaudeBot/1.0; +claudebot@anthropic.com)"
66.249.73.70 - - [22/Jan/2026:07:51:01 -0500] "GET /?a=52607949h646 HTTP/1.1" 200 25673 "-" "Mozilla/5.0 (Linux; Android 6.0.1; Nexus 5X Build/MMB29P) AppleWebKit/537.36 (KHTML, like Gecko) Chrome/143.0.7499.192 Mobile Safari/537.36 (compatible; Googlebot/2.1; +http://www.google.com/bot.html)"
66.249.73.68 - - [22/Jan/2026:07:51:01 -0500] "GET /?a=214635400hjaa HTTP/1.1" 200 27609 "-" "Mozilla/5.0 (Linux; Android 6.0.1; Nexus 5X Build/MMB29P) AppleWebKit/537.36 (KHTML, like Gecko) Chrome/143.0.7499.192 Mobile Safari/537.36 (compatible; Googlebot/2.1; +http://www.google.com/bot.html)"
74.7.243.232 - - [22/Jan/2026:07:51:01 -0500] "GET /page/136/?a=1187282173g81 HTTP/1.1" 200 15326 "https://membuatwebsite.biz/page/138/?a=1187282173g81" "Mozilla/5.0 AppleWebKit/537.36 (KHTML, like Gecko; compatible; GPTBot/1.3; +https://openai.com/gptbot)"
216.73.216.223 - - [22/Jan/2026:07:51:01 -0500] "GET /page/8/?a=255423225641j HTTP/1.1" 200 15505 "-" "Mozilla/5.0 AppleWebKit/537.36 (KHTML, like Gecko; compatible; ClaudeBot/1.0; +claudebot@anthropic.com)"
216.73.216.223 - - [22/Jan/2026:07:51:04 -0500] "GET /page/9/?a=14187476d82f3 HTTP/1.1" 200 15333 "-" "Mozilla/5.0 AppleWebKit/537.36 (KHTML, like Gecko; compatible; ClaudeBot/1.0; +claudebot@anthropic.com)"
74.7.243.232 - - [22/Jan/2026:07:51:04 -0500] "GET /page/135/?a=317251123428a HTTP/1.1" 200 15790 "https://membuatwebsite.biz/page/137/?a=317251123428a" "Mozilla/5.0 AppleWebKit/537.36 (KHTML, like Gecko; compatible; GPTBot/1.3; +https://openai.com/gptbot)"
66.249.73.68 - - [22/Jan/2026:07:51:06 -0500] "GET /?a=1607365ggg1f2 HTTP/1.1" 200 26072 "-" "Mozilla/5.0 (Linux; Android 6.0.1; Nexus 5X Build/MMB29P) AppleWebKit/537.36 (KHTML, like Gecko) Chrome/143.0.7499.192 Mobile Safari/537.36 (compatible; Googlebot/2.1; +http://www.google.com/bot.html)"
66.249.65.32 - - [22/Jan/2026:07:51:06 -0500] "GET /?a=44079309i0h75 HTTP/1.1" 200 27192 "-" "Mozilla/5.0 (Linux; Android 6.0.1; Nexus 5X Build/MMB29P) AppleWebKit/537.36 (KHTML, like Gecko) Chrome/143.0.7499.192 Mobile Safari/537.36 (compatible; Googlebot/2.1; +http://www.google.com/bot.html)"
66.249.73.68 - - [22/Jan/2026:07:51:06 -0500] "GET /?a=2996279g919d4 HTTP/1.1" 200 26478 "-" "Mozilla/5.0 (Linux; Android 6.0.1; Nexus 5X Build/MMB29P) AppleWebKit/537.36 (KHTML, like Gecko) Chrome/143.0.7499.192 Mobile Safari/537.36 (compatible; Googlebot/2.1; +http://www.google.com/bot.html)"
216.73.216.223 - - [22/Jan/2026:07:51:07 -0500] "GET /page/139/?a=13998643e4c86 HTTP/1.1" 200 15506 "-" "Mozilla/5.0 AppleWebKit/537.36 (KHTML, like Gecko; compatible; ClaudeBot/1.0; +claudebot@anthropic.com)"
74.7.243.232 - - [22/Jan/2026:07:51:07 -0500] "GET /page/132/?a=21997591778g2 HTTP/1.1" 200 15791 "https://membuatwebsite.biz/page/133/?a=21997591778g2" "Mozilla/5.0 AppleWebKit/537.36 (KHTML, like Gecko; compatible; GPTBot/1.3; +https://openai.com/gptbot)"
66.249.65.32 - - [22/Jan/2026:07:51:08 -0500] "GET /?a=2103488cii2fb HTTP/1.1" 200 28935 "-" "Mozilla/5.0 (Linux; Android 6.0.1; Nexus 5X Build/MMB29P) AppleWebKit/537.36 (KHTML, like Gecko) Chrome/143.0.7499.192 Mobile Safari/537.36 (compatible; Googlebot/2.1; +http://www.google.com/bot.html)"
216.73.216.223 - - [22/Jan/2026:07:51:10 -0500] "GET /page/9/?a=3046946a9if6d HTTP/1.1" 200 15248 "-" "Mozilla/5.0 AppleWebKit/537.36 (KHTML, like Gecko; compatible; ClaudeBot/1.0; +claudebot@anthropic.com)"
74.7.243.232 - - [22/Jan/2026:07:51:10 -0500] "GET /page/131/?a=21997591778g2 HTTP/1.1" 200 15558 "https://membuatwebsite.biz/page/133/?a=21997591778g2" "Mozilla/5.0 AppleWebKit/537.36 (KHTML, like Gecko; compatible; GPTBot/1.3; +https://openai.com/gptbot)"
216.73.216.223 - - [22/Jan/2026:07:51:13 -0500] "GET /page/5/?a=419708ai6i8a HTTP/1.1" 200 15176 "-" "Mozilla/5.0 AppleWebKit/537.36 (KHTML, like Gecko; compatible; ClaudeBot/1.0; +claudebot@anthropic.com)"
15.235.98.50 - - [22/Jan/2026:07:51:13 -0500] "GET /?a=4057238b6828d HTTP/1.1" 200 15216 "-" "Mozilla/5.0 (compatible; AhrefsBot/7.0; +http://ahrefs.com/robot/)"
74.7.243.232 - - [22/Jan/2026:07:51:14 -0500] "GET /page/131/?a=32122302g3797 HTTP/1.1" 200 15512 "https://membuatwebsite.biz/page/133/?a=32122302g3797" "Mozilla/5.0 AppleWebKit/537.36 (KHTML, like Gecko; compatible; GPTBot/1.3; +https://openai.com/gptbot)"
216.73.216.223 - - [22/Jan/2026:07:51:16 -0500] "GET /page/13/?a=3094991f94acc HTTP/1.1" 200 15369 "-" "Mozilla/5.0 AppleWebKit/537.36 (KHTML, like Gecko; compatible; ClaudeBot/1.0; +claudebot@anthropic.com)"
74.7.243.232 - - [22/Jan/2026:07:51:17 -0500] "GET /page/130/?a=173991738469 HTTP/1.1" 200 15571 "https://membuatwebsite.biz/page/132/?a=173991738469" "Mozilla/5.0 AppleWebKit/537.36 (KHTML, like Gecko; compatible; GPTBot/1.3; +https://openai.com/gptbot)"
216.73.216.223 - - [22/Jan/2026:07:51:19 -0500] "GET /page/10/?a=2598140540f8b HTTP/1.1" 200 15414 "-" "Mozilla/5.0 AppleWebKit/537.36 (KHTML, like Gecko; compatible; ClaudeBot/1.0; +claudebot@anthropic.com)"
66.249.73.68 - - [22/Jan/2026:07:51:20 -0500] "GET /?a=3337553ai8ha9 HTTP/1.1" 200 28754 "-" "Mozilla/5.0 (Linux; Android 6.0.1; Nexus 5X Build/MMB29P) AppleWebKit/537.36 (KHTML, like Gecko) Chrome/143.0.7499.192 Mobile Safari/537.36 (compatible; Googlebot/2.1; +http://www.google.com/bot.html)"
74.7.243.232 - - [22/Jan/2026:07:51:20 -0500] "GET /page/129/?a=173991738469 HTTP/1.1" 200 15594 "https://membuatwebsite.biz/page/131/?a=173991738469" "Mozilla/5.0 AppleWebKit/537.36 (KHTML, like Gecko; compatible; GPTBot/1.3; +https://openai.com/gptbot)"
216.73.216.223 - - [22/Jan/2026:07:51:22 -0500] "GET /page/141/?a=42931575e43e5 HTTP/1.1" 200 15257 "-" "Mozilla/5.0 AppleWebKit/537.36 (KHTML, like Gecko; compatible; ClaudeBot/1.0; +claudebot@anthropic.com)"
74.7.243.232 - - [22/Jan/2026:07:51:23 -0500] "GET /page/142/?a=14141397d2857 HTTP/1.1" 200 15321 "https://membuatwebsite.biz/page/144/?a=14141397d2857" "Mozilla/5.0 AppleWebKit/537.36 (KHTML, like Gecko; compatible; GPTBot/1.3; +https://openai.com/gptbot)"
66.249.73.68 - - [22/Jan/2026:07:51:24 -0500] "GET /?a=2128780398763 HTTP/1.1" 200 27191 "-" "Mozilla/5.0 (Linux; Android 6.0.1; Nexus 5X Build/MMB29P) AppleWebKit/537.36 (KHTML, like Gecko) Chrome/143.0.7499.192 Mobile Safari/537.36 (compatible; Googlebot/2.1; +http://www.google.com/bot.html)"
216.73.216.223 - - [22/Jan/2026:07:51:25 -0500] "GET /page/4/?a=1662648fgf3ia HTTP/1.1" 200 15148 "-" "Mozilla/5.0 AppleWebKit/537.36 (KHTML, like Gecko; compatible; ClaudeBot/1.0; +claudebot@anthropic.com)"
74.7.243.232 - - [22/Jan/2026:07:51:26 -0500] "GET /page/135/?a=2535359500d45 HTTP/1.1" 200 15789 "https://membuatwebsite.biz/page/137/?a=2535359500d45" "Mozilla/5.0 AppleWebKit/537.36 (KHTML, like Gecko; compatible; GPTBot/1.3; +https://openai.com/gptbot)"
66.249.65.46 - - [22/Jan/2026:07:51:26 -0500] "GET /?a=981159549d7d HTTP/1.1" 200 27481 "-" "Mozilla/5.0 (Linux; Android 6.0.1; Nexus 5X Build/MMB29P) AppleWebKit/537.36 (KHTML, like Gecko) Chrome/143.0.7499.192 Mobile Safari/537.36 (compatible; Googlebot/2.1; +http://www.google.com/bot.html)"
216.73.216.223 - - [22/Jan/2026:07:51:28 -0500] "GET /page/144/?a=22835233a0je4 HTTP/1.1" 200 13055 "-" "Mozilla/5.0 AppleWebKit/537.36 (KHTML, like Gecko; compatible; ClaudeBot/1.0; +claudebot@anthropic.com)"
74.7.243.232 - - [22/Jan/2026:07:51:29 -0500] "GET /page/135/?a=1187282173g81 HTTP/1.1" 200 15861 "https://membuatwebsite.biz/page/137/?a=1187282173g81" "Mozilla/5.0 AppleWebKit/537.36 (KHTML, like Gecko; compatible; GPTBot/1.3; +https://openai.com/gptbot)"
66.249.65.46 - - [22/Jan/2026:07:51:30 -0500] "GET /?a=5440501f67dj HTTP/1.1" 200 26753 "-" "Mozilla/5.0 (Linux; Android 6.0.1; Nexus 5X Build/MMB29P) AppleWebKit/537.36 (KHTML, like Gecko) Chrome/143.0.7499.192 Mobile Safari/537.36 (compatible; Googlebot/2.1; +http://www.google.com/bot.html)"
66.249.73.68 - - [22/Jan/2026:07:51:30 -0500] "GET /?a=261837j22cfa HTTP/1.1" 200 29644 "-" "Mozilla/5.0 (Linux; Android 6.0.1; Nexus 5X Build/MMB29P) AppleWebKit/537.36 (KHTML, like Gecko) Chrome/143.0.7499.192 Mobile Safari/537.36 (compatible; Googlebot/2.1; +http://www.google.com/bot.html)"
66.249.65.46 - - [22/Jan/2026:07:51:30 -0500] "GET /?a=992802c3hj62 HTTP/1.1" 200 27450 "-" "Mozilla/5.0 (Linux; Android 6.0.1; Nexus 5X Build/MMB29P) AppleWebKit/537.36 (KHTML, like Gecko) Chrome/143.0.7499.192 Mobile Safari/537.36 (compatible; Googlebot/2.1; +http://www.google.com/bot.html)"
216.73.216.223 - - [22/Jan/2026:07:51:31 -0500] "GET /page/6/?a=41168089a4hb3 HTTP/1.1" 200 14963 "-" "Mozilla/5.0 AppleWebKit/537.36 (KHTML, like Gecko; compatible; ClaudeBot/1.0; +claudebot@anthropic.com)"
74.7.243.232 - - [22/Jan/2026:07:51:32 -0500] "GET /page/136/?a=2535359500d45 HTTP/1.1" 200 15342 "https://membuatwebsite.biz/page/138/?a=2535359500d45" "Mozilla/5.0 AppleWebKit/537.36 (KHTML, like Gecko; compatible; GPTBot/1.3; +https://openai.com/gptbot)"
66.249.73.68 - - [22/Jan/2026:07:51:33 -0500] "GET /?a=3961203ge9had HTTP/1.1" 200 27683 "-" "Mozilla/5.0 (Linux; Android 6.0.1; Nexus 5X Build/MMB29P) AppleWebKit/537.36 (KHTML, like Gecko) Chrome/143.0.7499.192 Mobile Safari/537.36 (compatible; Googlebot/2.1; +http://www.google.com/bot.html)"
216.73.216.223 - - [22/Jan/2026:07:51:34 -0500] "GET /page/141/?a=2140675c8dhaj HTTP/1.1" 200 15256 "-" "Mozilla/5.0 AppleWebKit/537.36 (KHTML, like Gecko; compatible; ClaudeBot/1.0; +claudebot@anthropic.com)"
66.249.73.68 - - [22/Jan/2026:07:51:35 -0500] "GET /?a=419869j51dh4 HTTP/1.1" 200 28269 "-" "Mozilla/5.0 (Linux; Android 6.0.1; Nexus 5X Build/MMB29P) AppleWebKit/537.36 (KHTML, like Gecko) Chrome/143.0.7499.192 Mobile Safari/537.36 (compatible; Googlebot/2.1; +http://www.google.com/bot.html)"
74.7.243.232 - - [22/Jan/2026:07:51:35 -0500] "GET /page/134/?a=1187282173g81 HTTP/1.1" 200 15788 "https://membuatwebsite.biz/page/136/?a=1187282173g81" "Mozilla/5.0 AppleWebKit/537.36 (KHTML, like Gecko; compatible; GPTBot/1.3; +https://openai.com/gptbot)"
216.73.216.223 - - [22/Jan/2026:07:51:37 -0500] "GET /page/7/?a=302441558439b HTTP/1.1" 200 15268 "-" "Mozilla/5.0 AppleWebKit/537.36 (KHTML, like Gecko; compatible; ClaudeBot/1.0; +claudebot@anthropic.com)"
74.7.243.232 - - [22/Jan/2026:07:51:39 -0500] "GET /page/133/?a=317251123428a HTTP/1.1" 200 15581 "https://membuatwebsite.biz/page/135/?a=317251123428a" "Mozilla/5.0 AppleWebKit/537.36 (KHTML, like Gecko; compatible; GPTBot/1.3; +https://openai.com/gptbot)"
74.7.243.232 - - [22/Jan/2026:07:51:42 -0500] "GET /page/143/?a=14141397d2857 HTTP/1.1" 200 14933 "https://membuatwebsite.biz/page/144/?a=14141397d2857" "Mozilla/5.0 AppleWebKit/537.36 (KHTML, like Gecko; compatible; GPTBot/1.3; +https://openai.com/gptbot)"
216.73.216.223 - - [22/Jan/2026:07:51:42 -0500] "GET /page/3/?a=1639580298jbd HTTP/1.1" 200 15338 "-" "Mozilla/5.0 AppleWebKit/537.36 (KHTML, like Gecko; compatible; ClaudeBot/1.0; +claudebot@anthropic.com)"
74.7.243.232 - - [22/Jan/2026:07:51:45 -0500] "GET /page/129/?a=21997591778g2 HTTP/1.1" 200 15559 "https://membuatwebsite.biz/page/131/?a=21997591778g2" "Mozilla/5.0 AppleWebKit/537.36 (KHTML, like Gecko; compatible; GPTBot/1.3; +https://openai.com/gptbot)"
216.73.216.223 - - [22/Jan/2026:07:51:45 -0500] "GET /page/9/?a=379414760747c HTTP/1.1" 200 15278 "-" "Mozilla/5.0 AppleWebKit/537.36 (KHTML, like Gecko; compatible; ClaudeBot/1.0; +claudebot@anthropic.com)"
109.105.210.103 - - [22/Jan/2026:07:51:47 -0500] "GET / HTTP/1.1" 200 15173 "-" "Mozilla/5.0 (Windows NT 10.0; Win64; x64) AppleWebKit/537.36 (KHTML, like Gecko) Chrome/60.0.3112.113 Safari/537.36"
54.39.203.114 - - [22/Jan/2026:07:51:47 -0500] "GET /?a=3955312bjdh66 HTTP/1.1" 200 15216 "-" "Mozilla/5.0 (compatible; AhrefsBot/7.0; +http://ahrefs.com/robot/)"
74.7.243.232 - - [22/Jan/2026:07:51:48 -0500] "GET /page/144/?a=121042571570j HTTP/1.1" 200 13144 "https://membuatwebsite.biz/?a=121042571570j" "Mozilla/5.0 AppleWebKit/537.36 (KHTML, like Gecko; compatible; GPTBot/1.3; +https://openai.com/gptbot)"
216.73.216.223 - - [22/Jan/2026:07:51:48 -0500] "GET /page/8/?a=34661879fgd72 HTTP/1.1" 200 15487 "-" "Mozilla/5.0 AppleWebKit/537.36 (KHTML, like Gecko; compatible; ClaudeBot/1.0; +claudebot@anthropic.com)"
66.249.73.68 - - [22/Jan/2026:07:51:50 -0500] "GET /?a=20126620if37c HTTP/1.1" 200 26297 "-" "Mozilla/5.0 (Linux; Android 6.0.1; Nexus 5X Build/MMB29P) AppleWebKit/537.36 (KHTML, like Gecko) Chrome/143.0.7499.192 Mobile Safari/537.36 (compatible; Googlebot/2.1; +http://www.google.com/bot.html)"
66.249.73.68 - - [22/Jan/2026:07:51:50 -0500] "GET /?a=523735643hf7 HTTP/1.1" 200 27463 "-" "Mozilla/5.0 (Linux; Android 6.0.1; Nexus 5X Build/MMB29P) AppleWebKit/537.36 (KHTML, like Gecko) Chrome/143.0.7499.192 Mobile Safari/537.36 (compatible; Googlebot/2.1; +http://www.google.com/bot.html)"
66.249.73.68 - - [22/Jan/2026:07:51:51 -0500] "GET /?a=44413297b72i6 HTTP/1.1" 200 27922 "-" "Mozilla/5.0 (Linux; Android 6.0.1; Nexus 5X Build/MMB29P) AppleWebKit/537.36 (KHTML, like Gecko) Chrome/143.0.7499.192 Mobile Safari/537.36 (compatible; Googlebot/2.1; +http://www.google.com/bot.html)"
216.73.216.223 - - [22/Jan/2026:07:51:51 -0500] "GET /page/141/?a=830891104hc6 HTTP/1.1" 200 15229 "-" "Mozilla/5.0 AppleWebKit/537.36 (KHTML, like Gecko; compatible; ClaudeBot/1.0; +claudebot@anthropic.com)"
74.7.243.232 - - [22/Jan/2026:07:51:51 -0500] "GET /page/128/?a=173991738469 HTTP/1.1" 200 15826 "https://membuatwebsite.biz/page/130/?a=173991738469" "Mozilla/5.0 AppleWebKit/537.36 (KHTML, like Gecko; compatible; GPTBot/1.3; +https://openai.com/gptbot)"
216.73.216.223 - - [22/Jan/2026:07:51:54 -0500] "GET /page/8/?a=3714136gbad69 HTTP/1.1" 200 15482 "-" "Mozilla/5.0 AppleWebKit/537.36 (KHTML, like Gecko; compatible; ClaudeBot/1.0; +claudebot@anthropic.com)"
74.7.243.232 - - [22/Jan/2026:07:51:55 -0500] "GET /page/127/?a=173991738469 HTTP/1.1" 200 15707 "https://membuatwebsite.biz/page/129/?a=173991738469" "Mozilla/5.0 AppleWebKit/537.36 (KHTML, like Gecko; compatible; GPTBot/1.3; +https://openai.com/gptbot)"
216.73.216.223 - - [22/Jan/2026:07:51:57 -0500] "GET /page/10/?a=754073046980 HTTP/1.1" 200 15390 "-" "Mozilla/5.0 AppleWebKit/537.36 (KHTML, like Gecko; compatible; ClaudeBot/1.0; +claudebot@anthropic.com)"
74.7.243.232 - - [22/Jan/2026:07:51:58 -0500] "GET /page/141/?a=14141397d2857 HTTP/1.1" 200 15229 "https://membuatwebsite.biz/page/142/?a=14141397d2857" "Mozilla/5.0 AppleWebKit/537.36 (KHTML, like Gecko; compatible; GPTBot/1.3; +https://openai.com/gptbot)"
216.73.216.223 - - [22/Jan/2026:07:52:00 -0500] "GET /page/6/?a=7044293g33i0 HTTP/1.1" 200 15041 "-" "Mozilla/5.0 AppleWebKit/537.36 (KHTML, like Gecko; compatible; ClaudeBot/1.0; +claudebot@anthropic.com)"
66.249.73.70 - - [22/Jan/2026:07:52:01 -0500] "GET /?a=4307443512g17 HTTP/1.1" 200 27182 "-" "Mozilla/5.0 (Linux; Android 6.0.1; Nexus 5X Build/MMB29P) AppleWebKit/537.36 (KHTML, like Gecko) Chrome/143.0.7499.192 Mobile Safari/537.36 (compatible; Googlebot/2.1; +http://www.google.com/bot.html)"
74.7.243.232 - - [22/Jan/2026:07:52:01 -0500] "GET /page/133/?a=2535359500d45 HTTP/1.1" 200 15579 "https://membuatwebsite.biz/page/135/?a=2535359500d45" "Mozilla/5.0 AppleWebKit/537.36 (KHTML, like Gecko; compatible; GPTBot/1.3; +https://openai.com/gptbot)"
216.73.216.223 - - [22/Jan/2026:07:52:03 -0500] "GET /page/6/?a=652553h61ef9 HTTP/1.1" 200 15061 "-" "Mozilla/5.0 AppleWebKit/537.36 (KHTML, like Gecko; compatible; ClaudeBot/1.0; +claudebot@anthropic.com)"
74.7.243.232 - - [22/Jan/2026:07:52:04 -0500] "GET /page/134/?a=2535359500d45 HTTP/1.1" 200 15863 "https://membuatwebsite.biz/page/135/?a=2535359500d45" "Mozilla/5.0 AppleWebKit/537.36 (KHTML, like Gecko; compatible; GPTBot/1.3; +https://openai.com/gptbot)"
66.249.65.33 - - [22/Jan/2026:07:52:06 -0500] "GET /?a=155225861ie2c HTTP/1.1" 200 28403 "-" "Mozilla/5.0 (Linux; Android 6.0.1; Nexus 5X Build/MMB29P) AppleWebKit/537.36 (KHTML, like Gecko) Chrome/143.0.7499.192 Mobile Safari/537.36 (compatible; Googlebot/2.1; +http://www.google.com/bot.html)"
66.249.65.32 - - [22/Jan/2026:07:52:07 -0500] "GET /?a=261573644dg6c HTTP/1.1" 200 29660 "-" "Mozilla/5.0 (Linux; Android 6.0.1; Nexus 5X Build/MMB29P) AppleWebKit/537.36 (KHTML, like Gecko) Chrome/143.0.7499.192 Mobile Safari/537.36 (compatible; Googlebot/2.1; +http://www.google.com/bot.html)"
216.73.216.223 - - [22/Jan/2026:07:52:06 -0500] "GET /page/143/?a=28518121a6beb HTTP/1.1" 200 15005 "-" "Mozilla/5.0 AppleWebKit/537.36 (KHTML, like Gecko; compatible; ClaudeBot/1.0; +claudebot@anthropic.com)"
66.249.65.33 - - [22/Jan/2026:07:52:07 -0500] "GET /?a=232956734d7h0 HTTP/1.1" 200 26876 "-" "Mozilla/5.0 (compatible; Googlebot/2.1; +http://www.google.com/bot.html)"
74.7.243.232 - - [22/Jan/2026:07:52:07 -0500] "GET /page/133/?a=1187282173g81 HTTP/1.1" 200 15526 "https://membuatwebsite.biz/page/135/?a=1187282173g81" "Mozilla/5.0 AppleWebKit/537.36 (KHTML, like Gecko; compatible; GPTBot/1.3; +https://openai.com/gptbot)"
216.73.216.223 - - [22/Jan/2026:07:52:09 -0500] "GET /page/5/?a=1820001b0b43i HTTP/1.1" 200 15177 "-" "Mozilla/5.0 AppleWebKit/537.36 (KHTML, like Gecko; compatible; ClaudeBot/1.0; +claudebot@anthropic.com)"
66.249.73.68 - - [22/Jan/2026:07:52:10 -0500] "GET /?a=74269958hjce HTTP/1.1" 200 27276 "-" "Mozilla/5.0 (Linux; Android 6.0.1; Nexus 5X Build/MMB29P) AppleWebKit/537.36 (KHTML, like Gecko) Chrome/143.0.7499.192 Mobile Safari/537.36 (compatible; Googlebot/2.1; +http://www.google.com/bot.html)"
66.249.65.32 - - [22/Jan/2026:07:52:10 -0500] "GET /?a=9711511ae97d HTTP/1.1" 200 26189 "-" "Mozilla/5.0 (Linux; Android 6.0.1; Nexus 5X Build/MMB29P) AppleWebKit/537.36 (KHTML, like Gecko) Chrome/143.0.7499.192 Mobile Safari/537.36 (compatible; Googlebot/2.1; +http://www.google.com/bot.html)"
74.7.243.232 - - [22/Jan/2026:07:52:10 -0500] "GET /page/132/?a=1187282173g81 HTTP/1.1" 200 15728 "https://membuatwebsite.biz/page/134/?a=1187282173g81" "Mozilla/5.0 AppleWebKit/537.36 (KHTML, like Gecko; compatible; GPTBot/1.3; +https://openai.com/gptbot)"
66.249.73.69 - - [22/Jan/2026:07:52:11 -0500] "GET /?a=1140107c7j7b1 HTTP/1.1" 200 27833 "-" "Mozilla/5.0 (Linux; Android 6.0.1; Nexus 5X Build/MMB29P) AppleWebKit/537.36 (KHTML, like Gecko) Chrome/143.0.7499.192 Mobile Safari/537.36 (compatible; Googlebot/2.1; +http://www.google.com/bot.html)"
216.73.216.223 - - [22/Jan/2026:07:52:12 -0500] "GET /page/13/?a=3862787fj2ija HTTP/1.1" 200 15323 "-" "Mozilla/5.0 AppleWebKit/537.36 (KHTML, like Gecko; compatible; ClaudeBot/1.0; +claudebot@anthropic.com)"
74.7.243.232 - - [22/Jan/2026:07:52:14 -0500] "GET /page/132/?a=317251123428a HTTP/1.1" 200 15792 "https://membuatwebsite.biz/page/133/?a=317251123428a" "Mozilla/5.0 AppleWebKit/537.36 (KHTML, like Gecko; compatible; GPTBot/1.3; +https://openai.com/gptbot)"
66.249.65.46 - - [22/Jan/2026:07:52:15 -0500] "GET /?a=3219446cc56hi HTTP/1.1" 200 26760 "-" "Mozilla/5.0 (Linux; Android 6.0.1; Nexus 5X Build/MMB29P) AppleWebKit/537.36 (KHTML, like Gecko) Chrome/143.0.7499.192 Mobile Safari/537.36 (compatible; Googlebot/2.1; +http://www.google.com/bot.html)"
216.73.216.223 - - [22/Jan/2026:07:52:15 -0500] "GET /page/6/?a=3653492cf4983 HTTP/1.1" 200 15042 "-" "Mozilla/5.0 AppleWebKit/537.36 (KHTML, like Gecko; compatible; ClaudeBot/1.0; +claudebot@anthropic.com)"
66.249.65.46 - - [22/Jan/2026:07:52:16 -0500] "GET /?a=3683929f93ida HTTP/1.1" 200 27999 "-" "Mozilla/5.0 (Linux; Android 6.0.1; Nexus 5X Build/MMB29P) AppleWebKit/537.36 (KHTML, like Gecko) Chrome/143.0.7499.192 Mobile Safari/537.36 (compatible; Googlebot/2.1; +http://www.google.com/bot.html)"
52.167.144.157 - - [22/Jan/2026:07:52:17 -0500] "GET /?a=529102e97cic HTTP/1.1" 200 26868 "-" "Mozilla/5.0 AppleWebKit/537.36 (KHTML, like Gecko; compatible; bingbot/2.0; +http://www.bing.com/bingbot.htm) Chrome/116.0.1938.76 Safari/537.36"
74.7.243.232 - - [22/Jan/2026:07:52:17 -0500] "GET /page/140/?a=14141397d2857 HTTP/1.1" 200 15530 "https://membuatwebsite.biz/page/142/?a=14141397d2857" "Mozilla/5.0 AppleWebKit/537.36 (KHTML, like Gecko; compatible; GPTBot/1.3; +https://openai.com/gptbot)"
216.73.216.223 - - [22/Jan/2026:07:52:18 -0500] "GET /page/10/?a=376870702hcha HTTP/1.1" 200 15468 "-" "Mozilla/5.0 AppleWebKit/537.36 (KHTML, like Gecko; compatible; ClaudeBot/1.0; +claudebot@anthropic.com)"
74.7.243.232 - - [22/Jan/2026:07:52:20 -0500] "GET /page/128/?a=21997591778g2 HTTP/1.1" 200 15853 "https://membuatwebsite.biz/page/129/?a=21997591778g2" "Mozilla/5.0 AppleWebKit/537.36 (KHTML, like Gecko; compatible; GPTBot/1.3; +https://openai.com/gptbot)"
216.73.216.223 - - [22/Jan/2026:07:52:21 -0500] "GET /page/135/?a=1716736i1dfdb HTTP/1.1" 200 15861 "-" "Mozilla/5.0 AppleWebKit/537.36 (KHTML, like Gecko; compatible; ClaudeBot/1.0; +claudebot@anthropic.com)"
114.119.136.160 - - [22/Jan/2026:07:52:21 -0500] "GET /?a=1936930j14b85 HTTP/1.1" 200 15188 "https://membuatwebsite.biz/sitemap.xmlsitemap:https:/membuatwebsite.biz/sitemap-1.xml" "Mozilla/5.0 (Linux; Android 7.0;) AppleWebKit/537.36 (KHTML, like Gecko) Mobile Safari/537.36 (compatible; PetalBot;+https://webmaster.petalsearch.com/site/petalbot)"
74.7.243.232 - - [22/Jan/2026:07:52:23 -0500] "GET /page/127/?a=21997591778g2 HTTP/1.1" 200 15711 "https://membuatwebsite.biz/page/129/?a=21997591778g2" "Mozilla/5.0 AppleWebKit/537.36 (KHTML, like Gecko; compatible; GPTBot/1.3; +https://openai.com/gptbot)"
216.73.216.223 - - [22/Jan/2026:07:52:24 -0500] "GET /page/11/?a=3857536637dj5 HTTP/1.1" 200 15214 "-" "Mozilla/5.0 AppleWebKit/537.36 (KHTML, like Gecko; compatible; ClaudeBot/1.0; +claudebot@anthropic.com)"
66.249.73.68 - - [22/Jan/2026:07:52:25 -0500] "GET /?a=1418505e517ga HTTP/1.1" 200 28880 "-" "Mozilla/5.0 (Linux; Android 6.0.1; Nexus 5X Build/MMB29P) AppleWebKit/537.36 (KHTML, like Gecko) Chrome/143.0.7499.192 Mobile Safari/537.36 (compatible; Googlebot/2.1; +http://www.google.com/bot.html)"
66.249.73.68 - - [22/Jan/2026:07:52:25 -0500] "GET /?a=280302daf43i HTTP/1.1" 200 27674 "-" "Mozilla/5.0 (Linux; Android 6.0.1; Nexus 5X Build/MMB29P) AppleWebKit/537.36 (KHTML, like Gecko) Chrome/143.0.7499.192 Mobile Safari/537.36 (compatible; Googlebot/2.1; +http://www.google.com/bot.html)"
74.7.243.232 - - [22/Jan/2026:07:52:26 -0500] "GET /page/126/?a=173991738469 HTTP/1.1" 200 15650 "https://membuatwebsite.biz/page/128/?a=173991738469" "Mozilla/5.0 AppleWebKit/537.36 (KHTML, like Gecko; compatible; GPTBot/1.3; +https://openai.com/gptbot)"
54.39.89.75 - - [22/Jan/2026:07:52:27 -0500] "GET /?a=386323796691i HTTP/1.1" 200 15263 "-" "Mozilla/5.0 (compatible; AhrefsBot/7.0; +http://ahrefs.com/robot/)"
216.73.216.223 - - [22/Jan/2026:07:52:27 -0500] "GET /page/143/?a=2297392b16bbj HTTP/1.1" 200 14972 "-" "Mozilla/5.0 AppleWebKit/537.36 (KHTML, like Gecko; compatible; ClaudeBot/1.0; +claudebot@anthropic.com)"
74.7.243.232 - - [22/Jan/2026:07:52:29 -0500] "GET /page/125/?a=173991738469 HTTP/1.1" 200 15983 "https://membuatwebsite.biz/page/127/?a=173991738469" "Mozilla/5.0 AppleWebKit/537.36 (KHTML, like Gecko; compatible; GPTBot/1.3; +https://openai.com/gptbot)"
216.73.216.223 - - [22/Jan/2026:07:52:30 -0500] "GET /page/9/?a=475689c86fci HTTP/1.1" 200 15277 "-" "Mozilla/5.0 AppleWebKit/537.36 (KHTML, like Gecko; compatible; ClaudeBot/1.0; +claudebot@anthropic.com)"
66.249.73.68 - - [22/Jan/2026:07:52:32 -0500] "GET /?a=1128773j9h131 HTTP/1.1" 200 31323 "-" "Mozilla/5.0 (Linux; Android 6.0.1; Nexus 5X Build/MMB29P) AppleWebKit/537.36 (KHTML, like Gecko) Chrome/143.0.7499.192 Mobile Safari/537.36 (compatible; Googlebot/2.1; +http://www.google.com/bot.html)"
66.249.73.68 - - [22/Jan/2026:07:52:32 -0500] "GET /?a=4449548g06740 HTTP/1.1" 200 26057 "-" "Mozilla/5.0 (Linux; Android 6.0.1; Nexus 5X Build/MMB29P) AppleWebKit/537.36 (KHTML, like Gecko) Chrome/143.0.7499.192 Mobile Safari/537.36 (compatible; Googlebot/2.1; +http://www.google.com/bot.html)"
74.7.243.232 - - [22/Jan/2026:07:52:33 -0500] "GET /page/139/?a=14141397d2857 HTTP/1.1" 200 15478 "https://membuatwebsite.biz/page/141/?a=14141397d2857" "Mozilla/5.0 AppleWebKit/537.36 (KHTML, like Gecko; compatible; GPTBot/1.3; +https://openai.com/gptbot)"
216.73.216.223 - - [22/Jan/2026:07:52:33 -0500] "GET /page/3/?a=343394i05536 HTTP/1.1" 200 15337 "-" "Mozilla/5.0 AppleWebKit/537.36 (KHTML, like Gecko; compatible; ClaudeBot/1.0; +claudebot@anthropic.com)"
74.7.243.232 - - [22/Jan/2026:07:52:36 -0500] "GET /page/132/?a=2535359500d45 HTTP/1.1" 200 15728 "https://membuatwebsite.biz/page/133/?a=2535359500d45" "Mozilla/5.0 AppleWebKit/537.36 (KHTML, like Gecko; compatible; GPTBot/1.3; +https://openai.com/gptbot)"
216.73.216.223 - - [22/Jan/2026:07:52:36 -0500] "GET /page/142/?a=4661845a6h5e HTTP/1.1" 200 15265 "-" "Mozilla/5.0 AppleWebKit/537.36 (KHTML, like Gecko; compatible; ClaudeBot/1.0; +claudebot@anthropic.com)"
74.7.243.232 - - [22/Jan/2026:07:52:39 -0500] "GET /page/131/?a=2535359500d45 HTTP/1.1" 200 15580 "https://membuatwebsite.biz/page/133/?a=2535359500d45" "Mozilla/5.0 AppleWebKit/537.36 (KHTML, like Gecko; compatible; GPTBot/1.3; +https://openai.com/gptbot)"
216.73.216.223 - - [22/Jan/2026:07:52:39 -0500] "GET /page/11/?a=2320491jb6bce HTTP/1.1" 200 15301 "-" "Mozilla/5.0 AppleWebKit/537.36 (KHTML, like Gecko; compatible; ClaudeBot/1.0; +claudebot@anthropic.com)"
66.249.73.68 - - [22/Jan/2026:07:52:40 -0500] "GET /?a=23741368e1baj HTTP/1.1" 200 27212 "-" "Mozilla/5.0 (Linux; Android 6.0.1; Nexus 5X Build/MMB29P) AppleWebKit/537.36 (KHTML, like Gecko) Chrome/143.0.7499.192 Mobile Safari/537.36 (compatible; Googlebot/2.1; +http://www.google.com/bot.html)"
74.7.243.232 - - [22/Jan/2026:07:52:42 -0500] "GET /page/131/?a=1187282173g81 HTTP/1.1" 200 15582 "https://membuatwebsite.biz/page/133/?a=1187282173g81" "Mozilla/5.0 AppleWebKit/537.36 (KHTML, like Gecko; compatible; GPTBot/1.3; +https://openai.com/gptbot)"
216.73.216.223 - - [22/Jan/2026:07:52:42 -0500] "GET /page/3/?a=26194394ai3be HTTP/1.1" 200 15337 "-" "Mozilla/5.0 AppleWebKit/537.36 (KHTML, like Gecko; compatible; ClaudeBot/1.0; +claudebot@anthropic.com)"
216.244.66.226 - - [22/Jan/2026:07:52:45 -0500] "GET /robots.txt HTTP/1.1" 200 96 "-" "Mozilla/5.0 (compatible; DotBot/1.2; +https://opensiteexplorer.org/dotbot; help@moz.com)"
74.7.243.232 - - [22/Jan/2026:07:52:45 -0500] "GET /page/130/?a=1187282173g81 HTTP/1.1" 200 15537 "https://membuatwebsite.biz/page/132/?a=1187282173g81" "Mozilla/5.0 AppleWebKit/537.36 (KHTML, like Gecko; compatible; GPTBot/1.3; +https://openai.com/gptbot)"
216.73.216.223 - - [22/Jan/2026:07:52:45 -0500] "GET /page/142/?a=732267692870 HTTP/1.1" 200 15320 "-" "Mozilla/5.0 AppleWebKit/537.36 (KHTML, like Gecko; compatible; ClaudeBot/1.0; +claudebot@anthropic.com)"
216.73.216.223 - - [22/Jan/2026:07:52:48 -0500] "GET /page/143/?a=8602859ef95f HTTP/1.1" 200 15005 "-" "Mozilla/5.0 AppleWebKit/537.36 (KHTML, like Gecko; compatible; ClaudeBot/1.0; +claudebot@anthropic.com)"
74.7.243.232 - - [22/Jan/2026:07:52:48 -0500] "GET /page/130/?a=317251123428a HTTP/1.1" 200 15573 "https://membuatwebsite.biz/page/132/?a=317251123428a" "Mozilla/5.0 AppleWebKit/537.36 (KHTML, like Gecko; compatible; GPTBot/1.3; +https://openai.com/gptbot)"
216.73.216.223 - - [22/Jan/2026:07:52:51 -0500] "GET /page/3/?a=8729413hi308 HTTP/1.1" 200 15329 "-" "Mozilla/5.0 AppleWebKit/537.36 (KHTML, like Gecko; compatible; ClaudeBot/1.0; +claudebot@anthropic.com)"
74.7.243.232 - - [22/Jan/2026:07:52:51 -0500] "GET /page/138/?a=14141397d2857 HTTP/1.1" 200 15343 "https://membuatwebsite.biz/page/140/?a=14141397d2857" "Mozilla/5.0 AppleWebKit/537.36 (KHTML, like Gecko; compatible; GPTBot/1.3; +https://openai.com/gptbot)"
66.249.73.68 - - [22/Jan/2026:07:52:53 -0500] "GET /?a=3707710ada942 HTTP/1.1" 200 26854 "-" "Mozilla/5.0 (Linux; Android 6.0.1; Nexus 5X Build/MMB29P) AppleWebKit/537.36 (KHTML, like Gecko) Chrome/143.0.7499.192 Mobile Safari/537.36 (compatible; Googlebot/2.1; +http://www.google.com/bot.html)"
66.249.65.46 - - [22/Jan/2026:07:52:53 -0500] "GET /?a=438768430jh72 HTTP/1.1" 200 27816 "-" "Mozilla/5.0 (Linux; Android 6.0.1; Nexus 5X Build/MMB29P) AppleWebKit/537.36 (KHTML, like Gecko) Chrome/143.0.7499.192 Mobile Safari/537.36 (compatible; Googlebot/2.1; +http://www.google.com/bot.html)"
74.7.243.232 - - [22/Jan/2026:07:52:54 -0500] "GET /page/126/?a=21997591778g2 HTTP/1.1" 200 15723 "https://membuatwebsite.biz/page/128/?a=21997591778g2" "Mozilla/5.0 AppleWebKit/537.36 (KHTML, like Gecko; compatible; GPTBot/1.3; +https://openai.com/gptbot)"
216.73.216.223 - - [22/Jan/2026:07:52:55 -0500] "GET /page/5/?a=433100426fhh HTTP/1.1" 200 15175 "-" "Mozilla/5.0 AppleWebKit/537.36 (KHTML, like Gecko; compatible; ClaudeBot/1.0; +claudebot@anthropic.com)"
216.73.216.223 - - [22/Jan/2026:07:52:58 -0500] "GET /page/144/?a=22774938ghbd4 HTTP/1.1" 200 13144 "-" "Mozilla/5.0 AppleWebKit/537.36 (KHTML, like Gecko; compatible; ClaudeBot/1.0; +claudebot@anthropic.com)"
74.7.243.232 - - [22/Jan/2026:07:52:58 -0500] "GET /page/125/?a=21997591778g2 HTTP/1.1" 200 15946 "https://membuatwebsite.biz/page/127/?a=21997591778g2" "Mozilla/5.0 AppleWebKit/537.36 (KHTML, like Gecko; compatible; GPTBot/1.3; +https://openai.com/gptbot)"
66.249.73.68 - - [22/Jan/2026:07:52:58 -0500] "GET /?a=8357273hdge5 HTTP/1.1" 200 28194 "-" "Mozilla/5.0 (Linux; Android 6.0.1; Nexus 5X Build/MMB29P) AppleWebKit/537.36 (KHTML, like Gecko) Chrome/143.0.7499.192 Mobile Safari/537.36 (compatible; Googlebot/2.1; +http://www.google.com/bot.html)"
216.73.216.223 - - [22/Jan/2026:07:53:01 -0500] "GET /page/142/?a=33258629j1a2c HTTP/1.1" 200 15322 "-" "Mozilla/5.0 AppleWebKit/537.36 (KHTML, like Gecko; compatible; ClaudeBot/1.0; +claudebot@anthropic.com)"
74.7.243.232 - - [22/Jan/2026:07:53:01 -0500] "GET /page/124/?a=173991738469 HTTP/1.1" 200 15495 "https://membuatwebsite.biz/page/126/?a=173991738469" "Mozilla/5.0 AppleWebKit/537.36 (KHTML, like Gecko; compatible; GPTBot/1.3; +https://openai.com/gptbot)"
216.73.216.223 - - [22/Jan/2026:07:53:04 -0500] "GET /page/4/?a=23024219e535c HTTP/1.1" 200 15197 "-" "Mozilla/5.0 AppleWebKit/537.36 (KHTML, like Gecko; compatible; ClaudeBot/1.0; +claudebot@anthropic.com)"
74.7.243.232 - - [22/Jan/2026:07:53:04 -0500] "GET /page/123/?a=173991738469 HTTP/1.1" 200 15521 "https://membuatwebsite.biz/page/125/?a=173991738469" "Mozilla/5.0 AppleWebKit/537.36 (KHTML, like Gecko; compatible; GPTBot/1.3; +https://openai.com/gptbot)"
216.73.216.223 - - [22/Jan/2026:07:53:07 -0500] "GET /page/9/?a=2418771daf1j2 HTTP/1.1" 200 15308 "-" "Mozilla/5.0 AppleWebKit/537.36 (KHTML, like Gecko; compatible; ClaudeBot/1.0; +claudebot@anthropic.com)"
74.7.243.232 - - [22/Jan/2026:07:53:07 -0500] "GET /page/137/?a=14141397d2857 HTTP/1.1" 200 15111 "https://membuatwebsite.biz/page/139/?a=14141397d2857" "Mozilla/5.0 AppleWebKit/537.36 (KHTML, like Gecko; compatible; GPTBot/1.3; +https://openai.com/gptbot)"
66.249.73.70 - - [22/Jan/2026:07:53:08 -0500] "GET /?a=3517521ii0f00 HTTP/1.1" 200 28788 "-" "Mozilla/5.0 (Linux; Android 6.0.1; Nexus 5X Build/MMB29P) AppleWebKit/537.36 (KHTML, like Gecko) Chrome/143.0.7499.192 Mobile Safari/537.36 (compatible; Googlebot/2.1; +http://www.google.com/bot.html)"
216.73.216.223 - - [22/Jan/2026:07:53:10 -0500] "GET /page/8/?a=1225776f67c31 HTTP/1.1" 200 15505 "-" "Mozilla/5.0 AppleWebKit/537.36 (KHTML, like Gecko; compatible; ClaudeBot/1.0; +claudebot@anthropic.com)"
142.44.220.35 - - [22/Jan/2026:07:53:10 -0500] "GET /?a=38204444dcd2h HTTP/1.1" 200 15215 "-" "Mozilla/5.0 (compatible; AhrefsBot/7.0; +http://ahrefs.com/robot/)"
74.7.243.232 - - [22/Jan/2026:07:53:10 -0500] "GET /page/130/?a=2535359500d45 HTTP/1.1" 200 15572 "https://membuatwebsite.biz/page/132/?a=2535359500d45" "Mozilla/5.0 AppleWebKit/537.36 (KHTML, like Gecko; compatible; GPTBot/1.3; +https://openai.com/gptbot)"
66.249.73.68 - - [22/Jan/2026:07:53:13 -0500] "GET /?a=3308703e097be HTTP/1.1" 200 26316 "-" "Mozilla/5.0 (Linux; Android 6.0.1; Nexus 5X Build/MMB29P) AppleWebKit/537.36 (KHTML, like Gecko) Chrome/143.0.7499.192 Mobile Safari/537.36 (compatible; Googlebot/2.1; +http://www.google.com/bot.html)"
66.249.65.32 - - [22/Jan/2026:07:53:13 -0500] "GET /?a=7635939ghca2 HTTP/1.1" 200 26529 "-" "Mozilla/5.0 (Linux; Android 6.0.1; Nexus 5X Build/MMB29P) AppleWebKit/537.36 (KHTML, like Gecko) Chrome/143.0.7499.192 Mobile Safari/537.36 (compatible; Googlebot/2.1; +http://www.google.com/bot.html)"
216.73.216.223 - - [22/Jan/2026:07:53:13 -0500] "GET /page/3/?a=3868763h2f1hh HTTP/1.1" 200 15384 "-" "Mozilla/5.0 AppleWebKit/537.36 (KHTML, like Gecko; compatible; ClaudeBot/1.0; +claudebot@anthropic.com)"
74.7.243.232 - - [22/Jan/2026:07:53:13 -0500] "GET /page/129/?a=2535359500d45 HTTP/1.1" 200 15661 "https://membuatwebsite.biz/page/131/?a=2535359500d45" "Mozilla/5.0 AppleWebKit/537.36 (KHTML, like Gecko; compatible; GPTBot/1.3; +https://openai.com/gptbot)"
