66.249.73.66 - - [22/Jan/2026:08:42:06 -0500] "GET /?a=26198230j0bjc HTTP/1.1" 200 26402 "-" "Mozilla/5.0 (Linux; Android 6.0.1; Nexus 5X Build/MMB29P) AppleWebKit/537.36 (KHTML, like Gecko) Chrome/143.0.7499.192 Mobile Safari/537.36 (compatible; Googlebot/2.1; +http://www.google.com/bot.html)"
66.249.73.66 - - [22/Jan/2026:08:42:06 -0500] "GET /?a=24501902g3f6f HTTP/1.1" 200 27145 "-" "Mozilla/5.0 (Linux; Android 6.0.1; Nexus 5X Build/MMB29P) AppleWebKit/537.36 (KHTML, like Gecko) Chrome/143.0.7499.192 Mobile Safari/537.36 (compatible; Googlebot/2.1; +http://www.google.com/bot.html)"
66.249.73.65 - - [22/Jan/2026:08:42:06 -0500] "GET /?a=245372520h9ca HTTP/1.1" 200 29245 "-" "Mozilla/5.0 (Linux; Android 6.0.1; Nexus 5X Build/MMB29P) AppleWebKit/537.36 (KHTML, like Gecko) Chrome/143.0.7499.192 Mobile Safari/537.36 (compatible; Googlebot/2.1; +http://www.google.com/bot.html)"
66.249.65.40 - - [22/Jan/2026:08:42:06 -0500] "GET /?a=1131777ga1j3b HTTP/1.1" 200 26768 "-" "Mozilla/5.0 (Linux; Android 6.0.1; Nexus 5X Build/MMB29P) AppleWebKit/537.36 (KHTML, like Gecko) Chrome/143.0.7499.192 Mobile Safari/537.36 (compatible; Googlebot/2.1; +http://www.google.com/bot.html)"
74.7.243.232 - - [22/Jan/2026:08:42:07 -0500] "GET /page/129/?a=3345468264h24 HTTP/1.1" 200 15596 "https://membuatwebsite.biz/page/131/?a=3345468264h24" "Mozilla/5.0 AppleWebKit/537.36 (KHTML, like Gecko; compatible; GPTBot/1.3; +https://openai.com/gptbot)"
216.73.216.223 - - [22/Jan/2026:08:42:08 -0500] "GET /page/9/?a=1354184j14hd5 HTTP/1.1" 200 15309 "-" "Mozilla/5.0 AppleWebKit/537.36 (KHTML, like Gecko; compatible; ClaudeBot/1.0; +claudebot@anthropic.com)"
74.7.243.232 - - [22/Jan/2026:08:42:10 -0500] "GET /page/127/?a=2024723a49001 HTTP/1.1" 200 15709 "https://membuatwebsite.biz/page/129/?a=2024723a49001" "Mozilla/5.0 AppleWebKit/537.36 (KHTML, like Gecko; compatible; GPTBot/1.3; +https://openai.com/gptbot)"
216.73.216.223 - - [22/Jan/2026:08:42:11 -0500] "GET /page/140/?a=32274108bj1h6 HTTP/1.1" 200 15531 "-" "Mozilla/5.0 AppleWebKit/537.36 (KHTML, like Gecko; compatible; ClaudeBot/1.0; +claudebot@anthropic.com)"
74.7.243.232 - - [22/Jan/2026:08:42:13 -0500] "GET /page/128/?a=3345468264h24 HTTP/1.1" 200 15853 "https://membuatwebsite.biz/page/130/?a=3345468264h24" "Mozilla/5.0 AppleWebKit/537.36 (KHTML, like Gecko; compatible; GPTBot/1.3; +https://openai.com/gptbot)"
216.73.216.223 - - [22/Jan/2026:08:42:14 -0500] "GET /page/139/?a=206066414i28j HTTP/1.1" 200 15562 "-" "Mozilla/5.0 AppleWebKit/537.36 (KHTML, like Gecko; compatible; ClaudeBot/1.0; +claudebot@anthropic.com)"
74.7.243.232 - - [22/Jan/2026:08:42:16 -0500] "GET /page/140/?a=1605254d35882 HTTP/1.1" 200 15515 "https://membuatwebsite.biz/page/142/?a=1605254d35882" "Mozilla/5.0 AppleWebKit/537.36 (KHTML, like Gecko; compatible; GPTBot/1.3; +https://openai.com/gptbot)"
216.73.216.223 - - [22/Jan/2026:08:42:17 -0500] "GET /page/132/?a=28993018g8jai HTTP/1.1" 200 15730 "-" "Mozilla/5.0 AppleWebKit/537.36 (KHTML, like Gecko; compatible; ClaudeBot/1.0; +claudebot@anthropic.com)"
74.7.243.232 - - [22/Jan/2026:08:42:19 -0500] "GET /page/114/?a=17787252734g8 HTTP/1.1" 200 15631 "https://membuatwebsite.biz/page/116/?a=17787252734g8" "Mozilla/5.0 AppleWebKit/537.36 (KHTML, like Gecko; compatible; GPTBot/1.3; +https://openai.com/gptbot)"
216.73.216.223 - - [22/Jan/2026:08:42:20 -0500] "GET /page/143/?a=23611257g34b0 HTTP/1.1" 200 14934 "-" "Mozilla/5.0 AppleWebKit/537.36 (KHTML, like Gecko; compatible; ClaudeBot/1.0; +claudebot@anthropic.com)"
66.249.73.65 - - [22/Jan/2026:08:42:21 -0500] "GET /?a=1677407f1aj7 HTTP/1.1" 200 25775 "-" "Mozilla/5.0 (Linux; Android 6.0.1; Nexus 5X Build/MMB29P) AppleWebKit/537.36 (KHTML, like Gecko) Chrome/143.0.7499.192 Mobile Safari/537.36 (compatible; Googlebot/2.1; +http://www.google.com/bot.html)"
66.249.73.65 - - [22/Jan/2026:08:42:22 -0500] "GET /?a=15327661jcd2d HTTP/1.1" 200 26222 "-" "Mozilla/5.0 (Linux; Android 6.0.1; Nexus 5X Build/MMB29P) AppleWebKit/537.36 (KHTML, like Gecko) Chrome/143.0.7499.192 Mobile Safari/537.36 (compatible; Googlebot/2.1; +http://www.google.com/bot.html)"
74.7.243.232 - - [22/Jan/2026:08:42:22 -0500] "GET /page/113/?a=17787252734g8 HTTP/1.1" 200 15558 "https://membuatwebsite.biz/page/115/?a=17787252734g8" "Mozilla/5.0 AppleWebKit/537.36 (KHTML, like Gecko; compatible; GPTBot/1.3; +https://openai.com/gptbot)"
216.73.216.223 - - [22/Jan/2026:08:42:23 -0500] "GET /page/141/?a=1860804g83g78 HTTP/1.1" 200 15183 "-" "Mozilla/5.0 AppleWebKit/537.36 (KHTML, like Gecko; compatible; ClaudeBot/1.0; +claudebot@anthropic.com)"
66.249.65.40 - - [22/Jan/2026:08:42:25 -0500] "GET /?a=4271580e37854 HTTP/1.1" 200 27691 "-" "Mozilla/5.0 (Linux; Android 6.0.1; Nexus 5X Build/MMB29P) AppleWebKit/537.36 (KHTML, like Gecko) Chrome/143.0.7499.192 Mobile Safari/537.36 (compatible; Googlebot/2.1; +http://www.google.com/bot.html)"
66.249.73.65 - - [22/Jan/2026:08:42:25 -0500] "GET /?a=4303626i9b39a HTTP/1.1" 200 27211 "-" "Mozilla/5.0 (Linux; Android 6.0.1; Nexus 5X Build/MMB29P) AppleWebKit/537.36 (KHTML, like Gecko) Chrome/143.0.7499.192 Mobile Safari/537.36 (compatible; Googlebot/2.1; +http://www.google.com/bot.html)"
74.7.243.232 - - [22/Jan/2026:08:42:25 -0500] "GET /page/139/?a=298089525j163 HTTP/1.1" 200 15549 "https://membuatwebsite.biz/page/141/?a=298089525j163" "Mozilla/5.0 AppleWebKit/537.36 (KHTML, like Gecko; compatible; GPTBot/1.3; +https://openai.com/gptbot)"
216.73.216.223 - - [22/Jan/2026:08:42:26 -0500] "GET /page/12/?a=2787434ie8f5i HTTP/1.1" 200 15285 "-" "Mozilla/5.0 AppleWebKit/537.36 (KHTML, like Gecko; compatible; ClaudeBot/1.0; +claudebot@anthropic.com)"
74.7.243.232 - - [22/Jan/2026:08:42:28 -0500] "GET /page/141/?a=1879233f10931 HTTP/1.1" 200 15255 "https://membuatwebsite.biz/page/142/?a=1879233f10931" "Mozilla/5.0 AppleWebKit/537.36 (KHTML, like Gecko; compatible; GPTBot/1.3; +https://openai.com/gptbot)"
216.73.216.223 - - [22/Jan/2026:08:42:29 -0500] "GET /page/138/?a=136413gicg20 HTTP/1.1" 200 15345 "-" "Mozilla/5.0 AppleWebKit/537.36 (KHTML, like Gecko; compatible; ClaudeBot/1.0; +claudebot@anthropic.com)"
66.249.65.40 - - [22/Jan/2026:08:42:31 -0500] "GET /?a=3466250112ji4 HTTP/1.1" 200 27516 "-" "Mozilla/5.0 (Linux; Android 6.0.1; Nexus 5X Build/MMB29P) AppleWebKit/537.36 (KHTML, like Gecko) Chrome/143.0.7499.192 Mobile Safari/537.36 (compatible; Googlebot/2.1; +http://www.google.com/bot.html)"
74.7.243.232 - - [22/Jan/2026:08:42:32 -0500] "GET /page/135/?a=42837547h0558 HTTP/1.1" 200 15848 "https://membuatwebsite.biz/page/136/?a=42837547h0558" "Mozilla/5.0 AppleWebKit/537.36 (KHTML, like Gecko; compatible; GPTBot/1.3; +https://openai.com/gptbot)"
216.73.216.223 - - [22/Jan/2026:08:42:32 -0500] "GET /page/140/?a=1565907c6hj9g HTTP/1.1" 200 15456 "-" "Mozilla/5.0 AppleWebKit/537.36 (KHTML, like Gecko; compatible; ClaudeBot/1.0; +claudebot@anthropic.com)"
114.119.157.54 - - [22/Jan/2026:08:42:34 -0500] "GET /?a=17274464015ca HTTP/1.1" 200 15214 "https://membuatwebsite.biz/sitemap.xmlsitemap:https:/membuatwebsite.biz/sitemap-1.xml" "Mozilla/5.0 (Linux; Android 7.0;) AppleWebKit/537.36 (KHTML, like Gecko) Mobile Safari/537.36 (compatible; PetalBot;+https://webmaster.petalsearch.com/site/petalbot)"
216.73.216.223 - - [22/Jan/2026:08:42:35 -0500] "GET /page/139/?a=1039362238b57 HTTP/1.1" 200 15479 "-" "Mozilla/5.0 AppleWebKit/537.36 (KHTML, like Gecko; compatible; ClaudeBot/1.0; +claudebot@anthropic.com)"
74.7.243.232 - - [22/Jan/2026:08:42:35 -0500] "GET /page/134/?a=42837547h0558 HTTP/1.1" 200 15848 "https://membuatwebsite.biz/page/136/?a=42837547h0558" "Mozilla/5.0 AppleWebKit/537.36 (KHTML, like Gecko; compatible; GPTBot/1.3; +https://openai.com/gptbot)"
51.161.37.66 - - [22/Jan/2026:08:42:35 -0500] "GET /?a=157764118ca9d HTTP/1.1" 200 15241 "-" "Mozilla/5.0 (compatible; AhrefsBot/7.0; +http://ahrefs.com/robot/)"
66.249.73.65 - - [22/Jan/2026:08:42:38 -0500] "GET /?a=29652548fi9ji HTTP/1.1" 200 26998 "-" "Mozilla/5.0 (Linux; Android 6.0.1; Nexus 5X Build/MMB29P) AppleWebKit/537.36 (KHTML, like Gecko) Chrome/143.0.7499.192 Mobile Safari/537.36 (compatible; Googlebot/2.1; +http://www.google.com/bot.html)"
216.73.216.223 - - [22/Jan/2026:08:42:38 -0500] "GET /page/137/?a=3548359i7jjfg HTTP/1.1" 200 15121 "-" "Mozilla/5.0 AppleWebKit/537.36 (KHTML, like Gecko; compatible; ClaudeBot/1.0; +claudebot@anthropic.com)"
74.7.243.232 - - [22/Jan/2026:08:42:38 -0500] "GET /page/126/?a=2024723a49001 HTTP/1.1" 200 15721 "https://membuatwebsite.biz/page/128/?a=2024723a49001" "Mozilla/5.0 AppleWebKit/537.36 (KHTML, like Gecko; compatible; GPTBot/1.3; +https://openai.com/gptbot)"
216.73.216.223 - - [22/Jan/2026:08:42:41 -0500] "GET /page/10/?a=9306657i9jhg HTTP/1.1" 200 15414 "-" "Mozilla/5.0 AppleWebKit/537.36 (KHTML, like Gecko; compatible; ClaudeBot/1.0; +claudebot@anthropic.com)"
74.7.243.232 - - [22/Jan/2026:08:42:41 -0500] "GET /page/127/?a=3345468264h24 HTTP/1.1" 200 15762 "https://membuatwebsite.biz/page/129/?a=3345468264h24" "Mozilla/5.0 AppleWebKit/537.36 (KHTML, like Gecko; compatible; GPTBot/1.3; +https://openai.com/gptbot)"
40.77.167.25 - - [22/Jan/2026:08:42:43 -0500] "GET /shopdetail/583168272.phtml HTTP/1.1" 200 28693 "-" "Mozilla/5.0 AppleWebKit/537.36 (KHTML, like Gecko; compatible; bingbot/2.0; +http://www.bing.com/bingbot.htm) Chrome/116.0.1938.76 Safari/537.36"
216.73.216.223 - - [22/Jan/2026:08:42:44 -0500] "GET /page/141/?a=1087621h92i36 HTTP/1.1" 200 15230 "-" "Mozilla/5.0 AppleWebKit/537.36 (KHTML, like Gecko; compatible; ClaudeBot/1.0; +claudebot@anthropic.com)"
68.65.122.212 - - [22/Jan/2026:08:42:45 -0500] "POST /wp-cron.php?doing_wp_cron=1769089365.2082159519195556640625 HTTP/1.1" 200 - "-" "WordPress/6.8.3; https://membuatwebsite.biz"
74.7.243.232 - - [22/Jan/2026:08:42:44 -0500] "GET /page/125/?a=2024723a49001 HTTP/1.1" 200 15925 "https://membuatwebsite.biz/page/127/?a=2024723a49001" "Mozilla/5.0 AppleWebKit/537.36 (KHTML, like Gecko; compatible; GPTBot/1.3; +https://openai.com/gptbot)"
68.65.122.212 - - [22/Jan/2026:08:42:45 -0500] "POST /wp-admin/admin-ajax.php?action=wordfence_testAjax HTTP/1.1" 200 32 "-" "WordPress/6.8.3; https://membuatwebsite.biz"
68.65.122.212 - - [22/Jan/2026:08:42:46 -0500] "GET /wp-admin/admin-ajax.php?action=wordfence_doScan&isFork=0&scanMode=quick&cronKey=3b369a2831bb1c1cd56953498358d57c&signature=611f5c06386a860cf63b1c30412b1fe6478c542a340759ffbe1d2426708fee00 HTTP/1.1" 200 - "-" "WordPress/6.8.3; https://membuatwebsite.biz"
216.73.216.223 - - [22/Jan/2026:08:42:47 -0500] "GET /page/21/?a=699926gbiab9 HTTP/1.1" 200 15181 "-" "Mozilla/5.0 AppleWebKit/537.36 (KHTML, like Gecko; compatible; ClaudeBot/1.0; +claudebot@anthropic.com)"
66.249.73.65 - - [22/Jan/2026:08:42:47 -0500] "GET /?a=3679599c8b8ja HTTP/1.1" 200 26601 "-" "Mozilla/5.0 (Linux; Android 6.0.1; Nexus 5X Build/MMB29P) AppleWebKit/537.36 (KHTML, like Gecko) Chrome/143.0.7499.192 Mobile Safari/537.36 (compatible; Googlebot/2.1; +http://www.google.com/bot.html)"
66.249.73.65 - - [22/Jan/2026:08:42:47 -0500] "GET /?a=1000933gf5c24 HTTP/1.1" 200 25854 "-" "Mozilla/5.0 (Linux; Android 6.0.1; Nexus 5X Build/MMB29P) AppleWebKit/537.36 (KHTML, like Gecko) Chrome/143.0.7499.192 Mobile Safari/537.36 (compatible; Googlebot/2.1; +http://www.google.com/bot.html)"
74.7.243.232 - - [22/Jan/2026:08:42:48 -0500] "GET /page/126/?a=3345468264h24 HTTP/1.1" 200 15652 "https://membuatwebsite.biz/page/128/?a=3345468264h24" "Mozilla/5.0 AppleWebKit/537.36 (KHTML, like Gecko; compatible; GPTBot/1.3; +https://openai.com/gptbot)"
216.73.216.223 - - [22/Jan/2026:08:42:50 -0500] "GET /page/139/?a=20705226h7g2g HTTP/1.1" 200 15562 "-" "Mozilla/5.0 AppleWebKit/537.36 (KHTML, like Gecko; compatible; ClaudeBot/1.0; +claudebot@anthropic.com)"
74.7.243.232 - - [22/Jan/2026:08:42:51 -0500] "GET /page/139/?a=1605254d35882 HTTP/1.1" 200 15562 "https://membuatwebsite.biz/page/140/?a=1605254d35882" "Mozilla/5.0 AppleWebKit/537.36 (KHTML, like Gecko; compatible; GPTBot/1.3; +https://openai.com/gptbot)"
66.249.73.65 - - [22/Jan/2026:08:42:52 -0500] "GET /?a=38345761i1hh7 HTTP/1.1" 200 25719 "-" "Mozilla/5.0 (Linux; Android 6.0.1; Nexus 5X Build/MMB29P) AppleWebKit/537.36 (KHTML, like Gecko) Chrome/143.0.7499.192 Mobile Safari/537.36 (compatible; Googlebot/2.1; +http://www.google.com/bot.html)"
216.73.216.223 - - [22/Jan/2026:08:42:53 -0500] "GET /page/11/?a=406821589h3jh HTTP/1.1" 200 15214 "-" "Mozilla/5.0 AppleWebKit/537.36 (KHTML, like Gecko; compatible; ClaudeBot/1.0; +claudebot@anthropic.com)"
74.7.243.232 - - [22/Jan/2026:08:42:54 -0500] "GET /page/112/?a=17787252734g8 HTTP/1.1" 200 15725 "https://membuatwebsite.biz/page/114/?a=17787252734g8" "Mozilla/5.0 AppleWebKit/537.36 (KHTML, like Gecko; compatible; GPTBot/1.3; +https://openai.com/gptbot)"
216.73.216.223 - - [22/Jan/2026:08:42:56 -0500] "GET /page/7/?a=51069186h8hi HTTP/1.1" 200 15267 "-" "Mozilla/5.0 AppleWebKit/537.36 (KHTML, like Gecko; compatible; ClaudeBot/1.0; +claudebot@anthropic.com)"
66.249.73.65 - - [22/Jan/2026:08:42:57 -0500] "GET /?a=2994585ha03dd HTTP/1.1" 200 27530 "-" "Mozilla/5.0 (Linux; Android 6.0.1; Nexus 5X Build/MMB29P) AppleWebKit/537.36 (KHTML, like Gecko) Chrome/143.0.7499.192 Mobile Safari/537.36 (compatible; Googlebot/2.1; +http://www.google.com/bot.html)"
74.7.243.232 - - [22/Jan/2026:08:42:57 -0500] "GET /page/111/?a=17787252734g8 HTTP/1.1" 200 15573 "https://membuatwebsite.biz/page/113/?a=17787252734g8" "Mozilla/5.0 AppleWebKit/537.36 (KHTML, like Gecko; compatible; GPTBot/1.3; +https://openai.com/gptbot)"
216.73.216.223 - - [22/Jan/2026:08:42:59 -0500] "GET /page/135/?a=29832306ji27b HTTP/1.1" 200 15848 "-" "Mozilla/5.0 AppleWebKit/537.36 (KHTML, like Gecko; compatible; ClaudeBot/1.0; +claudebot@anthropic.com)"
74.7.243.232 - - [22/Jan/2026:08:43:00 -0500] "GET /page/137/?a=298089525j163 HTTP/1.1" 200 15112 "https://membuatwebsite.biz/page/139/?a=298089525j163" "Mozilla/5.0 AppleWebKit/537.36 (KHTML, like Gecko; compatible; GPTBot/1.3; +https://openai.com/gptbot)"
216.73.216.223 - - [22/Jan/2026:08:43:02 -0500] "GET /page/133/?a=28878513h9bhb HTTP/1.1" 200 15497 "-" "Mozilla/5.0 AppleWebKit/537.36 (KHTML, like Gecko; compatible; ClaudeBot/1.0; +claudebot@anthropic.com)"
74.7.243.232 - - [22/Jan/2026:08:43:03 -0500] "GET /page/140/?a=21997591778g2 HTTP/1.1" 200 15531 "https://membuatwebsite.biz/page/142/?a=21997591778g2" "Mozilla/5.0 AppleWebKit/537.36 (KHTML, like Gecko; compatible; GPTBot/1.3; +https://openai.com/gptbot)"
216.73.216.223 - - [22/Jan/2026:08:43:05 -0500] "GET /page/14/?a=343158710hgg HTTP/1.1" 200 15374 "-" "Mozilla/5.0 AppleWebKit/537.36 (KHTML, like Gecko; compatible; ClaudeBot/1.0; +claudebot@anthropic.com)"
74.7.243.232 - - [22/Jan/2026:08:43:06 -0500] "GET /page/139/?a=1879233f10931 HTTP/1.1" 200 15477 "https://membuatwebsite.biz/page/141/?a=1879233f10931" "Mozilla/5.0 AppleWebKit/537.36 (KHTML, like Gecko; compatible; GPTBot/1.3; +https://openai.com/gptbot)"
216.73.216.223 - - [22/Jan/2026:08:43:08 -0500] "GET /page/141/?a=26041854chg1g HTTP/1.1" 200 15277 "-" "Mozilla/5.0 AppleWebKit/537.36 (KHTML, like Gecko; compatible; ClaudeBot/1.0; +claudebot@anthropic.com)"
74.7.243.232 - - [22/Jan/2026:08:43:10 -0500] "GET /page/133/?a=42837547h0558 HTTP/1.1" 200 15580 "https://membuatwebsite.biz/page/135/?a=42837547h0558" "Mozilla/5.0 AppleWebKit/537.36 (KHTML, like Gecko; compatible; GPTBot/1.3; +https://openai.com/gptbot)"
66.249.73.66 - - [22/Jan/2026:08:43:10 -0500] "GET /?a=314502141j4f2 HTTP/1.1" 200 26359 "-" "Mozilla/5.0 (Linux; Android 6.0.1; Nexus 5X Build/MMB29P) AppleWebKit/537.36 (KHTML, like Gecko) Chrome/143.0.7499.192 Mobile Safari/537.36 (compatible; Googlebot/2.1; +http://www.google.com/bot.html)"
66.249.65.40 - - [22/Jan/2026:08:43:11 -0500] "GET /?a=1062002gjfice HTTP/1.1" 200 26699 "-" "Mozilla/5.0 (Linux; Android 6.0.1; Nexus 5X Build/MMB29P) AppleWebKit/537.36 (KHTML, like Gecko) Chrome/143.0.7499.192 Mobile Safari/537.36 (compatible; Googlebot/2.1; +http://www.google.com/bot.html)"
66.249.65.41 - - [22/Jan/2026:08:43:11 -0500] "GET /?a=3049484287396 HTTP/1.1" 200 27005 "-" "Mozilla/5.0 (Linux; Android 6.0.1; Nexus 5X Build/MMB29P) AppleWebKit/537.36 (KHTML, like Gecko) Chrome/143.0.7499.192 Mobile Safari/537.36 (compatible; Googlebot/2.1; +http://www.google.com/bot.html)"
216.73.216.223 - - [22/Jan/2026:08:43:11 -0500] "GET /page/14/?a=905584geg7hd HTTP/1.1" 200 15374 "-" "Mozilla/5.0 AppleWebKit/537.36 (KHTML, like Gecko; compatible; ClaudeBot/1.0; +claudebot@anthropic.com)"
66.249.73.66 - - [22/Jan/2026:08:43:11 -0500] "GET /?a=1851742551b3j HTTP/1.1" 200 26105 "-" "Mozilla/5.0 (Linux; Android 6.0.1; Nexus 5X Build/MMB29P) AppleWebKit/537.36 (KHTML, like Gecko) Chrome/143.0.7499.192 Mobile Safari/537.36 (compatible; Googlebot/2.1; +http://www.google.com/bot.html)"
66.249.73.65 - - [22/Jan/2026:08:43:11 -0500] "GET /?a=4491267ghea8h HTTP/1.1" 200 26749 "-" "Mozilla/5.0 (Linux; Android 6.0.1; Nexus 5X Build/MMB29P) AppleWebKit/537.36 (KHTML, like Gecko) Chrome/143.0.7499.192 Mobile Safari/537.36 (compatible; Googlebot/2.1; +http://www.google.com/bot.html)"
136.243.220.211 - - [22/Jan/2026:08:43:12 -0500] "GET /category/beauty/ HTTP/1.1" 200 14291 "-" "Mozilla/5.0 (compatible; DataForSeoBot/1.0; +https://dataforseo.com/dataforseo-bot)"
74.7.243.232 - - [22/Jan/2026:08:43:13 -0500] "GET /page/124/?a=2024723a49001 HTTP/1.1" 200 15495 "https://membuatwebsite.biz/page/126/?a=2024723a49001" "Mozilla/5.0 AppleWebKit/537.36 (KHTML, like Gecko; compatible; GPTBot/1.3; +https://openai.com/gptbot)"
216.73.216.223 - - [22/Jan/2026:08:43:14 -0500] "GET /page/140/?a=1692474fje4h3 HTTP/1.1" 200 15531 "-" "Mozilla/5.0 AppleWebKit/537.36 (KHTML, like Gecko; compatible; ClaudeBot/1.0; +claudebot@anthropic.com)"
15.235.96.196 - - [22/Jan/2026:08:43:16 -0500] "GET /?a=156402661466i HTTP/1.1" 200 15216 "-" "Mozilla/5.0 (compatible; AhrefsBot/7.0; +http://ahrefs.com/robot/)"
74.7.243.232 - - [22/Jan/2026:08:43:16 -0500] "GET /page/125/?a=3345468264h24 HTTP/1.1" 200 15984 "https://membuatwebsite.biz/page/127/?a=3345468264h24" "Mozilla/5.0 AppleWebKit/537.36 (KHTML, like Gecko; compatible; GPTBot/1.3; +https://openai.com/gptbot)"
216.73.216.223 - - [22/Jan/2026:08:43:17 -0500] "GET /page/138/?a=338759695cai1 HTTP/1.1" 200 15357 "-" "Mozilla/5.0 AppleWebKit/537.36 (KHTML, like Gecko; compatible; ClaudeBot/1.0; +claudebot@anthropic.com)"
74.7.243.232 - - [22/Jan/2026:08:43:19 -0500] "GET /page/123/?a=2024723a49001 HTTP/1.1" 200 15522 "https://membuatwebsite.biz/page/125/?a=2024723a49001" "Mozilla/5.0 AppleWebKit/537.36 (KHTML, like Gecko; compatible; GPTBot/1.3; +https://openai.com/gptbot)"
216.73.216.223 - - [22/Jan/2026:08:43:20 -0500] "GET /page/15/?a=403949763fjhj HTTP/1.1" 200 15445 "-" "Mozilla/5.0 AppleWebKit/537.36 (KHTML, like Gecko; compatible; ClaudeBot/1.0; +claudebot@anthropic.com)"
74.7.243.232 - - [22/Jan/2026:08:43:22 -0500] "GET /page/124/?a=3345468264h24 HTTP/1.1" 200 15545 "https://membuatwebsite.biz/page/126/?a=3345468264h24" "Mozilla/5.0 AppleWebKit/537.36 (KHTML, like Gecko; compatible; GPTBot/1.3; +https://openai.com/gptbot)"
216.73.216.223 - - [22/Jan/2026:08:43:23 -0500] "GET /page/131/?a=34864548h8i88 HTTP/1.1" 200 15513 "-" "Mozilla/5.0 AppleWebKit/537.36 (KHTML, like Gecko; compatible; ClaudeBot/1.0; +claudebot@anthropic.com)"
74.7.243.232 - - [22/Jan/2026:08:43:25 -0500] "GET /page/132/?a=42837547h0558 HTTP/1.1" 200 15765 "https://membuatwebsite.biz/page/134/?a=42837547h0558" "Mozilla/5.0 AppleWebKit/537.36 (KHTML, like Gecko; compatible; GPTBot/1.3; +https://openai.com/gptbot)"
216.73.216.223 - - [22/Jan/2026:08:43:26 -0500] "GET /page/140/?a=3381798iajc2i HTTP/1.1" 200 15485 "-" "Mozilla/5.0 AppleWebKit/537.36 (KHTML, like Gecko; compatible; ClaudeBot/1.0; +claudebot@anthropic.com)"
74.7.243.232 - - [22/Jan/2026:08:43:29 -0500] "GET /page/110/?a=17787252734g8 HTTP/1.1" 200 15179 "https://membuatwebsite.biz/page/112/?a=17787252734g8" "Mozilla/5.0 AppleWebKit/537.36 (KHTML, like Gecko; compatible; GPTBot/1.3; +https://openai.com/gptbot)"
216.73.216.223 - - [22/Jan/2026:08:43:29 -0500] "GET /page/14/?a=6954337gdi63 HTTP/1.1" 200 15374 "-" "Mozilla/5.0 AppleWebKit/537.36 (KHTML, like Gecko; compatible; ClaudeBot/1.0; +claudebot@anthropic.com)"
66.249.73.65 - - [22/Jan/2026:08:43:31 -0500] "GET /?a=4064856j03f07 HTTP/1.1" 200 28155 "-" "Mozilla/5.0 (Linux; Android 6.0.1; Nexus 5X Build/MMB29P) AppleWebKit/537.36 (KHTML, like Gecko) Chrome/143.0.7499.192 Mobile Safari/537.36 (compatible; Googlebot/2.1; +http://www.google.com/bot.html)"
66.249.73.65 - - [22/Jan/2026:08:43:31 -0500] "GET /?a=43293745d0f2h HTTP/1.1" 200 27732 "-" "Mozilla/5.0 (Linux; Android 6.0.1; Nexus 5X Build/MMB29P) AppleWebKit/537.36 (KHTML, like Gecko) Chrome/143.0.7499.192 Mobile Safari/537.36 (compatible; Googlebot/2.1; +http://www.google.com/bot.html)"
66.249.73.65 - - [22/Jan/2026:08:43:31 -0500] "GET /?a=4434713agih7 HTTP/1.1" 200 26804 "-" "Mozilla/5.0 (Linux; Android 6.0.1; Nexus 5X Build/MMB29P) AppleWebKit/537.36 (KHTML, like Gecko) Chrome/143.0.7499.192 Mobile Safari/537.36 (compatible; Googlebot/2.1; +http://www.google.com/bot.html)"
66.249.73.65 - - [22/Jan/2026:08:43:31 -0500] "GET /?a=2045526he2ceg HTTP/1.1" 200 26933 "-" "Mozilla/5.0 (Linux; Android 6.0.1; Nexus 5X Build/MMB29P) AppleWebKit/537.36 (KHTML, like Gecko) Chrome/143.0.7499.192 Mobile Safari/537.36 (compatible; Googlebot/2.1; +http://www.google.com/bot.html)"
74.7.243.232 - - [22/Jan/2026:08:43:32 -0500] "GET /page/109/?a=17787252734g8 HTTP/1.1" 200 15502 "https://membuatwebsite.biz/page/111/?a=17787252734g8" "Mozilla/5.0 AppleWebKit/537.36 (KHTML, like Gecko; compatible; GPTBot/1.3; +https://openai.com/gptbot)"
216.73.216.223 - - [22/Jan/2026:08:43:32 -0500] "GET /page/142/?a=3212409fag478 HTTP/1.1" 200 15265 "-" "Mozilla/5.0 AppleWebKit/537.36 (KHTML, like Gecko; compatible; ClaudeBot/1.0; +claudebot@anthropic.com)"
66.249.65.40 - - [22/Jan/2026:08:43:35 -0500] "GET /?a=4053809a3ceca HTTP/1.1" 200 27593 "-" "Mozilla/5.0 (Linux; Android 6.0.1; Nexus 5X Build/MMB29P) AppleWebKit/537.36 (KHTML, like Gecko) Chrome/143.0.7499.192 Mobile Safari/537.36 (compatible; Googlebot/2.1; +http://www.google.com/bot.html)"
74.7.243.232 - - [22/Jan/2026:08:43:35 -0500] "GET /page/138/?a=298089525j163 HTTP/1.1" 200 15281 "https://membuatwebsite.biz/page/139/?a=298089525j163" "Mozilla/5.0 AppleWebKit/537.36 (KHTML, like Gecko; compatible; GPTBot/1.3; +https://openai.com/gptbot)"
216.73.216.223 - - [22/Jan/2026:08:43:35 -0500] "GET /page/13/?a=3117068h2406g HTTP/1.1" 200 15348 "-" "Mozilla/5.0 AppleWebKit/537.36 (KHTML, like Gecko; compatible; ClaudeBot/1.0; +claudebot@anthropic.com)"
74.7.243.232 - - [22/Jan/2026:08:43:38 -0500] "GET /page/139/?a=1437221g86263 HTTP/1.1" 200 15562 "https://membuatwebsite.biz/page/141/?a=1437221g86263" "Mozilla/5.0 AppleWebKit/537.36 (KHTML, like Gecko; compatible; GPTBot/1.3; +https://openai.com/gptbot)"
216.73.216.223 - - [22/Jan/2026:08:43:39 -0500] "GET /page/144/?a=11249584g9i53 HTTP/1.1" 200 13144 "-" "Mozilla/5.0 AppleWebKit/537.36 (KHTML, like Gecko; compatible; ClaudeBot/1.0; +claudebot@anthropic.com)"
74.7.243.232 - - [22/Jan/2026:08:43:41 -0500] "GET /page/138/?a=1879233f10931 HTTP/1.1" 200 15342 "https://membuatwebsite.biz/page/139/?a=1879233f10931" "Mozilla/5.0 AppleWebKit/537.36 (KHTML, like Gecko; compatible; GPTBot/1.3; +https://openai.com/gptbot)"
216.73.216.223 - - [22/Jan/2026:08:43:42 -0500] "GET /page/138/?a=1973346i43hic HTTP/1.1" 200 15357 "-" "Mozilla/5.0 AppleWebKit/537.36 (KHTML, like Gecko; compatible; ClaudeBot/1.0; +claudebot@anthropic.com)"
74.7.243.232 - - [22/Jan/2026:08:43:44 -0500] "GET /page/137/?a=1879233f10931 HTTP/1.1" 200 15061 "https://membuatwebsite.biz/page/139/?a=1879233f10931" "Mozilla/5.0 AppleWebKit/537.36 (KHTML, like Gecko; compatible; GPTBot/1.3; +https://openai.com/gptbot)"
66.249.73.65 - - [22/Jan/2026:08:43:44 -0500] "GET /?a=138051aajcef HTTP/1.1" 200 26011 "-" "Mozilla/5.0 (Linux; Android 6.0.1; Nexus 5X Build/MMB29P) AppleWebKit/537.36 (KHTML, like Gecko) Chrome/143.0.7499.192 Mobile Safari/537.36 (compatible; Googlebot/2.1; +http://www.google.com/bot.html)"
216.73.216.223 - - [22/Jan/2026:08:43:45 -0500] "GET /page/135/?a=2001500gh6h64 HTTP/1.1" 200 15848 "-" "Mozilla/5.0 AppleWebKit/537.36 (KHTML, like Gecko; compatible; ClaudeBot/1.0; +claudebot@anthropic.com)"
74.7.243.232 - - [22/Jan/2026:08:43:47 -0500] "GET /page/122/?a=2024723a49001 HTTP/1.1" 200 15332 "https://membuatwebsite.biz/page/124/?a=2024723a49001" "Mozilla/5.0 AppleWebKit/537.36 (KHTML, like Gecko; compatible; GPTBot/1.3; +https://openai.com/gptbot)"
216.73.216.223 - - [22/Jan/2026:08:43:48 -0500] "GET /page/143/?a=957330gg9j09 HTTP/1.1" 200 14933 "-" "Mozilla/5.0 AppleWebKit/537.36 (KHTML, like Gecko; compatible; ClaudeBot/1.0; +claudebot@anthropic.com)"
74.7.243.232 - - [22/Jan/2026:08:43:50 -0500] "GET /page/123/?a=3345468264h24 HTTP/1.1" 200 15531 "https://membuatwebsite.biz/page/125/?a=3345468264h24" "Mozilla/5.0 AppleWebKit/537.36 (KHTML, like Gecko; compatible; GPTBot/1.3; +https://openai.com/gptbot)"
66.249.65.40 - - [22/Jan/2026:08:43:51 -0500] "GET /?a=1656355i5b55f HTTP/1.1" 200 26612 "-" "Mozilla/5.0 (Linux; Android 6.0.1; Nexus 5X Build/MMB29P) AppleWebKit/537.36 (KHTML, like Gecko) Chrome/143.0.7499.192 Mobile Safari/537.36 (compatible; Googlebot/2.1; +http://www.google.com/bot.html)"
216.73.216.223 - - [22/Jan/2026:08:43:51 -0500] "GET /page/139/?a=1330804g8c72j HTTP/1.1" 200 15549 "-" "Mozilla/5.0 AppleWebKit/537.36 (KHTML, like Gecko; compatible; ClaudeBot/1.0; +claudebot@anthropic.com)"
66.249.73.65 - - [22/Jan/2026:08:43:52 -0500] "GET /?a=22708616cf6fa HTTP/1.1" 200 26723 "-" "Mozilla/5.0 (Linux; Android 6.0.1; Nexus 5X Build/MMB29P) AppleWebKit/537.36 (KHTML, like Gecko) Chrome/143.0.7499.192 Mobile Safari/537.36 (compatible; Googlebot/2.1; +http://www.google.com/bot.html)"
74.7.243.232 - - [22/Jan/2026:08:43:53 -0500] "GET /page/121/?a=2024723a49001 HTTP/1.1" 200 15255 "https://membuatwebsite.biz/page/123/?a=2024723a49001" "Mozilla/5.0 AppleWebKit/537.36 (KHTML, like Gecko; compatible; GPTBot/1.3; +https://openai.com/gptbot)"
216.73.216.223 - - [22/Jan/2026:08:43:56 -0500] "GET /page/6/?a=3060753804d69 HTTP/1.1" 200 15043 "-" "Mozilla/5.0 AppleWebKit/537.36 (KHTML, like Gecko; compatible; ClaudeBot/1.0; +claudebot@anthropic.com)"
114.119.133.125 - - [22/Jan/2026:08:43:56 -0500] "GET /?a=17224gji2a4 HTTP/1.1" 200 15185 "https://membuatwebsite.biz/sitemap.xmlsitemap:https:/membuatwebsite.biz/sitemap-1.xml" "Mozilla/5.0 (Linux; Android 7.0;) AppleWebKit/537.36 (KHTML, like Gecko) Mobile Safari/537.36 (compatible; PetalBot;+https://webmaster.petalsearch.com/site/petalbot)"
74.7.243.232 - - [22/Jan/2026:08:43:57 -0500] "GET /page/122/?a=3345468264h24 HTTP/1.1" 200 15295 "https://membuatwebsite.biz/page/124/?a=3345468264h24" "Mozilla/5.0 AppleWebKit/537.36 (KHTML, like Gecko; compatible; GPTBot/1.3; +https://openai.com/gptbot)"
216.73.216.223 - - [22/Jan/2026:08:43:59 -0500] "GET /page/143/?a=28791721hh31j HTTP/1.1" 200 14955 "-" "Mozilla/5.0 AppleWebKit/537.36 (KHTML, like Gecko; compatible; ClaudeBot/1.0; +claudebot@anthropic.com)"
74.7.243.232 - - [22/Jan/2026:08:44:00 -0500] "GET /page/130/?a=42837547h0558 HTTP/1.1" 200 15519 "https://membuatwebsite.biz/page/132/?a=42837547h0558" "Mozilla/5.0 AppleWebKit/537.36 (KHTML, like Gecko; compatible; GPTBot/1.3; +https://openai.com/gptbot)"
15.235.98.20 - - [22/Jan/2026:08:44:00 -0500] "GET /?a=1540483j5b5g2 HTTP/1.1" 200 15216 "-" "Mozilla/5.0 (compatible; AhrefsBot/7.0; +http://ahrefs.com/robot/)"
40.77.167.25 - - [22/Jan/2026:08:44:02 -0500] "GET /?a=3701833j0fcib HTTP/1.1" 200 26958 "-" "Mozilla/5.0 AppleWebKit/537.36 (KHTML, like Gecko; compatible; bingbot/2.0; +http://www.bing.com/bingbot.htm) Chrome/116.0.1938.76 Safari/537.36"
216.73.216.223 - - [22/Jan/2026:08:44:02 -0500] "GET /page/138/?a=1256825i0ehib HTTP/1.1" 200 15274 "-" "Mozilla/5.0 AppleWebKit/537.36 (KHTML, like Gecko; compatible; ClaudeBot/1.0; +claudebot@anthropic.com)"
66.249.73.65 - - [22/Jan/2026:08:44:02 -0500] "GET /?a=1948328948bgi HTTP/1.1" 200 26875 "-" "Mozilla/5.0 (Linux; Android 6.0.1; Nexus 5X Build/MMB29P) AppleWebKit/537.36 (KHTML, like Gecko) Chrome/143.0.7499.192 Mobile Safari/537.36 (compatible; Googlebot/2.1; +http://www.google.com/bot.html)"
66.249.73.65 - - [22/Jan/2026:08:44:03 -0500] "GET /?a=3411740c12g81 HTTP/1.1" 200 25588 "-" "Mozilla/5.0 (Linux; Android 6.0.1; Nexus 5X Build/MMB29P) AppleWebKit/537.36 (KHTML, like Gecko) Chrome/143.0.7499.192 Mobile Safari/537.36 (compatible; Googlebot/2.1; +http://www.google.com/bot.html)"
74.7.243.232 - - [22/Jan/2026:08:44:03 -0500] "GET /page/108/?a=17787252734g8 HTTP/1.1" 200 15510 "https://membuatwebsite.biz/page/110/?a=17787252734g8" "Mozilla/5.0 AppleWebKit/537.36 (KHTML, like Gecko; compatible; GPTBot/1.3; +https://openai.com/gptbot)"
216.73.216.223 - - [22/Jan/2026:08:44:05 -0500] "GET /page/141/?a=10471954gjc08 HTTP/1.1" 200 15257 "-" "Mozilla/5.0 AppleWebKit/537.36 (KHTML, like Gecko; compatible; ClaudeBot/1.0; +claudebot@anthropic.com)"
74.7.243.232 - - [22/Jan/2026:08:44:06 -0500] "GET /page/107/?a=17787252734g8 HTTP/1.1" 200 15953 "https://membuatwebsite.biz/page/109/?a=17787252734g8" "Mozilla/5.0 AppleWebKit/537.36 (KHTML, like Gecko; compatible; GPTBot/1.3; +https://openai.com/gptbot)"
216.73.216.223 - - [22/Jan/2026:08:44:08 -0500] "GET /page/143/?a=1790449gdi6hb HTTP/1.1" 200 15006 "-" "Mozilla/5.0 AppleWebKit/537.36 (KHTML, like Gecko; compatible; ClaudeBot/1.0; +claudebot@anthropic.com)"
74.7.243.232 - - [22/Jan/2026:08:44:09 -0500] "GET /page/138/?a=14993159160i3 HTTP/1.1" 200 15281 "https://membuatwebsite.biz/page/139/?a=14993159160i3" "Mozilla/5.0 AppleWebKit/537.36 (KHTML, like Gecko; compatible; GPTBot/1.3; +https://openai.com/gptbot)"
216.73.216.223 - - [22/Jan/2026:08:44:11 -0500] "GET /page/140/?a=2194639gbgc95 HTTP/1.1" 200 15531 "-" "Mozilla/5.0 AppleWebKit/537.36 (KHTML, like Gecko; compatible; ClaudeBot/1.0; +claudebot@anthropic.com)"
74.7.243.232 - - [22/Jan/2026:08:44:12 -0500] "GET /page/138/?a=1437221g86263 HTTP/1.1" 200 15281 "https://membuatwebsite.biz/page/139/?a=1437221g86263" "Mozilla/5.0 AppleWebKit/537.36 (KHTML, like Gecko; compatible; GPTBot/1.3; +https://openai.com/gptbot)"
216.73.216.223 - - [22/Jan/2026:08:44:14 -0500] "GET /page/143/?a=952536ah61h HTTP/1.1" 200 14953 "-" "Mozilla/5.0 AppleWebKit/537.36 (KHTML, like Gecko; compatible; ClaudeBot/1.0; +claudebot@anthropic.com)"
74.7.243.232 - - [22/Jan/2026:08:44:16 -0500] "GET /page/137/?a=1437221g86263 HTTP/1.1" 200 15090 "https://membuatwebsite.biz/page/139/?a=1437221g86263" "Mozilla/5.0 AppleWebKit/537.36 (KHTML, like Gecko; compatible; GPTBot/1.3; +https://openai.com/gptbot)"
66.249.73.65 - - [22/Jan/2026:08:44:16 -0500] "GET /?a=779000dj7jjj HTTP/1.1" 200 27130 "-" "Mozilla/5.0 (Linux; Android 6.0.1; Nexus 5X Build/MMB29P) AppleWebKit/537.36 (KHTML, like Gecko) Chrome/143.0.7499.192 Mobile Safari/537.36 (compatible; Googlebot/2.1; +http://www.google.com/bot.html)"
66.249.73.65 - - [22/Jan/2026:08:44:16 -0500] "GET /?a=1433698a4gje2 HTTP/1.1" 200 26565 "-" "Mozilla/5.0 (Linux; Android 6.0.1; Nexus 5X Build/MMB29P) AppleWebKit/537.36 (KHTML, like Gecko) Chrome/143.0.7499.192 Mobile Safari/537.36 (compatible; Googlebot/2.1; +http://www.google.com/bot.html)"
66.249.73.65 - - [22/Jan/2026:08:44:17 -0500] "GET /?a=42141329ca3a5 HTTP/1.1" 200 27003 "-" "Mozilla/5.0 (Linux; Android 6.0.1; Nexus 5X Build/MMB29P) AppleWebKit/537.36 (KHTML, like Gecko) Chrome/143.0.7499.192 Mobile Safari/537.36 (compatible; Googlebot/2.1; +http://www.google.com/bot.html)"
216.73.216.223 - - [22/Jan/2026:08:44:17 -0500] "GET /page/143/?a=2634304adje6i HTTP/1.1" 200 14972 "-" "Mozilla/5.0 AppleWebKit/537.36 (KHTML, like Gecko; compatible; ClaudeBot/1.0; +claudebot@anthropic.com)"
74.7.243.232 - - [22/Jan/2026:08:44:19 -0500] "GET /page/103/?a=21997591778g2 HTTP/1.1" 200 15179 "https://membuatwebsite.biz/page/105/?a=21997591778g2" "Mozilla/5.0 AppleWebKit/537.36 (KHTML, like Gecko; compatible; GPTBot/1.3; +https://openai.com/gptbot)"
216.73.216.223 - - [22/Jan/2026:08:44:20 -0500] "GET /page/133/?a=2751433h4i0hb HTTP/1.1" 200 15497 "-" "Mozilla/5.0 AppleWebKit/537.36 (KHTML, like Gecko; compatible; ClaudeBot/1.0; +claudebot@anthropic.com)"
66.249.73.65 - - [22/Jan/2026:08:44:21 -0500] "GET /?a=3832177ih851e HTTP/1.1" 200 26828 "-" "Mozilla/5.0 (Linux; Android 6.0.1; Nexus 5X Build/MMB29P) AppleWebKit/537.36 (KHTML, like Gecko) Chrome/143.0.7499.192 Mobile Safari/537.36 (compatible; Googlebot/2.1; +http://www.google.com/bot.html)"
66.249.65.40 - - [22/Jan/2026:08:44:21 -0500] "GET /?a=33091868d883i HTTP/1.1" 200 26694 "-" "Mozilla/5.0 (Linux; Android 6.0.1; Nexus 5X Build/MMB29P) AppleWebKit/537.36 (KHTML, like Gecko) Chrome/143.0.7499.192 Mobile Safari/537.36 (compatible; Googlebot/2.1; +http://www.google.com/bot.html)"
74.7.243.232 - - [22/Jan/2026:08:44:22 -0500] "GET /page/120/?a=2024723a49001 HTTP/1.1" 200 15307 "https://membuatwebsite.biz/page/122/?a=2024723a49001" "Mozilla/5.0 AppleWebKit/537.36 (KHTML, like Gecko; compatible; GPTBot/1.3; +https://openai.com/gptbot)"
216.73.216.223 - - [22/Jan/2026:08:44:23 -0500] "GET /page/142/?a=2744698jh0je1 HTTP/1.1" 200 15322 "-" "Mozilla/5.0 AppleWebKit/537.36 (KHTML, like Gecko; compatible; ClaudeBot/1.0; +claudebot@anthropic.com)"
74.7.243.232 - - [22/Jan/2026:08:44:25 -0500] "GET /page/121/?a=3345468264h24 HTTP/1.1" 200 15306 "https://membuatwebsite.biz/page/123/?a=3345468264h24" "Mozilla/5.0 AppleWebKit/537.36 (KHTML, like Gecko; compatible; GPTBot/1.3; +https://openai.com/gptbot)"
216.73.216.223 - - [22/Jan/2026:08:44:26 -0500] "GET /page/22/?a=1120249ha1g81 HTTP/1.1" 200 15265 "-" "Mozilla/5.0 AppleWebKit/537.36 (KHTML, like Gecko; compatible; ClaudeBot/1.0; +claudebot@anthropic.com)"
74.7.243.232 - - [22/Jan/2026:08:44:28 -0500] "GET /page/119/?a=2024723a49001 HTTP/1.1" 200 15835 "https://membuatwebsite.biz/page/121/?a=2024723a49001" "Mozilla/5.0 AppleWebKit/537.36 (KHTML, like Gecko; compatible; GPTBot/1.3; +https://openai.com/gptbot)"
216.73.216.223 - - [22/Jan/2026:08:44:29 -0500] "GET /page/142/?a=3930669316gb HTTP/1.1" 200 15265 "-" "Mozilla/5.0 AppleWebKit/537.36 (KHTML, like Gecko; compatible; ClaudeBot/1.0; +claudebot@anthropic.com)"
65.21.113.243 - - [22/Jan/2026:08:44:30 -0500] "GET /robots.txt HTTP/1.1" 200 96 "-" "Mozilla/5.0 (compatible; AwarioBot/1.0; +https://awario.com/bots.html)"
2a03:2880:f80e:1e:: - - [22/Jan/2026:08:44:31 -0500] "GET /shopdetail/769180126.phtml HTTP/1.1" 404 49663 "-" "meta-externalagent/1.1 (+https://developers.facebook.com/docs/sharing/webmasters/crawler)"
65.21.113.243 - - [22/Jan/2026:08:44:31 -0500] "GET /5-manfaat-social-media-agency-dalam-berkolaborasi/ HTTP/1.1" 200 14307 "-" "Mozilla/5.0 (compatible; AwarioBot/1.0; +https://awario.com/bots.html)"
74.7.243.232 - - [22/Jan/2026:08:44:31 -0500] "GET /page/136/?a=1879233f10931 HTTP/1.1" 200 15325 "https://membuatwebsite.biz/page/138/?a=1879233f10931" "Mozilla/5.0 AppleWebKit/537.36 (KHTML, like Gecko; compatible; GPTBot/1.3; +https://openai.com/gptbot)"
66.249.73.65 - - [22/Jan/2026:08:44:32 -0500] "GET /?a=4452565eg67ih HTTP/1.1" 200 25946 "-" "Mozilla/5.0 (Linux; Android 6.0.1; Nexus 5X Build/MMB29P) AppleWebKit/537.36 (KHTML, like Gecko) Chrome/143.0.7499.192 Mobile Safari/537.36 (compatible; Googlebot/2.1; +http://www.google.com/bot.html)"
216.73.216.223 - - [22/Jan/2026:08:44:32 -0500] "GET /page/4/?a=2481662j041ha HTTP/1.1" 200 15194 "-" "Mozilla/5.0 AppleWebKit/537.36 (KHTML, like Gecko; compatible; ClaudeBot/1.0; +claudebot@anthropic.com)"
66.249.65.40 - - [22/Jan/2026:08:44:34 -0500] "GET /?a=28876451h013d HTTP/1.1" 200 28789 "-" "Mozilla/5.0 (Linux; Android 6.0.1; Nexus 5X Build/MMB29P) AppleWebKit/537.36 (KHTML, like Gecko) Chrome/143.0.7499.192 Mobile Safari/537.36 (compatible; Googlebot/2.1; +http://www.google.com/bot.html)"
66.249.73.65 - - [22/Jan/2026:08:44:34 -0500] "GET /?a=3371156b4bh83 HTTP/1.1" 200 28220 "-" "Mozilla/5.0 (Linux; Android 6.0.1; Nexus 5X Build/MMB29P) AppleWebKit/537.36 (KHTML, like Gecko) Chrome/143.0.7499.192 Mobile Safari/537.36 (compatible; Googlebot/2.1; +http://www.google.com/bot.html)"
66.249.73.65 - - [22/Jan/2026:08:44:34 -0500] "GET /?a=28682497d9gia HTTP/1.1" 200 30560 "-" "Mozilla/5.0 (Linux; Android 6.0.1; Nexus 5X Build/MMB29P) AppleWebKit/537.36 (KHTML, like Gecko) Chrome/143.0.7499.192 Mobile Safari/537.36 (compatible; Googlebot/2.1; +http://www.google.com/bot.html)"
216.73.216.223 - - [22/Jan/2026:08:44:35 -0500] "GET /page/14/?a=1354184j14hd5 HTTP/1.1" 200 15419 "-" "Mozilla/5.0 AppleWebKit/537.36 (KHTML, like Gecko; compatible; ClaudeBot/1.0; +claudebot@anthropic.com)"
74.7.243.232 - - [22/Jan/2026:08:44:35 -0500] "GET /page/143/?a=4150792093i84 HTTP/1.1" 200 14972 "https://membuatwebsite.biz/page/144/?a=4150792093i84" "Mozilla/5.0 AppleWebKit/537.36 (KHTML, like Gecko; compatible; GPTBot/1.3; +https://openai.com/gptbot)"
54.39.203.86 - - [22/Jan/2026:08:44:37 -0500] "GET /?a=153347909g651 HTTP/1.1" 200 15216 "-" "Mozilla/5.0 (compatible; AhrefsBot/7.0; +http://ahrefs.com/robot/)"
216.73.216.223 - - [22/Jan/2026:08:44:38 -0500] "GET /page/135/?a=28791721hh31j HTTP/1.1" 200 15708 "-" "Mozilla/5.0 AppleWebKit/537.36 (KHTML, like Gecko; compatible; ClaudeBot/1.0; +claudebot@anthropic.com)"
74.7.243.232 - - [22/Jan/2026:08:44:38 -0500] "GET /page/142/?a=28321020d2954 HTTP/1.1" 200 15321 "https://membuatwebsite.biz/page/144/?a=28321020d2954" "Mozilla/5.0 AppleWebKit/537.36 (KHTML, like Gecko; compatible; GPTBot/1.3; +https://openai.com/gptbot)"
216.73.216.223 - - [22/Jan/2026:08:44:41 -0500] "GET /page/131/?a=9177677e03a1 HTTP/1.1" 200 15555 "-" "Mozilla/5.0 AppleWebKit/537.36 (KHTML, like Gecko; compatible; ClaudeBot/1.0; +claudebot@anthropic.com)"
74.7.243.232 - - [22/Jan/2026:08:44:41 -0500] "GET /page/129/?a=42837547h0558 HTTP/1.1" 200 15597 "https://membuatwebsite.biz/page/130/?a=42837547h0558" "Mozilla/5.0 AppleWebKit/537.36 (KHTML, like Gecko; compatible; GPTBot/1.3; +https://openai.com/gptbot)"
65.21.113.243 - - [22/Jan/2026:08:44:42 -0500] "GET /panduan-mengubah-kamar-mandi-biasa-menjadi-smart-home/ HTTP/1.1" 200 14188 "-" "Mozilla/5.0 (compatible; AwarioBot/1.0; +https://awario.com/bots.html)"
216.73.216.223 - - [22/Jan/2026:08:44:44 -0500] "GET /page/15/?a=2194899ci2g94 HTTP/1.1" 200 15460 "-" "Mozilla/5.0 AppleWebKit/537.36 (KHTML, like Gecko; compatible; ClaudeBot/1.0; +claudebot@anthropic.com)"
74.7.243.232 - - [22/Jan/2026:08:44:44 -0500] "GET /page/136/?a=14993159160i3 HTTP/1.1" 200 15326 "https://membuatwebsite.biz/page/138/?a=14993159160i3" "Mozilla/5.0 AppleWebKit/537.36 (KHTML, like Gecko; compatible; GPTBot/1.3; +https://openai.com/gptbot)"
216.73.216.223 - - [22/Jan/2026:08:44:47 -0500] "GET /page/140/?a=10925453hbh88 HTTP/1.1" 200 15514 "-" "Mozilla/5.0 AppleWebKit/537.36 (KHTML, like Gecko; compatible; ClaudeBot/1.0; +claudebot@anthropic.com)"
74.7.243.232 - - [22/Jan/2026:08:44:48 -0500] "GET /page/136/?a=1437221g86263 HTTP/1.1" 200 15343 "https://membuatwebsite.biz/page/138/?a=1437221g86263" "Mozilla/5.0 AppleWebKit/537.36 (KHTML, like Gecko; compatible; GPTBot/1.3; +https://openai.com/gptbot)"
216.73.216.223 - - [22/Jan/2026:08:44:50 -0500] "GET /page/143/?a=21462065g1h1h HTTP/1.1" 200 14955 "-" "Mozilla/5.0 AppleWebKit/537.36 (KHTML, like Gecko; compatible; ClaudeBot/1.0; +claudebot@anthropic.com)"
74.7.243.232 - - [22/Jan/2026:08:44:51 -0500] "GET /page/141/?a=1605254d35882 HTTP/1.1" 200 15257 "https://membuatwebsite.biz/page/142/?a=1605254d35882" "Mozilla/5.0 AppleWebKit/537.36 (KHTML, like Gecko; compatible; GPTBot/1.3; +https://openai.com/gptbot)"
216.73.216.223 - - [22/Jan/2026:08:44:53 -0500] "GET /page/137/?a=24926183h1169 HTTP/1.1" 200 15120 "-" "Mozilla/5.0 AppleWebKit/537.36 (KHTML, like Gecko; compatible; ClaudeBot/1.0; +claudebot@anthropic.com)"
74.7.243.232 - - [22/Jan/2026:08:44:54 -0500] "GET /page/102/?a=21997591778g2 HTTP/1.1" 200 15372 "https://membuatwebsite.biz/page/103/?a=21997591778g2" "Mozilla/5.0 AppleWebKit/537.36 (KHTML, like Gecko; compatible; GPTBot/1.3; +https://openai.com/gptbot)"
66.249.73.65 - - [22/Jan/2026:08:44:54 -0500] "GET /?a=2578912f14892 HTTP/1.1" 200 27092 "-" "Mozilla/5.0 (Linux; Android 6.0.1; Nexus 5X Build/MMB29P) AppleWebKit/537.36 (KHTML, like Gecko) Chrome/143.0.7499.192 Mobile Safari/537.36 (compatible; Googlebot/2.1; +http://www.google.com/bot.html)"
65.21.113.243 - - [22/Jan/2026:08:44:55 -0500] "GET /tag/print-textile/ HTTP/1.1" 200 11776 "-" "Mozilla/5.0 (compatible; AwarioBot/1.0; +https://awario.com/bots.html)"
216.73.216.223 - - [22/Jan/2026:08:44:56 -0500] "GET /page/140/?a=1800498dd47ic HTTP/1.1" 200 15514 "-" "Mozilla/5.0 AppleWebKit/537.36 (KHTML, like Gecko; compatible; ClaudeBot/1.0; +claudebot@anthropic.com)"
74.7.243.232 - - [22/Jan/2026:08:44:57 -0500] "GET /page/101/?a=21997591778g2 HTTP/1.1" 200 15377 "https://membuatwebsite.biz/page/103/?a=21997591778g2" "Mozilla/5.0 AppleWebKit/537.36 (KHTML, like Gecko; compatible; GPTBot/1.3; +https://openai.com/gptbot)"
65.21.113.243 - - [22/Jan/2026:08:44:59 -0500] "GET /wp-login.php?redirect_to=https://membuatwebsite.biz/mesin-print-textile-dalam-menghasilkan-gambar-terbaik/ HTTP/1.1" 200 1969 "-" "Mozilla/5.0 (compatible; AwarioBot/1.0; +https://awario.com/bots.html)"
216.73.216.223 - - [22/Jan/2026:08:44:59 -0500] "GET /page/137/?a=9470009ggeag HTTP/1.1" 200 15110 "-" "Mozilla/5.0 AppleWebKit/537.36 (KHTML, like Gecko; compatible; ClaudeBot/1.0; +claudebot@anthropic.com)"
66.249.73.65 - - [22/Jan/2026:08:44:59 -0500] "GET /?a=2620729g2d603 HTTP/1.1" 200 26867 "-" "Mozilla/5.0 (Linux; Android 6.0.1; Nexus 5X Build/MMB29P) AppleWebKit/537.36 (KHTML, like Gecko) Chrome/143.0.7499.192 Mobile Safari/537.36 (compatible; Googlebot/2.1; +http://www.google.com/bot.html)"
66.249.73.65 - - [22/Jan/2026:08:44:59 -0500] "GET /?a=4272739001gbi HTTP/1.1" 200 27423 "-" "Mozilla/5.0 (Linux; Android 6.0.1; Nexus 5X Build/MMB29P) AppleWebKit/537.36 (KHTML, like Gecko) Chrome/143.0.7499.192 Mobile Safari/537.36 (compatible; Googlebot/2.1; +http://www.google.com/bot.html)"
74.7.243.232 - - [22/Jan/2026:08:45:00 -0500] "GET /page/118/?a=2024723a49001 HTTP/1.1" 200 15590 "https://membuatwebsite.biz/page/120/?a=2024723a49001" "Mozilla/5.0 AppleWebKit/537.36 (KHTML, like Gecko; compatible; GPTBot/1.3; +https://openai.com/gptbot)"
66.249.73.65 - - [22/Jan/2026:08:45:01 -0500] "GET /?a=42130989858cd HTTP/1.1" 200 25836 "-" "Mozilla/5.0 (Linux; Android 6.0.1; Nexus 5X Build/MMB29P) AppleWebKit/537.36 (KHTML, like Gecko) Chrome/143.0.7499.192 Mobile Safari/537.36 (compatible; Googlebot/2.1; +http://www.google.com/bot.html)"
216.73.216.223 - - [22/Jan/2026:08:45:02 -0500] "GET /page/135/?a=30467456ga11j HTTP/1.1" 200 15848 "-" "Mozilla/5.0 AppleWebKit/537.36 (KHTML, like Gecko; compatible; ClaudeBot/1.0; +claudebot@anthropic.com)"
74.7.243.232 - - [22/Jan/2026:08:45:03 -0500] "GET /page/117/?a=2024723a49001 HTTP/1.1" 200 15823 "https://membuatwebsite.biz/page/119/?a=2024723a49001" "Mozilla/5.0 AppleWebKit/537.36 (KHTML, like Gecko; compatible; GPTBot/1.3; +https://openai.com/gptbot)"
216.73.216.223 - - [22/Jan/2026:08:45:05 -0500] "GET /page/22/?a=1425788bi6i96 HTTP/1.1" 200 15266 "-" "Mozilla/5.0 AppleWebKit/537.36 (KHTML, like Gecko; compatible; ClaudeBot/1.0; +claudebot@anthropic.com)"
66.249.65.42 - - [22/Jan/2026:08:45:06 -0500] "GET /?a=4364002g6b4h8 HTTP/1.1" 200 26532 "-" "Mozilla/5.0 (Linux; Android 6.0.1; Nexus 5X Build/MMB29P) AppleWebKit/537.36 (KHTML, like Gecko) Chrome/143.0.7499.192 Mobile Safari/537.36 (compatible; Googlebot/2.1; +http://www.google.com/bot.html)"
74.7.243.232 - - [22/Jan/2026:08:45:06 -0500] "GET /page/119/?a=3345468264h24 HTTP/1.1" 200 15897 "https://membuatwebsite.biz/page/121/?a=3345468264h24" "Mozilla/5.0 AppleWebKit/537.36 (KHTML, like Gecko; compatible; GPTBot/1.3; +https://openai.com/gptbot)"
66.249.73.65 - - [22/Jan/2026:08:45:07 -0500] "GET /?a=2029583e7db39 HTTP/1.1" 200 27356 "-" "Mozilla/5.0 (Linux; Android 6.0.1; Nexus 5X Build/MMB29P) AppleWebKit/537.36 (KHTML, like Gecko) Chrome/143.0.7499.192 Mobile Safari/537.36 (compatible; Googlebot/2.1; +http://www.google.com/bot.html)"
216.73.216.223 - - [22/Jan/2026:08:45:08 -0500] "GET /page/10/?a=26966349i168h HTTP/1.1" 200 15468 "-" "Mozilla/5.0 AppleWebKit/537.36 (KHTML, like Gecko; compatible; ClaudeBot/1.0; +claudebot@anthropic.com)"
74.7.243.232 - - [22/Jan/2026:08:45:09 -0500] "GET /page/134/?a=1879233f10931 HTTP/1.1" 200 15810 "https://membuatwebsite.biz/page/136/?a=1879233f10931" "Mozilla/5.0 AppleWebKit/537.36 (KHTML, like Gecko; compatible; GPTBot/1.3; +https://openai.com/gptbot)"
216.73.216.223 - - [22/Jan/2026:08:45:11 -0500] "GET /page/132/?a=30921556di6bg HTTP/1.1" 200 15765 "-" "Mozilla/5.0 AppleWebKit/537.36 (KHTML, like Gecko; compatible; ClaudeBot/1.0; +claudebot@anthropic.com)"
74.7.243.232 - - [22/Jan/2026:08:45:13 -0500] "GET /page/144/?a=106208456923i HTTP/1.1" 200 13054 "https://membuatwebsite.biz/?a=106208456923i" "Mozilla/5.0 AppleWebKit/537.36 (KHTML, like Gecko; compatible; GPTBot/1.3; +https://openai.com/gptbot)"
216.73.216.223 - - [22/Jan/2026:08:45:14 -0500] "GET /page/132/?a=262125217ga7g HTTP/1.1" 200 15819 "-" "Mozilla/5.0 AppleWebKit/537.36 (KHTML, like Gecko; compatible; ClaudeBot/1.0; +claudebot@anthropic.com)"
66.249.73.65 - - [22/Jan/2026:08:45:16 -0500] "GET /?a=1455169527bd8 HTTP/1.1" 200 26543 "-" "Mozilla/5.0 (Linux; Android 6.0.1; Nexus 5X Build/MMB29P) AppleWebKit/537.36 (KHTML, like Gecko) Chrome/143.0.7499.192 Mobile Safari/537.36 (compatible; Googlebot/2.1; +http://www.google.com/bot.html)"
74.7.243.232 - - [22/Jan/2026:08:45:16 -0500] "GET /page/127/?a=42837547h0558 HTTP/1.1" 200 15762 "https://membuatwebsite.biz/page/129/?a=42837547h0558" "Mozilla/5.0 AppleWebKit/537.36 (KHTML, like Gecko; compatible; GPTBot/1.3; +https://openai.com/gptbot)"
66.249.73.65 - - [22/Jan/2026:08:45:17 -0500] "GET /?a=7560838d0d81 HTTP/1.1" 200 27458 "-" "Mozilla/5.0 (Linux; Android 6.0.1; Nexus 5X Build/MMB29P) AppleWebKit/537.36 (KHTML, like Gecko) Chrome/143.0.7499.192 Mobile Safari/537.36 (compatible; Googlebot/2.1; +http://www.google.com/bot.html)"
66.249.65.40 - - [22/Jan/2026:08:45:17 -0500] "GET /?a=1464724e5262e HTTP/1.1" 200 28180 "-" "Mozilla/5.0 (Linux; Android 6.0.1; Nexus 5X Build/MMB29P) AppleWebKit/537.36 (KHTML, like Gecko) Chrome/143.0.7499.192 Mobile Safari/537.36 (compatible; Googlebot/2.1; +http://www.google.com/bot.html)"
216.73.216.223 - - [22/Jan/2026:08:45:17 -0500] "GET /page/137/?a=3053175i7h03h HTTP/1.1" 200 15062 "-" "Mozilla/5.0 AppleWebKit/537.36 (KHTML, like Gecko; compatible; ClaudeBot/1.0; +claudebot@anthropic.com)"
74.7.243.232 - - [22/Jan/2026:08:45:19 -0500] "GET /page/135/?a=14993159160i3 HTTP/1.1" 200 15708 "https://membuatwebsite.biz/page/136/?a=14993159160i3" "Mozilla/5.0 AppleWebKit/537.36 (KHTML, like Gecko; compatible; GPTBot/1.3; +https://openai.com/gptbot)"
142.44.233.125 - - [22/Jan/2026:08:45:19 -0500] "GET /?a=152229552aa84 HTTP/1.1" 200 15262 "-" "Mozilla/5.0 (compatible; AhrefsBot/7.0; +http://ahrefs.com/robot/)"
114.119.155.13 - - [22/Jan/2026:08:45:19 -0500] "GET /?a=1721788agi4a5 HTTP/1.1" 200 15241 "https://membuatwebsite.biz/sitemap.xmlsitemap:https:/membuatwebsite.biz/sitemap-1.xml" "Mozilla/5.0 (Linux; Android 7.0;) AppleWebKit/537.36 (KHTML, like Gecko) Mobile Safari/537.36 (compatible; PetalBot;+https://webmaster.petalsearch.com/site/petalbot)"
216.73.216.223 - - [22/Jan/2026:08:45:20 -0500] "GET /page/11/?a=138953246hjj6 HTTP/1.1" 200 15302 "-" "Mozilla/5.0 AppleWebKit/537.36 (KHTML, like Gecko; compatible; ClaudeBot/1.0; +claudebot@anthropic.com)"
74.7.243.232 - - [22/Jan/2026:08:45:22 -0500] "GET /page/134/?a=14993159160i3 HTTP/1.1" 200 15864 "https://membuatwebsite.biz/page/136/?a=14993159160i3" "Mozilla/5.0 AppleWebKit/537.36 (KHTML, like Gecko; compatible; GPTBot/1.3; +https://openai.com/gptbot)"
216.73.216.223 - - [22/Jan/2026:08:45:23 -0500] "GET /page/139/?a=1877266bg0ah1 HTTP/1.1" 200 15549 "-" "Mozilla/5.0 AppleWebKit/537.36 (KHTML, like Gecko; compatible; ClaudeBot/1.0; +claudebot@anthropic.com)"
66.249.73.65 - - [22/Jan/2026:08:45:24 -0500] "GET /?a=128037088475i HTTP/1.1" 200 28199 "-" "Mozilla/5.0 (Linux; Android 6.0.1; Nexus 5X Build/MMB29P) AppleWebKit/537.36 (KHTML, like Gecko) Chrome/143.0.7499.192 Mobile Safari/537.36 (compatible; Googlebot/2.1; +http://www.google.com/bot.html)"
74.7.243.232 - - [22/Jan/2026:08:45:25 -0500] "GET /page/134/?a=1437221g86263 HTTP/1.1" 200 15865 "https://membuatwebsite.biz/page/136/?a=1437221g86263" "Mozilla/5.0 AppleWebKit/537.36 (KHTML, like Gecko; compatible; GPTBot/1.3; +https://openai.com/gptbot)"
216.73.216.223 - - [22/Jan/2026:08:45:26 -0500] "GET /page/137/?a=332550gb35i8 HTTP/1.1" 200 15061 "-" "Mozilla/5.0 AppleWebKit/537.36 (KHTML, like Gecko; compatible; ClaudeBot/1.0; +claudebot@anthropic.com)"
74.7.243.232 - - [22/Jan/2026:08:45:28 -0500] "GET /page/100/?a=21997591778g2 HTTP/1.1" 200 15344 "https://membuatwebsite.biz/page/102/?a=21997591778g2" "Mozilla/5.0 AppleWebKit/537.36 (KHTML, like Gecko; compatible; GPTBot/1.3; +https://openai.com/gptbot)"
216.73.216.223 - - [22/Jan/2026:08:45:29 -0500] "GET /page/128/?a=13921195f31g6 HTTP/1.1" 200 15758 "-" "Mozilla/5.0 AppleWebKit/537.36 (KHTML, like Gecko; compatible; ClaudeBot/1.0; +claudebot@anthropic.com)"
74.7.243.232 - - [22/Jan/2026:08:45:31 -0500] "GET /page/130/?a=3799694757f44 HTTP/1.1" 200 15573 "https://membuatwebsite.biz/page/132/?a=3799694757f44" "Mozilla/5.0 AppleWebKit/537.36 (KHTML, like Gecko; compatible; GPTBot/1.3; +https://openai.com/gptbot)"
216.73.216.223 - - [22/Jan/2026:08:45:32 -0500] "GET /page/137/?a=4198162g1gjb9 HTTP/1.1" 200 15103 "-" "Mozilla/5.0 AppleWebKit/537.36 (KHTML, like Gecko; compatible; ClaudeBot/1.0; +claudebot@anthropic.com)"
