/home/idolaotomotif/access-logs/totalcard.idolaotomotif.com-ssl_log
2a03:2880:f80e:4c:: - - [22/Jan/2026:07:03:50 -0500] "GET /shop/marina/cometfinder17139637003 HTTP/1.1" 404 54853 "-" "meta-externalagent/1.1 (+https://developers.facebook.com/docs/sharing/webmasters/crawler)"
2a03:2880:f80e:16:: - - [22/Jan/2026:07:03:51 -0500] "GET /shop/clypeastroidea/churchless13115018717 HTTP/1.1" 404 54853 "-" "meta-externalagent/1.1 (+https://developers.facebook.com/docs/sharing/webmasters/crawler)"
74.7.243.223 - - [22/Jan/2026:07:03:52 -0500] "GET /page/29/?n=1360268614664 HTTP/1.1" 200 16522 "https://totalcard.biz/page/28/?n=1360268614664" "Mozilla/5.0 AppleWebKit/537.36 (KHTML, like Gecko; compatible; GPTBot/1.3; +https://openai.com/gptbot)"
2a03:2880:f80e:63:: - - [22/Jan/2026:07:03:53 -0500] "GET /shop/grabble/oorial17103409652 HTTP/1.1" 404 54853 "-" "meta-externalagent/1.1 (+https://developers.facebook.com/docs/sharing/webmasters/crawler)"
2a03:2880:f80e:d:: - - [22/Jan/2026:07:03:54 -0500] "GET /shop/participative/astroscopus13671805989 HTTP/1.1" 404 54853 "-" "meta-externalagent/1.1 (+https://developers.facebook.com/docs/sharing/webmasters/crawler)"
2a03:2880:f80e:22:: - - [22/Jan/2026:07:03:55 -0500] "GET /?n=12005394h10ch HTTP/1.1" 200 15999 "-" "meta-externalagent/1.1 (+https://developers.facebook.com/docs/sharing/webmasters/crawler)"
74.7.243.223 - - [22/Jan/2026:07:03:55 -0500] "GET /page/26/?n=845954396266 HTTP/1.1" 200 16337 "https://totalcard.biz/page/25/?n=845954396266" "Mozilla/5.0 AppleWebKit/537.36 (KHTML, like Gecko; compatible; GPTBot/1.3; +https://openai.com/gptbot)"
2a03:2880:f80e:4f:: - - [22/Jan/2026:07:03:55 -0500] "GET /shop/dimerous/nonmechanistic133888672699 HTTP/1.1" 404 54853 "-" "meta-externalagent/1.1 (+https://developers.facebook.com/docs/sharing/webmasters/crawler)"
2a03:2880:f80e:52:: - - [22/Jan/2026:07:03:56 -0500] "GET /shop/unevenness/somewhat174144937480 HTTP/1.1" 404 54853 "-" "meta-externalagent/1.1 (+https://developers.facebook.com/docs/sharing/webmasters/crawler)"
205.169.39.6 - - [22/Jan/2026:07:03:58 -0500] "GET /wp-content/uploads/2017/08/Universitas-Indonesia-696x462.jpg HTTP/1.1" 200 31590 "http://totalcard.biz/wp-content/uploads/2017/08/Universitas-Indonesia-696x462.jpg" "Mozilla/5.0 (Windows NT 10.0) AppleWebKit/537.36 (KHTML, like Gecko) Chrome/106.0.0.0 Safari/537.36"
74.7.243.223 - - [22/Jan/2026:07:03:58 -0500] "GET /page/38/?n=1155155059288 HTTP/1.1" 200 16321 "https://totalcard.biz/page/37/?n=1155155059288" "Mozilla/5.0 AppleWebKit/537.36 (KHTML, like Gecko; compatible; GPTBot/1.3; +https://openai.com/gptbot)"
2a03:2880:f80e:4a:: - - [22/Jan/2026:07:03:58 -0500] "GET /shop/roundness/oleiferous172585809202 HTTP/1.1" 404 54853 "-" "meta-externalagent/1.1 (+https://developers.facebook.com/docs/sharing/webmasters/crawler)"
2a03:2880:f80e:5:: - - [22/Jan/2026:07:03:59 -0500] "GET /shop/showbread/emulating171926564452 HTTP/1.1" 404 54853 "-" "meta-externalagent/1.1 (+https://developers.facebook.com/docs/sharing/webmasters/crawler)"
2a03:2880:f80e:9:: - - [22/Jan/2026:07:04:00 -0500] "GET /shop/ichthyotic/recognization13454468224 HTTP/1.1" 404 54853 "-" "meta-externalagent/1.1 (+https://developers.facebook.com/docs/sharing/webmasters/crawler)"
66.249.64.2 - - [22/Jan/2026:07:04:00 -0500] "GET /goodscode/322830643 HTTP/1.1" 200 24108 "-" "Mozilla/5.0 (Linux; Android 6.0.1; Nexus 5X Build/MMB29P) AppleWebKit/537.36 (KHTML, like Gecko) Chrome/143.0.7499.192 Mobile Safari/537.36 (compatible; Googlebot/2.1; +http://www.google.com/bot.html)"
2a03:2880:f80e:4d:: - - [22/Jan/2026:07:04:01 -0500] "GET /shop/undergraduate/tablature111814132048 HTTP/1.1" 404 54853 "-" "meta-externalagent/1.1 (+https://developers.facebook.com/docs/sharing/webmasters/crawler)"
74.7.243.223 - - [22/Jan/2026:07:04:01 -0500] "GET /page/2/?n=319317257163 HTTP/1.1" 200 16219 "https://totalcard.biz/?n=319317257163" "Mozilla/5.0 AppleWebKit/537.36 (KHTML, like Gecko; compatible; GPTBot/1.3; +https://openai.com/gptbot)"
2a03:2880:f80e:f:: - - [22/Jan/2026:07:04:02 -0500] "GET /shop/whirred/actinometric13550346219 HTTP/1.1" 404 54853 "-" "meta-externalagent/1.1 (+https://developers.facebook.com/docs/sharing/webmasters/crawler)"
2a03:2880:f80e:23:: - - [22/Jan/2026:07:04:03 -0500] "GET /shop/nematogene/sandiest17189121556 HTTP/1.1" 404 54853 "-" "meta-externalagent/1.1 (+https://developers.facebook.com/docs/sharing/webmasters/crawler)"
2a03:2880:f80e:5c:: - - [22/Jan/2026:07:04:04 -0500] "GET /shop/participializing/improableness121937634872 HTTP/1.1" 404 54853 "-" "meta-externalagent/1.1 (+https://developers.facebook.com/docs/sharing/webmasters/crawler)"
74.7.243.223 - - [22/Jan/2026:07:04:05 -0500] "GET /page/38/?n=1165736155627 HTTP/1.1" 200 16322 "https://totalcard.biz/page/37/?n=1165736155627" "Mozilla/5.0 AppleWebKit/537.36 (KHTML, like Gecko; compatible; GPTBot/1.3; +https://openai.com/gptbot)"
2a03:2880:f80e:56:: - - [22/Jan/2026:07:04:05 -0500] "GET /shop/hyrcanian/orseillic132894465364 HTTP/1.1" 404 54853 "-" "meta-externalagent/1.1 (+https://developers.facebook.com/docs/sharing/webmasters/crawler)"
2a03:2880:f80e:46:: - - [22/Jan/2026:07:04:06 -0500] "GET /shop/arrogancy/presentimental131646282974 HTTP/1.1" 404 54853 "-" "meta-externalagent/1.1 (+https://developers.facebook.com/docs/sharing/webmasters/crawler)"
2a03:2880:f80e:1f:: - - [22/Jan/2026:07:04:07 -0500] "GET /shop/epulation/smiter172968955566 HTTP/1.1" 404 54853 "-" "meta-externalagent/1.1 (+https://developers.facebook.com/docs/sharing/webmasters/crawler)"
74.7.243.223 - - [22/Jan/2026:07:04:08 -0500] "GET /page/38/?n=2737231621417 HTTP/1.1" 200 16321 "https://totalcard.biz/page/37/?n=2737231621417" "Mozilla/5.0 AppleWebKit/537.36 (KHTML, like Gecko; compatible; GPTBot/1.3; +https://openai.com/gptbot)"
2a03:2880:f80e:2d:: - - [22/Jan/2026:07:04:08 -0500] "GET /shop/spinosa/threadiness132084033722 HTTP/1.1" 404 54853 "-" "meta-externalagent/1.1 (+https://developers.facebook.com/docs/sharing/webmasters/crawler)"
2a03:2880:f80e:60:: - - [22/Jan/2026:07:04:09 -0500] "GET /shop/exampleless/reseizure133733642758 HTTP/1.1" 404 54853 "-" "meta-externalagent/1.1 (+https://developers.facebook.com/docs/sharing/webmasters/crawler)"
216.73.216.111 - - [22/Jan/2026:07:04:10 -0500] "GET /page/7/?a=4307730cbf5g4 HTTP/1.1" 200 15694 "-" "Mozilla/5.0 AppleWebKit/537.36 (KHTML, like Gecko; compatible; ClaudeBot/1.0; +claudebot@anthropic.com)"
2a03:2880:f80e:26:: - - [22/Jan/2026:07:04:10 -0500] "GET /shop/somniatory/acknowledgement122744621481 HTTP/1.1" 404 54853 "-" "meta-externalagent/1.1 (+https://developers.facebook.com/docs/sharing/webmasters/crawler)"
74.7.243.223 - - [22/Jan/2026:07:04:11 -0500] "GET /page/38/?n=2868109558107 HTTP/1.1" 200 16321 "https://totalcard.biz/page/37/?n=2868109558107" "Mozilla/5.0 AppleWebKit/537.36 (KHTML, like Gecko; compatible; GPTBot/1.3; +https://openai.com/gptbot)"
2a03:2880:f80e:5b:: - - [22/Jan/2026:07:04:12 -0500] "GET /shop/machines/havildar134210423060 HTTP/1.1" 404 54853 "-" "meta-externalagent/1.1 (+https://developers.facebook.com/docs/sharing/webmasters/crawler)"
2a03:2880:f80e:46:: - - [22/Jan/2026:07:04:12 -0500] "GET /?n=859389bed0hi HTTP/1.1" 200 15998 "-" "meta-externalagent/1.1 (+https://developers.facebook.com/docs/sharing/webmasters/crawler)"
216.73.216.111 - - [22/Jan/2026:07:04:12 -0500] "GET /page/18/?a=14476004f5f2i HTTP/1.1" 200 16505 "-" "Mozilla/5.0 AppleWebKit/537.36 (KHTML, like Gecko; compatible; ClaudeBot/1.0; +claudebot@anthropic.com)"
2a03:2880:f80e:51:: - - [22/Jan/2026:07:04:13 -0500] "GET /shop/atlantides/typal133422781869 HTTP/1.1" 404 54853 "-" "meta-externalagent/1.1 (+https://developers.facebook.com/docs/sharing/webmasters/crawler)"
74.7.243.223 - - [22/Jan/2026:07:04:14 -0500] "GET /page/25/?n=3360540763504 HTTP/1.1" 200 16400 "https://totalcard.biz/page/24/?n=3360540763504" "Mozilla/5.0 AppleWebKit/537.36 (KHTML, like Gecko; compatible; GPTBot/1.3; +https://openai.com/gptbot)"
2a03:2880:f80e:20:: - - [22/Jan/2026:07:04:14 -0500] "GET /shop/unstrength/prepared1358262500 HTTP/1.1" 404 54853 "-" "meta-externalagent/1.1 (+https://developers.facebook.com/docs/sharing/webmasters/crawler)"
2a03:2880:f80e:f:: - - [22/Jan/2026:07:04:15 -0500] "GET /shop/chromatophore/synonyms113791973650 HTTP/1.1" 404 54853 "-" "meta-externalagent/1.1 (+https://developers.facebook.com/docs/sharing/webmasters/crawler)"
216.73.216.111 - - [22/Jan/2026:07:04:15 -0500] "GET /page/18/?a=7647002df4h8 HTTP/1.1" 200 16504 "-" "Mozilla/5.0 AppleWebKit/537.36 (KHTML, like Gecko; compatible; ClaudeBot/1.0; +claudebot@anthropic.com)"
2a03:2880:f80e:18:: - - [22/Jan/2026:07:04:17 -0500] "GET /shop/chapeau/uncultivated134221842491 HTTP/1.1" 404 54853 "-" "meta-externalagent/1.1 (+https://developers.facebook.com/docs/sharing/webmasters/crawler)"
74.7.243.223 - - [22/Jan/2026:07:04:17 -0500] "GET /page/38/?n=1921524892842 HTTP/1.1" 200 16322 "https://totalcard.biz/page/37/?n=1921524892842" "Mozilla/5.0 AppleWebKit/537.36 (KHTML, like Gecko; compatible; GPTBot/1.3; +https://openai.com/gptbot)"
142.44.228.51 - - [22/Jan/2026:07:04:17 -0500] "GET /goodscode/1096644889 HTTP/1.1" 404 54861 "-" "Mozilla/5.0 (compatible; AhrefsBot/7.0; +http://ahrefs.com/robot/)"
2a03:2880:f80e:4b:: - - [22/Jan/2026:07:04:18 -0500] "GET /shop/smellless/irrelatively171521131684 HTTP/1.1" 404 54853 "-" "meta-externalagent/1.1 (+https://developers.facebook.com/docs/sharing/webmasters/crawler)"
2a03:2880:f80e:47:: - - [22/Jan/2026:07:04:18 -0500] "GET /?n=3922089e85ge1 HTTP/1.1" 200 15999 "-" "meta-externalagent/1.1 (+https://developers.facebook.com/docs/sharing/webmasters/crawler)"
216.73.216.111 - - [22/Jan/2026:07:04:18 -0500] "GET /page/7/?a=268991ad3c0e HTTP/1.1" 200 15693 "-" "Mozilla/5.0 AppleWebKit/537.36 (KHTML, like Gecko; compatible; ClaudeBot/1.0; +claudebot@anthropic.com)"
2a03:2880:f80e:6f:: - - [22/Jan/2026:07:04:19 -0500] "GET /shop/unclew/queest172290131730 HTTP/1.1" 404 54853 "-" "meta-externalagent/1.1 (+https://developers.facebook.com/docs/sharing/webmasters/crawler)"
74.7.243.223 - - [22/Jan/2026:07:04:20 -0500] "GET /page/38/?n=2495434426824 HTTP/1.1" 200 16323 "https://totalcard.biz/page/37/?n=2495434426824" "Mozilla/5.0 AppleWebKit/537.36 (KHTML, like Gecko; compatible; GPTBot/1.3; +https://openai.com/gptbot)"
13.70.106.199 - - [22/Jan/2026:07:04:20 -0500] "GET /wp-good.php HTTP/1.1" 404 54861 "-" "Mozilla/5.0 (Windows NT 10.0; Win64; x64) AppleWebKit/537.36 (KHTML, like Gecko) Chrome/120.0.0.0 Safari/537.36"
2a03:2880:f80e:3a:: - - [22/Jan/2026:07:04:21 -0500] "GET /shop/pronouncer/thirlage112490011518 HTTP/1.1" 404 54853 "-" "meta-externalagent/1.1 (+https://developers.facebook.com/docs/sharing/webmasters/crawler)"
66.249.64.1 - - [22/Jan/2026:07:04:21 -0500] "GET /goodscode/1280352955 HTTP/1.1" 200 26129 "-" "Mozilla/5.0 (Linux; Android 6.0.1; Nexus 5X Build/MMB29P) AppleWebKit/537.36 (KHTML, like Gecko) Chrome/143.0.7499.192 Mobile Safari/537.36 (compatible; Googlebot/2.1; +http://www.google.com/bot.html)"
13.70.106.199 - - [22/Jan/2026:07:04:21 -0500] "GET /file.php HTTP/1.1" 404 54861 "-" "Mozilla/5.0 (Windows NT 10.0; Win64; x64) AppleWebKit/537.36 (KHTML, like Gecko) Chrome/120.0.0.0 Safari/537.36"
216.73.216.111 - - [22/Jan/2026:07:04:21 -0500] "GET /page/7/?a=46010878b28j HTTP/1.1" 200 15693 "-" "Mozilla/5.0 AppleWebKit/537.36 (KHTML, like Gecko; compatible; ClaudeBot/1.0; +claudebot@anthropic.com)"
2a03:2880:f80e:3b:: - - [22/Jan/2026:07:04:22 -0500] "GET /shop/satirist/breaden111525660249 HTTP/1.1" 404 54853 "-" "meta-externalagent/1.1 (+https://developers.facebook.com/docs/sharing/webmasters/crawler)"
13.70.106.199 - - [22/Jan/2026:07:04:22 -0500] "GET /bless.php HTTP/1.1" 404 54861 "-" "Mozilla/5.0 (Windows NT 10.0; Win64; x64) AppleWebKit/537.36 (KHTML, like Gecko) Chrome/120.0.0.0 Safari/537.36"
2a03:2880:f80e:37:: - - [22/Jan/2026:07:04:22 -0500] "GET /shop/irrationally/monothalamous121457761850 HTTP/1.1" 404 54853 "-" "meta-externalagent/1.1 (+https://developers.facebook.com/docs/sharing/webmasters/crawler)"
13.70.106.199 - - [22/Jan/2026:07:04:23 -0500] "GET /admin.php HTTP/1.1" 404 54861 "-" "Mozilla/5.0 (Windows NT 10.0; Win64; x64) AppleWebKit/537.36 (KHTML, like Gecko) Chrome/120.0.0.0 Safari/537.36"
74.7.243.223 - - [22/Jan/2026:07:04:23 -0500] "GET /page/38/?n=1653666463110 HTTP/1.1" 200 16322 "https://totalcard.biz/page/37/?n=1653666463110" "Mozilla/5.0 AppleWebKit/537.36 (KHTML, like Gecko; compatible; GPTBot/1.3; +https://openai.com/gptbot)"
2a03:2880:f80e:21:: - - [22/Jan/2026:07:04:23 -0500] "GET /?n=164075557aid9 HTTP/1.1" 200 15999 "-" "meta-externalagent/1.1 (+https://developers.facebook.com/docs/sharing/webmasters/crawler)"
13.70.106.199 - - [22/Jan/2026:07:04:23 -0500] "GET /ioxi-o.php HTTP/1.1" 404 54861 "-" "Mozilla/5.0 (Windows NT 10.0; Win64; x64) AppleWebKit/537.36 (KHTML, like Gecko) Chrome/120.0.0.0 Safari/537.36"
13.70.106.199 - - [22/Jan/2026:07:04:24 -0500] "GET /adminfuns.php HTTP/1.1" 404 54861 "-" "Mozilla/5.0 (Windows NT 10.0; Win64; x64) AppleWebKit/537.36 (KHTML, like Gecko) Chrome/120.0.0.0 Safari/537.36"
13.70.106.199 - - [22/Jan/2026:07:04:25 -0500] "GET /wp-content/admin.php HTTP/1.1" 404 54861 "-" "Mozilla/5.0 (Windows NT 10.0; Win64; x64) AppleWebKit/537.36 (KHTML, like Gecko) Chrome/120.0.0.0 Safari/537.36"
216.73.216.111 - - [22/Jan/2026:07:04:24 -0500] "GET /page/13/?a=3214601aa762f HTTP/1.1" 200 16324 "-" "Mozilla/5.0 AppleWebKit/537.36 (KHTML, like Gecko; compatible; ClaudeBot/1.0; +claudebot@anthropic.com)"
2a03:2880:f80e:4e:: - - [22/Jan/2026:07:04:25 -0500] "GET /shop/mantology/ataxia134202027133 HTTP/1.1" 404 54853 "-" "meta-externalagent/1.1 (+https://developers.facebook.com/docs/sharing/webmasters/crawler)"
13.70.106.199 - - [22/Jan/2026:07:04:26 -0500] "GET /aa.php HTTP/1.1" 404 54861 "-" "Mozilla/5.0 (Windows NT 10.0; Win64; x64) AppleWebKit/537.36 (KHTML, like Gecko) Chrome/120.0.0.0 Safari/537.36"
2a03:2880:f80e:5c:: - - [22/Jan/2026:07:04:26 -0500] "GET /shop/tectorum/gleeful1291321177 HTTP/1.1" 404 54853 "-" "meta-externalagent/1.1 (+https://developers.facebook.com/docs/sharing/webmasters/crawler)"
74.7.243.223 - - [22/Jan/2026:07:04:26 -0500] "GET /page/30/?n=1360268614664 HTTP/1.1" 200 16501 "https://totalcard.biz/page/29/?n=1360268614664" "Mozilla/5.0 AppleWebKit/537.36 (KHTML, like Gecko; compatible; GPTBot/1.3; +https://openai.com/gptbot)"
13.70.106.199 - - [22/Jan/2026:07:04:26 -0500] "GET /akcc.php HTTP/1.1" 404 54861 "-" "Mozilla/5.0 (Windows NT 10.0; Win64; x64) AppleWebKit/537.36 (KHTML, like Gecko) Chrome/120.0.0.0 Safari/537.36"
2a03:2880:f80e:15:: - - [22/Jan/2026:07:04:26 -0500] "GET /shop/contumacies/maniform13356590172 HTTP/1.1" 404 54853 "-" "meta-externalagent/1.1 (+https://developers.facebook.com/docs/sharing/webmasters/crawler)"
13.70.106.199 - - [22/Jan/2026:07:04:27 -0500] "GET /xmrlpc.php HTTP/1.1" 404 54861 "-" "Mozilla/5.0 (Windows NT 10.0; Win64; x64) AppleWebKit/537.36 (KHTML, like Gecko) Chrome/120.0.0.0 Safari/537.36"
13.70.106.199 - - [22/Jan/2026:07:04:27 -0500] "GET /xmlrpc.php HTTP/1.1" 405 42 "-" "Mozilla/5.0 (Windows NT 10.0; Win64; x64) AppleWebKit/537.36 (KHTML, like Gecko) Chrome/120.0.0.0 Safari/537.36"
216.73.216.111 - - [22/Jan/2026:07:04:27 -0500] "GET /page/9/?a=4211780d3f307 HTTP/1.1" 200 16667 "-" "Mozilla/5.0 AppleWebKit/537.36 (KHTML, like Gecko; compatible; ClaudeBot/1.0; +claudebot@anthropic.com)"
2a03:2880:f80e:4b:: - - [22/Jan/2026:07:04:28 -0500] "GET /shop/programming/closebanded12462709111 HTTP/1.1" 404 54853 "-" "meta-externalagent/1.1 (+https://developers.facebook.com/docs/sharing/webmasters/crawler)"
13.70.106.199 - - [22/Jan/2026:07:04:28 -0500] "GET /class.php HTTP/1.1" 404 54861 "-" "Mozilla/5.0 (Windows NT 10.0; Win64; x64) AppleWebKit/537.36 (KHTML, like Gecko) Chrome/120.0.0.0 Safari/537.36"
2a03:2880:f80e:42:: - - [22/Jan/2026:07:04:28 -0500] "GET /shop/gnomology/platinocyanic121183905680 HTTP/1.1" 404 54853 "-" "meta-externalagent/1.1 (+https://developers.facebook.com/docs/sharing/webmasters/crawler)"
13.70.106.199 - - [22/Jan/2026:07:04:28 -0500] "GET /goods.php HTTP/1.1" 404 54861 "-" "Mozilla/5.0 (Windows NT 10.0; Win64; x64) AppleWebKit/537.36 (KHTML, like Gecko) Chrome/120.0.0.0 Safari/537.36"
13.70.106.199 - - [22/Jan/2026:07:04:29 -0500] "GET /info.php HTTP/1.1" 404 54861 "-" "Mozilla/5.0 (Windows NT 10.0; Win64; x64) AppleWebKit/537.36 (KHTML, like Gecko) Chrome/120.0.0.0 Safari/537.36"
74.7.243.223 - - [22/Jan/2026:07:04:29 -0500] "GET /page/29/?n=370019541049 HTTP/1.1" 200 16520 "https://totalcard.biz/page/28/?n=370019541049" "Mozilla/5.0 AppleWebKit/537.36 (KHTML, like Gecko; compatible; GPTBot/1.3; +https://openai.com/gptbot)"
13.70.106.199 - - [22/Jan/2026:07:04:30 -0500] "GET /num.php HTTP/1.1" 404 54861 "-" "Mozilla/5.0 (Windows NT 10.0; Win64; x64) AppleWebKit/537.36 (KHTML, like Gecko) Chrome/120.0.0.0 Safari/537.36"
2a03:2880:f80e:4b:: - - [22/Jan/2026:07:04:30 -0500] "GET /shop/cyclohexitol/dicacity124210112136 HTTP/1.1" 404 54853 "-" "meta-externalagent/1.1 (+https://developers.facebook.com/docs/sharing/webmasters/crawler)"
13.70.106.199 - - [22/Jan/2026:07:04:30 -0500] "GET /txets.php HTTP/1.1" 404 54861 "-" "Mozilla/5.0 (Windows NT 10.0; Win64; x64) AppleWebKit/537.36 (KHTML, like Gecko) Chrome/120.0.0.0 Safari/537.36"
13.70.106.199 - - [22/Jan/2026:07:04:31 -0500] "GET /defaults.php HTTP/1.1" 404 54861 "-" "Mozilla/5.0 (Windows NT 10.0; Win64; x64) AppleWebKit/537.36 (KHTML, like Gecko) Chrome/120.0.0.0 Safari/537.36"
2a03:2880:f80e:5c:: - - [22/Jan/2026:07:04:31 -0500] "GET /shop/penicillamine/respondence174033427615 HTTP/1.1" 404 54853 "-" "meta-externalagent/1.1 (+https://developers.facebook.com/docs/sharing/webmasters/crawler)"
13.70.106.199 - - [22/Jan/2026:07:04:31 -0500] "GET /php.php HTTP/1.1" 404 54861 "-" "Mozilla/5.0 (Windows NT 10.0; Win64; x64) AppleWebKit/537.36 (KHTML, like Gecko) Chrome/120.0.0.0 Safari/537.36"
2a03:2880:f80e:70:: - - [22/Jan/2026:07:04:32 -0500] "GET /shop/embryon/advocating171885984505 HTTP/1.1" 404 54853 "-" "meta-externalagent/1.1 (+https://developers.facebook.com/docs/sharing/webmasters/crawler)"
13.70.106.199 - - [22/Jan/2026:07:04:32 -0500] "GET /wp-xml.php HTTP/1.1" 404 54861 "-" "Mozilla/5.0 (Windows NT 10.0; Win64; x64) AppleWebKit/537.36 (KHTML, like Gecko) Chrome/120.0.0.0 Safari/537.36"
13.70.106.199 - - [22/Jan/2026:07:04:33 -0500] "GET /wp-admin/ HTTP/1.1" 302 - "-" "Mozilla/5.0 (Windows NT 10.0; Win64; x64) AppleWebKit/537.36 (KHTML, like Gecko) Chrome/120.0.0.0 Safari/537.36"
74.7.243.223 - - [22/Jan/2026:07:04:32 -0500] "GET /page/39/?n=1155155059288 HTTP/1.1" 200 16427 "https://totalcard.biz/page/38/?n=1155155059288" "Mozilla/5.0 AppleWebKit/537.36 (KHTML, like Gecko; compatible; GPTBot/1.3; +https://openai.com/gptbot)"
13.70.106.199 - - [22/Jan/2026:07:04:33 -0500] "GET /wp-admin/alfa.php HTTP/1.1" 404 54861 "-" "Mozilla/5.0 (Windows NT 10.0; Win64; x64) AppleWebKit/537.36 (KHTML, like Gecko) Chrome/120.0.0.0 Safari/537.36"
13.70.106.199 - - [22/Jan/2026:07:04:34 -0500] "GET /wp-admin/images/admin.php HTTP/1.1" 404 54853 "-" "Mozilla/5.0 (Windows NT 10.0; Win64; x64) AppleWebKit/537.36 (KHTML, like Gecko) Chrome/120.0.0.0 Safari/537.36"
2a03:2880:f80e:57:: - - [22/Jan/2026:07:04:34 -0500] "GET /shop/lithoglyptics/antitussive113041660591 HTTP/1.1" 404 54853 "-" "meta-externalagent/1.1 (+https://developers.facebook.com/docs/sharing/webmasters/crawler)"
2a03:2880:f80e:2b:: - - [22/Jan/2026:07:04:34 -0500] "GET /shop/philomath/disworth163373182255 HTTP/1.1" 404 54853 "-" "meta-externalagent/1.1 (+https://developers.facebook.com/docs/sharing/webmasters/crawler)"
13.70.106.199 - - [22/Jan/2026:07:04:34 -0500] "GET /wp-admin/js/widgets/ HTTP/1.1" 404 54853 "-" "Mozilla/5.0 (Windows NT 10.0; Win64; x64) AppleWebKit/537.36 (KHTML, like Gecko) Chrome/120.0.0.0 Safari/537.36"
13.70.106.199 - - [22/Jan/2026:07:04:35 -0500] "GET /wp-blog.php HTTP/1.1" 404 54861 "-" "Mozilla/5.0 (Windows NT 10.0; Win64; x64) AppleWebKit/537.36 (KHTML, like Gecko) Chrome/120.0.0.0 Safari/537.36"
2a03:2880:f80e:41:: - - [22/Jan/2026:07:04:35 -0500] "GET /shop/adipic/layner131565645636 HTTP/1.1" 404 54853 "-" "meta-externalagent/1.1 (+https://developers.facebook.com/docs/sharing/webmasters/crawler)"
13.70.106.199 - - [22/Jan/2026:07:04:35 -0500] "GET /wp-includes/block-bindings/ HTTP/1.1" 404 54861 "-" "Mozilla/5.0 (Windows NT 10.0; Win64; x64) AppleWebKit/537.36 (KHTML, like Gecko) Chrome/120.0.0.0 Safari/537.36"
74.7.243.223 - - [22/Jan/2026:07:04:36 -0500] "GET /page/3/?n=319317257163 HTTP/1.1" 200 16192 "https://totalcard.biz/page/2/?n=319317257163" "Mozilla/5.0 AppleWebKit/537.36 (KHTML, like Gecko; compatible; GPTBot/1.3; +https://openai.com/gptbot)"
13.70.106.199 - - [22/Jan/2026:07:04:36 -0500] "GET /13.php HTTP/1.1" 404 54861 "-" "Mozilla/5.0 (Windows NT 10.0; Win64; x64) AppleWebKit/537.36 (KHTML, like Gecko) Chrome/120.0.0.0 Safari/537.36"
2a03:2880:f80e:5e:: - - [22/Jan/2026:07:04:36 -0500] "GET /shop/insusurration/kedging132378322073 HTTP/1.1" 404 54853 "-" "meta-externalagent/1.1 (+https://developers.facebook.com/docs/sharing/webmasters/crawler)"
13.70.106.199 - - [22/Jan/2026:07:04:37 -0500] "GET /administrator/templates/hathor/error.php HTTP/1.1" 404 54853 "-" "Mozilla/5.0 (Windows NT 10.0; Win64; x64) AppleWebKit/537.36 (KHTML, like Gecko) Chrome/120.0.0.0 Safari/537.36"
2a03:2880:f80e:27:: - - [22/Jan/2026:07:04:37 -0500] "GET /shop/vixenly/diffractive171936954927 HTTP/1.1" 404 54853 "-" "meta-externalagent/1.1 (+https://developers.facebook.com/docs/sharing/webmasters/crawler)"
13.70.106.199 - - [22/Jan/2026:07:04:37 -0500] "GET /alfa.php HTTP/1.1" 404 54861 "-" "Mozilla/5.0 (Windows NT 10.0; Win64; x64) AppleWebKit/537.36 (KHTML, like Gecko) Chrome/120.0.0.0 Safari/537.36"
13.70.106.199 - - [22/Jan/2026:07:04:38 -0500] "GET /classwithtostring.php HTTP/1.1" 404 54861 "-" "Mozilla/5.0 (Windows NT 10.0; Win64; x64) AppleWebKit/537.36 (KHTML, like Gecko) Chrome/120.0.0.0 Safari/537.36"
2a03:2880:f80e:2b:: - - [22/Jan/2026:07:04:38 -0500] "GET /shop/fiendishness/vocabularies123481340594 HTTP/1.1" 404 54853 "-" "meta-externalagent/1.1 (+https://developers.facebook.com/docs/sharing/webmasters/crawler)"
13.70.106.199 - - [22/Jan/2026:07:04:38 -0500] "GET /gelay.php HTTP/1.1" 404 54861 "-" "Mozilla/5.0 (Windows NT 10.0; Win64; x64) AppleWebKit/537.36 (KHTML, like Gecko) Chrome/120.0.0.0 Safari/537.36"
2a03:2880:f80e:12:: - - [22/Jan/2026:07:04:39 -0500] "GET /shop/penicilliform/illiberal174022995910 HTTP/1.1" 404 54853 "-" "meta-externalagent/1.1 (+https://developers.facebook.com/docs/sharing/webmasters/crawler)"
74.7.243.223 - - [22/Jan/2026:07:04:39 -0500] "GET /page/39/?n=1165736155627 HTTP/1.1" 200 16429 "https://totalcard.biz/page/38/?n=1165736155627" "Mozilla/5.0 AppleWebKit/537.36 (KHTML, like Gecko; compatible; GPTBot/1.3; +https://openai.com/gptbot)"
13.70.106.199 - - [22/Jan/2026:07:04:39 -0500] "GET /radio.php HTTP/1.1" 404 54861 "-" "Mozilla/5.0 (Windows NT 10.0; Win64; x64) AppleWebKit/537.36 (KHTML, like Gecko) Chrome/120.0.0.0 Safari/537.36"
13.70.106.199 - - [22/Jan/2026:07:04:40 -0500] "GET /server.php HTTP/1.1" 404 54861 "-" "Mozilla/5.0 (Windows NT 10.0; Win64; x64) AppleWebKit/537.36 (KHTML, like Gecko) Chrome/120.0.0.0 Safari/537.36"
2a03:2880:f80e:13:: - - [22/Jan/2026:07:04:40 -0500] "GET /shop/participializing/myelitis131064525392 HTTP/1.1" 404 54853 "-" "meta-externalagent/1.1 (+https://developers.facebook.com/docs/sharing/webmasters/crawler)"
13.70.106.199 - - [22/Jan/2026:07:04:41 -0500] "GET /wp-includes/js/crop/cropper.php HTTP/1.1" 404 54853 "-" "Mozilla/5.0 (Windows NT 10.0; Win64; x64) AppleWebKit/537.36 (KHTML, like Gecko) Chrome/120.0.0.0 Safari/537.36"
2a03:2880:f80e:5b:: - - [22/Jan/2026:07:04:41 -0500] "GET /shop/bastinadoes/incidency132431090363 HTTP/1.1" 404 54853 "-" "meta-externalagent/1.1 (+https://developers.facebook.com/docs/sharing/webmasters/crawler)"
13.70.106.199 - - [22/Jan/2026:07:04:41 -0500] "GET /wp-includes/js/thickbox/thickbox.php HTTP/1.1" 404 54853 "-" "Mozilla/5.0 (Windows NT 10.0; Win64; x64) AppleWebKit/537.36 (KHTML, like Gecko) Chrome/120.0.0.0 Safari/537.36"
13.70.106.199 - - [22/Jan/2026:07:04:42 -0500] "GET /wp-content/plugins/yanierin/akcc.php HTTP/1.1" 404 54853 "-" "Mozilla/5.0 (Windows NT 10.0; Win64; x64) AppleWebKit/537.36 (KHTML, like Gecko) Chrome/120.0.0.0 Safari/537.36"
2a03:2880:f80e:18:: - - [22/Jan/2026:07:04:42 -0500] "GET /shop/threeflowered/tidife13592250996 HTTP/1.1" 404 54853 "-" "meta-externalagent/1.1 (+https://developers.facebook.com/docs/sharing/webmasters/crawler)"
66.249.64.1 - - [22/Jan/2026:07:04:42 -0500] "GET /goodscode/302272467 HTTP/1.1" 200 24212 "-" "Mozilla/5.0 (Linux; Android 6.0.1; Nexus 5X Build/MMB29P) AppleWebKit/537.36 (KHTML, like Gecko) Chrome/143.0.7499.192 Mobile Safari/537.36 (compatible; Googlebot/2.1; +http://www.google.com/bot.html)"
74.7.243.223 - - [22/Jan/2026:07:04:42 -0500] "GET /page/39/?n=2737231621417 HTTP/1.1" 200 16429 "https://totalcard.biz/page/38/?n=2737231621417" "Mozilla/5.0 AppleWebKit/537.36 (KHTML, like Gecko; compatible; GPTBot/1.3; +https://openai.com/gptbot)"
13.70.106.199 - - [22/Jan/2026:07:04:42 -0500] "GET /wp-admin/images/file.php HTTP/1.1" 404 54853 "-" "Mozilla/5.0 (Windows NT 10.0; Win64; x64) AppleWebKit/537.36 (KHTML, like Gecko) Chrome/120.0.0.0 Safari/537.36"
13.70.106.199 - - [22/Jan/2026:07:04:43 -0500] "GET /wp-admin/includes/ HTTP/1.1" 404 54861 "-" "Mozilla/5.0 (Windows NT 10.0; Win64; x64) AppleWebKit/537.36 (KHTML, like Gecko) Chrome/120.0.0.0 Safari/537.36"
2a03:2880:f80e:5b:: - - [22/Jan/2026:07:04:43 -0500] "GET /shop/headachy/witcheries171515467907 HTTP/1.1" 404 54853 "-" "meta-externalagent/1.1 (+https://developers.facebook.com/docs/sharing/webmasters/crawler)"
13.70.106.199 - - [22/Jan/2026:07:04:43 -0500] "GET /wp-admin/network/index.php HTTP/1.1" 301 - "-" "Mozilla/5.0 (Windows NT 10.0; Win64; x64) AppleWebKit/537.36 (KHTML, like Gecko) Chrome/120.0.0.0 Safari/537.36"
13.70.106.199 - - [22/Jan/2026:07:04:44 -0500] "GET /wp-admin/radio.php HTTP/1.1" 404 54861 "-" "Mozilla/5.0 (Windows NT 10.0; Win64; x64) AppleWebKit/537.36 (KHTML, like Gecko) Chrome/120.0.0.0 Safari/537.36"
2a03:2880:f80e:4f:: - - [22/Jan/2026:07:04:44 -0500] "GET /shop/inamiable/baculiform133710944256 HTTP/1.1" 404 54853 "-" "meta-externalagent/1.1 (+https://developers.facebook.com/docs/sharing/webmasters/crawler)"
2a03:2880:f80e:2c:: - - [22/Jan/2026:07:04:45 -0500] "GET /shop/grisled/matchlessness121669219923 HTTP/1.1" 404 54853 "-" "meta-externalagent/1.1 (+https://developers.facebook.com/docs/sharing/webmasters/crawler)"
13.70.106.199 - - [22/Jan/2026:07:04:44 -0500] "GET /wp-content/uploads/ HTTP/1.1" 404 54861 "-" "Mozilla/5.0 (Windows NT 10.0; Win64; x64) AppleWebKit/537.36 (KHTML, like Gecko) Chrome/120.0.0.0 Safari/537.36"
74.7.243.223 - - [22/Jan/2026:07:04:45 -0500] "GET /page/39/?n=2868109558107 HTTP/1.1" 200 16428 "https://totalcard.biz/page/38/?n=2868109558107" "Mozilla/5.0 AppleWebKit/537.36 (KHTML, like Gecko; compatible; GPTBot/1.3; +https://openai.com/gptbot)"
216.73.216.111 - - [22/Jan/2026:07:04:46 -0500] "GET /page/15/?a=140666216cdhd HTTP/1.1" 200 16630 "-" "Mozilla/5.0 AppleWebKit/537.36 (KHTML, like Gecko; compatible; ClaudeBot/1.0; +claudebot@anthropic.com)"
13.70.106.199 - - [22/Jan/2026:07:04:46 -0500] "GET /wp-content/plugins/wp-diambar/includes/loadme.php HTTP/1.1" 404 54853 "-" "Mozilla/5.0 (Windows NT 10.0; Win64; x64) AppleWebKit/537.36 (KHTML, like Gecko) Chrome/120.0.0.0 Safari/537.36"
2a03:2880:f80e:3f:: - - [22/Jan/2026:07:04:46 -0500] "GET /shop/saxifragous/kymograph133839591761 HTTP/1.1" 404 54853 "-" "meta-externalagent/1.1 (+https://developers.facebook.com/docs/sharing/webmasters/crawler)"
13.70.106.199 - - [22/Jan/2026:07:04:47 -0500] "GET /wp-includes/IXR/index.php HTTP/1.1" 301 - "-" "Mozilla/5.0 (Windows NT 10.0; Win64; x64) AppleWebKit/537.36 (KHTML, like Gecko) Chrome/120.0.0.0 Safari/537.36"
13.70.106.199 - - [22/Jan/2026:07:04:47 -0500] "GET /wp-includes/index.php HTTP/1.1" 301 - "-" "Mozilla/5.0 (Windows NT 10.0; Win64; x64) AppleWebKit/537.36 (KHTML, like Gecko) Chrome/120.0.0.0 Safari/537.36"
13.70.106.199 - - [22/Jan/2026:07:04:48 -0500] "GET /wp-includes/js/dist HTTP/1.1" 301 290 "-" "Mozilla/5.0 (Windows NT 10.0; Win64; x64) AppleWebKit/537.36 (KHTML, like Gecko) Chrome/120.0.0.0 Safari/537.36"
13.70.106.199 - - [22/Jan/2026:07:04:48 -0500] "GET /wp-includes/js/index.php HTTP/1.1" 301 - "-" "Mozilla/5.0 (Windows NT 10.0; Win64; x64) AppleWebKit/537.36 (KHTML, like Gecko) Chrome/120.0.0.0 Safari/537.36"
13.70.106.199 - - [22/Jan/2026:07:04:48 -0500] "GET /wp-includes/widgets/autoload_classmap.php HTTP/1.1" 404 54853 "-" "Mozilla/5.0 (Windows NT 10.0; Win64; x64) AppleWebKit/537.36 (KHTML, like Gecko) Chrome/120.0.0.0 Safari/537.36"
74.7.243.223 - - [22/Jan/2026:07:04:48 -0500] "GET /page/26/?n=3360540763504 HTTP/1.1" 200 16339 "https://totalcard.biz/page/25/?n=3360540763504" "Mozilla/5.0 AppleWebKit/537.36 (KHTML, like Gecko; compatible; GPTBot/1.3; +https://openai.com/gptbot)"
2a03:2880:f80e:1f:: - - [22/Jan/2026:07:04:48 -0500] "GET /shop/hibernating/galician112359787596 HTTP/1.1" 404 54853 "-" "meta-externalagent/1.1 (+https://developers.facebook.com/docs/sharing/webmasters/crawler)"
216.73.216.111 - - [22/Jan/2026:07:04:49 -0500] "GET /page/13/?a=41248557fig27 HTTP/1.1" 200 16325 "-" "Mozilla/5.0 AppleWebKit/537.36 (KHTML, like Gecko; compatible; ClaudeBot/1.0; +claudebot@anthropic.com)"
13.70.106.199 - - [22/Jan/2026:07:04:49 -0500] "GET /wp.php HTTP/1.1" 404 54861 "-" "Mozilla/5.0 (Windows NT 10.0; Win64; x64) AppleWebKit/537.36 (KHTML, like Gecko) Chrome/120.0.0.0 Safari/537.36"
2a03:2880:f80e:40:: - - [22/Jan/2026:07:04:49 -0500] "GET /shop/marlier/chaetognath122802287400 HTTP/1.1" 404 54853 "-" "meta-externalagent/1.1 (+https://developers.facebook.com/docs/sharing/webmasters/crawler)"
2a03:2880:f80e:61:: - - [22/Jan/2026:07:04:49 -0500] "GET /shop/vermifugal/inspective13913015657 HTTP/1.1" 404 54853 "-" "meta-externalagent/1.1 (+https://developers.facebook.com/docs/sharing/webmasters/crawler)"
13.70.106.199 - - [22/Jan/2026:07:04:50 -0500] "GET /.well-known/rk2.php HTTP/1.1" 404 54861 "-" "Mozilla/5.0 (Windows NT 10.0; Win64; x64) AppleWebKit/537.36 (KHTML, like Gecko) Chrome/120.0.0.0 Safari/537.36"
2a03:2880:f80e:14:: - - [22/Jan/2026:07:04:50 -0500] "GET /goodscode/691298462 HTTP/1.1" 404 54861 "-" "meta-externalagent/1.1 (+https://developers.facebook.com/docs/sharing/webmasters/crawler)"
13.70.106.199 - - [22/Jan/2026:07:04:50 -0500] "GET /.well-known/x.php HTTP/1.1" 404 54861 "-" "Mozilla/5.0 (Windows NT 10.0; Win64; x64) AppleWebKit/537.36 (KHTML, like Gecko) Chrome/120.0.0.0 Safari/537.36"
13.70.106.199 - - [22/Jan/2026:07:04:51 -0500] "GET /wp-admin/maint/chosen.php HTTP/1.1" 404 54853 "-" "Mozilla/5.0 (Windows NT 10.0; Win64; x64) AppleWebKit/537.36 (KHTML, like Gecko) Chrome/120.0.0.0 Safari/537.36"
74.7.243.223 - - [22/Jan/2026:07:04:51 -0500] "GET /page/39/?n=1921524892842 HTTP/1.1" 200 16429 "https://totalcard.biz/page/38/?n=1921524892842" "Mozilla/5.0 AppleWebKit/537.36 (KHTML, like Gecko; compatible; GPTBot/1.3; +https://openai.com/gptbot)"
13.70.106.199 - - [22/Jan/2026:07:04:51 -0500] "GET /wp-admin/network/autoload_classmap.php HTTP/1.1" 404 54853 "-" "Mozilla/5.0 (Windows NT 10.0; Win64; x64) AppleWebKit/537.36 (KHTML, like Gecko) Chrome/120.0.0.0 Safari/537.36"
2a03:2880:f80e:1f:: - - [22/Jan/2026:07:04:52 -0500] "GET /goodscode/1819209174 HTTP/1.1" 404 54861 "-" "meta-externalagent/1.1 (+https://developers.facebook.com/docs/sharing/webmasters/crawler)"
216.73.216.111 - - [22/Jan/2026:07:04:52 -0500] "GET /page/18/?a=3308191455e8f HTTP/1.1" 200 16505 "-" "Mozilla/5.0 AppleWebKit/537.36 (KHTML, like Gecko; compatible; ClaudeBot/1.0; +claudebot@anthropic.com)"
2a03:2880:f80e:45:: - - [22/Jan/2026:07:04:53 -0500] "GET /shop/ensilist/wilding171859215775 HTTP/1.1" 404 54853 "-" "meta-externalagent/1.1 (+https://developers.facebook.com/docs/sharing/webmasters/crawler)"
2a03:2880:f80e:c:: - - [22/Jan/2026:07:04:53 -0500] "GET /?n=359272641b3c7 HTTP/1.1" 200 15999 "-" "meta-externalagent/1.1 (+https://developers.facebook.com/docs/sharing/webmasters/crawler)"
2a03:2880:f80e:42:: - - [22/Jan/2026:07:04:54 -0500] "GET /shop/shunted/nugae13165648336 HTTP/1.1" 404 54853 "-" "meta-externalagent/1.1 (+https://developers.facebook.com/docs/sharing/webmasters/crawler)"
74.7.243.223 - - [22/Jan/2026:07:04:55 -0500] "GET /page/39/?n=2495434426824 HTTP/1.1" 200 16429 "https://totalcard.biz/page/38/?n=2495434426824" "Mozilla/5.0 AppleWebKit/537.36 (KHTML, like Gecko; compatible; GPTBot/1.3; +https://openai.com/gptbot)"
216.73.216.111 - - [22/Jan/2026:07:04:55 -0500] "GET /page/18/?a=615497gdfdh0 HTTP/1.1" 200 16504 "-" "Mozilla/5.0 AppleWebKit/537.36 (KHTML, like Gecko; compatible; ClaudeBot/1.0; +claudebot@anthropic.com)"
47.128.114.158 - - [22/Jan/2026:07:04:55 -0500] "GET / HTTP/1.1" 200 15985 "-" "Mozilla/5.0 (Linux; Android 5.0) AppleWebKit/537.36 (KHTML, like Gecko) Mobile Safari/537.36 (compatible; Bytespider; spider-feedback@bytedance.com)"
2a03:2880:f80e:32:: - - [22/Jan/2026:07:04:55 -0500] "GET /shop/innerve/resorbent132144799346 HTTP/1.1" 404 54853 "-" "meta-externalagent/1.1 (+https://developers.facebook.com/docs/sharing/webmasters/crawler)"
2a03:2880:f80e:12:: - - [22/Jan/2026:07:04:56 -0500] "GET /shop/oenometer/wearisome131495621157 HTTP/1.1" 404 54853 "-" "meta-externalagent/1.1 (+https://developers.facebook.com/docs/sharing/webmasters/crawler)"
2a03:2880:f80e:16:: - - [22/Jan/2026:07:04:58 -0500] "GET /shop/would/finality132314872777 HTTP/1.1" 404 54853 "-" "meta-externalagent/1.1 (+https://developers.facebook.com/docs/sharing/webmasters/crawler)"
74.7.243.223 - - [22/Jan/2026:07:04:58 -0500] "GET /page/39/?n=1653666463110 HTTP/1.1" 200 16429 "https://totalcard.biz/page/38/?n=1653666463110" "Mozilla/5.0 AppleWebKit/537.36 (KHTML, like Gecko; compatible; GPTBot/1.3; +https://openai.com/gptbot)"
216.73.216.111 - - [22/Jan/2026:07:04:58 -0500] "GET /page/12/?a=4451227cc2bi4 HTTP/1.1" 200 16058 "-" "Mozilla/5.0 AppleWebKit/537.36 (KHTML, like Gecko; compatible; ClaudeBot/1.0; +claudebot@anthropic.com)"
2a03:2880:f80e:27:: - - [22/Jan/2026:07:04:59 -0500] "GET /shop/sententiosity/hurrier172845106582 HTTP/1.1" 404 54853 "-" "meta-externalagent/1.1 (+https://developers.facebook.com/docs/sharing/webmasters/crawler)"
2a03:2880:f80e:31:: - - [22/Jan/2026:07:04:59 -0500] "GET /shop/epididymitis/blossomy133519062369 HTTP/1.1" 404 54853 "-" "meta-externalagent/1.1 (+https://developers.facebook.com/docs/sharing/webmasters/crawler)"
2a03:2880:f80e:3c:: - - [22/Jan/2026:07:05:01 -0500] "GET /shop/scoffer/naturally131589146207 HTTP/1.1" 404 54853 "-" "meta-externalagent/1.1 (+https://developers.facebook.com/docs/sharing/webmasters/crawler)"
216.73.216.111 - - [22/Jan/2026:07:05:01 -0500] "GET /page/22/?a=58547ahf313 HTTP/1.1" 200 16356 "-" "Mozilla/5.0 AppleWebKit/537.36 (KHTML, like Gecko; compatible; ClaudeBot/1.0; +claudebot@anthropic.com)"
74.7.243.223 - - [22/Jan/2026:07:05:01 -0500] "GET /page/31/?n=1360268614664 HTTP/1.1" 200 16552 "https://totalcard.biz/page/30/?n=1360268614664" "Mozilla/5.0 AppleWebKit/537.36 (KHTML, like Gecko; compatible; GPTBot/1.3; +https://openai.com/gptbot)"
2a03:2880:f80e:20:: - - [22/Jan/2026:07:05:02 -0500] "GET /shop/crepuscular/awfully173368781397 HTTP/1.1" 404 54853 "-" "meta-externalagent/1.1 (+https://developers.facebook.com/docs/sharing/webmasters/crawler)"
66.249.64.1 - - [22/Jan/2026:07:05:03 -0500] "GET /goodscode/326904555 HTTP/1.1" 200 24027 "-" "Mozilla/5.0 (Linux; Android 6.0.1; Nexus 5X Build/MMB29P) AppleWebKit/537.36 (KHTML, like Gecko) Chrome/143.0.7499.192 Mobile Safari/537.36 (compatible; Googlebot/2.1; +http://www.google.com/bot.html)"
2a03:2880:f80e:1c:: - - [22/Jan/2026:07:05:03 -0500] "GET /shop/encyclopedist/burghership133357621588 HTTP/1.1" 404 54853 "-" "meta-externalagent/1.1 (+https://developers.facebook.com/docs/sharing/webmasters/crawler)"
114.119.140.50 - - [22/Jan/2026:07:05:03 -0500] "GET /goodscode/1199443 HTTP/1.1" 404 54861 "https://totalcard.biz/sitemap.xmlsitemap:https:/totalcard.biz/sitemap-1.xml" "Mozilla/5.0 (Linux; Android 7.0;) AppleWebKit/537.36 (KHTML, like Gecko) Mobile Safari/537.36 (compatible; PetalBot;+https://webmaster.petalsearch.com/site/petalbot)"
2a03:2880:f80e:36:: - - [22/Jan/2026:07:05:04 -0500] "GET /shop/proscribed/toxication172834565667 HTTP/1.1" 404 54853 "-" "meta-externalagent/1.1 (+https://developers.facebook.com/docs/sharing/webmasters/crawler)"
216.73.216.111 - - [22/Jan/2026:07:05:04 -0500] "GET /page/13/?a=37669960dibaf HTTP/1.1" 200 16325 "-" "Mozilla/5.0 AppleWebKit/537.36 (KHTML, like Gecko; compatible; ClaudeBot/1.0; +claudebot@anthropic.com)"
74.7.243.223 - - [22/Jan/2026:07:05:04 -0500] "GET /page/30/?n=370019541049 HTTP/1.1" 200 16500 "https://totalcard.biz/page/29/?n=370019541049" "Mozilla/5.0 AppleWebKit/537.36 (KHTML, like Gecko; compatible; GPTBot/1.3; +https://openai.com/gptbot)"
2a03:2880:f80e:6a:: - - [22/Jan/2026:07:05:05 -0500] "GET /shop/unconsciously/litarge132694551422 HTTP/1.1" 404 54853 "-" "meta-externalagent/1.1 (+https://developers.facebook.com/docs/sharing/webmasters/crawler)"
2a03:2880:f80e:23:: - - [22/Jan/2026:07:05:06 -0500] "GET /shop/rheocrat/areng17483617636 HTTP/1.1" 404 54853 "-" "meta-externalagent/1.1 (+https://developers.facebook.com/docs/sharing/webmasters/crawler)"
2a03:2880:f80e:42:: - - [22/Jan/2026:07:05:07 -0500] "GET /shop/defigure/mooning173088456274 HTTP/1.1" 404 54853 "-" "meta-externalagent/1.1 (+https://developers.facebook.com/docs/sharing/webmasters/crawler)"
216.73.216.111 - - [22/Jan/2026:07:05:07 -0500] "GET /page/12/?a=4349205fddg89 HTTP/1.1" 200 16058 "-" "Mozilla/5.0 AppleWebKit/537.36 (KHTML, like Gecko; compatible; ClaudeBot/1.0; +claudebot@anthropic.com)"
74.7.243.223 - - [22/Jan/2026:07:05:07 -0500] "GET /page/40/?n=1155155059288 HTTP/1.1" 200 16487 "https://totalcard.biz/page/39/?n=1155155059288" "Mozilla/5.0 AppleWebKit/537.36 (KHTML, like Gecko; compatible; GPTBot/1.3; +https://openai.com/gptbot)"
2a03:2880:f80e:25:: - - [22/Jan/2026:07:05:08 -0500] "GET /shop/offcenter/realizingly17885278703 HTTP/1.1" 404 54853 "-" "meta-externalagent/1.1 (+https://developers.facebook.com/docs/sharing/webmasters/crawler)"
2a03:2880:f80e:40:: - - [22/Jan/2026:07:05:09 -0500] "GET /shop/considerableness/lardarius13616847496 HTTP/1.1" 404 54853 "-" "meta-externalagent/1.1 (+https://developers.facebook.com/docs/sharing/webmasters/crawler)"
216.73.216.111 - - [22/Jan/2026:07:05:10 -0500] "GET /page/13/?a=1049096dhd267 HTTP/1.1" 200 16325 "-" "Mozilla/5.0 AppleWebKit/537.36 (KHTML, like Gecko; compatible; ClaudeBot/1.0; +claudebot@anthropic.com)"
74.7.243.223 - - [22/Jan/2026:07:05:10 -0500] "GET /page/27/?n=845954396266 HTTP/1.1" 200 16395 "https://totalcard.biz/page/26/?n=845954396266" "Mozilla/5.0 AppleWebKit/537.36 (KHTML, like Gecko; compatible; GPTBot/1.3; +https://openai.com/gptbot)"
2a03:2880:f80e:48:: - - [22/Jan/2026:07:05:12 -0500] "GET /shop/circuiter/burlesquer173897023598 HTTP/1.1" 404 54853 "-" "meta-externalagent/1.1 (+https://developers.facebook.com/docs/sharing/webmasters/crawler)"
2a03:2880:f80e:3a:: - - [22/Jan/2026:07:05:12 -0500] "GET /shop/manliest/argentinian173726338062 HTTP/1.1" 404 54853 "-" "meta-externalagent/1.1 (+https://developers.facebook.com/docs/sharing/webmasters/crawler)"
216.73.216.111 - - [22/Jan/2026:07:05:13 -0500] "GET /page/13/?a=993361a36726 HTTP/1.1" 200 16324 "-" "Mozilla/5.0 AppleWebKit/537.36 (KHTML, like Gecko; compatible; ClaudeBot/1.0; +claudebot@anthropic.com)"
2a03:2880:f80e:60:: - - [22/Jan/2026:07:05:13 -0500] "GET /shop/terminator/glossitis123057615964 HTTP/1.1" 404 54853 "-" "meta-externalagent/1.1 (+https://developers.facebook.com/docs/sharing/webmasters/crawler)"
2a03:2880:f80e:5:: - - [22/Jan/2026:07:05:13 -0500] "GET /shop/heavenlyminded/unclog17869292549 HTTP/1.1" 404 54853 "-" "meta-externalagent/1.1 (+https://developers.facebook.com/docs/sharing/webmasters/crawler)"
74.7.243.223 - - [22/Jan/2026:07:05:13 -0500] "GET /page/40/?n=1165736155627 HTTP/1.1" 200 16489 "https://totalcard.biz/page/39/?n=1165736155627" "Mozilla/5.0 AppleWebKit/537.36 (KHTML, like Gecko; compatible; GPTBot/1.3; +https://openai.com/gptbot)"
2a03:2880:f80e:51:: - - [22/Jan/2026:07:05:14 -0500] "GET /shop/daedalous/quote172504662813 HTTP/1.1" 404 54853 "-" "meta-externalagent/1.1 (+https://developers.facebook.com/docs/sharing/webmasters/crawler)"
2a03:2880:f80e:26:: - - [22/Jan/2026:07:05:15 -0500] "GET /shop/cathartes/dictatorialness13959264052 HTTP/1.1" 404 54853 "-" "meta-externalagent/1.1 (+https://developers.facebook.com/docs/sharing/webmasters/crawler)"
216.73.216.111 - - [22/Jan/2026:07:05:16 -0500] "GET /page/16/?a=576125gecd71 HTTP/1.1" 200 16425 "-" "Mozilla/5.0 AppleWebKit/537.36 (KHTML, like Gecko; compatible; ClaudeBot/1.0; +claudebot@anthropic.com)"
2a03:2880:f80e:15:: - - [22/Jan/2026:07:05:16 -0500] "GET /shop/knawel/slighten171391663284 HTTP/1.1" 404 54853 "-" "meta-externalagent/1.1 (+https://developers.facebook.com/docs/sharing/webmasters/crawler)"
47.128.122.101 - - [22/Jan/2026:07:05:16 -0500] "GET / HTTP/1.1" 200 15985 "-" "Mozilla/5.0 (Linux; Android 5.0) AppleWebKit/537.36 (KHTML, like Gecko) Mobile Safari/537.36 (compatible; TikTokSpider; ttspider-feedback@tiktok.com)"
74.7.243.223 - - [22/Jan/2026:07:05:17 -0500] "GET /page/40/?n=2737231621417 HTTP/1.1" 200 16489 "https://totalcard.biz/page/39/?n=2737231621417" "Mozilla/5.0 AppleWebKit/537.36 (KHTML, like Gecko; compatible; GPTBot/1.3; +https://openai.com/gptbot)"
2a03:2880:f80e:27:: - - [22/Jan/2026:07:05:18 -0500] "GET /shop/affluence/zayat171662370114 HTTP/1.1" 404 54853 "-" "meta-externalagent/1.1 (+https://developers.facebook.com/docs/sharing/webmasters/crawler)"
2a03:2880:f80e:20:: - - [22/Jan/2026:07:05:18 -0500] "GET /shop/marabout/riparius133225539854 HTTP/1.1" 404 54853 "-" "meta-externalagent/1.1 (+https://developers.facebook.com/docs/sharing/webmasters/crawler)"
47.128.122.101 - - [22/Jan/2026:07:05:19 -0500] "GET /wp-content/uploads/2025/11/1-1.png HTTP/1.1" 304 - "https://totalcard.biz/" "Mozilla/5.0 (Linux; Android 5.0) AppleWebKit/537.36 (KHTML, like Gecko) Mobile Safari/537.36 (compatible; TikTokSpider; ttspider-feedback@tiktok.com)"
216.73.216.111 - - [22/Jan/2026:07:05:19 -0500] "GET /page/18/?a=3564576bahe6a HTTP/1.1" 200 16505 "-" "Mozilla/5.0 AppleWebKit/537.36 (KHTML, like Gecko; compatible; ClaudeBot/1.0; +claudebot@anthropic.com)"
51.161.65.245 - - [22/Jan/2026:07:05:20 -0500] "GET /goodscode/1096322489 HTTP/1.1" 404 54861 "-" "Mozilla/5.0 (compatible; AhrefsBot/7.0; +http://ahrefs.com/robot/)"
2a03:2880:f80e:6d:: - - [22/Jan/2026:07:05:20 -0500] "GET /?n=75972841b42d HTTP/1.1" 200 15998 "-" "meta-externalagent/1.1 (+https://developers.facebook.com/docs/sharing/webmasters/crawler)"
74.7.243.223 - - [22/Jan/2026:07:05:20 -0500] "GET /page/40/?n=2868109558107 HTTP/1.1" 200 16488 "https://totalcard.biz/page/39/?n=2868109558107" "Mozilla/5.0 AppleWebKit/537.36 (KHTML, like Gecko; compatible; GPTBot/1.3; +https://openai.com/gptbot)"
2a03:2880:f80e:37:: - - [22/Jan/2026:07:05:21 -0500] "GET /shop/tarandus/biffin123335812777 HTTP/1.1" 404 54853 "-" "meta-externalagent/1.1 (+https://developers.facebook.com/docs/sharing/webmasters/crawler)"
2a03:2880:f80e:2c:: - - [22/Jan/2026:07:05:22 -0500] "GET /shop/cyclostome/amidomercuric114220079058 HTTP/1.1" 404 54853 "-" "meta-externalagent/1.1 (+https://developers.facebook.com/docs/sharing/webmasters/crawler)"
216.73.216.111 - - [22/Jan/2026:07:05:22 -0500] "GET /page/10/?a=372089512ca04 HTTP/1.1" 200 16407 "-" "Mozilla/5.0 AppleWebKit/537.36 (KHTML, like Gecko; compatible; ClaudeBot/1.0; +claudebot@anthropic.com)"
2a03:2880:f80e:1c:: - - [22/Jan/2026:07:05:22 -0500] "GET /shop/commentator/phymata132991492233 HTTP/1.1" 404 54853 "-" "meta-externalagent/1.1 (+https://developers.facebook.com/docs/sharing/webmasters/crawler)"
74.7.243.223 - - [22/Jan/2026:07:05:23 -0500] "GET /page/27/?n=3360540763504 HTTP/1.1" 200 16396 "https://totalcard.biz/page/26/?n=3360540763504" "Mozilla/5.0 AppleWebKit/537.36 (KHTML, like Gecko; compatible; GPTBot/1.3; +https://openai.com/gptbot)"
66.249.64.1 - - [22/Jan/2026:07:05:23 -0500] "GET /goodscode/321507712 HTTP/1.1" 200 24153 "-" "Mozilla/5.0 (Linux; Android 6.0.1; Nexus 5X Build/MMB29P) AppleWebKit/537.36 (KHTML, like Gecko) Chrome/143.0.7499.192 Mobile Safari/537.36 (compatible; Googlebot/2.1; +http://www.google.com/bot.html)"
2a03:2880:f80e:1e:: - - [22/Jan/2026:07:05:24 -0500] "GET /shop/preclusion/muraria131613049550 HTTP/1.1" 404 54853 "-" "meta-externalagent/1.1 (+https://developers.facebook.com/docs/sharing/webmasters/crawler)"
2a03:2880:f80e:22:: - - [22/Jan/2026:07:05:24 -0500] "GET /shop/mauveine/inosculating111533806757 HTTP/1.1" 404 54853 "-" "meta-externalagent/1.1 (+https://developers.facebook.com/docs/sharing/webmasters/crawler)"
216.73.216.111 - - [22/Jan/2026:07:05:25 -0500] "GET /page/14/?a=4045196jcc3d8 HTTP/1.1" 200 16424 "-" "Mozilla/5.0 AppleWebKit/537.36 (KHTML, like Gecko; compatible; ClaudeBot/1.0; +claudebot@anthropic.com)"
2a03:2880:f80e:42:: - - [22/Jan/2026:07:05:25 -0500] "GET /shop/cauliform/wronghead131405876430 HTTP/1.1" 404 54853 "-" "meta-externalagent/1.1 (+https://developers.facebook.com/docs/sharing/webmasters/crawler)"
74.7.243.223 - - [22/Jan/2026:07:05:26 -0500] "GET /page/40/?n=1921524892842 HTTP/1.1" 200 16489 "https://totalcard.biz/page/39/?n=1921524892842" "Mozilla/5.0 AppleWebKit/537.36 (KHTML, like Gecko; compatible; GPTBot/1.3; +https://openai.com/gptbot)"
2a03:2880:f80e:68:: - - [22/Jan/2026:07:05:27 -0500] "GET /shop/irrecuperable/tolylene173513744518 HTTP/1.1" 404 54853 "-" "meta-externalagent/1.1 (+https://developers.facebook.com/docs/sharing/webmasters/crawler)"
2a03:2880:f80e:38:: - - [22/Jan/2026:07:05:28 -0500] "GET /shop/antigallican/rosaceana17905826910 HTTP/1.1" 404 54853 "-" "meta-externalagent/1.1 (+https://developers.facebook.com/docs/sharing/webmasters/crawler)"
216.73.216.111 - - [22/Jan/2026:07:05:28 -0500] "GET /page/15/?a=585693fb505d HTTP/1.1" 200 16630 "-" "Mozilla/5.0 AppleWebKit/537.36 (KHTML, like Gecko; compatible; ClaudeBot/1.0; +claudebot@anthropic.com)"
2a03:2880:f80e:40:: - - [22/Jan/2026:07:05:29 -0500] "GET /shop/milvus/effrenation133998584081 HTTP/1.1" 404 54853 "-" "meta-externalagent/1.1 (+https://developers.facebook.com/docs/sharing/webmasters/crawler)"
74.7.243.223 - - [22/Jan/2026:07:05:29 -0500] "GET /page/40/?n=2495434426824 HTTP/1.1" 200 16489 "https://totalcard.biz/page/39/?n=2495434426824" "Mozilla/5.0 AppleWebKit/537.36 (KHTML, like Gecko; compatible; GPTBot/1.3; +https://openai.com/gptbot)"
2a03:2880:f80e:7:: - - [22/Jan/2026:07:05:30 -0500] "GET /shop/scirpus/creamed121437019514 HTTP/1.1" 404 54853 "-" "meta-externalagent/1.1 (+https://developers.facebook.com/docs/sharing/webmasters/crawler)"
2a03:2880:f80e:60:: - - [22/Jan/2026:07:05:31 -0500] "GET /shop/pneumotherapy/zoilean173923028860 HTTP/1.1" 404 54853 "-" "meta-externalagent/1.1 (+https://developers.facebook.com/docs/sharing/webmasters/crawler)"
216.73.216.111 - - [22/Jan/2026:07:05:31 -0500] "GET /page/3/?a=30043666617cf HTTP/1.1" 200 16193 "-" "Mozilla/5.0 AppleWebKit/537.36 (KHTML, like Gecko; compatible; ClaudeBot/1.0; +claudebot@anthropic.com)"
2a03:2880:f80e:4d:: - - [22/Jan/2026:07:05:31 -0500] "GET /shop/approvedly/tiglium171098443398 HTTP/1.1" 404 54853 "-" "meta-externalagent/1.1 (+https://developers.facebook.com/docs/sharing/webmasters/crawler)"
2a03:2880:f80e:38:: - - [22/Jan/2026:07:05:33 -0500] "GET /shop/moringa/calycular17642631837 HTTP/1.1" 404 54853 "-" "meta-externalagent/1.1 (+https://developers.facebook.com/docs/sharing/webmasters/crawler)"
74.7.243.223 - - [22/Jan/2026:07:05:32 -0500] "GET /page/40/?n=1653666463110 HTTP/1.1" 200 16489 "https://totalcard.biz/page/39/?n=1653666463110" "Mozilla/5.0 AppleWebKit/537.36 (KHTML, like Gecko; compatible; GPTBot/1.3; +https://openai.com/gptbot)"
2a03:2880:f80e:63:: - - [22/Jan/2026:07:05:34 -0500] "GET /shop/minter/campmate131795625629 HTTP/1.1" 404 54853 "-" "meta-externalagent/1.1 (+https://developers.facebook.com/docs/sharing/webmasters/crawler)"
216.73.216.111 - - [22/Jan/2026:07:05:34 -0500] "GET /page/17/?a=211186581j6ca HTTP/1.1" 200 16262 "-" "Mozilla/5.0 AppleWebKit/537.36 (KHTML, like Gecko; compatible; ClaudeBot/1.0; +claudebot@anthropic.com)"
2a03:2880:f80e:51:: - - [22/Jan/2026:07:05:35 -0500] "GET /shop/importunately/bicrural173369952063 HTTP/1.1" 404 54853 "-" "meta-externalagent/1.1 (+https://developers.facebook.com/docs/sharing/webmasters/crawler)"
74.7.243.223 - - [22/Jan/2026:07:05:36 -0500] "GET /page/32/?n=1360268614664 HTTP/1.1" 200 16476 "https://totalcard.biz/page/31/?n=1360268614664" "Mozilla/5.0 AppleWebKit/537.36 (KHTML, like Gecko; compatible; GPTBot/1.3; +https://openai.com/gptbot)"
2a03:2880:f80e:61:: - - [22/Jan/2026:07:05:36 -0500] "GET /shop/selfglorious/violaceous11478180199 HTTP/1.1" 404 54853 "-" "meta-externalagent/1.1 (+https://developers.facebook.com/docs/sharing/webmasters/crawler)"
2a03:2880:f80e:59:: - - [22/Jan/2026:07:05:37 -0500] "GET /shop/penalize/pietism13996004360 HTTP/1.1" 404 54853 "-" "meta-externalagent/1.1 (+https://developers.facebook.com/docs/sharing/webmasters/crawler)"
216.73.216.111 - - [22/Jan/2026:07:05:37 -0500] "GET /page/15/?a=233285d6a2j3 HTTP/1.1" 200 16630 "-" "Mozilla/5.0 AppleWebKit/537.36 (KHTML, like Gecko; compatible; ClaudeBot/1.0; +claudebot@anthropic.com)"
2a03:2880:f80e:57:: - - [22/Jan/2026:07:05:37 -0500] "GET /shop/corregidor/sedoides171991889508 HTTP/1.1" 404 54853 "-" "meta-externalagent/1.1 (+https://developers.facebook.com/docs/sharing/webmasters/crawler)"
