2a03:2880:f80e:3c:: - - [22/Jan/2026:07:21:37 -0500] "GET /shop/druxey/scuppaug133581424582 HTTP/1.1" 404 54853 "-" "meta-externalagent/1.1 (+https://developers.facebook.com/docs/sharing/webmasters/crawler)"
2a03:2880:f80e:f:: - - [22/Jan/2026:07:21:38 -0500] "GET /sitemap-product-724.xml HTTP/1.1" 200 4319 "-" "meta-externalagent/1.1 (+https://developers.facebook.com/docs/sharing/webmasters/crawler)"
2a03:2880:f80e:27:: - - [22/Jan/2026:07:21:38 -0500] "GET /shop/manipulate/irradiating123238093215 HTTP/1.1" 404 54853 "-" "meta-externalagent/1.1 (+https://developers.facebook.com/docs/sharing/webmasters/crawler)"
2a03:2880:f80e:4e:: - - [22/Jan/2026:07:21:39 -0500] "GET /shop/orbitonasal/understandable172693306417 HTTP/1.1" 404 54853 "-" "meta-externalagent/1.1 (+https://developers.facebook.com/docs/sharing/webmasters/crawler)"
66.249.64.10 - - [22/Jan/2026:07:21:39 -0500] "GET /goodscode/1265477089 HTTP/1.1" 200 27173 "-" "Mozilla/5.0 (Linux; Android 6.0.1; Nexus 5X Build/MMB29P) AppleWebKit/537.36 (KHTML, like Gecko) Chrome/143.0.7499.192 Mobile Safari/537.36 (compatible; Googlebot/2.1; +http://www.google.com/bot.html)"
216.73.216.111 - - [22/Jan/2026:07:21:39 -0500] "GET /page/10/?a=44463321hb8bf HTTP/1.1" 200 16408 "-" "Mozilla/5.0 AppleWebKit/537.36 (KHTML, like Gecko; compatible; ClaudeBot/1.0; +claudebot@anthropic.com)"
74.7.243.223 - - [22/Jan/2026:07:21:40 -0500] "GET /page/68/?n=2495434426824 HTTP/1.1" 200 16266 "https://totalcard.biz/page/67/?n=2495434426824" "Mozilla/5.0 AppleWebKit/537.36 (KHTML, like Gecko; compatible; GPTBot/1.3; +https://openai.com/gptbot)"
2a03:2880:f80e:41:: - - [22/Jan/2026:07:21:40 -0500] "GET /shop/coarse/piscation171750310397 HTTP/1.1" 404 54853 "-" "meta-externalagent/1.1 (+https://developers.facebook.com/docs/sharing/webmasters/crawler)"
2a03:2880:f80e:12:: - - [22/Jan/2026:07:21:40 -0500] "GET /shop/scripturalism/dubitation131262170581 HTTP/1.1" 404 54853 "-" "meta-externalagent/1.1 (+https://developers.facebook.com/docs/sharing/webmasters/crawler)"
2a03:2880:f80e:3e:: - - [22/Jan/2026:07:21:42 -0500] "GET /shop/temporofacial/urosteons112402553365 HTTP/1.1" 404 54853 "-" "meta-externalagent/1.1 (+https://developers.facebook.com/docs/sharing/webmasters/crawler)"
216.73.216.111 - - [22/Jan/2026:07:21:42 -0500] "GET /page/13/?a=40989672235i4 HTTP/1.1" 200 16325 "-" "Mozilla/5.0 AppleWebKit/537.36 (KHTML, like Gecko; compatible; ClaudeBot/1.0; +claudebot@anthropic.com)"
74.7.243.223 - - [22/Jan/2026:07:21:43 -0500] "GET /page/68/?n=1653666463110 HTTP/1.1" 200 16266 "https://totalcard.biz/page/67/?n=1653666463110" "Mozilla/5.0 AppleWebKit/537.36 (KHTML, like Gecko; compatible; GPTBot/1.3; +https://openai.com/gptbot)"
2a03:2880:f80e:42:: - - [22/Jan/2026:07:21:44 -0500] "GET /shop/eurylaimus/murraya131788159850 HTTP/1.1" 404 54853 "-" "meta-externalagent/1.1 (+https://developers.facebook.com/docs/sharing/webmasters/crawler)"
114.119.146.219 - - [22/Jan/2026:07:21:45 -0500] "GET /goodscode/1190151 HTTP/1.1" 404 54861 "https://totalcard.biz/sitemap.xmlsitemap:https:/totalcard.biz/sitemap-1.xml" "Mozilla/5.0 (Linux; Android 7.0;) AppleWebKit/537.36 (KHTML, like Gecko) Mobile Safari/537.36 (compatible; PetalBot;+https://webmaster.petalsearch.com/site/petalbot)"
2a03:2880:f80e:64:: - - [22/Jan/2026:07:21:45 -0500] "GET /shop/intracranial/thunderbird11194827204 HTTP/1.1" 404 54853 "-" "meta-externalagent/1.1 (+https://developers.facebook.com/docs/sharing/webmasters/crawler)"
216.73.216.111 - - [22/Jan/2026:07:21:45 -0500] "GET /page/7/?a=102327447be7g HTTP/1.1" 200 15693 "-" "Mozilla/5.0 AppleWebKit/537.36 (KHTML, like Gecko; compatible; ClaudeBot/1.0; +claudebot@anthropic.com)"
2a03:2880:f80e:1a:: - - [22/Jan/2026:07:21:45 -0500] "GET /?n=4166311bd11ig HTTP/1.1" 200 15999 "-" "meta-externalagent/1.1 (+https://developers.facebook.com/docs/sharing/webmasters/crawler)"
2a03:2880:f80e:2c:: - - [22/Jan/2026:07:21:46 -0500] "GET /shop/neurotic/linguistics132126041469 HTTP/1.1" 404 54853 "-" "meta-externalagent/1.1 (+https://developers.facebook.com/docs/sharing/webmasters/crawler)"
74.7.243.223 - - [22/Jan/2026:07:21:46 -0500] "GET /page/60/?n=1360268614664 HTTP/1.1" 200 16580 "https://totalcard.biz/page/59/?n=1360268614664" "Mozilla/5.0 AppleWebKit/537.36 (KHTML, like Gecko; compatible; GPTBot/1.3; +https://openai.com/gptbot)"
2a03:2880:f80e:4e:: - - [22/Jan/2026:07:21:47 -0500] "GET /?n=320685368ba7h HTTP/1.1" 200 15999 "-" "meta-externalagent/1.1 (+https://developers.facebook.com/docs/sharing/webmasters/crawler)"
2a03:2880:f80e:5d:: - - [22/Jan/2026:07:21:48 -0500] "GET /shop/taillage/sulphuris17777703309 HTTP/1.1" 404 54853 "-" "meta-externalagent/1.1 (+https://developers.facebook.com/docs/sharing/webmasters/crawler)"
216.73.216.111 - - [22/Jan/2026:07:21:48 -0500] "GET /page/6/?a=3362786ich3ih HTTP/1.1" 200 16291 "-" "Mozilla/5.0 AppleWebKit/537.36 (KHTML, like Gecko; compatible; ClaudeBot/1.0; +claudebot@anthropic.com)"
74.7.243.223 - - [22/Jan/2026:07:21:49 -0500] "GET /page/30/?n=197545058476 HTTP/1.1" 200 16499 "https://totalcard.biz/page/29/?n=197545058476" "Mozilla/5.0 AppleWebKit/537.36 (KHTML, like Gecko; compatible; GPTBot/1.3; +https://openai.com/gptbot)"
2a03:2880:f80e:5c:: - - [22/Jan/2026:07:21:50 -0500] "GET /shop/misgoverned/apraxia112516827693 HTTP/1.1" 404 54853 "-" "meta-externalagent/1.1 (+https://developers.facebook.com/docs/sharing/webmasters/crawler)"
2a03:2880:f80e:25:: - - [22/Jan/2026:07:21:50 -0500] "GET /shop/synecdochical/reclaimant13947422232 HTTP/1.1" 404 54853 "-" "meta-externalagent/1.1 (+https://developers.facebook.com/docs/sharing/webmasters/crawler)"
2a03:2880:f80e:f:: - - [22/Jan/2026:07:21:51 -0500] "GET /shop/sawbuck/polymorphism13512572774 HTTP/1.1" 404 54853 "-" "meta-externalagent/1.1 (+https://developers.facebook.com/docs/sharing/webmasters/crawler)"
2a03:2880:f80e:a:: - - [22/Jan/2026:07:21:51 -0500] "GET /shop/pliantness/desulphurating113292300815 HTTP/1.1" 404 54853 "-" "meta-externalagent/1.1 (+https://developers.facebook.com/docs/sharing/webmasters/crawler)"
2a03:2880:f80e:6a:: - - [22/Jan/2026:07:21:52 -0500] "GET /shop/sawbones/rubific133422833111 HTTP/1.1" 404 54853 "-" "meta-externalagent/1.1 (+https://developers.facebook.com/docs/sharing/webmasters/crawler)"
2a03:2880:f80e:42:: - - [22/Jan/2026:07:21:52 -0500] "GET /shop/misdemeanors/chrysoidine133455856104 HTTP/1.1" 404 54853 "-" "meta-externalagent/1.1 (+https://developers.facebook.com/docs/sharing/webmasters/crawler)"
2a03:2880:f80e:42:: - - [22/Jan/2026:07:21:52 -0500] "GET /shop/shifty/motheat17693632949 HTTP/1.1" 404 54853 "-" "meta-externalagent/1.1 (+https://developers.facebook.com/docs/sharing/webmasters/crawler)"
74.7.243.223 - - [22/Jan/2026:07:21:53 -0500] "GET /page/69/?n=1155155059288 HTTP/1.1" 200 16358 "https://totalcard.biz/page/68/?n=1155155059288" "Mozilla/5.0 AppleWebKit/537.36 (KHTML, like Gecko; compatible; GPTBot/1.3; +https://openai.com/gptbot)"
2a03:2880:f80e:2d:: - - [22/Jan/2026:07:21:54 -0500] "GET /shop/sightly/sneakiness172589176866 HTTP/1.1" 404 54853 "-" "meta-externalagent/1.1 (+https://developers.facebook.com/docs/sharing/webmasters/crawler)"
2a03:2880:f80e:18:: - - [22/Jan/2026:07:21:54 -0500] "GET /shop/transposable/scolithus13944491525 HTTP/1.1" 404 54853 "-" "meta-externalagent/1.1 (+https://developers.facebook.com/docs/sharing/webmasters/crawler)"
216.73.216.111 - - [22/Jan/2026:07:21:55 -0500] "GET /page/20/?a=3479399cie51j HTTP/1.1" 200 16236 "-" "Mozilla/5.0 AppleWebKit/537.36 (KHTML, like Gecko; compatible; ClaudeBot/1.0; +claudebot@anthropic.com)"
74.7.243.223 - - [22/Jan/2026:07:21:56 -0500] "GET /page/55/?n=3360540763504 HTTP/1.1" 200 16281 "https://totalcard.biz/page/54/?n=3360540763504" "Mozilla/5.0 AppleWebKit/537.36 (KHTML, like Gecko; compatible; GPTBot/1.3; +https://openai.com/gptbot)"
2a03:2880:f80e:37:: - - [22/Jan/2026:07:21:56 -0500] "GET /shop/awkward/ingratefully121361454252 HTTP/1.1" 404 54853 "-" "meta-externalagent/1.1 (+https://developers.facebook.com/docs/sharing/webmasters/crawler)"
2a03:2880:f80e:5d:: - - [22/Jan/2026:07:21:56 -0500] "GET /shop/predomination/unalloyed174279079194 HTTP/1.1" 404 54853 "-" "meta-externalagent/1.1 (+https://developers.facebook.com/docs/sharing/webmasters/crawler)"
2a03:2880:f80e:16:: - - [22/Jan/2026:07:21:58 -0500] "GET /shop/elayl/columnist174067574057 HTTP/1.1" 404 54853 "-" "meta-externalagent/1.1 (+https://developers.facebook.com/docs/sharing/webmasters/crawler)"
216.73.216.111 - - [22/Jan/2026:07:21:58 -0500] "GET /page/11/?a=362311661he60 HTTP/1.1" 200 16157 "-" "Mozilla/5.0 AppleWebKit/537.36 (KHTML, like Gecko; compatible; ClaudeBot/1.0; +claudebot@anthropic.com)"
2a03:2880:f80e:12:: - - [22/Jan/2026:07:21:59 -0500] "GET /shop/pulchritude/tentacle172780758704 HTTP/1.1" 404 54853 "-" "meta-externalagent/1.1 (+https://developers.facebook.com/docs/sharing/webmasters/crawler)"
74.7.243.223 - - [22/Jan/2026:07:21:59 -0500] "GET /page/69/?n=1165736155627 HTTP/1.1" 200 16358 "https://totalcard.biz/page/68/?n=1165736155627" "Mozilla/5.0 AppleWebKit/537.36 (KHTML, like Gecko; compatible; GPTBot/1.3; +https://openai.com/gptbot)"
66.249.64.10 - - [22/Jan/2026:07:21:59 -0500] "GET /goodscode/326628400 HTTP/1.1" 200 24096 "-" "Mozilla/5.0 (Linux; Android 6.0.1; Nexus 5X Build/MMB29P) AppleWebKit/537.36 (KHTML, like Gecko) Chrome/143.0.7499.192 Mobile Safari/537.36 (compatible; Googlebot/2.1; +http://www.google.com/bot.html)"
2a03:2880:f80e:23:: - - [22/Jan/2026:07:22:00 -0500] "GET /shop/hosier/vilipendency173107188464 HTTP/1.1" 404 54853 "-" "meta-externalagent/1.1 (+https://developers.facebook.com/docs/sharing/webmasters/crawler)"
2a03:2880:f80e:32:: - - [22/Jan/2026:07:22:01 -0500] "GET /shop/dactylalogy/dulness17938486687 HTTP/1.1" 404 54853 "-" "meta-externalagent/1.1 (+https://developers.facebook.com/docs/sharing/webmasters/crawler)"
2a03:2880:f80e:5c:: - - [22/Jan/2026:07:22:01 -0500] "GET /shop/deutzia/verifier11713746236 HTTP/1.1" 404 54853 "-" "meta-externalagent/1.1 (+https://developers.facebook.com/docs/sharing/webmasters/crawler)"
216.73.216.111 - - [22/Jan/2026:07:22:01 -0500] "GET /page/13/?a=311662i5ieeb HTTP/1.1" 200 16323 "-" "Mozilla/5.0 AppleWebKit/537.36 (KHTML, like Gecko; compatible; ClaudeBot/1.0; +claudebot@anthropic.com)"
74.7.243.223 - - [22/Jan/2026:07:22:02 -0500] "GET /page/69/?n=2737231621417 HTTP/1.1" 200 16359 "https://totalcard.biz/page/68/?n=2737231621417" "Mozilla/5.0 AppleWebKit/537.36 (KHTML, like Gecko; compatible; GPTBot/1.3; +https://openai.com/gptbot)"
2a03:2880:f80e:3c:: - - [22/Jan/2026:07:22:03 -0500] "GET /goodscode/1612933620 HTTP/1.1" 404 54861 "-" "meta-externalagent/1.1 (+https://developers.facebook.com/docs/sharing/webmasters/crawler)"
216.73.216.111 - - [22/Jan/2026:07:22:04 -0500] "GET /page/10/?a=2014246660578 HTTP/1.1" 200 16407 "-" "Mozilla/5.0 AppleWebKit/537.36 (KHTML, like Gecko; compatible; ClaudeBot/1.0; +claudebot@anthropic.com)"
2a03:2880:f80e:4b:: - - [22/Jan/2026:07:22:04 -0500] "GET /shop/seiurus/annuities131035742862 HTTP/1.1" 404 54853 "-" "meta-externalagent/1.1 (+https://developers.facebook.com/docs/sharing/webmasters/crawler)"
2a03:2880:f80e:4a:: - - [22/Jan/2026:07:22:04 -0500] "GET /shop/redisburse/nepali136103514 HTTP/1.1" 404 54853 "-" "meta-externalagent/1.1 (+https://developers.facebook.com/docs/sharing/webmasters/crawler)"
66.249.64.10 - - [22/Jan/2026:07:22:05 -0500] "GET /goodscode/106612885 HTTP/1.1" 200 24043 "-" "Mozilla/5.0 (Linux; Android 6.0.1; Nexus 5X Build/MMB29P) AppleWebKit/537.36 (KHTML, like Gecko) Chrome/143.0.7499.192 Mobile Safari/537.36 (compatible; Googlebot/2.1; +http://www.google.com/bot.html)"
74.7.243.223 - - [22/Jan/2026:07:22:05 -0500] "GET /page/31/?n=991627046532 HTTP/1.1" 200 16550 "https://totalcard.biz/page/30/?n=991627046532" "Mozilla/5.0 AppleWebKit/537.36 (KHTML, like Gecko; compatible; GPTBot/1.3; +https://openai.com/gptbot)"
2a03:2880:f80e:3b:: - - [22/Jan/2026:07:22:05 -0500] "GET /shop/expressionism/claims132172034005 HTTP/1.1" 404 54853 "-" "meta-externalagent/1.1 (+https://developers.facebook.com/docs/sharing/webmasters/crawler)"
2a03:2880:f80e:48:: - - [22/Jan/2026:07:22:06 -0500] "GET /?n=6363993ebfg7 HTTP/1.1" 200 15999 "-" "meta-externalagent/1.1 (+https://developers.facebook.com/docs/sharing/webmasters/crawler)"
216.73.216.111 - - [22/Jan/2026:07:22:07 -0500] "GET /page/13/?a=281217i88i55 HTTP/1.1" 200 16324 "-" "Mozilla/5.0 AppleWebKit/537.36 (KHTML, like Gecko; compatible; ClaudeBot/1.0; +claudebot@anthropic.com)"
74.7.243.223 - - [22/Jan/2026:07:22:08 -0500] "GET /page/69/?n=2868109558107 HTTP/1.1" 200 16358 "https://totalcard.biz/page/68/?n=2868109558107" "Mozilla/5.0 AppleWebKit/537.36 (KHTML, like Gecko; compatible; GPTBot/1.3; +https://openai.com/gptbot)"
216.73.216.111 - - [22/Jan/2026:07:22:10 -0500] "GET /page/14/?a=4140830f9694i HTTP/1.1" 200 16424 "-" "Mozilla/5.0 AppleWebKit/537.36 (KHTML, like Gecko; compatible; ClaudeBot/1.0; +claudebot@anthropic.com)"
2a03:2880:f80e:64:: - - [22/Jan/2026:07:22:11 -0500] "GET /shop/gelatiniform/saturability121727514923 HTTP/1.1" 404 54853 "-" "meta-externalagent/1.1 (+https://developers.facebook.com/docs/sharing/webmasters/crawler)"
2a03:2880:f80e:8:: - - [22/Jan/2026:07:22:11 -0500] "GET /shop/columnaris/hiatus13738503787 HTTP/1.1" 404 54853 "-" "meta-externalagent/1.1 (+https://developers.facebook.com/docs/sharing/webmasters/crawler)"
74.7.243.223 - - [22/Jan/2026:07:22:11 -0500] "GET /page/69/?n=1921524892842 HTTP/1.1" 200 16359 "https://totalcard.biz/page/68/?n=1921524892842" "Mozilla/5.0 AppleWebKit/537.36 (KHTML, like Gecko; compatible; GPTBot/1.3; +https://openai.com/gptbot)"
2a03:2880:f80e:39:: - - [22/Jan/2026:07:22:11 -0500] "GET /shop/fatimite/strategetics131618428032 HTTP/1.1" 404 54853 "-" "meta-externalagent/1.1 (+https://developers.facebook.com/docs/sharing/webmasters/crawler)"
2a03:2880:f80e:20:: - - [22/Jan/2026:07:22:12 -0500] "GET /?n=643413jdddb8 HTTP/1.1" 200 15998 "-" "meta-externalagent/1.1 (+https://developers.facebook.com/docs/sharing/webmasters/crawler)"
2a03:2880:f80e:5c:: - - [22/Jan/2026:07:22:13 -0500] "GET /shop/deject/exploding113917186088 HTTP/1.1" 404 54853 "-" "meta-externalagent/1.1 (+https://developers.facebook.com/docs/sharing/webmasters/crawler)"
2a03:2880:f80e:6f:: - - [22/Jan/2026:07:22:14 -0500] "GET /shop/macrodiagonal/cheeky172173991469 HTTP/1.1" 404 54853 "-" "meta-externalagent/1.1 (+https://developers.facebook.com/docs/sharing/webmasters/crawler)"
2a03:2880:f80e:70:: - - [22/Jan/2026:07:22:14 -0500] "GET /shop/hetairic/irreclaimable122160896161 HTTP/1.1" 404 54853 "-" "meta-externalagent/1.1 (+https://developers.facebook.com/docs/sharing/webmasters/crawler)"
2a03:2880:f80e:57:: - - [22/Jan/2026:07:22:14 -0500] "GET /shop/cometfinder/predesign132719400746 HTTP/1.1" 404 54853 "-" "meta-externalagent/1.1 (+https://developers.facebook.com/docs/sharing/webmasters/crawler)"
74.7.243.223 - - [22/Jan/2026:07:22:15 -0500] "GET /page/69/?n=2495434426824 HTTP/1.1" 200 16359 "https://totalcard.biz/page/68/?n=2495434426824" "Mozilla/5.0 AppleWebKit/537.36 (KHTML, like Gecko; compatible; GPTBot/1.3; +https://openai.com/gptbot)"
74.7.243.223 - - [22/Jan/2026:07:22:18 -0500] "GET /page/69/?n=1653666463110 HTTP/1.1" 200 16359 "https://totalcard.biz/page/68/?n=1653666463110" "Mozilla/5.0 AppleWebKit/537.36 (KHTML, like Gecko; compatible; GPTBot/1.3; +https://openai.com/gptbot)"
2a03:2880:f80e:6e:: - - [22/Jan/2026:07:22:18 -0500] "GET /shop/marcantant/underpight12689594305 HTTP/1.1" 404 54853 "-" "meta-externalagent/1.1 (+https://developers.facebook.com/docs/sharing/webmasters/crawler)"
2a03:2880:f80e:52:: - - [22/Jan/2026:07:22:18 -0500] "GET /shop/mishear/tipsy111146651164 HTTP/1.1" 404 54853 "-" "meta-externalagent/1.1 (+https://developers.facebook.com/docs/sharing/webmasters/crawler)"
2a03:2880:f80e:32:: - - [22/Jan/2026:07:22:19 -0500] "GET /shop/equivalue/paleology132945927785 HTTP/1.1" 404 54853 "-" "meta-externalagent/1.1 (+https://developers.facebook.com/docs/sharing/webmasters/crawler)"
2a03:2880:f80e:1f:: - - [22/Jan/2026:07:22:19 -0500] "GET /shop/terminatively/corruptingly13192155623 HTTP/1.1" 404 54853 "-" "meta-externalagent/1.1 (+https://developers.facebook.com/docs/sharing/webmasters/crawler)"
2a03:2880:f80e:49:: - - [22/Jan/2026:07:22:19 -0500] "GET /?n=29812948icc1d HTTP/1.1" 200 15999 "-" "meta-externalagent/1.1 (+https://developers.facebook.com/docs/sharing/webmasters/crawler)"
2a03:2880:f80e:6c:: - - [22/Jan/2026:07:22:20 -0500] "GET /?n=3912885fa797e HTTP/1.1" 200 15999 "-" "meta-externalagent/1.1 (+https://developers.facebook.com/docs/sharing/webmasters/crawler)"
2a03:2880:f80e:6b:: - - [22/Jan/2026:07:22:20 -0500] "GET /shop/preparing/pricket112926868793 HTTP/1.1" 404 54853 "-" "meta-externalagent/1.1 (+https://developers.facebook.com/docs/sharing/webmasters/crawler)"
2a03:2880:f80e:57:: - - [22/Jan/2026:07:22:21 -0500] "GET /shop/alaunt/cystotomy112385864433 HTTP/1.1" 404 54853 "-" "meta-externalagent/1.1 (+https://developers.facebook.com/docs/sharing/webmasters/crawler)"
74.7.243.223 - - [22/Jan/2026:07:22:21 -0500] "GET /page/61/?n=1360268614664 HTTP/1.1" 200 16456 "https://totalcard.biz/page/60/?n=1360268614664" "Mozilla/5.0 AppleWebKit/537.36 (KHTML, like Gecko; compatible; GPTBot/1.3; +https://openai.com/gptbot)"
2a03:2880:f80e:1:: - - [22/Jan/2026:07:22:23 -0500] "GET /shop/versified/vulgata17911666464 HTTP/1.1" 404 54853 "-" "meta-externalagent/1.1 (+https://developers.facebook.com/docs/sharing/webmasters/crawler)"
216.73.216.111 - - [22/Jan/2026:07:22:24 -0500] "GET /page/16/?a=43447644f20c4 HTTP/1.1" 200 16427 "-" "Mozilla/5.0 AppleWebKit/537.36 (KHTML, like Gecko; compatible; ClaudeBot/1.0; +claudebot@anthropic.com)"
2a03:2880:f80e:e:: - - [22/Jan/2026:07:22:24 -0500] "GET /shop/basifugal/practively123696214006 HTTP/1.1" 404 54853 "-" "meta-externalagent/1.1 (+https://developers.facebook.com/docs/sharing/webmasters/crawler)"
74.7.243.223 - - [22/Jan/2026:07:22:24 -0500] "GET /page/31/?n=197545058476 HTTP/1.1" 200 16551 "https://totalcard.biz/page/30/?n=197545058476" "Mozilla/5.0 AppleWebKit/537.36 (KHTML, like Gecko; compatible; GPTBot/1.3; +https://openai.com/gptbot)"
2a03:2880:f80e:57:: - - [22/Jan/2026:07:22:24 -0500] "GET /shop/mexicana/graphotype133298786828 HTTP/1.1" 404 54853 "-" "meta-externalagent/1.1 (+https://developers.facebook.com/docs/sharing/webmasters/crawler)"
2a03:2880:f80e:41:: - - [22/Jan/2026:07:22:25 -0500] "GET /shop/sikhs/senatorian132708154987 HTTP/1.1" 404 54853 "-" "meta-externalagent/1.1 (+https://developers.facebook.com/docs/sharing/webmasters/crawler)"
2a03:2880:f80e:1a:: - - [22/Jan/2026:07:22:25 -0500] "GET /shop/dismaying/snaring133451997689 HTTP/1.1" 404 54853 "-" "meta-externalagent/1.1 (+https://developers.facebook.com/docs/sharing/webmasters/crawler)"
216.73.216.111 - - [22/Jan/2026:07:22:26 -0500] "GET /page/16/?a=4421708fi35be HTTP/1.1" 200 16427 "-" "Mozilla/5.0 AppleWebKit/537.36 (KHTML, like Gecko; compatible; ClaudeBot/1.0; +claudebot@anthropic.com)"
2a03:2880:f80e:65:: - - [22/Jan/2026:07:22:27 -0500] "GET /shop/chattered/tattlingly13162400636 HTTP/1.1" 404 54853 "-" "meta-externalagent/1.1 (+https://developers.facebook.com/docs/sharing/webmasters/crawler)"
74.7.243.223 - - [22/Jan/2026:07:22:27 -0500] "GET /page/70/?n=1155155059288 HTTP/1.1" 200 16388 "https://totalcard.biz/page/69/?n=1155155059288" "Mozilla/5.0 AppleWebKit/537.36 (KHTML, like Gecko; compatible; GPTBot/1.3; +https://openai.com/gptbot)"
2a03:2880:f80e:20:: - - [22/Jan/2026:07:22:28 -0500] "GET /shop/oddball/rondle131430250376 HTTP/1.1" 404 54853 "-" "meta-externalagent/1.1 (+https://developers.facebook.com/docs/sharing/webmasters/crawler)"
2a03:2880:f80e:66:: - - [22/Jan/2026:07:22:29 -0500] "GET /shop/parodist/guidguid11312393561 HTTP/1.1" 404 54853 "-" "meta-externalagent/1.1 (+https://developers.facebook.com/docs/sharing/webmasters/crawler)"
216.73.216.111 - - [22/Jan/2026:07:22:29 -0500] "GET /page/15/?a=10691778i9470 HTTP/1.1" 200 16631 "-" "Mozilla/5.0 AppleWebKit/537.36 (KHTML, like Gecko; compatible; ClaudeBot/1.0; +claudebot@anthropic.com)"
74.7.243.223 - - [22/Jan/2026:07:22:31 -0500] "GET /page/56/?n=3360540763504 HTTP/1.1" 200 16144 "https://totalcard.biz/page/55/?n=3360540763504" "Mozilla/5.0 AppleWebKit/537.36 (KHTML, like Gecko; compatible; GPTBot/1.3; +https://openai.com/gptbot)"
2a03:2880:f80e:42:: - - [22/Jan/2026:07:22:31 -0500] "GET /shop/inactively/tregetry172425906666 HTTP/1.1" 404 54853 "-" "meta-externalagent/1.1 (+https://developers.facebook.com/docs/sharing/webmasters/crawler)"
216.73.216.111 - - [22/Jan/2026:07:22:32 -0500] "GET /page/20/?a=4143653bddeb8 HTTP/1.1" 200 16236 "-" "Mozilla/5.0 AppleWebKit/537.36 (KHTML, like Gecko; compatible; ClaudeBot/1.0; +claudebot@anthropic.com)"
2a03:2880:f80e:39:: - - [22/Jan/2026:07:22:33 -0500] "GET /?n=17872068hj1i4 HTTP/1.1" 200 15999 "-" "meta-externalagent/1.1 (+https://developers.facebook.com/docs/sharing/webmasters/crawler)"
2a03:2880:f80e:5:: - - [22/Jan/2026:07:22:33 -0500] "GET /shop/loamed/cookstove11869766590 HTTP/1.1" 404 54853 "-" "meta-externalagent/1.1 (+https://developers.facebook.com/docs/sharing/webmasters/crawler)"
74.7.243.223 - - [22/Jan/2026:07:22:34 -0500] "GET /page/70/?n=1165736155627 HTTP/1.1" 200 16388 "https://totalcard.biz/page/69/?n=1165736155627" "Mozilla/5.0 AppleWebKit/537.36 (KHTML, like Gecko; compatible; GPTBot/1.3; +https://openai.com/gptbot)"
54.39.89.191 - - [22/Jan/2026:07:22:35 -0500] "GET /goodscode/892276885 HTTP/1.1" 404 54861 "-" "Mozilla/5.0 (compatible; AhrefsBot/7.0; +http://ahrefs.com/robot/)"
216.73.216.111 - - [22/Jan/2026:07:22:35 -0500] "GET /page/8/?a=3776699eb4c63 HTTP/1.1" 200 15945 "-" "Mozilla/5.0 AppleWebKit/537.36 (KHTML, like Gecko; compatible; ClaudeBot/1.0; +claudebot@anthropic.com)"
2a03:2880:f80e:d:: - - [22/Jan/2026:07:22:36 -0500] "GET /shop/eldership/sawer134198690685 HTTP/1.1" 404 54853 "-" "meta-externalagent/1.1 (+https://developers.facebook.com/docs/sharing/webmasters/crawler)"
2a03:2880:f80e:2d:: - - [22/Jan/2026:07:22:36 -0500] "GET /?n=5429678e584f HTTP/1.1" 200 15999 "-" "meta-externalagent/1.1 (+https://developers.facebook.com/docs/sharing/webmasters/crawler)"
74.7.243.223 - - [22/Jan/2026:07:22:37 -0500] "GET /page/70/?n=2737231621417 HTTP/1.1" 200 16388 "https://totalcard.biz/page/69/?n=2737231621417" "Mozilla/5.0 AppleWebKit/537.36 (KHTML, like Gecko; compatible; GPTBot/1.3; +https://openai.com/gptbot)"
2a03:2880:f80e:1c:: - - [22/Jan/2026:07:22:37 -0500] "GET /shop/reginae/declaimant172848904410 HTTP/1.1" 404 54853 "-" "meta-externalagent/1.1 (+https://developers.facebook.com/docs/sharing/webmasters/crawler)"
2a03:2880:f80e:27:: - - [22/Jan/2026:07:22:37 -0500] "GET /shop/cyclostoma/kinematics174201355337 HTTP/1.1" 404 54853 "-" "meta-externalagent/1.1 (+https://developers.facebook.com/docs/sharing/webmasters/crawler)"
2a03:2880:f80e:31:: - - [22/Jan/2026:07:22:38 -0500] "GET /shop/hydrocyanate/transshaping17115869462 HTTP/1.1" 404 54853 "-" "meta-externalagent/1.1 (+https://developers.facebook.com/docs/sharing/webmasters/crawler)"
216.73.216.111 - - [22/Jan/2026:07:22:38 -0500] "GET /page/12/?a=2496554afhfjf HTTP/1.1" 200 16058 "-" "Mozilla/5.0 AppleWebKit/537.36 (KHTML, like Gecko; compatible; ClaudeBot/1.0; +claudebot@anthropic.com)"
2a03:2880:f80e:42:: - - [22/Jan/2026:07:22:39 -0500] "GET /shop/properness/denting112671825582 HTTP/1.1" 404 54853 "-" "meta-externalagent/1.1 (+https://developers.facebook.com/docs/sharing/webmasters/crawler)"
2a03:2880:f80e:59:: - - [22/Jan/2026:07:22:39 -0500] "GET /shop/scise/reaffirm131488240824 HTTP/1.1" 404 54853 "-" "meta-externalagent/1.1 (+https://developers.facebook.com/docs/sharing/webmasters/crawler)"
2a03:2880:f80e:66:: - - [22/Jan/2026:07:22:39 -0500] "GET /?n=3638118ee7gbi HTTP/1.1" 200 15999 "-" "meta-externalagent/1.1 (+https://developers.facebook.com/docs/sharing/webmasters/crawler)"
74.7.243.223 - - [22/Jan/2026:07:22:40 -0500] "GET /page/32/?n=991627046532 HTTP/1.1" 200 16475 "https://totalcard.biz/page/31/?n=991627046532" "Mozilla/5.0 AppleWebKit/537.36 (KHTML, like Gecko; compatible; GPTBot/1.3; +https://openai.com/gptbot)"
216.73.216.111 - - [22/Jan/2026:07:22:41 -0500] "GET /page/13/?a=36601628402d5 HTTP/1.1" 200 16325 "-" "Mozilla/5.0 AppleWebKit/537.36 (KHTML, like Gecko; compatible; ClaudeBot/1.0; +claudebot@anthropic.com)"
2a03:2880:f80e:f:: - - [22/Jan/2026:07:22:43 -0500] "GET /?n=1929500ch89c0 HTTP/1.1" 200 15999 "-" "meta-externalagent/1.1 (+https://developers.facebook.com/docs/sharing/webmasters/crawler)"
2a03:2880:f80e:2d:: - - [22/Jan/2026:07:22:43 -0500] "GET /shop/serviceable/adventuring132080887346 HTTP/1.1" 404 54853 "-" "meta-externalagent/1.1 (+https://developers.facebook.com/docs/sharing/webmasters/crawler)"
74.7.243.223 - - [22/Jan/2026:07:22:43 -0500] "GET /page/70/?n=2868109558107 HTTP/1.1" 200 16387 "https://totalcard.biz/page/69/?n=2868109558107" "Mozilla/5.0 AppleWebKit/537.36 (KHTML, like Gecko; compatible; GPTBot/1.3; +https://openai.com/gptbot)"
2a03:2880:f80e:57:: - - [22/Jan/2026:07:22:44 -0500] "GET /shop/mucocele/unscale17894964898 HTTP/1.1" 404 54853 "-" "meta-externalagent/1.1 (+https://developers.facebook.com/docs/sharing/webmasters/crawler)"
216.73.216.111 - - [22/Jan/2026:07:22:44 -0500] "GET /page/12/?a=4403605e65bc8 HTTP/1.1" 200 16057 "-" "Mozilla/5.0 AppleWebKit/537.36 (KHTML, like Gecko; compatible; ClaudeBot/1.0; +claudebot@anthropic.com)"
2a03:2880:f80e:37:: - - [22/Jan/2026:07:22:45 -0500] "GET /?n=2526720929539 HTTP/1.1" 200 15998 "-" "meta-externalagent/1.1 (+https://developers.facebook.com/docs/sharing/webmasters/crawler)"
2a03:2880:f80e:68:: - - [22/Jan/2026:07:22:45 -0500] "GET /shop/bargainer/catharping1775416394 HTTP/1.1" 404 54853 "-" "meta-externalagent/1.1 (+https://developers.facebook.com/docs/sharing/webmasters/crawler)"
2a03:2880:f80e:16:: - - [22/Jan/2026:07:22:45 -0500] "GET /shop/orthodoxness/disorganized112688194398 HTTP/1.1" 404 54853 "-" "meta-externalagent/1.1 (+https://developers.facebook.com/docs/sharing/webmasters/crawler)"
74.7.243.223 - - [22/Jan/2026:07:22:46 -0500] "GET /page/70/?n=1921524892842 HTTP/1.1" 200 16388 "https://totalcard.biz/page/69/?n=1921524892842" "Mozilla/5.0 AppleWebKit/537.36 (KHTML, like Gecko; compatible; GPTBot/1.3; +https://openai.com/gptbot)"
2a03:2880:f80e:23:: - - [22/Jan/2026:07:22:47 -0500] "GET /shop/prefiguring/cardinalate13462252610 HTTP/1.1" 404 54853 "-" "meta-externalagent/1.1 (+https://developers.facebook.com/docs/sharing/webmasters/crawler)"
216.73.216.111 - - [22/Jan/2026:07:22:47 -0500] "GET /page/23/?a=15838753efdeb HTTP/1.1" 200 16229 "-" "Mozilla/5.0 AppleWebKit/537.36 (KHTML, like Gecko; compatible; ClaudeBot/1.0; +claudebot@anthropic.com)"
2a03:2880:f80e:20:: - - [22/Jan/2026:07:22:48 -0500] "GET /shop/utilitarianism/embassador132671088354 HTTP/1.1" 404 54853 "-" "meta-externalagent/1.1 (+https://developers.facebook.com/docs/sharing/webmasters/crawler)"
74.7.243.223 - - [22/Jan/2026:07:22:49 -0500] "GET /page/70/?n=2495434426824 HTTP/1.1" 200 16388 "https://totalcard.biz/page/69/?n=2495434426824" "Mozilla/5.0 AppleWebKit/537.36 (KHTML, like Gecko; compatible; GPTBot/1.3; +https://openai.com/gptbot)"
2a03:2880:f80e:10:: - - [22/Jan/2026:07:22:49 -0500] "GET /shop/outbabble/impoofo173709199537 HTTP/1.1" 404 54853 "-" "meta-externalagent/1.1 (+https://developers.facebook.com/docs/sharing/webmasters/crawler)"
216.73.216.111 - - [22/Jan/2026:07:22:50 -0500] "GET /page/17/?a=3014284694g4e HTTP/1.1" 200 16263 "-" "Mozilla/5.0 AppleWebKit/537.36 (KHTML, like Gecko; compatible; ClaudeBot/1.0; +claudebot@anthropic.com)"
2a03:2880:f80e:f:: - - [22/Jan/2026:07:22:51 -0500] "GET /shop/dactylitis/agued173947290162 HTTP/1.1" 404 54853 "-" "meta-externalagent/1.1 (+https://developers.facebook.com/docs/sharing/webmasters/crawler)"
2a03:2880:f80e:5:: - - [22/Jan/2026:07:22:51 -0500] "GET /shop/bondswoman/blencher132520644643 HTTP/1.1" 404 54853 "-" "meta-externalagent/1.1 (+https://developers.facebook.com/docs/sharing/webmasters/crawler)"
2a03:2880:f80e:32:: - - [22/Jan/2026:07:22:51 -0500] "GET /shop/adelopod/mycelium1377572441 HTTP/1.1" 404 54853 "-" "meta-externalagent/1.1 (+https://developers.facebook.com/docs/sharing/webmasters/crawler)"
74.7.243.223 - - [22/Jan/2026:07:22:52 -0500] "GET /page/70/?n=1653666463110 HTTP/1.1" 200 16388 "https://totalcard.biz/page/69/?n=1653666463110" "Mozilla/5.0 AppleWebKit/537.36 (KHTML, like Gecko; compatible; GPTBot/1.3; +https://openai.com/gptbot)"
2a03:2880:f80e:52:: - - [22/Jan/2026:07:22:54 -0500] "GET /shop/pelvis/mundanity133508399786 HTTP/1.1" 404 54853 "-" "meta-externalagent/1.1 (+https://developers.facebook.com/docs/sharing/webmasters/crawler)"
2a03:2880:f80e:16:: - - [22/Jan/2026:07:22:54 -0500] "GET /?n=76258410831d HTTP/1.1" 200 15998 "-" "meta-externalagent/1.1 (+https://developers.facebook.com/docs/sharing/webmasters/crawler)"
74.7.243.223 - - [22/Jan/2026:07:22:55 -0500] "GET /page/62/?n=1360268614664 HTTP/1.1" 200 16498 "https://totalcard.biz/page/61/?n=1360268614664" "Mozilla/5.0 AppleWebKit/537.36 (KHTML, like Gecko; compatible; GPTBot/1.3; +https://openai.com/gptbot)"
2a03:2880:f80e:6d:: - - [22/Jan/2026:07:22:56 -0500] "GET /?n=1533012673d8e HTTP/1.1" 200 15998 "-" "meta-externalagent/1.1 (+https://developers.facebook.com/docs/sharing/webmasters/crawler)"
2a03:2880:f80e:1a:: - - [22/Jan/2026:07:22:57 -0500] "GET /?n=282288963723j HTTP/1.1" 200 15999 "-" "meta-externalagent/1.1 (+https://developers.facebook.com/docs/sharing/webmasters/crawler)"
2a03:2880:f80e:18:: - - [22/Jan/2026:07:22:58 -0500] "GET /?n=4296642dg70gi HTTP/1.1" 200 15999 "-" "meta-externalagent/1.1 (+https://developers.facebook.com/docs/sharing/webmasters/crawler)"
74.7.243.223 - - [22/Jan/2026:07:22:59 -0500] "GET /page/32/?n=197545058476 HTTP/1.1" 200 16474 "https://totalcard.biz/page/31/?n=197545058476" "Mozilla/5.0 AppleWebKit/537.36 (KHTML, like Gecko; compatible; GPTBot/1.3; +https://openai.com/gptbot)"
2a03:2880:f80e:f:: - - [22/Jan/2026:07:23:00 -0500] "GET /shop/burdelais/microcline1764379898 HTTP/1.1" 404 54853 "-" "meta-externalagent/1.1 (+https://developers.facebook.com/docs/sharing/webmasters/crawler)"
2a03:2880:f80e:42:: - - [22/Jan/2026:07:23:02 -0500] "GET /shop/discontinuation/questionist112385503139 HTTP/1.1" 404 54853 "-" "meta-externalagent/1.1 (+https://developers.facebook.com/docs/sharing/webmasters/crawler)"
74.7.243.223 - - [22/Jan/2026:07:23:02 -0500] "GET /page/71/?n=1155155059288 HTTP/1.1" 200 16369 "https://totalcard.biz/page/70/?n=1155155059288" "Mozilla/5.0 AppleWebKit/537.36 (KHTML, like Gecko; compatible; GPTBot/1.3; +https://openai.com/gptbot)"
2a03:2880:f80e:20:: - - [22/Jan/2026:07:23:02 -0500] "GET /shop/irreptitious/dietarian111323824746 HTTP/1.1" 404 54853 "-" "meta-externalagent/1.1 (+https://developers.facebook.com/docs/sharing/webmasters/crawler)"
2a03:2880:f80e:57:: - - [22/Jan/2026:07:23:03 -0500] "GET /?n=1529880a25e4b HTTP/1.1" 200 15999 "-" "meta-externalagent/1.1 (+https://developers.facebook.com/docs/sharing/webmasters/crawler)"
2a03:2880:f80e:34:: - - [22/Jan/2026:07:23:03 -0500] "GET /shop/heighteningprenominal/uncurrent111852108818 HTTP/1.1" 404 54853 "-" "meta-externalagent/1.1 (+https://developers.facebook.com/docs/sharing/webmasters/crawler)"
2a03:2880:f80e:3c:: - - [22/Jan/2026:07:23:04 -0500] "GET /shop/locule/hydatoid113724878200 HTTP/1.1" 404 54853 "-" "meta-externalagent/1.1 (+https://developers.facebook.com/docs/sharing/webmasters/crawler)"
216.73.216.111 - - [22/Jan/2026:07:23:04 -0500] "GET /page/19/?a=221544969g4cc HTTP/1.1" 200 16153 "-" "Mozilla/5.0 AppleWebKit/537.36 (KHTML, like Gecko; compatible; ClaudeBot/1.0; +claudebot@anthropic.com)"
74.7.243.223 - - [22/Jan/2026:07:23:05 -0500] "GET /page/57/?n=3360540763504 HTTP/1.1" 200 16432 "https://totalcard.biz/page/56/?n=3360540763504" "Mozilla/5.0 AppleWebKit/537.36 (KHTML, like Gecko; compatible; GPTBot/1.3; +https://openai.com/gptbot)"
2a03:2880:f80e:3b:: - - [22/Jan/2026:07:23:05 -0500] "GET /shop/annularity/angiopathy114283471871 HTTP/1.1" 404 54853 "-" "meta-externalagent/1.1 (+https://developers.facebook.com/docs/sharing/webmasters/crawler)"
2a03:2880:f80e:a:: - - [22/Jan/2026:07:23:06 -0500] "GET /shop/faithfully/scuffing172315036798 HTTP/1.1" 404 54853 "-" "meta-externalagent/1.1 (+https://developers.facebook.com/docs/sharing/webmasters/crawler)"
2a03:2880:f80e:3a:: - - [22/Jan/2026:07:23:06 -0500] "GET /shop/aigulet/transferee132171252010 HTTP/1.1" 404 54853 "-" "meta-externalagent/1.1 (+https://developers.facebook.com/docs/sharing/webmasters/crawler)"
216.73.216.111 - - [22/Jan/2026:07:23:07 -0500] "GET /page/16/?a=32349757d8049 HTTP/1.1" 200 16427 "-" "Mozilla/5.0 AppleWebKit/537.36 (KHTML, like Gecko; compatible; ClaudeBot/1.0; +claudebot@anthropic.com)"
74.7.243.223 - - [22/Jan/2026:07:23:08 -0500] "GET /page/71/?n=1165736155627 HTTP/1.1" 200 16371 "https://totalcard.biz/page/70/?n=1165736155627" "Mozilla/5.0 AppleWebKit/537.36 (KHTML, like Gecko; compatible; GPTBot/1.3; +https://openai.com/gptbot)"
2a03:2880:f80e:64:: - - [22/Jan/2026:07:23:08 -0500] "GET /shop/evangelic/eductive133383486424 HTTP/1.1" 404 54853 "-" "meta-externalagent/1.1 (+https://developers.facebook.com/docs/sharing/webmasters/crawler)"
114.119.158.151 - - [22/Jan/2026:07:23:08 -0500] "GET /goodscode/1189374 HTTP/1.1" 404 54861 "https://totalcard.biz/sitemap.xmlsitemap:https:/totalcard.biz/sitemap-1.xml" "Mozilla/5.0 (Linux; Android 7.0;) AppleWebKit/537.36 (KHTML, like Gecko) Mobile Safari/537.36 (compatible; PetalBot;+https://webmaster.petalsearch.com/site/petalbot)"
2a03:2880:f80e:46:: - - [22/Jan/2026:07:23:09 -0500] "GET /shop/bucephalus/draperies11795500136 HTTP/1.1" 404 54853 "-" "meta-externalagent/1.1 (+https://developers.facebook.com/docs/sharing/webmasters/crawler)"
216.73.216.111 - - [22/Jan/2026:07:23:10 -0500] "GET /page/7/?a=4337028a4bi12 HTTP/1.1" 200 15693 "-" "Mozilla/5.0 AppleWebKit/537.36 (KHTML, like Gecko; compatible; ClaudeBot/1.0; +claudebot@anthropic.com)"
2a03:2880:f80e:5d:: - - [22/Jan/2026:07:23:11 -0500] "GET /shop/sodality/sewster133448199515 HTTP/1.1" 404 54853 "-" "meta-externalagent/1.1 (+https://developers.facebook.com/docs/sharing/webmasters/crawler)"
74.7.243.223 - - [22/Jan/2026:07:23:11 -0500] "GET /page/71/?n=2737231621417 HTTP/1.1" 200 16370 "https://totalcard.biz/page/70/?n=2737231621417" "Mozilla/5.0 AppleWebKit/537.36 (KHTML, like Gecko; compatible; GPTBot/1.3; +https://openai.com/gptbot)"
2a03:2880:f80e:16:: - - [22/Jan/2026:07:23:11 -0500] "GET /shop/equine/guidelines172364143613 HTTP/1.1" 404 54853 "-" "meta-externalagent/1.1 (+https://developers.facebook.com/docs/sharing/webmasters/crawler)"
2a03:2880:f80e:5c:: - - [22/Jan/2026:07:23:12 -0500] "GET /?n=4463754564df8 HTTP/1.1" 200 15999 "-" "meta-externalagent/1.1 (+https://developers.facebook.com/docs/sharing/webmasters/crawler)"
216.73.216.111 - - [22/Jan/2026:07:23:13 -0500] "GET /page/16/?a=1285508i1958a HTTP/1.1" 200 16427 "-" "Mozilla/5.0 AppleWebKit/537.36 (KHTML, like Gecko; compatible; ClaudeBot/1.0; +claudebot@anthropic.com)"
2a03:2880:f80e:36:: - - [22/Jan/2026:07:23:13 -0500] "GET /shop/convictively/cholagogue133584044483 HTTP/1.1" 404 54853 "-" "meta-externalagent/1.1 (+https://developers.facebook.com/docs/sharing/webmasters/crawler)"
2a03:2880:f80e:5b:: - - [22/Jan/2026:07:23:13 -0500] "GET /?n=22561312d2g44 HTTP/1.1" 200 15999 "-" "meta-externalagent/1.1 (+https://developers.facebook.com/docs/sharing/webmasters/crawler)"
2a03:2880:f80e:4f:: - - [22/Jan/2026:07:23:13 -0500] "GET /shop/sternomastoid/commove13920817913 HTTP/1.1" 404 54853 "-" "meta-externalagent/1.1 (+https://developers.facebook.com/docs/sharing/webmasters/crawler)"
2a03:2880:f80e:9:: - - [22/Jan/2026:07:23:14 -0500] "GET /shop/opinable/reseat132842539281 HTTP/1.1" 404 54853 "-" "meta-externalagent/1.1 (+https://developers.facebook.com/docs/sharing/webmasters/crawler)"
74.7.243.223 - - [22/Jan/2026:07:23:14 -0500] "GET /page/33/?n=991627046532 HTTP/1.1" 200 16729 "https://totalcard.biz/page/32/?n=991627046532" "Mozilla/5.0 AppleWebKit/537.36 (KHTML, like Gecko; compatible; GPTBot/1.3; +https://openai.com/gptbot)"
216.73.216.111 - - [22/Jan/2026:07:23:16 -0500] "GET /page/7/?a=100763006c707 HTTP/1.1" 200 15692 "-" "Mozilla/5.0 AppleWebKit/537.36 (KHTML, like Gecko; compatible; ClaudeBot/1.0; +claudebot@anthropic.com)"
2a03:2880:f80e:66:: - - [22/Jan/2026:07:23:16 -0500] "GET /shop/firststring/expansive173786360012 HTTP/1.1" 404 54853 "-" "meta-externalagent/1.1 (+https://developers.facebook.com/docs/sharing/webmasters/crawler)"
74.7.243.223 - - [22/Jan/2026:07:23:17 -0500] "GET /page/71/?n=2868109558107 HTTP/1.1" 200 16370 "https://totalcard.biz/page/70/?n=2868109558107" "Mozilla/5.0 AppleWebKit/537.36 (KHTML, like Gecko; compatible; GPTBot/1.3; +https://openai.com/gptbot)"
216.73.216.111 - - [22/Jan/2026:07:23:19 -0500] "GET /page/13/?a=43068430bjf9e HTTP/1.1" 200 16324 "-" "Mozilla/5.0 AppleWebKit/537.36 (KHTML, like Gecko; compatible; ClaudeBot/1.0; +claudebot@anthropic.com)"
2a03:2880:f80e:4:: - - [22/Jan/2026:07:23:19 -0500] "GET /?n=40469050jchi7 HTTP/1.1" 200 15999 "-" "meta-externalagent/1.1 (+https://developers.facebook.com/docs/sharing/webmasters/crawler)"
2a03:2880:f80e:53:: - - [22/Jan/2026:07:23:19 -0500] "GET /shop/whitlow/proteinous133163284788 HTTP/1.1" 404 54853 "-" "meta-externalagent/1.1 (+https://developers.facebook.com/docs/sharing/webmasters/crawler)"
2a03:2880:f80e:36:: - - [22/Jan/2026:07:23:20 -0500] "GET /shop/diatryma/ducking13939928788 HTTP/1.1" 404 54853 "-" "meta-externalagent/1.1 (+https://developers.facebook.com/docs/sharing/webmasters/crawler)"
2a03:2880:f80e:a:: - - [22/Jan/2026:07:23:20 -0500] "GET /shop/collimation/pitchblende12772633203 HTTP/1.1" 404 54853 "-" "meta-externalagent/1.1 (+https://developers.facebook.com/docs/sharing/webmasters/crawler)"
74.7.243.223 - - [22/Jan/2026:07:23:20 -0500] "GET /page/71/?n=1921524892842 HTTP/1.1" 200 16370 "https://totalcard.biz/page/70/?n=1921524892842" "Mozilla/5.0 AppleWebKit/537.36 (KHTML, like Gecko; compatible; GPTBot/1.3; +https://openai.com/gptbot)"
2a03:2880:f80e:38:: - - [22/Jan/2026:07:23:21 -0500] "GET /shop/trouvre/imperiling173998807027 HTTP/1.1" 404 54853 "-" "meta-externalagent/1.1 (+https://developers.facebook.com/docs/sharing/webmasters/crawler)"
2a03:2880:f80e:4:: - - [22/Jan/2026:07:23:20 -0500] "GET /shop/vituperative/adangle112735391457 HTTP/1.1" 404 54853 "-" "meta-externalagent/1.1 (+https://developers.facebook.com/docs/sharing/webmasters/crawler)"
2a03:2880:f80e:67:: - - [22/Jan/2026:07:23:20 -0500] "GET /?n=36794707b57c0 HTTP/1.1" 200 15999 "-" "meta-externalagent/1.1 (+https://developers.facebook.com/docs/sharing/webmasters/crawler)"
2a03:2880:f80e:e:: - - [22/Jan/2026:07:23:21 -0500] "GET /shop/moonculminating/plagiostomous131855039989 HTTP/1.1" 404 54853 "-" "meta-externalagent/1.1 (+https://developers.facebook.com/docs/sharing/webmasters/crawler)"
216.73.216.111 - - [22/Jan/2026:07:23:22 -0500] "GET /page/16/?a=643018836hhh HTTP/1.1" 200 16426 "-" "Mozilla/5.0 AppleWebKit/537.36 (KHTML, like Gecko; compatible; ClaudeBot/1.0; +claudebot@anthropic.com)"
74.7.243.223 - - [22/Jan/2026:07:23:24 -0500] "GET /page/71/?n=2495434426824 HTTP/1.1" 200 16371 "https://totalcard.biz/page/70/?n=2495434426824" "Mozilla/5.0 AppleWebKit/537.36 (KHTML, like Gecko; compatible; GPTBot/1.3; +https://openai.com/gptbot)"
2a03:2880:f80e:10:: - - [22/Jan/2026:07:23:24 -0500] "GET /goodscode/1481030421 HTTP/1.1" 404 54861 "-" "meta-externalagent/1.1 (+https://developers.facebook.com/docs/sharing/webmasters/crawler)"
2a03:2880:f80e:4a:: - - [22/Jan/2026:07:23:24 -0500] "GET /shop/cocagne/bastion11703540840 HTTP/1.1" 404 54853 "-" "meta-externalagent/1.1 (+https://developers.facebook.com/docs/sharing/webmasters/crawler)"
216.73.216.111 - - [22/Jan/2026:07:23:25 -0500] "GET /page/16/?a=255998348649f HTTP/1.1" 200 16428 "-" "Mozilla/5.0 AppleWebKit/537.36 (KHTML, like Gecko; compatible; ClaudeBot/1.0; +claudebot@anthropic.com)"
2a03:2880:f80e:42:: - - [22/Jan/2026:07:23:25 -0500] "GET /shop/vilifier/festinately112329236419 HTTP/1.1" 404 54853 "-" "meta-externalagent/1.1 (+https://developers.facebook.com/docs/sharing/webmasters/crawler)"
2a03:2880:f80e:1f:: - - [22/Jan/2026:07:23:27 -0500] "GET /shop/sponsional/chemiotaxis172379456019 HTTP/1.1" 404 54853 "-" "meta-externalagent/1.1 (+https://developers.facebook.com/docs/sharing/webmasters/crawler)"
2a03:2880:f80e:2c:: - - [22/Jan/2026:07:23:27 -0500] "GET /shop/preparing/crammer171584857252 HTTP/1.1" 404 54853 "-" "meta-externalagent/1.1 (+https://developers.facebook.com/docs/sharing/webmasters/crawler)"
74.7.243.223 - - [22/Jan/2026:07:23:27 -0500] "GET /page/71/?n=1653666463110 HTTP/1.1" 200 16370 "https://totalcard.biz/page/70/?n=1653666463110" "Mozilla/5.0 AppleWebKit/537.36 (KHTML, like Gecko; compatible; GPTBot/1.3; +https://openai.com/gptbot)"
2a03:2880:f80e:53:: - - [22/Jan/2026:07:23:27 -0500] "GET /shop/gainpain/delivery131372202731 HTTP/1.1" 404 54853 "-" "meta-externalagent/1.1 (+https://developers.facebook.com/docs/sharing/webmasters/crawler)"
216.73.216.111 - - [22/Jan/2026:07:23:28 -0500] "GET /page/16/?a=2614933336dj HTTP/1.1" 200 16425 "-" "Mozilla/5.0 AppleWebKit/537.36 (KHTML, like Gecko; compatible; ClaudeBot/1.0; +claudebot@anthropic.com)"
2a03:2880:f80e:56:: - - [22/Jan/2026:07:23:29 -0500] "GET /shop/returnable/pregage171570613708 HTTP/1.1" 404 54853 "-" "meta-externalagent/1.1 (+https://developers.facebook.com/docs/sharing/webmasters/crawler)"
2a03:2880:f80e:8:: - - [22/Jan/2026:07:23:30 -0500] "GET /shop/hedonist/dobbin17573941093 HTTP/1.1" 404 54853 "-" "meta-externalagent/1.1 (+https://developers.facebook.com/docs/sharing/webmasters/crawler)"
74.7.243.223 - - [22/Jan/2026:07:23:30 -0500] "GET /page/63/?n=1360268614664 HTTP/1.1" 200 16232 "https://totalcard.biz/page/62/?n=1360268614664" "Mozilla/5.0 AppleWebKit/537.36 (KHTML, like Gecko; compatible; GPTBot/1.3; +https://openai.com/gptbot)"
2a03:2880:f80e:1c:: - - [22/Jan/2026:07:23:30 -0500] "GET /shop/patio/ordination131625441000 HTTP/1.1" 404 54853 "-" "meta-externalagent/1.1 (+https://developers.facebook.com/docs/sharing/webmasters/crawler)"
216.73.216.111 - - [22/Jan/2026:07:23:31 -0500] "GET /page/13/?a=2827782bc88ig HTTP/1.1" 200 16325 "-" "Mozilla/5.0 AppleWebKit/537.36 (KHTML, like Gecko; compatible; ClaudeBot/1.0; +claudebot@anthropic.com)"
2a03:2880:f80e:a:: - - [22/Jan/2026:07:23:31 -0500] "GET /shop/barometric/stepladder132195463320 HTTP/1.1" 404 54853 "-" "meta-externalagent/1.1 (+https://developers.facebook.com/docs/sharing/webmasters/crawler)"
2a03:2880:f80e:6c:: - - [22/Jan/2026:07:23:32 -0500] "GET /shop/impulsion/eureka172859841329 HTTP/1.1" 404 54853 "-" "meta-externalagent/1.1 (+https://developers.facebook.com/docs/sharing/webmasters/crawler)"
2a03:2880:f80e:6e:: - - [22/Jan/2026:07:23:33 -0500] "GET /shop/accumulate/diker123184329753 HTTP/1.1" 404 54853 "-" "meta-externalagent/1.1 (+https://developers.facebook.com/docs/sharing/webmasters/crawler)"
2a03:2880:f80e:32:: - - [22/Jan/2026:07:23:33 -0500] "GET /shop/ensiled/innerly171753849403 HTTP/1.1" 404 54853 "-" "meta-externalagent/1.1 (+https://developers.facebook.com/docs/sharing/webmasters/crawler)"
74.7.243.223 - - [22/Jan/2026:07:23:33 -0500] "GET /page/33/?n=197545058476 HTTP/1.1" 200 16728 "https://totalcard.biz/page/32/?n=197545058476" "Mozilla/5.0 AppleWebKit/537.36 (KHTML, like Gecko; compatible; GPTBot/1.3; +https://openai.com/gptbot)"
216.73.216.111 - - [22/Jan/2026:07:23:34 -0500] "GET /page/7/?a=57025910d9g HTTP/1.1" 200 15692 "-" "Mozilla/5.0 AppleWebKit/537.36 (KHTML, like Gecko; compatible; ClaudeBot/1.0; +claudebot@anthropic.com)"
2a03:2880:f80e:67:: - - [22/Jan/2026:07:23:34 -0500] "GET /shop/inundated/museful171266192171 HTTP/1.1" 404 54853 "-" "meta-externalagent/1.1 (+https://developers.facebook.com/docs/sharing/webmasters/crawler)"
2a03:2880:f80e:3e:: - - [22/Jan/2026:07:23:36 -0500] "GET /?n=69646b994ad HTTP/1.1" 200 15998 "-" "meta-externalagent/1.1 (+https://developers.facebook.com/docs/sharing/webmasters/crawler)"
2a03:2880:f80e:2d:: - - [22/Jan/2026:07:23:36 -0500] "GET /shop/innumerable/perceived111932115920 HTTP/1.1" 404 54853 "-" "meta-externalagent/1.1 (+https://developers.facebook.com/docs/sharing/webmasters/crawler)"
74.7.243.223 - - [22/Jan/2026:07:23:36 -0500] "GET /page/72/?n=1155155059288 HTTP/1.1" 200 16371 "https://totalcard.biz/page/71/?n=1155155059288" "Mozilla/5.0 AppleWebKit/537.36 (KHTML, like Gecko; compatible; GPTBot/1.3; +https://openai.com/gptbot)"
216.73.216.111 - - [22/Jan/2026:07:23:37 -0500] "GET /page/17/?a=3417386ihf7b6 HTTP/1.1" 200 16263 "-" "Mozilla/5.0 AppleWebKit/537.36 (KHTML, like Gecko; compatible; ClaudeBot/1.0; +claudebot@anthropic.com)"
2a03:2880:f80e:47:: - - [22/Jan/2026:07:23:37 -0500] "GET /shop/manicuring/pairment173963063555 HTTP/1.1" 404 54853 "-" "meta-externalagent/1.1 (+https://developers.facebook.com/docs/sharing/webmasters/crawler)"
2a03:2880:f80e:38:: - - [22/Jan/2026:07:23:38 -0500] "GET /?n=559249jc9jii HTTP/1.1" 200 15999 "-" "meta-externalagent/1.1 (+https://developers.facebook.com/docs/sharing/webmasters/crawler)"
2a03:2880:f80e:4d:: - - [22/Jan/2026:07:23:39 -0500] "GET /?n=3457947823gi0 HTTP/1.1" 200 15999 "-" "meta-externalagent/1.1 (+https://developers.facebook.com/docs/sharing/webmasters/crawler)"
74.7.243.223 - - [22/Jan/2026:07:23:40 -0500] "GET /page/58/?n=3360540763504 HTTP/1.1" 200 16332 "https://totalcard.biz/page/57/?n=3360540763504" "Mozilla/5.0 AppleWebKit/537.36 (KHTML, like Gecko; compatible; GPTBot/1.3; +https://openai.com/gptbot)"
216.73.216.111 - - [22/Jan/2026:07:23:40 -0500] "GET /page/7/?a=165322299495i HTTP/1.1" 200 15694 "-" "Mozilla/5.0 AppleWebKit/537.36 (KHTML, like Gecko; compatible; ClaudeBot/1.0; +claudebot@anthropic.com)"
2a03:2880:f80e:39:: - - [22/Jan/2026:07:23:40 -0500] "GET /shop/beatify/homophonous173328825844 HTTP/1.1" 404 54853 "-" "meta-externalagent/1.1 (+https://developers.facebook.com/docs/sharing/webmasters/crawler)"
2a03:2880:f80e:10:: - - [22/Jan/2026:07:23:40 -0500] "GET /shop/polymerous/eozoa171246942337 HTTP/1.1" 404 54853 "-" "meta-externalagent/1.1 (+https://developers.facebook.com/docs/sharing/webmasters/crawler)"
2a03:2880:f80e:5:: - - [22/Jan/2026:07:23:41 -0500] "GET /shop/educationalist/iridescence1741676068 HTTP/1.1" 404 54853 "-" "meta-externalagent/1.1 (+https://developers.facebook.com/docs/sharing/webmasters/crawler)"
2a03:2880:f80e:42:: - - [22/Jan/2026:07:23:42 -0500] "GET /shop/greenbroom/quicken172923619057 HTTP/1.1" 404 54853 "-" "meta-externalagent/1.1 (+https://developers.facebook.com/docs/sharing/webmasters/crawler)"
74.7.243.223 - - [22/Jan/2026:07:23:43 -0500] "GET /page/7/?n=2178148131050 HTTP/1.1" 200 15693 "https://totalcard.biz/page/6/?n=2178148131050" "Mozilla/5.0 AppleWebKit/537.36 (KHTML, like Gecko; compatible; GPTBot/1.3; +https://openai.com/gptbot)"
216.73.216.111 - - [22/Jan/2026:07:23:43 -0500] "GET /page/12/?a=28381575f5002 HTTP/1.1" 200 16058 "-" "Mozilla/5.0 AppleWebKit/537.36 (KHTML, like Gecko; compatible; ClaudeBot/1.0; +claudebot@anthropic.com)"
2a03:2880:f80e:21:: - - [22/Jan/2026:07:23:44 -0500] "GET /shop/somnipathist/endocarp13295692433 HTTP/1.1" 404 54853 "-" "meta-externalagent/1.1 (+https://developers.facebook.com/docs/sharing/webmasters/crawler)"
2a03:2880:f80e:42:: - - [22/Jan/2026:07:23:45 -0500] "GET /shop/leeme/churchdom17460809354 HTTP/1.1" 404 54853 "-" "meta-externalagent/1.1 (+https://developers.facebook.com/docs/sharing/webmasters/crawler)"
74.7.243.223 - - [22/Jan/2026:07:23:46 -0500] "GET /page/72/?n=1165736155627 HTTP/1.1" 200 16371 "https://totalcard.biz/page/71/?n=1165736155627" "Mozilla/5.0 AppleWebKit/537.36 (KHTML, like Gecko; compatible; GPTBot/1.3; +https://openai.com/gptbot)"
2a03:2880:f80e:61:: - - [22/Jan/2026:07:23:46 -0500] "GET /shop/presentively/frizzes174008552601 HTTP/1.1" 404 54853 "-" "meta-externalagent/1.1 (+https://developers.facebook.com/docs/sharing/webmasters/crawler)"
2a03:2880:f80e:66:: - - [22/Jan/2026:07:23:48 -0500] "GET /shop/onagri/dipsomania17881738491 HTTP/1.1" 404 54853 "-" "meta-externalagent/1.1 (+https://developers.facebook.com/docs/sharing/webmasters/crawler)"
74.7.243.223 - - [22/Jan/2026:07:23:49 -0500] "GET /page/72/?n=2737231621417 HTTP/1.1" 200 16371 "https://totalcard.biz/page/71/?n=2737231621417" "Mozilla/5.0 AppleWebKit/537.36 (KHTML, like Gecko; compatible; GPTBot/1.3; +https://openai.com/gptbot)"
2a03:2880:f80e:34:: - - [22/Jan/2026:07:23:50 -0500] "GET /shop/conjugate/formally113470831741 HTTP/1.1" 404 54853 "-" "meta-externalagent/1.1 (+https://developers.facebook.com/docs/sharing/webmasters/crawler)"
2a03:2880:f80e:b:: - - [22/Jan/2026:07:23:50 -0500] "GET /shop/tremolando/unreadiness172575294570 HTTP/1.1" 404 54853 "-" "meta-externalagent/1.1 (+https://developers.facebook.com/docs/sharing/webmasters/crawler)"
216.73.216.111 - - [22/Jan/2026:07:23:51 -0500] "GET /page/9/?a=4087202407aj5 HTTP/1.1" 200 16667 "-" "Mozilla/5.0 AppleWebKit/537.36 (KHTML, like Gecko; compatible; ClaudeBot/1.0; +claudebot@anthropic.com)"
74.7.243.223 - - [22/Jan/2026:07:23:52 -0500] "GET /page/72/?n=2868109558107 HTTP/1.1" 200 16370 "https://totalcard.biz/page/71/?n=2868109558107" "Mozilla/5.0 AppleWebKit/537.36 (KHTML, like Gecko; compatible; GPTBot/1.3; +https://openai.com/gptbot)"
2a03:2880:f80e:57:: - - [22/Jan/2026:07:23:52 -0500] "GET /shop/deadness/insulating172216819835 HTTP/1.1" 404 54853 "-" "meta-externalagent/1.1 (+https://developers.facebook.com/docs/sharing/webmasters/crawler)"
216.73.216.111 - - [22/Jan/2026:07:23:54 -0500] "GET /page/10/?a=241103i8b9bf HTTP/1.1" 200 16407 "-" "Mozilla/5.0 AppleWebKit/537.36 (KHTML, like Gecko; compatible; ClaudeBot/1.0; +claudebot@anthropic.com)"
2a03:2880:f80e:c:: - - [22/Jan/2026:07:23:54 -0500] "GET /goodscode/520390800 HTTP/1.1" 404 54861 "-" "meta-externalagent/1.1 (+https://developers.facebook.com/docs/sharing/webmasters/crawler)"
