85.203.21.53 - - [22/Jan/2026:11:42:03 -0500] "GET /wp-includes/SimplePie/library/SimplePie/Content/Type/222.php HTTP/1.1" 404 43596 "http://parawisata.us/wp-includes/SimplePie/library/SimplePie/Content/Type/222.php" "Go-http-client/2.0"
85.203.21.53 - - [22/Jan/2026:11:42:04 -0500] "GET /man.php HTTP/1.1" 404 43596 "http://parawisata.us/man.php" "Go-http-client/2.0"
85.203.21.53 - - [22/Jan/2026:11:42:06 -0500] "GET /wp-content/zoom1.php HTTP/1.1" 404 43596 "http://parawisata.us/wp-content/zoom1.php" "Go-http-client/2.0"
68.65.122.212 - - [22/Jan/2026:11:42:08 -0500] "POST /wp-cron.php?doing_wp_cron=1769100127.3042778968811035156250 HTTP/1.1" 404 43596 "-" "WordPress/6.8.3; https://parawisata.us"
85.203.21.53 - - [22/Jan/2026:11:42:09 -0500] "GET /wp-content/themes/astra/inc/compatibility/lifterlms/customizer/sections/ HTTP/1.1" 404 43596 "http://parawisata.us/wp-content/themes/astra/inc/compatibility/lifterlms/customizer/sections/" "Go-http-client/2.0"
85.203.21.53 - - [22/Jan/2026:11:42:10 -0500] "GET /wp-content/themes/astra/inc/customizer/custom-controls/assets/js/unminified/ HTTP/1.1" 404 43596 "http://parawisata.us/wp-content/themes/astra/inc/customizer/custom-controls/assets/js/unminified/" "Go-http-client/2.0"
85.203.21.53 - - [22/Jan/2026:11:42:12 -0500] "GET /wp-content/themes/astra/inc/customizer/custom-controls/assets/css/minified/ HTTP/1.1" 404 43596 "http://parawisata.us/wp-content/themes/astra/inc/customizer/custom-controls/assets/css/minified/" "Go-http-client/2.0"
85.203.21.53 - - [22/Jan/2026:11:42:14 -0500] "GET /wp-content/themes/astra/assets/js/ HTTP/1.1" 404 43596 "http://parawisata.us/wp-content/themes/astra/assets/js/" "Go-http-client/2.0"
85.203.21.53 - - [22/Jan/2026:11:42:15 -0500] "GET /wp-content/uploads/astra-addon/ HTTP/1.1" 404 43596 "http://parawisata.us/wp-content/uploads/astra-addon/" "Go-http-client/2.0"
85.203.21.53 - - [22/Jan/2026:11:42:17 -0500] "GET /wp-includes/Text/wp-mails.php HTTP/1.1" 404 43596 "http://parawisata.us/wp-includes/Text/wp-mails.php" "Go-http-client/2.0"
85.203.21.53 - - [22/Jan/2026:11:42:18 -0500] "GET /wp-includes/SimplePie/new.php HTTP/1.1" 404 43596 "http://parawisata.us/wp-includes/SimplePie/new.php" "Go-http-client/2.0"
66.249.68.36 - - [22/Jan/2026:11:42:20 -0500] "GET /?j=2174442445192&channel=115e00&from=https://www.parawisata.us/post.php?products/kindlier/3250955118.phtml HTTP/1.1" 200 226 "-" "Mozilla/5.0 (Linux; Android 6.0.1; Nexus 5X Build/MMB29P) AppleWebKit/537.36 (KHTML, like Gecko) Chrome/143.0.7499.192 Mobile Safari/537.36 (compatible; Googlebot/2.1; +http://www.google.com/bot.html)"
85.203.21.53 - - [22/Jan/2026:11:42:20 -0500] "GET /wp-includes/blocks/group/ HTTP/1.1" 200 569 "http://parawisata.us/wp-includes/blocks/group/" "Go-http-client/2.0"
85.203.21.53 - - [22/Jan/2026:11:42:20 -0500] "GET /wp-content/languages/plugins/js/crd/admin.php HTTP/1.1" 404 43596 "http://parawisata.us/wp-content/languages/plugins/js/crd/admin.php" "Go-http-client/2.0"
85.203.21.53 - - [22/Jan/2026:11:42:22 -0500] "GET /wp-content/themes/twentytwentyfour/uploads/isc/ HTTP/1.1" 404 43596 "http://parawisata.us/wp-content/themes/twentytwentyfour/uploads/isc/" "Go-http-client/2.0"
85.203.21.53 - - [22/Jan/2026:11:42:23 -0500] "GET /wp-includes/js/thickbox/img/docs/includes/data/tmp/klo/aawl/ HTTP/1.1" 404 43596 "http://parawisata.us/wp-includes/js/thickbox/img/docs/includes/data/tmp/klo/aawl/" "Go-http-client/2.0"
85.203.21.53 - - [22/Jan/2026:11:42:25 -0500] "GET /wp-content/themes/wp-pridmag/load.php HTTP/1.1" 404 43596 "http://parawisata.us/wp-content/themes/wp-pridmag/load.php" "Go-http-client/2.0"
85.203.21.53 - - [22/Jan/2026:11:42:26 -0500] "GET /wp-includes/block-supports/ HTTP/1.1" 200 346 "http://parawisata.us/wp-includes/block-supports/" "Go-http-client/2.0"
85.203.21.53 - - [22/Jan/2026:11:42:27 -0500] "GET /wp-includes/blocks/social-links/ HTTP/1.1" 200 504 "http://parawisata.us/wp-includes/blocks/social-links/" "Go-http-client/2.0"
85.203.21.53 - - [22/Jan/2026:11:42:27 -0500] "GET /wp-includes/blocks/pullquote/ HTTP/1.1" 200 578 "http://parawisata.us/wp-includes/blocks/pullquote/" "Go-http-client/2.0"
85.203.21.53 - - [22/Jan/2026:11:42:27 -0500] "GET /wp-includes/blocks/list/ HTTP/1.1" 200 457 "http://parawisata.us/wp-includes/blocks/list/" "Go-http-client/2.0"
85.203.21.53 - - [22/Jan/2026:11:42:28 -0500] "GET /wp-includes/blocks/tag-cloud/ HTTP/1.1" 200 530 "http://parawisata.us/wp-includes/blocks/tag-cloud/" "Go-http-client/2.0"
85.203.21.53 - - [22/Jan/2026:11:42:28 -0500] "GET /wp-includes/blocks/audio/go.php HTTP/1.1" 404 43596 "http://parawisata.us/wp-includes/blocks/audio/go.php" "Go-http-client/2.0"
85.203.21.53 - - [22/Jan/2026:11:42:29 -0500] "GET /wp-includes/ID3/imagess.php HTTP/1.1" 404 43596 "http://parawisata.us/wp-includes/ID3/imagess.php" "Go-http-client/2.0"
69.197.149.50 - - [22/Jan/2026:11:41:04 -0500] "GET /wp-includes/x2850cc/index.php?id=333095 HTTP/1.1" 200 - "https://parawisata.us/wp-includes/x2850cc/index.php?id=333095" "Mozilla/5.0 (Windows NT 10.0; Win64; x64) AppleWebKit/537.36 (KHTML, like Gecko) Chrome/58.0.3029.110 Safari/537.3"
85.203.21.53 - - [22/Jan/2026:11:42:31 -0500] "GET /wp-admin/network/imagess.php HTTP/1.1" 404 43596 "http://parawisata.us/wp-admin/network/imagess.php" "Go-http-client/2.0"
85.203.21.53 - - [22/Jan/2026:11:42:33 -0500] "GET /wp-admin/maint/let.php HTTP/1.1" 404 43596 "http://parawisata.us/wp-admin/maint/let.php" "Go-http-client/2.0"
85.203.21.53 - - [22/Jan/2026:11:42:34 -0500] "GET /wp-admin/go.php HTTP/1.1" 404 43596 "http://parawisata.us/wp-admin/go.php" "Go-http-client/2.0"
142.44.220.78 - - [22/Jan/2026:11:42:35 -0500] "GET /313650135 HTTP/1.1" 404 43596 "-" "Mozilla/5.0 (compatible; AhrefsBot/7.0; +http://ahrefs.com/robot/)"
85.203.21.53 - - [22/Jan/2026:11:42:35 -0500] "GET /wp-admin/user/huan.php HTTP/1.1" 404 43596 "http://parawisata.us/wp-admin/user/huan.php" "Go-http-client/2.0"
85.203.21.53 - - [22/Jan/2026:11:42:37 -0500] "GET /wp-includes/css/autoload_classmap.php HTTP/1.1" 404 43596 "http://parawisata.us/wp-includes/css/autoload_classmap.php" "Go-http-client/2.0"
85.203.21.53 - - [22/Jan/2026:11:42:38 -0500] "GET /wp-includes/block-patterns/chosen.php HTTP/1.1" 404 43596 "http://parawisata.us/wp-includes/block-patterns/chosen.php" "Go-http-client/2.0"
85.203.21.53 - - [22/Jan/2026:11:42:39 -0500] "GET /wp-includes/theme-compat/autoload_classmap.php HTTP/1.1" 404 43596 "http://parawisata.us/wp-includes/theme-compat/autoload_classmap.php" "Go-http-client/2.0"
85.203.21.53 - - [22/Jan/2026:11:42:41 -0500] "GET /mail.php HTTP/1.1" 404 43596 "http://parawisata.us/mail.php" "Go-http-client/2.0"
85.203.21.53 - - [22/Jan/2026:11:42:42 -0500] "GET /wp-content/plugins/loarrfh/ HTTP/1.1" 404 43596 "http://parawisata.us/wp-content/plugins/loarrfh/" "Go-http-client/2.0"
85.203.21.53 - - [22/Jan/2026:11:42:44 -0500] "GET /wp-content/plugins/foogallery/foogallery.php HTTP/1.1" 404 43596 "http://parawisata.us/wp-content/plugins/foogallery/foogallery.php" "Go-http-client/2.0"
85.203.21.53 - - [22/Jan/2026:11:42:45 -0500] "GET /wp-content/plugins/404-solution/404-solution.php HTTP/1.1" 404 43596 "http://parawisata.us/wp-content/plugins/404-solution/404-solution.php" "Go-http-client/2.0"
85.203.21.53 - - [22/Jan/2026:11:42:47 -0500] "GET /wp-content/plugins/duplicator/src/moon.php HTTP/1.1" 404 43596 "http://parawisata.us/wp-content/plugins/duplicator/src/moon.php" "Go-http-client/2.0"
66.249.68.35 - - [22/Jan/2026:11:42:48 -0500] "GET /?j=2174442445192&channel=115e00&from=https://www.parawisata.us/post.php?products/constitutively/1317443264.phtml HTTP/1.1" 200 226 "-" "Mozilla/5.0 (Linux; Android 6.0.1; Nexus 5X Build/MMB29P) AppleWebKit/537.36 (KHTML, like Gecko) Chrome/143.0.7499.192 Mobile Safari/537.36 (compatible; Googlebot/2.1; +http://www.google.com/bot.html)"
66.249.68.36 - - [22/Jan/2026:11:42:48 -0500] "GET /?j=2174442445192&channel=115e00&from=https://www.parawisata.us/post.php?products/predict/540899742.phtml HTTP/1.1" 200 226 "-" "Mozilla/5.0 (Linux; Android 6.0.1; Nexus 5X Build/MMB29P) AppleWebKit/537.36 (KHTML, like Gecko) Chrome/143.0.7499.192 Mobile Safari/537.36 (compatible; Googlebot/2.1; +http://www.google.com/bot.html)"
66.249.68.36 - - [22/Jan/2026:11:42:48 -0500] "GET /?j=2174442445192&channel=115e00&from=https://www.parawisata.us/post.php?products/steganopodes/2604478771.phtml HTTP/1.1" 200 226 "-" "Mozilla/5.0 (Linux; Android 6.0.1; Nexus 5X Build/MMB29P) AppleWebKit/537.36 (KHTML, like Gecko) Chrome/143.0.7499.192 Mobile Safari/537.36 (compatible; Googlebot/2.1; +http://www.google.com/bot.html)"
85.203.21.53 - - [22/Jan/2026:11:42:48 -0500] "GET /wp-content/plugins/admin-menu-search/admin-menu-search.php HTTP/1.1" 404 43596 "http://parawisata.us/wp-content/plugins/admin-menu-search/admin-menu-search.php" "Go-http-client/2.0"
85.203.21.53 - - [22/Jan/2026:11:42:50 -0500] "GET /wp-content/plugins/admin-site-enhancements/admin-site-enhancements.php HTTP/1.1" 404 43596 "http://parawisata.us/wp-content/plugins/admin-site-enhancements/admin-site-enhancements.php" "Go-http-client/2.0"
85.203.21.53 - - [22/Jan/2026:11:42:51 -0500] "GET /wp-content/plugins/members/members.php HTTP/1.1" 404 43596 "http://parawisata.us/wp-content/plugins/members/members.php" "Go-http-client/2.0"
85.203.21.53 - - [22/Jan/2026:11:42:53 -0500] "GET /wp-content/plugins/performance-lab/load.php HTTP/1.1" 404 43596 "http://parawisata.us/wp-content/plugins/performance-lab/load.php" "Go-http-client/2.0"
85.203.21.53 - - [22/Jan/2026:11:42:54 -0500] "GET /wp-content/plugins/performance-lab/includes/admin/tags.php HTTP/1.1" 404 43596 "http://parawisata.us/wp-content/plugins/performance-lab/includes/admin/tags.php" "Go-http-client/2.0"
85.203.21.53 - - [22/Jan/2026:11:42:55 -0500] "GET /wp-content/plugins/tinymce-advanced/tinymce-advanced.php HTTP/1.1" 404 43596 "http://parawisata.us/wp-content/plugins/tinymce-advanced/tinymce-advanced.php" "Go-http-client/2.0"
85.203.21.53 - - [22/Jan/2026:11:42:57 -0500] "GET /wp-content/themes/fitnessbase/inc/customizer/al.php HTTP/1.1" 404 43596 "http://parawisata.us/wp-content/themes/fitnessbase/inc/customizer/al.php" "Go-http-client/2.0"
85.203.21.53 - - [22/Jan/2026:11:42:58 -0500] "GET /wp-content/themes/covr-wpcom/assets/fonts/manrope.php HTTP/1.1" 404 43596 "http://parawisata.us/wp-content/themes/covr-wpcom/assets/fonts/manrope.php" "Go-http-client/2.0"
114.119.158.58 - - [22/Jan/2026:11:42:59 -0500] "GET /products/noninhabitant/768724714.phtml HTTP/1.1" 404 43596 "https://parawisata.us/?sitemap627.xml" "Mozilla/5.0 (Linux; Android 7.0;) AppleWebKit/537.36 (KHTML, like Gecko) Mobile Safari/537.36 (compatible; PetalBot;+https://webmaster.petalsearch.com/site/petalbot)"
85.203.21.53 - - [22/Jan/2026:11:43:00 -0500] "GET /wp-content/themes/hello-elementor/new.php HTTP/1.1" 404 43596 "http://parawisata.us/wp-content/themes/hello-elementor/new.php" "Go-http-client/2.0"
85.203.21.53 - - [22/Jan/2026:11:43:01 -0500] "GET /wp-content/themes/theme-check/theme-check.php HTTP/1.1" 404 43596 "http://parawisata.us/wp-content/themes/theme-check/theme-check.php" "Go-http-client/2.0"
85.203.21.53 - - [22/Jan/2026:11:43:03 -0500] "GET /wp-content/plugins/advanced-llms-txt-generator/assets/css/css_json.php HTTP/1.1" 404 43596 "http://parawisata.us/wp-content/plugins/advanced-llms-txt-generator/assets/css/css_json.php" "Go-http-client/2.0"
85.203.21.53 - - [22/Jan/2026:11:43:04 -0500] "GET /wp-content/plugins/so-pinyin-slugs/inc/new.php HTTP/1.1" 404 43596 "http://parawisata.us/wp-content/plugins/so-pinyin-slugs/inc/new.php" "Go-http-client/2.0"
85.203.21.53 - - [22/Jan/2026:11:43:06 -0500] "GET /wp-content/plugins/Iitespeed-cache/zczv.php HTTP/1.1" 404 43596 "http://parawisata.us/wp-content/plugins/Iitespeed-cache/zczv.php" "Go-http-client/2.0"
85.203.21.53 - - [22/Jan/2026:11:43:07 -0500] "GET /wp-content/uploads/woocommerce_uploads/about.php HTTP/1.1" 404 43596 "http://parawisata.us/wp-content/uploads/woocommerce_uploads/about.php" "Go-http-client/2.0"
68.65.122.212 - - [22/Jan/2026:11:43:09 -0500] "POST /wp-cron.php?doing_wp_cron=1769100188.1654739379882812500000 HTTP/1.1" 404 43596 "-" "WordPress/6.8.3; https://parawisata.us"
85.203.21.53 - - [22/Jan/2026:11:43:10 -0500] "GET /wp-content/plugins/carousel-slider/templates/loop/classwithtostring.php HTTP/1.1" 404 43596 "http://parawisata.us/wp-content/plugins/carousel-slider/templates/loop/classwithtostring.php" "Go-http-client/2.0"
85.203.21.53 - - [22/Jan/2026:11:43:11 -0500] "GET /wp-content/adca.php HTTP/1.1" 404 43596 "http://parawisata.us/wp-content/adca.php" "Go-http-client/2.0"
85.203.21.53 - - [22/Jan/2026:11:43:13 -0500] "GET /wp-content/maintenance/bolt.php HTTP/1.1" 404 43596 "http://parawisata.us/wp-content/maintenance/bolt.php" "Go-http-client/2.0"
85.203.21.53 - - [22/Jan/2026:11:43:14 -0500] "GET /wp-admin/js/widgets/html-api/about.php HTTP/1.1" 404 43596 "http://parawisata.us/wp-admin/js/widgets/html-api/about.php" "Go-http-client/2.0"
66.249.68.35 - - [22/Jan/2026:11:43:16 -0500] "GET /?j=2174442445192&channel=115e00&from=https://www.parawisata.us/post.php?products/nectar/1044180243.phtml HTTP/1.1" 200 226 "-" "Mozilla/5.0 (Linux; Android 6.0.1; Nexus 5X Build/MMB29P) AppleWebKit/537.36 (KHTML, like Gecko) Chrome/143.0.7499.192 Mobile Safari/537.36 (compatible; Googlebot/2.1; +http://www.google.com/bot.html)"
85.203.21.53 - - [22/Jan/2026:11:43:16 -0500] "GET /wp-admin/user/interactivity-api/ HTTP/1.1" 404 43596 "http://parawisata.us/wp-admin/user/interactivity-api/" "Go-http-client/2.0"
85.203.21.53 - - [22/Jan/2026:11:43:17 -0500] "GET /wp-content/plugins/siteorigin-panels/ HTTP/1.1" 404 43596 "http://parawisata.us/wp-content/plugins/siteorigin-panels/" "Go-http-client/2.0"
85.203.21.53 - - [22/Jan/2026:11:43:19 -0500] "GET /wp-admin/includes/nav-menu-trigger.php HTTP/1.1" 404 43596 "http://parawisata.us/wp-admin/includes/nav-menu-trigger.php" "Go-http-client/2.0"
85.203.21.53 - - [22/Jan/2026:11:43:20 -0500] "GET /wp-includes/link-template-firewall.php HTTP/1.1" 404 43596 "http://parawisata.us/wp-includes/link-template-firewall.php" "Go-http-client/2.0"
85.203.21.53 - - [22/Jan/2026:11:43:22 -0500] "GET /wp-content/themes/hello-elementor/assets/ HTTP/1.1" 404 43596 "http://parawisata.us/wp-content/themes/hello-elementor/assets/" "Go-http-client/2.0"
142.44.228.251 - - [22/Jan/2026:11:43:22 -0500] "GET /295502649 HTTP/1.1" 404 43596 "-" "Mozilla/5.0 (compatible; AhrefsBot/7.0; +http://ahrefs.com/robot/)"
85.203.21.53 - - [22/Jan/2026:11:43:23 -0500] "GET /wp-includes/blocks/post-author/ HTTP/1.1" 200 518 "http://parawisata.us/wp-includes/blocks/post-author/" "Go-http-client/2.0"
204.12.208.18 - - [22/Jan/2026:11:43:23 -0500] "GET /wp-includes/x2850cc/index.php HTTP/1.1" 200 26 "https://parawisata.us/wp-includes/x2850cc/index.php" "Mozilla/5.0 (Windows NT 5.1) AppleWebKit/535.2 (KHTML, like Gecko) Chrome/15.0.874.120 Safari/535.2"
85.203.21.53 - - [22/Jan/2026:11:43:24 -0500] "GET /wp-includes/sodium_compat/namespaced/Core/ HTTP/1.1" 200 430 "http://parawisata.us/wp-includes/sodium_compat/namespaced/Core/" "Go-http-client/2.0"
85.203.21.53 - - [22/Jan/2026:11:43:24 -0500] "GET /wp-includes/js/wp-conflg.php HTTP/1.1" 404 43596 "http://parawisata.us/wp-includes/js/wp-conflg.php" "Go-http-client/2.0"
85.203.21.53 - - [22/Jan/2026:11:43:26 -0500] "GET /wp-includes/blocks/post-template/lock.php HTTP/1.1" 404 43596 "http://parawisata.us/wp-includes/blocks/post-template/lock.php" "Go-http-client/2.0"
85.203.21.53 - - [22/Jan/2026:11:43:27 -0500] "GET /wp-includes/css/dist/components/style-rtl.min_42.php HTTP/1.1" 404 43596 "http://parawisata.us/wp-includes/css/dist/components/style-rtl.min_42.php" "Go-http-client/2.0"
85.203.21.53 - - [22/Jan/2026:11:43:28 -0500] "GET /wp-includes/js/tinymce/ HTTP/1.1" 200 585 "http://parawisata.us/wp-includes/js/tinymce/" "Go-http-client/2.0"
85.203.21.53 - - [22/Jan/2026:11:43:29 -0500] "GET /wp-includes/SimplePie/Credit_74.php HTTP/1.1" 404 43596 "http://parawisata.us/wp-includes/SimplePie/Credit_74.php" "Go-http-client/2.0"
85.203.21.53 - - [22/Jan/2026:11:43:30 -0500] "GET /wp-content/plugins/akismet/_40.php HTTP/1.1" 404 43596 "http://parawisata.us/wp-content/plugins/akismet/_40.php" "Go-http-client/2.0"
85.203.21.53 - - [22/Jan/2026:11:43:32 -0500] "GET /wp-admin/css/colors/coffee/colors_26.php HTTP/1.1" 404 43596 "http://parawisata.us/wp-admin/css/colors/coffee/colors_26.php" "Go-http-client/2.0"
85.203.21.53 - - [22/Jan/2026:11:43:33 -0500] "GET /wp-includes/fonts/wp-conflg.php HTTP/1.1" 404 43596 "http://parawisata.us/wp-includes/fonts/wp-conflg.php" "Go-http-client/2.0"
85.203.21.53 - - [22/Jan/2026:11:43:34 -0500] "GET /wp-includes/rest-api/endpoints/ HTTP/1.1" 200 347 "http://parawisata.us/wp-includes/rest-api/endpoints/" "Go-http-client/2.0"
85.203.21.53 - - [22/Jan/2026:11:43:35 -0500] "GET /wp-includes/SimplePie/autoload_classmap.php HTTP/1.1" 404 43596 "http://parawisata.us/wp-includes/SimplePie/autoload_classmap.php" "Go-http-client/2.0"
85.203.21.53 - - [22/Jan/2026:11:43:36 -0500] "GET /wp-includes/blocks/video/ HTTP/1.1" 200 560 "http://parawisata.us/wp-includes/blocks/video/" "Go-http-client/2.0"
85.203.21.53 - - [22/Jan/2026:11:43:37 -0500] "GET /wp-includes/css/dist/edit-widgets/ HTTP/1.1" 200 429 "http://parawisata.us/wp-includes/css/dist/edit-widgets/" "Go-http-client/2.0"
85.203.21.53 - - [22/Jan/2026:11:43:37 -0500] "GET /wp-includes/blocks/details/ HTTP/1.1" 200 522 "http://parawisata.us/wp-includes/blocks/details/" "Go-http-client/2.0"
85.203.21.53 - - [22/Jan/2026:11:43:37 -0500] "GET /wp-admin/js/widgets/classwithtostring.php HTTP/1.1" 404 43596 "http://parawisata.us/wp-admin/js/widgets/classwithtostring.php" "Go-http-client/2.0"
85.203.21.53 - - [22/Jan/2026:11:43:39 -0500] "GET /wp-admin/theme-editor-class.php HTTP/1.1" 404 43596 "http://parawisata.us/wp-admin/theme-editor-class.php" "Go-http-client/2.0"
85.203.21.53 - - [22/Jan/2026:11:43:40 -0500] "GET /wp-content/plugins/LayerSlider/assets/static/codemirror/addon/hint/about.php HTTP/1.1" 404 43596 "http://parawisata.us/wp-content/plugins/LayerSlider/assets/static/codemirror/addon/hint/about.php" "Go-http-client/2.0"
85.203.21.53 - - [22/Jan/2026:11:43:42 -0500] "GET /wp-content/plugins/LayerSlider/assets/static/layerslider/skins/carousel/about.php HTTP/1.1" 404 43596 "http://parawisata.us/wp-content/plugins/LayerSlider/assets/static/layerslider/skins/carousel/about.php" "Go-http-client/2.0"
85.203.21.53 - - [22/Jan/2026:11:43:43 -0500] "GET /wp-content/plugins/fusion-core/css/about.php HTTP/1.1" 404 43596 "http://parawisata.us/wp-content/plugins/fusion-core/css/about.php" "Go-http-client/2.0"
66.249.68.35 - - [22/Jan/2026:11:43:44 -0500] "GET /?j=2174442445192&channel=115e00&from=https://www.parawisata.us/post.php?products/recusation/2460324118.phtml HTTP/1.1" 200 226 "-" "Mozilla/5.0 (Linux; Android 6.0.1; Nexus 5X Build/MMB29P) AppleWebKit/537.36 (KHTML, like Gecko) Chrome/143.0.7499.192 Mobile Safari/537.36 (compatible; Googlebot/2.1; +http://www.google.com/bot.html)"
85.203.21.53 - - [22/Jan/2026:11:43:44 -0500] "GET /wp-content/plugins/themely/img/about.php HTTP/1.1" 404 43596 "http://parawisata.us/wp-content/plugins/themely/img/about.php" "Go-http-client/2.0"
85.203.21.53 - - [22/Jan/2026:11:43:45 -0500] "GET /wp-includes/blocks/page-list-item/lock.php HTTP/1.1" 404 43596 "http://parawisata.us/wp-includes/blocks/page-list-item/lock.php" "Go-http-client/2.0"
85.203.21.53 - - [22/Jan/2026:11:43:47 -0500] "GET /wp-content/plugins/amp/vendor/ampproject/amp-toolbox/src/Validator/Spec/DescendantTagList/HeaRk.php HTTP/1.1" 404 43596 "http://parawisata.us/wp-content/plugins/amp/vendor/ampproject/amp-toolbox/src/Validator/Spec/DescendantTagList/HeaRk.php" "Go-http-client/2.0"
85.203.21.53 - - [22/Jan/2026:11:43:49 -0500] "GET /wp-admin/sql.php HTTP/1.1" 404 43596 "http://parawisata.us/wp-admin/sql.php" "Go-http-client/2.0"
85.203.21.53 - - [22/Jan/2026:11:43:50 -0500] "GET /wp-admin/user/chosen.php HTTP/1.1" 404 43596 "http://parawisata.us/wp-admin/user/chosen.php" "Go-http-client/2.0"
85.203.21.53 - - [22/Jan/2026:11:43:52 -0500] "GET /prayer_intentions.php HTTP/1.1" 404 43596 "http://parawisata.us/prayer_intentions.php" "Go-http-client/2.0"
85.203.21.53 - - [22/Jan/2026:11:43:53 -0500] "GET /images/data.php HTTP/1.1" 404 43596 "http://parawisata.us/images/data.php" "Go-http-client/2.0"
85.203.21.53 - - [22/Jan/2026:11:43:54 -0500] "GET /wp-includes/css/dist/about.php HTTP/1.1" 404 43596 "http://parawisata.us/wp-includes/css/dist/about.php" "Go-http-client/2.0"
85.203.21.53 - - [22/Jan/2026:11:43:56 -0500] "GET /wp-includes/block-supports/admin.php HTTP/1.1" 404 43596 "http://parawisata.us/wp-includes/block-supports/admin.php" "Go-http-client/2.0"
85.203.21.53 - - [22/Jan/2026:11:43:57 -0500] "GET /wp-includes/sodium_compat/lib/v3/dist/build/build/cache.php HTTP/1.1" 404 43596 "http://parawisata.us/wp-includes/sodium_compat/lib/v3/dist/build/build/cache.php" "Go-http-client/2.0"
85.203.21.53 - - [22/Jan/2026:11:43:59 -0500] "GET /wp-content/plugins/post-views-counter/ HTTP/1.1" 404 43596 "http://parawisata.us/wp-content/plugins/post-views-counter/" "Go-http-client/2.0"
69.197.149.50 - - [22/Jan/2026:11:42:33 -0500] "GET /wp-includes/x2850cc/index.php?id=333095 HTTP/1.1" 200 - "https://parawisata.us/wp-includes/x2850cc/index.php?id=333095" "Mozilla/5.0 (Windows NT 10.0; Win64; x64) AppleWebKit/537.36 (KHTML, like Gecko) Chrome/58.0.3029.110 Safari/537.3"
85.203.21.53 - - [22/Jan/2026:11:44:00 -0500] "GET /wp-admin/user/media/dwv/admin.php HTTP/1.1" 404 43596 "http://parawisata.us/wp-admin/user/media/dwv/admin.php" "Go-http-client/2.0"
85.203.21.53 - - [22/Jan/2026:11:44:02 -0500] "GET /wp-includes/customize/zoom1.php HTTP/1.1" 404 43596 "http://parawisata.us/wp-includes/customize/zoom1.php" "Go-http-client/2.0"
85.203.21.53 - - [22/Jan/2026:11:44:03 -0500] "GET /wp-content/fonts/roboto/wp-admins.php HTTP/1.1" 404 43596 "http://parawisata.us/wp-content/fonts/roboto/wp-admins.php" "Go-http-client/2.0"
85.203.21.53 - - [22/Jan/2026:11:44:04 -0500] "GET /wp-content/themes/flatsome/wp-kgg.php HTTP/1.1" 404 43596 "http://parawisata.us/wp-content/themes/flatsome/wp-kgg.php" "Go-http-client/2.0"
85.203.21.53 - - [22/Jan/2026:11:44:06 -0500] "GET /wp-content/themes/news-portal/wp-admins.php HTTP/1.1" 404 43596 "http://parawisata.us/wp-content/themes/news-portal/wp-admins.php" "Go-http-client/2.0"
85.203.21.53 - - [22/Jan/2026:11:44:07 -0500] "GET /wp-includes/blocks/paragraph/ HTTP/1.1" 200 528 "http://parawisata.us/wp-includes/blocks/paragraph/" "Go-http-client/2.0"
85.203.21.53 - - [22/Jan/2026:11:44:07 -0500] "GET /wp-includes/css/dist/commands/ HTTP/1.1" 200 429 "http://parawisata.us/wp-includes/css/dist/commands/" "Go-http-client/2.0"
85.203.21.53 - - [22/Jan/2026:11:44:08 -0500] "GET /wp-includes/buy.php HTTP/1.1" 404 43596 "http://parawisata.us/wp-includes/buy.php" "Go-http-client/2.0"
148.113.130.14 - - [22/Jan/2026:11:44:08 -0500] "GET /293038992 HTTP/1.1" 404 43596 "-" "Mozilla/5.0 (compatible; AhrefsBot/7.0; +http://ahrefs.com/robot/)"
68.65.122.212 - - [22/Jan/2026:11:44:09 -0500] "POST /wp-cron.php?doing_wp_cron=1769100248.6759390830993652343750 HTTP/1.1" 404 43596 "-" "WordPress/6.8.3; https://parawisata.us"
85.203.21.53 - - [22/Jan/2026:11:44:09 -0500] "GET /wp-content/themes/spacious-pro/js/theia-sticky-sidebar/ HTTP/1.1" 404 43596 "http://parawisata.us/wp-content/themes/spacious-pro/js/theia-sticky-sidebar/" "Go-http-client/2.0"
85.203.21.53 - - [22/Jan/2026:11:44:11 -0500] "GET /wp-includes/Requests/zxasd.php HTTP/1.1" 404 43596 "http://parawisata.us/wp-includes/Requests/zxasd.php" "Go-http-client/2.0"
85.203.21.53 - - [22/Jan/2026:11:44:12 -0500] "GET /wp-includes/theme-compat/database.php HTTP/1.1" 404 43596 "http://parawisata.us/wp-includes/theme-compat/database.php" "Go-http-client/2.0"
85.203.21.53 - - [22/Jan/2026:11:44:13 -0500] "GET /wp-includes/theme-compat/sql.php HTTP/1.1" 404 43596 "http://parawisata.us/wp-includes/theme-compat/sql.php" "Go-http-client/2.0"
85.203.21.53 - - [22/Jan/2026:11:44:15 -0500] "GET /wp-includes/certificates/ty.php HTTP/1.1" 404 43596 "http://parawisata.us/wp-includes/certificates/ty.php" "Go-http-client/2.0"
85.203.21.53 - - [22/Jan/2026:11:44:16 -0500] "GET /wp-includes/css/ty.php HTTP/1.1" 404 43596 "http://parawisata.us/wp-includes/css/ty.php" "Go-http-client/2.0"
85.203.21.53 - - [22/Jan/2026:11:44:17 -0500] "GET /wp-includes/fonts/ty.php HTTP/1.1" 404 43596 "http://parawisata.us/wp-includes/fonts/ty.php" "Go-http-client/2.0"
85.203.21.53 - - [22/Jan/2026:11:44:19 -0500] "GET /wp-includes/assets/a1cord.php HTTP/1.1" 404 43596 "http://parawisata.us/wp-includes/assets/a1cord.php" "Go-http-client/2.0"
85.203.21.53 - - [22/Jan/2026:11:44:20 -0500] "GET /wp-includes/blocks/comment-edit-link/ HTTP/1.1" 200 455 "http://parawisata.us/wp-includes/blocks/comment-edit-link/" "Go-http-client/2.0"
85.203.21.53 - - [22/Jan/2026:11:44:21 -0500] "GET /xex.php HTTP/1.1" 404 43596 "http://parawisata.us/xex.php" "Go-http-client/2.0"
85.203.21.53 - - [22/Jan/2026:11:44:23 -0500] "GET /wp-content/edit-wolf.php HTTP/1.1" 404 43596 "http://parawisata.us/wp-content/edit-wolf.php" "Go-http-client/2.0"
114.119.150.110 - - [22/Jan/2026:11:44:24 -0500] "GET /products/nonfigurative/3311743488.phtml HTTP/1.1" 404 43596 "https://parawisata.us/?sitemap627.xml" "Mozilla/5.0 (Linux; Android 7.0;) AppleWebKit/537.36 (KHTML, like Gecko) Mobile Safari/537.36 (compatible; PetalBot;+https://webmaster.petalsearch.com/site/petalbot)"
85.203.21.53 - - [22/Jan/2026:11:44:25 -0500] "GET /wp-content/plugins/wp_helper_bimfl/shell.php HTTP/1.1" 404 43596 "http://parawisata.us/wp-content/plugins/wp_helper_bimfl/shell.php" "Go-http-client/2.0"
85.203.21.53 - - [22/Jan/2026:11:44:26 -0500] "GET /wp-content/plugins/wp_helper_avcdl/shell.php HTTP/1.1" 404 43596 "http://parawisata.us/wp-content/plugins/wp_helper_avcdl/shell.php" "Go-http-client/2.0"
85.203.21.53 - - [22/Jan/2026:11:44:28 -0500] "GET /wp-content/plugins/wp_helper_rrvvo/shell.php HTTP/1.1" 404 43596 "http://parawisata.us/wp-content/plugins/wp_helper_rrvvo/shell.php" "Go-http-client/2.0"
85.203.21.53 - - [22/Jan/2026:11:44:29 -0500] "GET /wp-content/plugins/contact-form-7/wp-contact-form-7.php HTTP/1.1" 404 43596 "http://parawisata.us/wp-content/plugins/contact-form-7/wp-contact-form-7.php" "Go-http-client/2.0"
85.203.21.53 - - [22/Jan/2026:11:44:31 -0500] "GET /wp-content/themes/wp_theme_ahewl/shell.php HTTP/1.1" 404 43596 "http://parawisata.us/wp-content/themes/wp_theme_ahewl/shell.php" "Go-http-client/2.0"
85.203.21.53 - - [22/Jan/2026:11:44:32 -0500] "GET /wp-includes/blocks/comments-pagination-numbers/ HTTP/1.1" 200 477 "http://parawisata.us/wp-includes/blocks/comments-pagination-numbers/" "Go-http-client/2.0"
85.203.21.53 - - [22/Jan/2026:11:44:32 -0500] "GET /wp-includes/js/jcrop/ HTTP/1.1" 200 444 "http://parawisata.us/wp-includes/js/jcrop/" "Go-http-client/2.0"
85.203.21.53 - - [22/Jan/2026:11:44:33 -0500] "GET /wp-includes/PHPMailer/tx20.php HTTP/1.1" 404 43596 "http://parawisata.us/wp-includes/PHPMailer/tx20.php" "Go-http-client/2.0"
85.203.21.53 - - [22/Jan/2026:11:44:34 -0500] "GET /wp-includes/ah22.php HTTP/1.1" 404 43596 "http://parawisata.us/wp-includes/ah22.php" "Go-http-client/2.0"
85.203.21.53 - - [22/Jan/2026:11:44:36 -0500] "GET /wp-includes/js/ooo.php HTTP/1.1" 404 43596 "http://parawisata.us/wp-includes/js/ooo.php" "Go-http-client/2.0"
85.203.21.53 - - [22/Jan/2026:11:44:37 -0500] "GET /wp-includes/js/jcrop/dist/content/pmdwx/xfe/admin.php HTTP/1.1" 404 43596 "http://parawisata.us/wp-includes/js/jcrop/dist/content/pmdwx/xfe/admin.php" "Go-http-client/2.0"
85.203.21.53 - - [22/Jan/2026:11:44:38 -0500] "GET /wp-admin/css/colors/midnight/resources/dist/includes/img/alw/ HTTP/1.1" 404 43596 "http://parawisata.us/wp-admin/css/colors/midnight/resources/dist/includes/img/alw/" "Go-http-client/2.0"
66.249.68.35 - - [22/Jan/2026:11:44:40 -0500] "GET /mandate096001644.html HTTP/1.1" 200 226 "-" "Mozilla/5.0 (Linux; Android 6.0.1; Nexus 5X Build/MMB29P) AppleWebKit/537.36 (KHTML, like Gecko) Chrome/143.0.7499.192 Mobile Safari/537.36 (compatible; Googlebot/2.1; +http://www.google.com/bot.html)"
85.203.21.53 - - [22/Jan/2026:11:44:40 -0500] "GET /wp-admin/js/widgets/cache/assets/v3/v3/files/akami/admin.php HTTP/1.1" 404 43596 "http://parawisata.us/wp-admin/js/widgets/cache/assets/v3/v3/files/akami/admin.php" "Go-http-client/2.0"
85.203.21.53 - - [22/Jan/2026:11:44:41 -0500] "GET /wp-admin/datate.php HTTP/1.1" 404 43596 "http://parawisata.us/wp-admin/datate.php" "Go-http-client/2.0"
85.203.21.53 - - [22/Jan/2026:11:44:43 -0500] "GET /wp-includes/PHPMailer/chosen.php HTTP/1.1" 404 43596 "http://parawisata.us/wp-includes/PHPMailer/chosen.php" "Go-http-client/2.0"
85.203.21.53 - - [22/Jan/2026:11:44:45 -0500] "GET /wp-includes/sodium_compat/autoload_classmap.php HTTP/1.1" 404 43596 "http://parawisata.us/wp-includes/sodium_compat/autoload_classmap.php" "Go-http-client/2.0"
85.203.21.53 - - [22/Jan/2026:11:44:46 -0500] "GET /wp-content/plugins/call-now-button/admin.php HTTP/1.1" 404 43596 "http://parawisata.us/wp-content/plugins/call-now-button/admin.php" "Go-http-client/2.0"
85.203.21.53 - - [22/Jan/2026:11:44:48 -0500] "GET /wp-content/uploads/rank-math/mmm.php HTTP/1.1" 404 43596 "http://parawisata.us/wp-content/uploads/rank-math/mmm.php" "Go-http-client/2.0"
85.203.21.53 - - [22/Jan/2026:11:44:50 -0500] "GET /wp-content/maintenance/assets/mmm.php HTTP/1.1" 404 43596 "http://parawisata.us/wp-content/maintenance/assets/mmm.php" "Go-http-client/2.0"
85.203.21.53 - - [22/Jan/2026:11:44:52 -0500] "GET /wp-includes/ID3/menu.php HTTP/1.1" 404 43596 "http://parawisata.us/wp-includes/ID3/menu.php" "Go-http-client/2.0"
85.203.21.53 - - [22/Jan/2026:11:44:53 -0500] "GET /wp-includes/js/crop/menu.php HTTP/1.1" 404 43596 "http://parawisata.us/wp-includes/js/crop/menu.php" "Go-http-client/2.0"
85.203.21.53 - - [22/Jan/2026:11:44:55 -0500] "GET /wp-includes/sitemaps/todpIbcm.php HTTP/1.1" 404 43596 "http://parawisata.us/wp-includes/sitemaps/todpIbcm.php" "Go-http-client/2.0"
15.235.96.76 - - [22/Jan/2026:11:44:56 -0500] "GET /292790958 HTTP/1.1" 404 43596 "-" "Mozilla/5.0 (compatible; AhrefsBot/7.0; +http://ahrefs.com/robot/)"
85.203.21.53 - - [22/Jan/2026:11:44:56 -0500] "GET /mah/function.php HTTP/1.1" 404 43596 "http://parawisata.us/mah/function.php" "Go-http-client/2.0"
85.203.21.53 - - [22/Jan/2026:11:44:58 -0500] "GET /wp-includes/wp-2019.php HTTP/1.1" 404 43596 "http://parawisata.us/wp-includes/wp-2019.php" "Go-http-client/2.0"
85.203.21.53 - - [22/Jan/2026:11:44:59 -0500] "GET /about/autoload_classmap.php HTTP/1.1" 404 43596 "http://parawisata.us/about/autoload_classmap.php" "Go-http-client/2.0"
85.203.21.53 - - [22/Jan/2026:11:45:01 -0500] "GET /new/update/chosen.php HTTP/1.1" 404 43596 "http://parawisata.us/new/update/chosen.php" "Go-http-client/2.0"
85.203.21.53 - - [22/Jan/2026:11:45:02 -0500] "GET /new/wp-2019.php HTTP/1.1" 404 43596 "http://parawisata.us/new/wp-2019.php" "Go-http-client/2.0"
85.203.21.53 - - [22/Jan/2026:11:45:04 -0500] "GET /wp-content/wp-2019.php HTTP/1.1" 404 43596 "http://parawisata.us/wp-content/wp-2019.php" "Go-http-client/2.0"
85.203.21.53 - - [22/Jan/2026:11:45:06 -0500] "GET /wp-includes/zczv.php HTTP/1.1" 404 43596 "http://parawisata.us/wp-includes/zczv.php" "Go-http-client/2.0"
68.65.122.212 - - [22/Jan/2026:11:45:09 -0500] "POST /wp-cron.php?doing_wp_cron=1769100308.8080580234527587890625 HTTP/1.1" 404 43596 "-" "WordPress/6.8.3; https://parawisata.us"
85.203.21.53 - - [22/Jan/2026:11:45:08 -0500] "GET /wp-content/themes/as/classwithtostring.php HTTP/1.1" 404 43596 "http://parawisata.us/wp-content/themes/as/classwithtostring.php" "Go-http-client/2.0"
85.203.21.53 - - [22/Jan/2026:11:45:10 -0500] "GET /wp-content/wp-rocket-config/V.php HTTP/1.1" 404 43596 "http://parawisata.us/wp-content/wp-rocket-config/V.php" "Go-http-client/2.0"
85.203.21.53 - - [22/Jan/2026:11:45:12 -0500] "GET /wp-includes/block-patterns/wp-conflg.php HTTP/1.1" 404 43596 "http://parawisata.us/wp-includes/block-patterns/wp-conflg.php" "Go-http-client/2.0"
85.203.21.53 - - [22/Jan/2026:11:45:14 -0500] "GET /wp-includes/blocks/freeform/ HTTP/1.1" 200 463 "http://parawisata.us/wp-includes/blocks/freeform/" "Go-http-client/2.0"
85.203.21.53 - - [22/Jan/2026:11:45:14 -0500] "GET /wp-includes/html-api/autoload_classmap.php HTTP/1.1" 404 43596 "http://parawisata.us/wp-includes/html-api/autoload_classmap.php" "Go-http-client/2.0"
85.203.21.53 - - [22/Jan/2026:11:45:16 -0500] "GET /wp-admin/v.php HTTP/1.1" 404 43596 "http://parawisata.us/wp-admin/v.php" "Go-http-client/2.0"
85.203.21.53 - - [22/Jan/2026:11:45:18 -0500] "GET /wp-admin/network/chosen.php HTTP/1.1" 404 43596 "http://parawisata.us/wp-admin/network/chosen.php" "Go-http-client/2.0"
85.203.21.53 - - [22/Jan/2026:11:45:20 -0500] "GET /wp-content/themes/twentytwentythree/templates/ HTTP/1.1" 404 43596 "http://parawisata.us/wp-content/themes/twentytwentythree/templates/" "Go-http-client/2.0"
85.203.21.53 - - [22/Jan/2026:11:45:22 -0500] "GET /wp-content/fonts/page.php HTTP/1.1" 404 43596 "http://parawisata.us/wp-content/fonts/page.php" "Go-http-client/2.0"
85.203.21.53 - - [22/Jan/2026:11:45:23 -0500] "GET /wp-includes/blocks/separator/ HTTP/1.1" 200 566 "http://parawisata.us/wp-includes/blocks/separator/" "Go-http-client/2.0"
85.203.21.53 - - [22/Jan/2026:11:45:24 -0500] "GET /wp-includes/rest-api/endpoints/webix.php HTTP/1.1" 404 43596 "http://parawisata.us/wp-includes/rest-api/endpoints/webix.php" "Go-http-client/2.0"
85.203.21.53 - - [22/Jan/2026:11:45:25 -0500] "GET /wp-includes/Text/Diff/Engine/template-singl-portfolio.php HTTP/1.1" 404 43596 "http://parawisata.us/wp-includes/Text/Diff/Engine/template-singl-portfolio.php" "Go-http-client/2.0"
85.203.21.53 - - [22/Jan/2026:11:45:27 -0500] "GET /wp-includes/blocks/wp-conflg.php HTTP/1.1" 404 43596 "http://parawisata.us/wp-includes/blocks/wp-conflg.php" "Go-http-client/2.0"
85.203.21.53 - - [22/Jan/2026:11:45:28 -0500] "GET /wp-includes/SimplePie/chosen.php HTTP/1.1" 404 43596 "http://parawisata.us/wp-includes/SimplePie/chosen.php" "Go-http-client/2.0"
69.197.149.50 - - [22/Jan/2026:11:44:02 -0500] "GET /wp-includes/x2850cc/index.php?id=333095 HTTP/1.1" 200 - "https://parawisata.us/wp-includes/x2850cc/index.php?id=333095" "Mozilla/5.0 (Windows NT 10.0; Win64; x64) AppleWebKit/537.36 (KHTML, like Gecko) Chrome/58.0.3029.110 Safari/537.3"
85.203.21.53 - - [22/Jan/2026:11:45:29 -0500] "GET /wp-includes/IXR/info.php HTTP/1.1" 404 43596 "http://parawisata.us/wp-includes/IXR/info.php" "Go-http-client/2.0"
85.203.21.53 - - [22/Jan/2026:11:45:30 -0500] "GET /wp-content/plugins/wp-style.php HTTP/1.1" 404 43596 "http://parawisata.us/wp-content/plugins/wp-style.php" "Go-http-client/2.0"
85.203.21.53 - - [22/Jan/2026:11:45:31 -0500] "GET /wp-content/xp.php HTTP/1.1" 404 43596 "http://parawisata.us/wp-content/xp.php" "Go-http-client/2.0"
85.203.21.53 - - [22/Jan/2026:11:45:32 -0500] "GET /assets/admin/skin/base/mixins/about.php HTTP/1.1" 404 43596 "http://parawisata.us/assets/admin/skin/base/mixins/about.php" "Go-http-client/2.0"
85.203.21.53 - - [22/Jan/2026:11:45:34 -0500] "GET /wp-includes/SimplePie/Content/ HTTP/1.1" 404 43596 "http://parawisata.us/wp-includes/SimplePie/Content/" "Go-http-client/2.0"
85.203.21.53 - - [22/Jan/2026:11:45:35 -0500] "GET /wp-includes/Requests/src/Auth/ HTTP/1.1" 200 348 "http://parawisata.us/wp-includes/Requests/src/Auth/" "Go-http-client/2.0"
85.203.21.53 - - [22/Jan/2026:11:45:35 -0500] "GET /wp-includes/Requests/library/min.php HTTP/1.1" 404 43596 "http://parawisata.us/wp-includes/Requests/library/min.php" "Go-http-client/2.0"
66.249.68.37 - - [22/Jan/2026:11:45:36 -0500] "GET /ctg/search/similarImageSearchResultView/?ctgItemCd=29018670 HTTP/1.1" 200 226 "-" "Mozilla/5.0 (Linux; Android 6.0.1; Nexus 5X Build/MMB29P) AppleWebKit/537.36 (KHTML, like Gecko) Chrome/143.0.7499.192 Mobile Safari/537.36 (compatible; Googlebot/2.1; +http://www.google.com/bot.html)"
66.249.79.1 - - [22/Jan/2026:11:45:36 -0500] "GET /invade024001288.html HTTP/1.1" 200 28450 "-" "Mozilla/5.0 (Linux; Android 6.0.1; Nexus 5X Build/MMB29P) AppleWebKit/537.36 (KHTML, like Gecko) Chrome/143.0.7499.192 Mobile Safari/537.36 (compatible; Googlebot/2.1; +http://www.google.com/bot.html)"
85.203.21.53 - - [22/Jan/2026:11:45:37 -0500] "GET /wp-includes/blocks/query-title/ HTTP/1.1" 200 463 "http://parawisata.us/wp-includes/blocks/query-title/" "Go-http-client/2.0"
85.203.21.53 - - [22/Jan/2026:11:45:37 -0500] "GET /wp-includes/blocks/query-pagination/ HTTP/1.1" 200 522 "http://parawisata.us/wp-includes/blocks/query-pagination/" "Go-http-client/2.0"
85.203.21.53 - - [22/Jan/2026:11:45:37 -0500] "GET /wp-includes/css/dist/nux/ HTTP/1.1" 200 432 "http://parawisata.us/wp-includes/css/dist/nux/" "Go-http-client/2.0"
85.203.21.53 - - [22/Jan/2026:11:45:38 -0500] "GET /wp-includes/js/tinymce/langs/ HTTP/1.1" 200 392 "http://parawisata.us/wp-includes/js/tinymce/langs/" "Go-http-client/2.0"
85.203.21.53 - - [22/Jan/2026:11:45:38 -0500] "GET /wp-includes/js/tinymce/skins/wordpress/images/ HTTP/1.1" 200 703 "http://parawisata.us/wp-includes/js/tinymce/skins/wordpress/images/" "Go-http-client/2.0"
85.203.21.53 - - [22/Jan/2026:11:45:38 -0500] "GET /wp-admin/network/datate.php HTTP/1.1" 404 43596 "http://parawisata.us/wp-admin/network/datate.php" "Go-http-client/2.0"
85.203.21.53 - - [22/Jan/2026:11:45:39 -0500] "GET /wp-includes/sodium_compat/lib/lock360.php HTTP/1.1" 404 43596 "http://parawisata.us/wp-includes/sodium_compat/lib/lock360.php" "Go-http-client/2.0"
85.203.21.53 - - [22/Jan/2026:11:45:41 -0500] "GET /wp-includes/js/wp-work.php HTTP/1.1" 404 43596 "http://parawisata.us/wp-includes/js/wp-work.php" "Go-http-client/2.0"
85.203.21.53 - - [22/Jan/2026:11:45:43 -0500] "GET /wp-includes/rest-api/search/admin.php HTTP/1.1" 404 43596 "http://parawisata.us/wp-includes/rest-api/search/admin.php" "Go-http-client/2.0"
85.203.21.53 - - [22/Jan/2026:11:45:45 -0500] "GET /wp-content/themes/lifeempore/content- HTTP/1.1" 404 43596 "http://parawisata.us/wp-content/themes/lifeempore/content-" "Go-http-client/2.0"
85.203.21.53 - - [22/Jan/2026:11:45:46 -0500] "GET /wp-content/themes/lifeempore-v1/content- HTTP/1.1" 404 43596 "http://parawisata.us/wp-content/themes/lifeempore-v1/content-" "Go-http-client/2.0"
114.119.134.67 - - [22/Jan/2026:11:45:46 -0500] "GET /products/nonentities/4088418539.phtml HTTP/1.1" 404 43596 "https://parawisata.us/?sitemap627.xml" "Mozilla/5.0 (Linux; Android 7.0;) AppleWebKit/537.36 (KHTML, like Gecko) Mobile Safari/537.36 (compatible; PetalBot;+https://webmaster.petalsearch.com/site/petalbot)"
85.203.21.53 - - [22/Jan/2026:11:45:48 -0500] "GET /wp-content/themes/lifeempore-v2/content- HTTP/1.1" 404 43596 "http://parawisata.us/wp-content/themes/lifeempore-v2/content-" "Go-http-client/2.0"
85.203.21.53 - - [22/Jan/2026:11:45:49 -0500] "GET /wp-content/themes/twentynineteen/content- HTTP/1.1" 404 43596 "http://parawisata.us/wp-content/themes/twentynineteen/content-" "Go-http-client/2.0"
54.39.136.190 - - [22/Jan/2026:11:45:50 -0500] "GET /288791661 HTTP/1.1" 404 43596 "-" "Mozilla/5.0 (compatible; AhrefsBot/7.0; +http://ahrefs.com/robot/)"
85.203.21.53 - - [22/Jan/2026:11:45:51 -0500] "GET /wp-includes/blocks/post-excerpt-constructor.php HTTP/1.1" 404 43596 "http://parawisata.us/wp-includes/blocks/post-excerpt-constructor.php" "Go-http-client/2.0"
85.203.21.53 - - [22/Jan/2026:11:45:52 -0500] "GET /wp-admin/edit.php HTTP/1.1" 302 - "http://parawisata.us/wp-admin/edit.php" "Go-http-client/2.0"
85.203.21.53 - - [22/Jan/2026:11:45:53 -0500] "GET /wp-login.php?redirect_to=https%3A%2F%2Fparawisata.us%2Fwp-admin%2Fedit.php&reauth=1 HTTP/1.1" 404 43596 "https://parawisata.us/wp-admin/edit.php" "Go-http-client/2.0"
85.203.21.53 - - [22/Jan/2026:11:45:54 -0500] "GET /wp-admin/includes/class-ftp-sockets-more.php HTTP/1.1" 404 43596 "http://parawisata.us/wp-admin/includes/class-ftp-sockets-more.php" "Go-http-client/2.0"
85.203.21.53 - - [22/Jan/2026:11:45:56 -0500] "GET /wp-admin/options-privacy-pic.php HTTP/1.1" 404 43596 "http://parawisata.us/wp-admin/options-privacy-pic.php" "Go-http-client/2.0"
85.203.21.53 - - [22/Jan/2026:11:45:57 -0500] "GET /wp-includes/post-template-soap.php HTTP/1.1" 404 43596 "http://parawisata.us/wp-includes/post-template-soap.php" "Go-http-client/2.0"
85.203.21.53 - - [22/Jan/2026:11:45:59 -0500] "GET /wp-includes/images/wp-conflg.php HTTP/1.1" 404 43596 "http://parawisata.us/wp-includes/images/wp-conflg.php" "Go-http-client/2.0"
85.203.21.53 - - [22/Jan/2026:11:46:00 -0500] "GET /wp-admin/privacy-beta.php HTTP/1.1" 404 43596 "http://parawisata.us/wp-admin/privacy-beta.php" "Go-http-client/2.0"
85.203.21.53 - - [22/Jan/2026:11:46:02 -0500] "GET /wp-content/uploads/revslider/templates/particle-effect-three/ HTTP/1.1" 404 43596 "http://parawisata.us/wp-content/uploads/revslider/templates/particle-effect-three/" "Go-http-client/2.0"
85.203.21.53 - - [22/Jan/2026:11:46:03 -0500] "GET /wp-content/uploads/revslider/templates/magazineposts/ HTTP/1.1" 404 43596 "http://parawisata.us/wp-content/uploads/revslider/templates/magazineposts/" "Go-http-client/2.0"
85.203.21.53 - - [22/Jan/2026:11:46:05 -0500] "GET /wp-content/uploads/revslider/templates/landing-page-hero/ HTTP/1.1" 404 43596 "http://parawisata.us/wp-content/uploads/revslider/templates/landing-page-hero/" "Go-http-client/2.0"
85.203.21.53 - - [22/Jan/2026:11:46:06 -0500] "GET /wp-content/uploads/revslider/templates/le-chef-la-carte/ HTTP/1.1" 404 43596 "http://parawisata.us/wp-content/uploads/revslider/templates/le-chef-la-carte/" "Go-http-client/2.0"
85.203.21.53 - - [22/Jan/2026:11:46:08 -0500] "GET /wp-content/themes/flatco/assets/ HTTP/1.1" 404 43596 "http://parawisata.us/wp-content/themes/flatco/assets/" "Go-http-client/2.0"
85.203.21.53 - - [22/Jan/2026:11:46:09 -0500] "GET /wp-content/themes/flatco/framework/ HTTP/1.1" 404 43596 "http://parawisata.us/wp-content/themes/flatco/framework/" "Go-http-client/2.0"
68.65.122.212 - - [22/Jan/2026:11:46:11 -0500] "POST /wp-cron.php?doing_wp_cron=1769100370.3020360469818115234375 HTTP/1.1" 404 43596 "-" "WordPress/6.8.3; https://parawisata.us"
85.203.21.53 - - [22/Jan/2026:11:46:12 -0500] "GET /wp-content/themes/Avada/woocommerce/checkout/ HTTP/1.1" 404 43596 "http://parawisata.us/wp-content/themes/Avada/woocommerce/checkout/" "Go-http-client/2.0"
85.203.21.53 - - [22/Jan/2026:11:46:13 -0500] "GET /wp-content/themes/Avada/includes/recaptcha/src/ReCaptcha/ HTTP/1.1" 404 43596 "http://parawisata.us/wp-content/themes/Avada/includes/recaptcha/src/ReCaptcha/" "Go-http-client/2.0"
85.203.21.53 - - [22/Jan/2026:11:46:15 -0500] "GET /wp-content/themes/target/admin/ HTTP/1.1" 404 43596 "http://parawisata.us/wp-content/themes/target/admin/" "Go-http-client/2.0"
85.203.21.53 - - [22/Jan/2026:11:46:16 -0500] "GET /wp-content/themes/dt-the7/inc/extensions/options-framework/js/ HTTP/1.1" 404 43596 "http://parawisata.us/wp-content/themes/dt-the7/inc/extensions/options-framework/js/" "Go-http-client/2.0"
85.203.21.53 - - [22/Jan/2026:11:46:18 -0500] "GET /wp-includes/customize/wp-conflg.php HTTP/1.1" 404 43596 "http://parawisata.us/wp-includes/customize/wp-conflg.php" "Go-http-client/2.0"
85.203.21.53 - - [22/Jan/2026:11:46:25 -0500] "GET /file1.php HTTP/1.1" 404 43596 "http://parawisata.us/file1.php" "Go-http-client/2.0"
85.203.21.53 - - [22/Jan/2026:11:46:26 -0500] "GET /wp-includes/blocks/ HTTP/1.1" 200 22 "http://parawisata.us/wp-includes/blocks/" "Go-http-client/2.0"
85.203.21.53 - - [22/Jan/2026:11:46:26 -0500] "GET /wp-includes/wp-includes.php HTTP/1.1" 404 43596 "http://parawisata.us/wp-includes/wp-includes.php" "Go-http-client/2.0"
85.203.21.53 - - [22/Jan/2026:11:46:20 -0500] "GET /wp-content/plugins/hello-plus/classes/ehp-sarang.php HTTP/1.1" 404 43596 "http://parawisata.us/wp-content/plugins/hello-plus/classes/ehp-sarang.php" "Go-http-client/2.0"
85.203.21.53 - - [22/Jan/2026:11:46:28 -0500] "GET /wp-content/wp-rocket-config/wp-login.php HTTP/1.1" 404 43596 "http://parawisata.us/wp-content/wp-rocket-config/wp-login.php" "Go-http-client/2.0"
85.203.21.53 - - [22/Jan/2026:11:46:30 -0500] "GET /wp-includes/pomo/moon.php HTTP/1.1" 404 43596 "http://parawisata.us/wp-includes/pomo/moon.php" "Go-http-client/2.0"
85.203.21.53 - - [22/Jan/2026:11:46:31 -0500] "GET /wp-includes/block-supports/cloud.php HTTP/1.1" 404 43596 "http://parawisata.us/wp-includes/block-supports/cloud.php" "Go-http-client/2.0"
85.203.21.53 - - [22/Jan/2026:11:46:33 -0500] "GET /wp-admin/css/colors/termps.php HTTP/1.1" 404 43596 "http://parawisata.us/wp-admin/css/colors/termps.php" "Go-http-client/2.0"
85.203.21.53 - - [22/Jan/2026:11:46:34 -0500] "GET /wp-admin/css/404.php HTTP/1.1" 404 43596 "http://parawisata.us/wp-admin/css/404.php" "Go-http-client/2.0"
54.39.0.229 - - [22/Jan/2026:11:46:34 -0500] "GET /288657594 HTTP/1.1" 404 43596 "-" "Mozilla/5.0 (compatible; AhrefsBot/7.0; +http://ahrefs.com/robot/)"
85.203.21.53 - - [22/Jan/2026:11:46:36 -0500] "GET /wp-includes/blocks/social-links/atomlib.php HTTP/1.1" 404 43596 "http://parawisata.us/wp-includes/blocks/social-links/atomlib.php" "Go-http-client/2.0"
85.203.21.53 - - [22/Jan/2026:11:46:37 -0500] "GET /wp-admin/man.php HTTP/1.1" 404 43596 "http://parawisata.us/wp-admin/man.php" "Go-http-client/2.0"
85.203.21.53 - - [22/Jan/2026:11:46:39 -0500] "GET /images/1.php HTTP/1.1" 404 43596 "http://parawisata.us/images/1.php" "Go-http-client/2.0"
85.203.21.53 - - [22/Jan/2026:11:46:40 -0500] "GET /wp-content/plugins/cherry-plugin-master/includes/makeasmtp.php HTTP/1.1" 404 43596 "http://parawisata.us/wp-content/plugins/cherry-plugin-master/includes/makeasmtp.php" "Go-http-client/2.0"
85.203.21.53 - - [22/Jan/2026:11:46:41 -0500] "GET /wp-includes/SimplePie/src/Decode/HTML/sitemaps.php HTTP/1.1" 404 43596 "http://parawisata.us/wp-includes/SimplePie/src/Decode/HTML/sitemaps.php" "Go-http-client/2.0"
85.203.21.53 - - [22/Jan/2026:11:46:43 -0500] "GET /wp-admin/css/colors/lock.php HTTP/1.1" 404 43596 "http://parawisata.us/wp-admin/css/colors/lock.php" "Go-http-client/2.0"
85.203.21.53 - - [22/Jan/2026:11:46:44 -0500] "GET /wp-content/themes/siara-corporate-business/template-parts/header/styles/lock.php HTTP/1.1" 404 43596 "http://parawisata.us/wp-content/themes/siara-corporate-business/template-parts/header/styles/lock.php" "Go-http-client/2.0"
85.203.21.53 - - [22/Jan/2026:11:46:46 -0500] "GET /wp-content/wtu_gagal.php HTTP/1.1" 404 43596 "http://parawisata.us/wp-content/wtu_gagal.php" "Go-http-client/2.0"
85.203.21.53 - - [22/Jan/2026:11:46:48 -0500] "GET /wp-content/plugins/pgaas/ HTTP/1.1" 404 43596 "http://parawisata.us/wp-content/plugins/pgaas/" "Go-http-client/2.0"
85.203.21.53 - - [22/Jan/2026:11:46:50 -0500] "GET /wp-content/plugins/mtodm/ HTTP/1.1" 404 43596 "http://parawisata.us/wp-content/plugins/mtodm/" "Go-http-client/2.0"
85.203.21.53 - - [22/Jan/2026:11:46:51 -0500] "GET /wp-content/plugins/elementor/modules/atomic-widgets/prop-types/transform/lock.php HTTP/1.1" 404 43596 "http://parawisata.us/wp-content/plugins/elementor/modules/atomic-widgets/prop-types/transform/lock.php" "Go-http-client/2.0"
85.203.21.53 - - [22/Jan/2026:11:46:53 -0500] "GET /wp-content/plugins/elementor/modules/kit-elements-defaults/import-export-customization/lock.php HTTP/1.1" 404 43596 "http://parawisata.us/wp-content/plugins/elementor/modules/kit-elements-defaults/import-export-customization/lock.php" "Go-http-client/2.0"
85.203.21.53 - - [22/Jan/2026:11:46:54 -0500] "GET /wp-admin/wp-maiI.php HTTP/1.1" 404 43596 "http://parawisata.us/wp-admin/wp-maiI.php" "Go-http-client/2.0"
85.203.21.53 - - [22/Jan/2026:11:46:56 -0500] "GET /wp-includes/mer_gagal.php HTTP/1.1" 404 43596 "http://parawisata.us/wp-includes/mer_gagal.php" "Go-http-client/2.0"
85.203.21.53 - - [22/Jan/2026:11:46:57 -0500] "GET /wp-content/plugins/wophq/ HTTP/1.1" 404 43596 "http://parawisata.us/wp-content/plugins/wophq/" "Go-http-client/2.0"
85.203.21.53 - - [22/Jan/2026:11:46:58 -0500] "GET /wadd-wp-bookls.php HTTP/1.1" 404 43596 "http://parawisata.us/wadd-wp-bookls.php" "Go-http-client/2.0"
85.203.21.53 - - [22/Jan/2026:11:46:59 -0500] "GET /wp-content/plugins/wordpress-seo-extended/admin/views/admin.php HTTP/1.1" 404 43596 "http://parawisata.us/wp-content/plugins/wordpress-seo-extended/admin/views/admin.php" "Go-http-client/2.0"
66.249.68.37 - - [22/Jan/2026:11:47:01 -0500] "GET /pistol/x28?pid=757 HTTP/1.1" 200 226 "-" "Mozilla/5.0 (Linux; Android 6.0.1; Nexus 5X Build/MMB29P) AppleWebKit/537.36 (KHTML, like Gecko) Chrome/143.0.7499.192 Mobile Safari/537.36 (compatible; Googlebot/2.1; +http://www.google.com/bot.html)"
69.197.149.50 - - [22/Jan/2026:11:45:33 -0500] "GET /wp-includes/x2850cc/index.php?id=333095 HTTP/1.1" 200 - "https://parawisata.us/wp-includes/x2850cc/index.php?id=333095" "Mozilla/5.0 (Windows NT 10.0; Win64; x64) AppleWebKit/537.36 (KHTML, like Gecko) Chrome/58.0.3029.110 Safari/537.3"
66.249.68.35 - - [22/Jan/2026:11:47:01 -0500] "GET /?j=2174442445192&channel=115e00&from=https://www.parawisata.us/post.php?products/sclerometer/2651696978.phtml HTTP/1.1" 200 226 "-" "Mozilla/5.0 (Linux; Android 6.0.1; Nexus 5X Build/MMB29P) AppleWebKit/537.36 (KHTML, like Gecko) Chrome/143.0.7499.192 Mobile Safari/537.36 (compatible; Googlebot/2.1; +http://www.google.com/bot.html)"
66.249.68.36 - - [22/Jan/2026:11:47:01 -0500] "GET /?j=2174442445192&channel=115e00&from=https://www.parawisata.us/post.php?products/narcissist/1889665034.phtml HTTP/1.1" 200 226 "-" "Mozilla/5.0 (Linux; Android 6.0.1; Nexus 5X Build/MMB29P) AppleWebKit/537.36 (KHTML, like Gecko) Chrome/143.0.7499.192 Mobile Safari/537.36 (compatible; Googlebot/2.1; +http://www.google.com/bot.html)"
