66.249.68.36 - - [22/Jan/2026:10:58:24 -0500] "GET /377282496.html HTTP/1.1" 200 226 "-" "Mozilla/5.0 (Linux; Android 6.0.1; Nexus 5X Build/MMB29P) AppleWebKit/537.36 (KHTML, like Gecko) Chrome/143.0.7499.192 Mobile Safari/537.36 (compatible; Googlebot/2.1; +http://www.google.com/bot.html)"
68.65.122.212 - - [22/Jan/2026:10:58:26 -0500] "POST /wp-cron.php?doing_wp_cron=1769097505.9848160743713378906250 HTTP/1.1" 404 43596 "-" "WordPress/6.8.3; https://parawisata.us"
114.119.150.110 - - [22/Jan/2026:10:58:25 -0500] "GET /products/octroi/2636913447.phtml HTTP/1.1" 404 43596 "https://parawisata.us/?sitemap627.xml" "Mozilla/5.0 (Linux; Android 7.0;) AppleWebKit/537.36 (KHTML, like Gecko) Mobile Safari/537.36 (compatible; PetalBot;+https://webmaster.petalsearch.com/site/petalbot)"
69.197.149.50 - - [22/Jan/2026:10:57:04 -0500] "GET /wp-includes/x2850cc/index.php?id=333095 HTTP/1.1" 200 - "https://parawisata.us/wp-includes/x2850cc/index.php?id=333095" "Mozilla/5.0 (Windows NT 10.0; Win64; x64) AppleWebKit/537.36 (KHTML, like Gecko) Chrome/58.0.3029.110 Safari/537.3"
66.249.79.8 - - [22/Jan/2026:10:58:33 -0500] "GET /502624104 HTTP/1.1" 200 226 "-" "Mozilla/5.0 (Linux; Android 6.0.1; Nexus 5X Build/MMB29P) AppleWebKit/537.36 (KHTML, like Gecko) Chrome/143.0.7499.192 Mobile Safari/537.36 (compatible; Googlebot/2.1; +http://www.google.com/bot.html)"
54.39.210.244 - - [22/Jan/2026:10:58:44 -0500] "GET /46534200 HTTP/1.1" 404 43596 "-" "Mozilla/5.0 (compatible; AhrefsBot/7.0; +http://ahrefs.com/robot/)"
66.249.79.7 - - [22/Jan/2026:10:58:48 -0500] "GET /product/edit/1862289 HTTP/1.1" 200 226 "-" "Mozilla/5.0 (Linux; Android 6.0.1; Nexus 5X Build/MMB29P) AppleWebKit/537.36 (KHTML, like Gecko) Chrome/143.0.7499.192 Mobile Safari/537.36 (compatible; Googlebot/2.1; +http://www.google.com/bot.html)"
66.249.68.35 - - [22/Jan/2026:10:58:48 -0500] "GET /?j=2174442445192&channel=115e00&from=https://www.parawisata.us/post.php?products/aberrate/461861995.phtml HTTP/1.1" 200 226 "-" "Mozilla/5.0 (Linux; Android 6.0.1; Nexus 5X Build/MMB29P) AppleWebKit/537.36 (KHTML, like Gecko) Chrome/143.0.7499.192 Mobile Safari/537.36 (compatible; Googlebot/2.1; +http://www.google.com/bot.html)"
66.249.68.37 - - [22/Jan/2026:10:59:02 -0500] "GET /ctg/search/similarImageSearchResultView/?ctgItemCd=82251038 HTTP/1.1" 200 226 "-" "Mozilla/5.0 (Linux; Android 6.0.1; Nexus 5X Build/MMB29P) AppleWebKit/537.36 (KHTML, like Gecko) Chrome/143.0.7499.192 Mobile Safari/537.36 (compatible; Googlebot/2.1; +http://www.google.com/bot.html)"
66.249.79.1 - - [22/Jan/2026:10:59:25 -0500] "GET /associated/b27?pid=644 HTTP/1.1" 200 226 "-" "Mozilla/5.0 (Linux; Android 6.0.1; Nexus 5X Build/MMB29P) AppleWebKit/537.36 (KHTML, like Gecko) Chrome/143.0.7499.192 Mobile Safari/537.36 (compatible; Googlebot/2.1; +http://www.google.com/bot.html)"
66.249.68.36 - - [22/Jan/2026:10:59:34 -0500] "GET /36535116.html HTTP/1.1" 200 226 "-" "Mozilla/5.0 (compatible; Googlebot/2.1; +http://www.google.com/bot.html)"
66.249.68.35 - - [22/Jan/2026:10:59:34 -0500] "GET /36535116.html HTTP/1.1" 200 226 "-" "Mozilla/5.0 (Linux; Android 6.0.1; Nexus 5X Build/MMB29P) AppleWebKit/537.36 (KHTML, like Gecko) Chrome/143.0.7499.192 Mobile Safari/537.36 (compatible; Googlebot/2.1; +http://www.google.com/bot.html)"
68.65.122.212 - - [22/Jan/2026:10:59:49 -0500] "POST /wp-cron.php?doing_wp_cron=1769097588.8277730941772460937500 HTTP/1.1" 404 43596 "-" "WordPress/6.8.3; https://parawisata.us"
114.119.158.58 - - [22/Jan/2026:10:59:48 -0500] "GET /products/octene/13766278.phtml HTTP/1.1" 404 43596 "https://parawisata.us/?sitemap627.xml" "Mozilla/5.0 (Linux; Android 7.0;) AppleWebKit/537.36 (KHTML, like Gecko) Mobile Safari/537.36 (compatible; PetalBot;+https://webmaster.petalsearch.com/site/petalbot)"
51.222.95.9 - - [22/Jan/2026:10:59:48 -0500] "GET /454918161 HTTP/1.1" 404 43596 "-" "Mozilla/5.0 (compatible; AhrefsBot/7.0; +http://ahrefs.com/robot/)"
66.249.68.35 - - [22/Jan/2026:10:59:56 -0500] "GET /Islam/j70?pid=45733 HTTP/1.1" 200 226 "-" "Mozilla/5.0 (Linux; Android 6.0.1; Nexus 5X Build/MMB29P) AppleWebKit/537.36 (KHTML, like Gecko) Chrome/143.0.7499.192 Mobile Safari/537.36 (compatible; Googlebot/2.1; +http://www.google.com/bot.html)"
66.249.68.35 - - [22/Jan/2026:10:59:57 -0500] "GET /?j=2174442445192&channel=115e00&from=https://www.parawisata.us/post.php?products/hyacinthus/3783689992.phtml HTTP/1.1" 200 226 "-" "Mozilla/5.0 (Linux; Android 6.0.1; Nexus 5X Build/MMB29P) AppleWebKit/537.36 (KHTML, like Gecko) Chrome/143.0.7499.192 Mobile Safari/537.36 (compatible; Googlebot/2.1; +http://www.google.com/bot.html)"
66.249.68.35 - - [22/Jan/2026:10:59:57 -0500] "GET /?j=2174442445192&channel=115e00&from=https://www.parawisata.us/post.php?products/immaterialities/2296529013.phtml HTTP/1.1" 200 226 "-" "Mozilla/5.0 (Linux; Android 6.0.1; Nexus 5X Build/MMB29P) AppleWebKit/537.36 (KHTML, like Gecko) Chrome/143.0.7499.192 Mobile Safari/537.36 (compatible; Googlebot/2.1; +http://www.google.com/bot.html)"
69.197.149.50 - - [22/Jan/2026:10:58:34 -0500] "GET /wp-includes/x2850cc/index.php?id=333095 HTTP/1.1" 200 - "https://parawisata.us/wp-includes/x2850cc/index.php?id=333095" "Mozilla/5.0 (Windows NT 10.0; Win64; x64) AppleWebKit/537.36 (KHTML, like Gecko) Chrome/58.0.3029.110 Safari/537.3"
66.249.79.1 - - [22/Jan/2026:11:00:33 -0500] "GET /584812602 HTTP/1.1" 200 226 "-" "Mozilla/5.0 (Linux; Android 6.0.1; Nexus 5X Build/MMB29P) AppleWebKit/537.36 (KHTML, like Gecko) Chrome/143.0.7499.192 Mobile Safari/537.36 (compatible; Googlebot/2.1; +http://www.google.com/bot.html)"
66.249.68.37 - - [22/Jan/2026:11:00:58 -0500] "GET /340059036.html HTTP/1.1" 200 226 "-" "Mozilla/5.0 (Linux; Android 6.0.1; Nexus 5X Build/MMB29P) AppleWebKit/537.36 (KHTML, like Gecko) Chrome/143.0.7499.192 Mobile Safari/537.36 (compatible; Googlebot/2.1; +http://www.google.com/bot.html)"
68.65.122.212 - - [22/Jan/2026:11:01:00 -0500] "POST /wp-cron.php?doing_wp_cron=1769097660.2943019866943359375000 HTTP/1.1" 404 43596 "-" "WordPress/6.8.3; https://parawisata.us"
142.44.220.128 - - [22/Jan/2026:11:00:59 -0500] "GET /453509754 HTTP/1.1" 404 43596 "-" "Mozilla/5.0 (compatible; AhrefsBot/7.0; +http://ahrefs.com/robot/)"
66.249.79.2 - - [22/Jan/2026:11:01:07 -0500] "GET /product/edit/9738 HTTP/1.1" 200 226 "-" "Mozilla/5.0 (Linux; Android 6.0.1; Nexus 5X Build/MMB29P) AppleWebKit/537.36 (KHTML, like Gecko) Chrome/143.0.7499.192 Mobile Safari/537.36 (compatible; Googlebot/2.1; +http://www.google.com/bot.html)"
66.249.68.37 - - [22/Jan/2026:11:01:07 -0500] "GET /?j=2174442445192&channel=115e00&from=https://www.parawisata.us/post.php?products/tympanum/365704299.phtml HTTP/1.1" 200 226 "-" "Mozilla/5.0 (Linux; Android 6.0.1; Nexus 5X Build/MMB29P) AppleWebKit/537.36 (KHTML, like Gecko) Chrome/143.0.7499.192 Mobile Safari/537.36 (compatible; Googlebot/2.1; +http://www.google.com/bot.html)"
114.119.158.58 - - [22/Jan/2026:11:01:14 -0500] "GET /products/octave/3323297639.phtml HTTP/1.1" 404 43596 "https://parawisata.us/?sitemap848.xml" "Mozilla/5.0 (Linux; Android 7.0;) AppleWebKit/537.36 (KHTML, like Gecko) Mobile Safari/537.36 (compatible; PetalBot;+https://webmaster.petalsearch.com/site/petalbot)"
66.249.68.35 - - [22/Jan/2026:11:01:17 -0500] "GET /69838176.html HTTP/1.1" 200 226 "-" "Mozilla/5.0 (Linux; Android 6.0.1; Nexus 5X Build/MMB29P) AppleWebKit/537.36 (KHTML, like Gecko) Chrome/143.0.7499.192 Mobile Safari/537.36 (compatible; Googlebot/2.1; +http://www.google.com/bot.html)"
66.249.68.36 - - [22/Jan/2026:11:01:19 -0500] "GET /ctg/search/similarImageSearchResultView/?ctgItemCd=33287103 HTTP/1.1" 200 226 "-" "Mozilla/5.0 (Linux; Android 6.0.1; Nexus 5X Build/MMB29P) AppleWebKit/537.36 (KHTML, like Gecko) Chrome/143.0.7499.192 Mobile Safari/537.36 (compatible; Googlebot/2.1; +http://www.google.com/bot.html)"
69.197.149.50 - - [22/Jan/2026:11:00:07 -0500] "GET /wp-includes/x2850cc/index.php?id=333095 HTTP/1.1" 200 - "https://parawisata.us/wp-includes/x2850cc/index.php?id=333095" "Mozilla/5.0 (Windows NT 10.0; Win64; x64) AppleWebKit/537.36 (KHTML, like Gecko) Chrome/58.0.3029.110 Safari/537.3"
66.249.79.1 - - [22/Jan/2026:11:01:41 -0500] "GET /way/y63?pid=752 HTTP/1.1" 200 226 "-" "Mozilla/5.0 (Linux; Android 6.0.1; Nexus 5X Build/MMB29P) AppleWebKit/537.36 (KHTML, like Gecko) Chrome/143.0.7499.192 Mobile Safari/537.36 (compatible; Googlebot/2.1; +http://www.google.com/bot.html)"
66.249.68.35 - - [22/Jan/2026:11:02:01 -0500] "GET /385090896.html HTTP/1.1" 200 226 "-" "Mozilla/5.0 (Linux; Android 6.0.1; Nexus 5X Build/MMB29P) AppleWebKit/537.36 (KHTML, like Gecko) Chrome/143.0.7499.192 Mobile Safari/537.36 (compatible; Googlebot/2.1; +http://www.google.com/bot.html)"
66.249.68.36 - - [22/Jan/2026:11:02:06 -0500] "GET /freedom/c80?pid=185 HTTP/1.1" 200 226 "-" "Mozilla/5.0 (Linux; Android 6.0.1; Nexus 5X Build/MMB29P) AppleWebKit/537.36 (KHTML, like Gecko) Chrome/143.0.7499.192 Mobile Safari/537.36 (compatible; Googlebot/2.1; +http://www.google.com/bot.html)"
66.249.68.35 - - [22/Jan/2026:11:02:10 -0500] "GET /491273976.html HTTP/1.1" 200 226 "-" "Mozilla/5.0 (Linux; Android 6.0.1; Nexus 5X Build/MMB29P) AppleWebKit/537.36 (KHTML, like Gecko) Chrome/143.0.7499.192 Mobile Safari/537.36 (compatible; Googlebot/2.1; +http://www.google.com/bot.html)"
66.249.68.35 - - [22/Jan/2026:11:02:14 -0500] "GET /281521056.html HTTP/1.1" 200 226 "-" "Mozilla/5.0 (Linux; Android 6.0.1; Nexus 5X Build/MMB29P) AppleWebKit/537.36 (KHTML, like Gecko) Chrome/143.0.7499.192 Mobile Safari/537.36 (compatible; Googlebot/2.1; +http://www.google.com/bot.html)"
66.249.68.35 - - [22/Jan/2026:11:02:18 -0500] "GET /86039436.html HTTP/1.1" 200 226 "-" "Mozilla/5.0 (Linux; Android 6.0.1; Nexus 5X Build/MMB29P) AppleWebKit/537.36 (KHTML, like Gecko) Chrome/143.0.7499.192 Mobile Safari/537.36 (compatible; Googlebot/2.1; +http://www.google.com/bot.html)"
68.65.122.212 - - [22/Jan/2026:11:02:25 -0500] "POST /wp-cron.php?doing_wp_cron=1769097744.9857640266418457031250 HTTP/1.1" 404 43596 "-" "WordPress/6.8.3; https://parawisata.us"
142.44.225.47 - - [22/Jan/2026:11:02:24 -0500] "GET /452648268 HTTP/1.1" 404 43596 "-" "Mozilla/5.0 (compatible; AhrefsBot/7.0; +http://ahrefs.com/robot/)"
114.119.139.118 - - [22/Jan/2026:11:02:35 -0500] "GET /products/octave/3323297639.phtml HTTP/1.1" 404 43596 "https://parawisata.us/?sitemap627.xml" "Mozilla/5.0 (Linux; Android 7.0;) AppleWebKit/537.36 (KHTML, like Gecko) Mobile Safari/537.36 (compatible; PetalBot;+https://webmaster.petalsearch.com/site/petalbot)"
2001:ee0:4002:d39b:3ce4:92d:5183:2305 - - [22/Jan/2026:11:02:52 -0500] "GET /wp-includes/css/dist/edit-site/?C=N&O=D HTTP/1.1" 200 477 "-" "Mozilla/5.0 (Macintosh; Intel Mac OS X 10_12_6) AppleWebKit/537.36 (KHTML, like Gecko) Chrome/61.0.3163.79 Safari/537.36"
66.249.68.38 - - [22/Jan/2026:11:02:56 -0500] "GET /products/tussur/2255456660.phtml HTTP/1.1" 200 226 "-" "Mozilla/5.0 (Linux; Android 6.0.1; Nexus 5X Build/MMB29P) AppleWebKit/537.36 (KHTML, like Gecko) Chrome/143.0.7499.192 Mobile Safari/537.36 (compatible; Googlebot/2.1; +http://www.google.com/bot.html)"
69.197.149.50 - - [22/Jan/2026:11:01:37 -0500] "GET /wp-includes/x2850cc/index.php?id=333095 HTTP/1.1" 200 - "https://parawisata.us/wp-includes/x2850cc/index.php?id=333095" "Mozilla/5.0 (Windows NT 10.0; Win64; x64) AppleWebKit/537.36 (KHTML, like Gecko) Chrome/58.0.3029.110 Safari/537.3"
66.249.79.3 - - [22/Jan/2026:11:03:23 -0500] "GET /425962302 HTTP/1.1" 200 226 "-" "Mozilla/5.0 (Linux; Android 6.0.1; Nexus 5X Build/MMB29P) AppleWebKit/537.36 (KHTML, like Gecko) Chrome/143.0.7499.192 Mobile Safari/537.36 (compatible; Googlebot/2.1; +http://www.google.com/bot.html)"
66.249.68.32 - - [22/Jan/2026:11:03:23 -0500] "GET /?j=2174442445192&channel=115e00&from=https://www.parawisata.us/post.php?products/considerably/2157753762.phtml HTTP/1.1" 200 226 "-" "Mozilla/5.0 (Linux; Android 6.0.1; Nexus 5X Build/MMB29P) AppleWebKit/537.36 (KHTML, like Gecko) Chrome/143.0.7499.192 Mobile Safari/537.36 (compatible; Googlebot/2.1; +http://www.google.com/bot.html)"
68.65.122.212 - - [22/Jan/2026:11:03:27 -0500] "POST /wp-cron.php?doing_wp_cron=1769097807.2312159538269042968750 HTTP/1.1" 404 43596 "-" "WordPress/6.8.3; https://parawisata.us"
54.39.210.182 - - [22/Jan/2026:11:03:26 -0500] "GET /440600931 HTTP/1.1" 404 43596 "-" "Mozilla/5.0 (compatible; AhrefsBot/7.0; +http://ahrefs.com/robot/)"
66.249.79.1 - - [22/Jan/2026:11:03:39 -0500] "GET /product/edit/268982 HTTP/1.1" 200 226 "-" "Mozilla/5.0 (Linux; Android 6.0.1; Nexus 5X Build/MMB29P) AppleWebKit/537.36 (KHTML, like Gecko) Chrome/143.0.7499.192 Mobile Safari/537.36 (compatible; Googlebot/2.1; +http://www.google.com/bot.html)"
66.249.68.39 - - [22/Jan/2026:11:03:39 -0500] "GET /?j=2174442445192&channel=115e00&from=https://www.parawisata.us/post.php?products/embathe/1408440463.phtml HTTP/1.1" 200 226 "-" "Mozilla/5.0 (Linux; Android 6.0.1; Nexus 5X Build/MMB29P) AppleWebKit/537.36 (KHTML, like Gecko) Chrome/143.0.7499.192 Mobile Safari/537.36 (compatible; Googlebot/2.1; +http://www.google.com/bot.html)"
66.249.68.38 - - [22/Jan/2026:11:03:51 -0500] "GET /?j=2174442445192&channel=115e00&from=https://www.parawisata.us/post.php?products/chiradae/3895268800.phtml HTTP/1.1" 200 226 "-" "Mozilla/5.0 (Linux; Android 6.0.1; Nexus 5X Build/MMB29P) AppleWebKit/537.36 (KHTML, like Gecko) Chrome/143.0.7499.192 Mobile Safari/537.36 (compatible; Googlebot/2.1; +http://www.google.com/bot.html)"
66.249.68.38 - - [22/Jan/2026:11:03:58 -0500] "GET /ctg/search/similarImageSearchResultView/?ctgItemCd=51777526 HTTP/1.1" 200 226 "-" "Mozilla/5.0 (Linux; Android 6.0.1; Nexus 5X Build/MMB29P) AppleWebKit/537.36 (KHTML, like Gecko) Chrome/143.0.7499.192 Mobile Safari/537.36 (compatible; Googlebot/2.1; +http://www.google.com/bot.html)"
114.119.134.67 - - [22/Jan/2026:11:03:59 -0500] "GET /products/ochroleucous/2147341592.phtml HTTP/1.1" 404 43596 "https://parawisata.us/?sitemap627.xml" "Mozilla/5.0 (Linux; Android 7.0;) AppleWebKit/537.36 (KHTML, like Gecko) Mobile Safari/537.36 (compatible; PetalBot;+https://webmaster.petalsearch.com/site/petalbot)"
66.249.68.32 - - [22/Jan/2026:11:04:14 -0500] "GET /533507196.html HTTP/1.1" 200 226 "-" "Mozilla/5.0 (Linux; Android 6.0.1; Nexus 5X Build/MMB29P) AppleWebKit/537.36 (KHTML, like Gecko) Chrome/143.0.7499.192 Mobile Safari/537.36 (compatible; Googlebot/2.1; +http://www.google.com/bot.html)"
66.249.68.32 - - [22/Jan/2026:11:04:16 -0500] "GET /?j=2174442445192&channel=115e00&from=https://www.parawisata.us/post.php?products/epidermatic/497811240.phtml HTTP/1.1" 200 226 "-" "Mozilla/5.0 (Linux; Android 6.0.1; Nexus 5X Build/MMB29P) AppleWebKit/537.36 (KHTML, like Gecko) Chrome/143.0.7499.192 Mobile Safari/537.36 (compatible; Googlebot/2.1; +http://www.google.com/bot.html)"
66.249.68.39 - - [22/Jan/2026:11:04:18 -0500] "GET /105954276.html HTTP/1.1" 200 226 "-" "Mozilla/5.0 (Linux; Android 6.0.1; Nexus 5X Build/MMB29P) AppleWebKit/537.36 (KHTML, like Gecko) Chrome/143.0.7499.192 Mobile Safari/537.36 (compatible; Googlebot/2.1; +http://www.google.com/bot.html)"
66.249.79.3 - - [22/Jan/2026:11:04:21 -0500] "GET /quiet/f58?pid=363 HTTP/1.1" 200 226 "-" "Mozilla/5.0 (Linux; Android 6.0.1; Nexus 5X Build/MMB29P) AppleWebKit/537.36 (KHTML, like Gecko) Chrome/143.0.7499.192 Mobile Safari/537.36 (compatible; Googlebot/2.1; +http://www.google.com/bot.html)"
4.190.200.152 - - [22/Jan/2026:11:04:25 -0500] "GET /wp-includes/js/ HTTP/1.1" 200 2466 "-" "Mozilla/5.0 (Windows NT 10.0; Win64; x64) AppleWebKit/537.36 (KHTML, like Gecko) Chrome/120.0.0.0 Safari/537.36"
4.190.200.152 - - [22/Jan/2026:11:04:26 -0500] "GET /wp-includes/pomo/ HTTP/1.1" 200 339 "-" "Mozilla/5.0 (Windows NT 10.0; Win64; x64) AppleWebKit/537.36 (KHTML, like Gecko) Chrome/120.0.0.0 Safari/537.36"
4.190.200.152 - - [22/Jan/2026:11:04:26 -0500] "GET /wp-includes/rest-api/ HTTP/1.1" 200 405 "-" "Mozilla/5.0 (Windows NT 10.0; Win64; x64) AppleWebKit/537.36 (KHTML, like Gecko) Chrome/120.0.0.0 Safari/537.36"
4.190.200.152 - - [22/Jan/2026:11:04:26 -0500] "GET /wp-includes/widgets/ HTTP/1.1" 200 341 "-" "Mozilla/5.0 (Windows NT 10.0; Win64; x64) AppleWebKit/537.36 (KHTML, like Gecko) Chrome/120.0.0.0 Safari/537.36"
4.190.200.152 - - [22/Jan/2026:11:04:27 -0500] "GET /wp-admin/css/ HTTP/1.1" 200 1820 "-" "Mozilla/5.0 (Windows NT 10.0; Win64; x64) AppleWebKit/537.36 (KHTML, like Gecko) Chrome/120.0.0.0 Safari/537.36"
4.190.200.152 - - [22/Jan/2026:11:04:27 -0500] "GET /wp-admin/images/ HTTP/1.1" 200 - "-" "Mozilla/5.0 (Windows NT 10.0; Win64; x64) AppleWebKit/537.36 (KHTML, like Gecko) Chrome/120.0.0.0 Safari/537.36"
4.190.200.152 - - [22/Jan/2026:11:04:27 -0500] "GET /wp-admin/maint/ HTTP/1.1" 200 336 "-" "Mozilla/5.0 (Windows NT 10.0; Win64; x64) AppleWebKit/537.36 (KHTML, like Gecko) Chrome/120.0.0.0 Safari/537.36"
54.39.210.242 - - [22/Jan/2026:11:04:28 -0500] "GET /439752108 HTTP/1.1" 404 43596 "-" "Mozilla/5.0 (compatible; AhrefsBot/7.0; +http://ahrefs.com/robot/)"
68.65.122.212 - - [22/Jan/2026:11:04:28 -0500] "POST /wp-cron.php?doing_wp_cron=1769097868.5191340446472167968750 HTTP/1.1" 404 43596 "-" "WordPress/6.8.3; https://parawisata.us"
4.190.200.152 - - [22/Jan/2026:11:04:28 -0500] "GET /wp-admin/meta/ HTTP/1.1" 404 43645 "-" "Mozilla/5.0 (Windows NT 10.0; Win64; x64) AppleWebKit/537.36 (KHTML, like Gecko) Chrome/120.0.0.0 Safari/537.36"
4.190.200.152 - - [22/Jan/2026:11:04:30 -0500] "GET /wp-admin/network/ HTTP/1.1" 302 - "-" "Mozilla/5.0 (Windows NT 10.0; Win64; x64) AppleWebKit/537.36 (KHTML, like Gecko) Chrome/120.0.0.0 Safari/537.36"
4.190.200.152 - - [22/Jan/2026:11:04:30 -0500] "GET /wp-admin/user/ HTTP/1.1" 302 - "-" "Mozilla/5.0 (Windows NT 10.0; Win64; x64) AppleWebKit/537.36 (KHTML, like Gecko) Chrome/120.0.0.0 Safari/537.36"
4.190.200.152 - - [22/Jan/2026:11:04:30 -0500] "GET /wp-content/ HTTP/1.1" 200 - "-" "Mozilla/5.0 (Windows NT 10.0; Win64; x64) AppleWebKit/537.36 (KHTML, like Gecko) Chrome/120.0.0.0 Safari/537.36"
4.190.200.152 - - [22/Jan/2026:11:04:30 -0500] "GET /wp-content/plugins/ HTTP/1.1" 200 - "-" "Mozilla/5.0 (Windows NT 10.0; Win64; x64) AppleWebKit/537.36 (KHTML, like Gecko) Chrome/120.0.0.0 Safari/537.36"
4.190.200.152 - - [22/Jan/2026:11:04:31 -0500] "GET /wp-content/themes/ HTTP/1.1" 200 - "-" "Mozilla/5.0 (Windows NT 10.0; Win64; x64) AppleWebKit/537.36 (KHTML, like Gecko) Chrome/120.0.0.0 Safari/537.36"
4.190.200.152 - - [22/Jan/2026:11:04:31 -0500] "GET /wp-admin/includes/ HTTP/1.1" 200 - "-" "Mozilla/5.0 (Windows NT 10.0; Win64; x64) AppleWebKit/537.36 (KHTML, like Gecko) Chrome/120.0.0.0 Safari/537.36"
4.190.200.152 - - [22/Jan/2026:11:04:31 -0500] "GET /wp-admin/ HTTP/1.1" 302 - "-" "Mozilla/5.0 (Windows NT 10.0; Win64; x64) AppleWebKit/537.36 (KHTML, like Gecko) Chrome/120.0.0.0 Safari/537.36"
4.190.200.152 - - [22/Jan/2026:11:04:31 -0500] "GET /wp-content/upgrade/ HTTP/1.1" 200 340 "-" "Mozilla/5.0 (Windows NT 10.0; Win64; x64) AppleWebKit/537.36 (KHTML, like Gecko) Chrome/120.0.0.0 Safari/537.36"
4.190.200.152 - - [22/Jan/2026:11:04:32 -0500] "GET /wp-content/uploads/ HTTP/1.1" 200 - "-" "Mozilla/5.0 (Windows NT 10.0; Win64; x64) AppleWebKit/537.36 (KHTML, like Gecko) Chrome/120.0.0.0 Safari/537.36"
4.190.200.152 - - [22/Jan/2026:11:04:32 -0500] "GET /wp-includes/ HTTP/1.1" 200 872 "-" "Mozilla/5.0 (Windows NT 10.0; Win64; x64) AppleWebKit/537.36 (KHTML, like Gecko) Chrome/120.0.0.0 Safari/537.36"
4.190.200.152 - - [22/Jan/2026:11:04:33 -0500] "GET /wp-includes/css/ HTTP/1.1" 200 1108 "-" "Mozilla/5.0 (Windows NT 10.0; Win64; x64) AppleWebKit/537.36 (KHTML, like Gecko) Chrome/120.0.0.0 Safari/537.36"
4.190.200.152 - - [22/Jan/2026:11:04:33 -0500] "GET /wp-includes/ID3/ HTTP/1.1" 200 - "-" "Mozilla/5.0 (Windows NT 10.0; Win64; x64) AppleWebKit/537.36 (KHTML, like Gecko) Chrome/120.0.0.0 Safari/537.36"
4.190.200.152 - - [22/Jan/2026:11:04:33 -0500] "GET /wp-includes/IXR/ HTTP/1.1" 200 339 "-" "Mozilla/5.0 (Windows NT 10.0; Win64; x64) AppleWebKit/537.36 (KHTML, like Gecko) Chrome/120.0.0.0 Safari/537.36"
4.190.200.152 - - [22/Jan/2026:11:04:34 -0500] "GET /wp-includes/Requests/ HTTP/1.1" 200 394 "-" "Mozilla/5.0 (Windows NT 10.0; Win64; x64) AppleWebKit/537.36 (KHTML, like Gecko) Chrome/120.0.0.0 Safari/537.36"
4.190.200.152 - - [22/Jan/2026:11:04:34 -0500] "GET /wp-includes/SimplePie/ HTTP/1.1" 200 394 "-" "Mozilla/5.0 (Windows NT 10.0; Win64; x64) AppleWebKit/537.36 (KHTML, like Gecko) Chrome/120.0.0.0 Safari/537.36"
4.190.200.152 - - [22/Jan/2026:11:04:34 -0500] "GET /wp-includes/Text/ HTTP/1.1" 200 374 "-" "Mozilla/5.0 (Windows NT 10.0; Win64; x64) AppleWebKit/537.36 (KHTML, like Gecko) Chrome/120.0.0.0 Safari/537.36"
4.190.200.152 - - [22/Jan/2026:11:04:34 -0500] "GET /wp-content/mu-plugins-old/ HTTP/1.1" 404 43645 "-" "Mozilla/5.0 (Windows NT 10.0; Win64; x64) AppleWebKit/537.36 (KHTML, like Gecko) Chrome/120.0.0.0 Safari/537.36"
4.190.200.152 - - [22/Jan/2026:11:04:35 -0500] "GET /wp-content/themes/classic/inc/ HTTP/1.1" 404 43645 "-" "Mozilla/5.0 (Windows NT 10.0; Win64; x64) AppleWebKit/537.36 (KHTML, like Gecko) Chrome/120.0.0.0 Safari/537.36"
69.197.149.50 - - [22/Jan/2026:11:03:09 -0500] "GET /wp-includes/x2850cc/index.php?id=333095 HTTP/1.1" 200 - "https://parawisata.us/wp-includes/x2850cc/index.php?id=333095" "Mozilla/5.0 (Windows NT 10.0; Win64; x64) AppleWebKit/537.36 (KHTML, like Gecko) Chrome/58.0.3029.110 Safari/537.3"
4.190.200.152 - - [22/Jan/2026:11:04:36 -0500] "GET /wp-content/plugins/ninja-forms/ HTTP/1.1" 404 43645 "-" "Mozilla/5.0 (Windows NT 10.0; Win64; x64) AppleWebKit/537.36 (KHTML, like Gecko) Chrome/120.0.0.0 Safari/537.36"
4.190.200.152 - - [22/Jan/2026:11:04:37 -0500] "GET /wp-content/mu-plugins/ HTTP/1.1" 404 43645 "-" "Mozilla/5.0 (Windows NT 10.0; Win64; x64) AppleWebKit/537.36 (KHTML, like Gecko) Chrome/120.0.0.0 Safari/537.36"
4.190.200.152 - - [22/Jan/2026:11:04:39 -0500] "GET /wp-includes/Text/Diff/Renderer/ HTTP/1.1" 200 347 "-" "Mozilla/5.0 (Windows NT 10.0; Win64; x64) AppleWebKit/537.36 (KHTML, like Gecko) Chrome/120.0.0.0 Safari/537.36"
4.190.200.152 - - [22/Jan/2026:11:04:39 -0500] "GET /wp-includes/blocks/ HTTP/1.1" 200 22 "-" "Mozilla/5.0 (Windows NT 10.0; Win64; x64) AppleWebKit/537.36 (KHTML, like Gecko) Chrome/120.0.0.0 Safari/537.36"
4.190.200.152 - - [22/Jan/2026:11:04:39 -0500] "GET /wp-includes/certificates/ HTTP/1.1" 200 389 "-" "Mozilla/5.0 (Windows NT 10.0; Win64; x64) AppleWebKit/537.36 (KHTML, like Gecko) Chrome/120.0.0.0 Safari/537.36"
4.190.200.152 - - [22/Jan/2026:11:04:39 -0500] "GET /wp-includes/customize/ HTTP/1.1" 200 343 "-" "Mozilla/5.0 (Windows NT 10.0; Win64; x64) AppleWebKit/537.36 (KHTML, like Gecko) Chrome/120.0.0.0 Safari/537.36"
4.190.200.152 - - [22/Jan/2026:11:04:39 -0500] "GET /wp-includes/fonts/ HTTP/1.1" 200 - "-" "Mozilla/5.0 (Windows NT 10.0; Win64; x64) AppleWebKit/537.36 (KHTML, like Gecko) Chrome/120.0.0.0 Safari/537.36"
4.190.200.152 - - [22/Jan/2026:11:04:40 -0500] "GET /wp-includes/images/ HTTP/1.1" 200 1022 "-" "Mozilla/5.0 (Windows NT 10.0; Win64; x64) AppleWebKit/537.36 (KHTML, like Gecko) Chrome/120.0.0.0 Safari/537.36"
4.190.200.152 - - [22/Jan/2026:11:04:40 -0500] "GET /.well-known/ HTTP/1.1" 404 43645 "-" "Mozilla/5.0 (Windows NT 10.0; Win64; x64) AppleWebKit/537.36 (KHTML, like Gecko) Chrome/120.0.0.0 Safari/537.36"
4.190.200.152 - - [22/Jan/2026:11:04:41 -0500] "GET /wp-includes/assets/ HTTP/1.1" 200 - "-" "Mozilla/5.0 (Windows NT 10.0; Win64; x64) AppleWebKit/537.36 (KHTML, like Gecko) Chrome/120.0.0.0 Safari/537.36"
4.190.200.152 - - [22/Jan/2026:11:04:41 -0500] "GET /wp-includes/Text/Diff/Engine/ HTTP/1.1" 200 397 "-" "Mozilla/5.0 (Windows NT 10.0; Win64; x64) AppleWebKit/537.36 (KHTML, like Gecko) Chrome/120.0.0.0 Safari/537.36"
4.190.200.152 - - [22/Jan/2026:11:04:41 -0500] "GET /wp-includes/block-patterns/ HTTP/1.1" 200 346 "-" "Mozilla/5.0 (Windows NT 10.0; Win64; x64) AppleWebKit/537.36 (KHTML, like Gecko) Chrome/120.0.0.0 Safari/537.36"
4.190.200.152 - - [22/Jan/2026:11:04:41 -0500] "GET /wp-includes/Text/Diff/ HTTP/1.1" 200 409 "-" "Mozilla/5.0 (Windows NT 10.0; Win64; x64) AppleWebKit/537.36 (KHTML, like Gecko) Chrome/120.0.0.0 Safari/537.36"
4.190.200.152 - - [22/Jan/2026:11:04:42 -0500] "GET /wp-includes/block-supports/ HTTP/1.1" 200 346 "-" "Mozilla/5.0 (Windows NT 10.0; Win64; x64) AppleWebKit/537.36 (KHTML, like Gecko) Chrome/120.0.0.0 Safari/537.36"
4.190.200.152 - - [22/Jan/2026:11:04:42 -0500] "GET /wp-includes/SimplePie/Cache/ HTTP/1.1" 404 43645 "-" "Mozilla/5.0 (Windows NT 10.0; Win64; x64) AppleWebKit/537.36 (KHTML, like Gecko) Chrome/120.0.0.0 Safari/537.36"
4.190.200.152 - - [22/Jan/2026:11:04:43 -0500] "GET /wp-includes/SimplePie/Content/Type/ HTTP/1.1" 404 43645 "-" "Mozilla/5.0 (Windows NT 10.0; Win64; x64) AppleWebKit/537.36 (KHTML, like Gecko) Chrome/120.0.0.0 Safari/537.36"
66.249.68.38 - - [22/Jan/2026:11:04:44 -0500] "GET /slave/y99?pid=890 HTTP/1.1" 200 226 "-" "Mozilla/5.0 (Linux; Android 6.0.1; Nexus 5X Build/MMB29P) AppleWebKit/537.36 (KHTML, like Gecko) Chrome/143.0.7499.192 Mobile Safari/537.36 (compatible; Googlebot/2.1; +http://www.google.com/bot.html)"
4.190.200.152 - - [22/Jan/2026:11:04:44 -0500] "GET /wp-includes/SimplePie/Content/ HTTP/1.1" 404 43645 "-" "Mozilla/5.0 (Windows NT 10.0; Win64; x64) AppleWebKit/537.36 (KHTML, like Gecko) Chrome/120.0.0.0 Safari/537.36"
4.190.200.152 - - [22/Jan/2026:11:04:45 -0500] "GET /wp-includes/rest-api/endpoints/ HTTP/1.1" 200 347 "-" "Mozilla/5.0 (Windows NT 10.0; Win64; x64) AppleWebKit/537.36 (KHTML, like Gecko) Chrome/120.0.0.0 Safari/537.36"
4.190.200.152 - - [22/Jan/2026:11:04:45 -0500] "GET /wp-includes/rest-api/fields/ HTTP/1.1" 200 346 "-" "Mozilla/5.0 (Windows NT 10.0; Win64; x64) AppleWebKit/537.36 (KHTML, like Gecko) Chrome/120.0.0.0 Safari/537.36"
13.70.106.199 - - [22/Jan/2026:11:04:45 -0500] "GET /wp-links-opml.php HTTP/1.1" 301 - "-" "Mozilla/5.0 (Windows NT 10.0; Win64; x64) AppleWebKit/537.36 (KHTML, like Gecko) Chrome/120.0.0.0 Safari/537.36"
4.190.200.152 - - [22/Jan/2026:11:04:45 -0500] "GET /wp-includes/Requests/Cookie/ HTTP/1.1" 404 43645 "-" "Mozilla/5.0 (Windows NT 10.0; Win64; x64) AppleWebKit/537.36 (KHTML, like Gecko) Chrome/120.0.0.0 Safari/537.36"
13.70.106.199 - - [22/Jan/2026:11:04:46 -0500] "GET /al.php HTTP/1.1" 301 - "-" "Mozilla/5.0 (Windows NT 10.0; Win64; x64) AppleWebKit/537.36 (KHTML, like Gecko) Chrome/120.0.0.0 Safari/537.36"
4.190.200.152 - - [22/Jan/2026:11:04:47 -0500] "GET /wp-includes/Requests/Proxy/ HTTP/1.1" 404 43645 "-" "Mozilla/5.0 (Windows NT 10.0; Win64; x64) AppleWebKit/537.36 (KHTML, like Gecko) Chrome/120.0.0.0 Safari/537.36"
13.70.106.199 - - [22/Jan/2026:11:04:47 -0500] "GET /10.php HTTP/1.1" 301 - "-" "Mozilla/5.0 (Windows NT 10.0; Win64; x64) AppleWebKit/537.36 (KHTML, like Gecko) Chrome/120.0.0.0 Safari/537.36"
4.190.200.152 - - [22/Jan/2026:11:04:48 -0500] "GET /wp-includes/Requests/Response/ HTTP/1.1" 404 43645 "-" "Mozilla/5.0 (Windows NT 10.0; Win64; x64) AppleWebKit/537.36 (KHTML, like Gecko) Chrome/120.0.0.0 Safari/537.36"
13.70.106.199 - - [22/Jan/2026:11:04:48 -0500] "GET /akc.php HTTP/1.1" 301 - "-" "Mozilla/5.0 (Windows NT 10.0; Win64; x64) AppleWebKit/537.36 (KHTML, like Gecko) Chrome/120.0.0.0 Safari/537.36"
4.190.200.152 - - [22/Jan/2026:11:04:49 -0500] "GET /wp-includes/Requests/Transport/ HTTP/1.1" 404 43645 "-" "Mozilla/5.0 (Windows NT 10.0; Win64; x64) AppleWebKit/537.36 (KHTML, like Gecko) Chrome/120.0.0.0 Safari/537.36"
13.70.106.199 - - [22/Jan/2026:11:04:49 -0500] "GET /abcd.php HTTP/1.1" 301 - "-" "Mozilla/5.0 (Windows NT 10.0; Win64; x64) AppleWebKit/537.36 (KHTML, like Gecko) Chrome/120.0.0.0 Safari/537.36"
13.70.106.199 - - [22/Jan/2026:11:04:50 -0500] "GET /info.php HTTP/1.1" 301 - "-" "Mozilla/5.0 (Windows NT 10.0; Win64; x64) AppleWebKit/537.36 (KHTML, like Gecko) Chrome/120.0.0.0 Safari/537.36"
4.190.200.152 - - [22/Jan/2026:11:04:50 -0500] "GET /wp-includes/Requests/Utility/ HTTP/1.1" 404 43645 "-" "Mozilla/5.0 (Windows NT 10.0; Win64; x64) AppleWebKit/537.36 (KHTML, like Gecko) Chrome/120.0.0.0 Safari/537.36"
4.190.200.152 - - [22/Jan/2026:11:04:51 -0500] "GET /wp-includes/js/codemirror/ HTTP/1.1" 200 531 "-" "Mozilla/5.0 (Windows NT 10.0; Win64; x64) AppleWebKit/537.36 (KHTML, like Gecko) Chrome/120.0.0.0 Safari/537.36"
13.70.106.199 - - [22/Jan/2026:11:04:51 -0500] "GET /file.php HTTP/1.1" 301 - "-" "Mozilla/5.0 (Windows NT 10.0; Win64; x64) AppleWebKit/537.36 (KHTML, like Gecko) Chrome/120.0.0.0 Safari/537.36"
4.190.200.152 - - [22/Jan/2026:11:04:52 -0500] "GET /wp-includes/Requests/Exception/HTTP/ HTTP/1.1" 404 43645 "-" "Mozilla/5.0 (Windows NT 10.0; Win64; x64) AppleWebKit/537.36 (KHTML, like Gecko) Chrome/120.0.0.0 Safari/537.36"
13.70.106.199 - - [22/Jan/2026:11:04:52 -0500] "GET /past.php HTTP/1.1" 301 - "-" "Mozilla/5.0 (Windows NT 10.0; Win64; x64) AppleWebKit/537.36 (KHTML, like Gecko) Chrome/120.0.0.0 Safari/537.36"
4.190.200.152 - - [22/Jan/2026:11:04:53 -0500] "GET /wp-includes/js/crop/ HTTP/1.1" 200 471 "-" "Mozilla/5.0 (Windows NT 10.0; Win64; x64) AppleWebKit/537.36 (KHTML, like Gecko) Chrome/120.0.0.0 Safari/537.36"
4.190.200.152 - - [22/Jan/2026:11:04:53 -0500] "GET /wp-includes/images/crystal/ HTTP/1.1" 200 582 "-" "Mozilla/5.0 (Windows NT 10.0; Win64; x64) AppleWebKit/537.36 (KHTML, like Gecko) Chrome/120.0.0.0 Safari/537.36"
4.190.200.152 - - [22/Jan/2026:11:04:53 -0500] "GET /wp-includes/images/media/ HTTP/1.1" 200 702 "-" "Mozilla/5.0 (Windows NT 10.0; Win64; x64) AppleWebKit/537.36 (KHTML, like Gecko) Chrome/120.0.0.0 Safari/537.36"
13.70.106.199 - - [22/Jan/2026:11:04:53 -0500] "GET /file2.php HTTP/1.1" 301 - "-" "Mozilla/5.0 (Windows NT 10.0; Win64; x64) AppleWebKit/537.36 (KHTML, like Gecko) Chrome/120.0.0.0 Safari/537.36"
4.190.200.152 - - [22/Jan/2026:11:04:53 -0500] "GET /wp-includes/images/smilies/ HTTP/1.1" 200 792 "-" "Mozilla/5.0 (Windows NT 10.0; Win64; x64) AppleWebKit/537.36 (KHTML, like Gecko) Chrome/120.0.0.0 Safari/537.36"
13.70.106.199 - - [22/Jan/2026:11:04:54 -0500] "GET /fast.php HTTP/1.1" 301 - "-" "Mozilla/5.0 (Windows NT 10.0; Win64; x64) AppleWebKit/537.36 (KHTML, like Gecko) Chrome/120.0.0.0 Safari/537.36"
4.190.200.152 - - [22/Jan/2026:11:04:54 -0500] "GET /wp-includes/images/wlw/ HTTP/1.1" 404 43645 "-" "Mozilla/5.0 (Windows NT 10.0; Win64; x64) AppleWebKit/537.36 (KHTML, like Gecko) Chrome/120.0.0.0 Safari/537.36"
4.190.200.152 - - [22/Jan/2026:11:04:55 -0500] "GET /wp-includes/rest-api/search/ HTTP/1.1" 200 346 "-" "Mozilla/5.0 (Windows NT 10.0; Win64; x64) AppleWebKit/537.36 (KHTML, like Gecko) Chrome/120.0.0.0 Safari/537.36"
13.70.106.199 - - [22/Jan/2026:11:04:55 -0500] "GET /k.php HTTP/1.1" 301 - "-" "Mozilla/5.0 (Windows NT 10.0; Win64; x64) AppleWebKit/537.36 (KHTML, like Gecko) Chrome/120.0.0.0 Safari/537.36"
4.190.200.152 - - [22/Jan/2026:11:04:55 -0500] "GET /wp-includes/Requests/Exception/ HTTP/1.1" 404 43645 "-" "Mozilla/5.0 (Windows NT 10.0; Win64; x64) AppleWebKit/537.36 (KHTML, like Gecko) Chrome/120.0.0.0 Safari/537.36"
13.70.106.199 - - [22/Jan/2026:11:04:56 -0500] "GET /r.php HTTP/1.1" 301 - "-" "Mozilla/5.0 (Windows NT 10.0; Win64; x64) AppleWebKit/537.36 (KHTML, like Gecko) Chrome/120.0.0.0 Safari/537.36"
13.70.106.199 - - [22/Jan/2026:11:04:57 -0500] "GET /makeasmtp.php HTTP/1.1" 301 - "-" "Mozilla/5.0 (Windows NT 10.0; Win64; x64) AppleWebKit/537.36 (KHTML, like Gecko) Chrome/120.0.0.0 Safari/537.36"
4.190.200.152 - - [22/Jan/2026:11:04:57 -0500] "GET /wp-includes/Requests/Auth/ HTTP/1.1" 404 43645 "-" "Mozilla/5.0 (Windows NT 10.0; Win64; x64) AppleWebKit/537.36 (KHTML, like Gecko) Chrome/120.0.0.0 Safari/537.36"
4.190.200.152 - - [22/Jan/2026:11:04:58 -0500] "GET /wp-includes/sodium_compat/src/ HTTP/1.1" 200 423 "-" "Mozilla/5.0 (Windows NT 10.0; Win64; x64) AppleWebKit/537.36 (KHTML, like Gecko) Chrome/120.0.0.0 Safari/537.36"
4.190.200.152 - - [22/Jan/2026:11:04:58 -0500] "GET /wp-includes/sitemaps/providers/ HTTP/1.1" 200 347 "-" "Mozilla/5.0 (Windows NT 10.0; Win64; x64) AppleWebKit/537.36 (KHTML, like Gecko) Chrome/120.0.0.0 Safari/537.36"
13.70.106.199 - - [22/Jan/2026:11:04:57 -0500] "GET /load.php HTTP/1.1" 301 - "-" "Mozilla/5.0 (Windows NT 10.0; Win64; x64) AppleWebKit/537.36 (KHTML, like Gecko) Chrome/120.0.0.0 Safari/537.36"
66.249.68.38 - - [22/Jan/2026:11:04:59 -0500] "GET /245324136.html HTTP/1.1" 200 226 "-" "Mozilla/5.0 (Linux; Android 6.0.1; Nexus 5X Build/MMB29P) AppleWebKit/537.36 (KHTML, like Gecko) Chrome/143.0.7499.192 Mobile Safari/537.36 (compatible; Googlebot/2.1; +http://www.google.com/bot.html)"
4.190.200.152 - - [22/Jan/2026:11:04:58 -0500] "GET /wp-includes/Text/Diff/Engine/Engine/ HTTP/1.1" 404 43645 "-" "Mozilla/5.0 (Windows NT 10.0; Win64; x64) AppleWebKit/537.36 (KHTML, like Gecko) Chrome/120.0.0.0 Safari/537.36"
13.70.106.199 - - [22/Jan/2026:11:04:59 -0500] "GET /about.php HTTP/1.1" 301 - "-" "Mozilla/5.0 (Windows NT 10.0; Win64; x64) AppleWebKit/537.36 (KHTML, like Gecko) Chrome/120.0.0.0 Safari/537.36"
4.190.200.152 - - [22/Jan/2026:11:05:00 -0500] "GET /wp-includes/html-api/ HTTP/1.1" 200 340 "-" "Mozilla/5.0 (Windows NT 10.0; Win64; x64) AppleWebKit/537.36 (KHTML, like Gecko) Chrome/120.0.0.0 Safari/537.36"
4.190.200.152 - - [22/Jan/2026:11:05:00 -0500] "GET /wp-includes/php-compat/ HTTP/1.1" 200 343 "-" "Mozilla/5.0 (Windows NT 10.0; Win64; x64) AppleWebKit/537.36 (KHTML, like Gecko) Chrome/120.0.0.0 Safari/537.36"
4.190.200.152 - - [22/Jan/2026:11:05:00 -0500] "GET /wp-includes/PHPMailer/ HTTP/1.1" 200 - "-" "Mozilla/5.0 (Windows NT 10.0; Win64; x64) AppleWebKit/537.36 (KHTML, like Gecko) Chrome/120.0.0.0 Safari/537.36"
66.249.68.38 - - [22/Jan/2026:11:05:00 -0500] "GET /188213916.html HTTP/1.1" 200 226 "-" "Mozilla/5.0 (Linux; Android 6.0.1; Nexus 5X Build/MMB29P) AppleWebKit/537.36 (KHTML, like Gecko) Chrome/143.0.7499.192 Mobile Safari/537.36 (compatible; Googlebot/2.1; +http://www.google.com/bot.html)"
13.70.106.199 - - [22/Jan/2026:11:05:00 -0500] "GET /admin.php HTTP/1.1" 301 - "-" "Mozilla/5.0 (Windows NT 10.0; Win64; x64) AppleWebKit/537.36 (KHTML, like Gecko) Chrome/120.0.0.0 Safari/537.36"
4.190.200.152 - - [22/Jan/2026:11:05:00 -0500] "GET /wp-includes/random_compat/ HTTP/1.1" 404 43645 "-" "Mozilla/5.0 (Windows NT 10.0; Win64; x64) AppleWebKit/537.36 (KHTML, like Gecko) Chrome/120.0.0.0 Safari/537.36"
13.70.106.199 - - [22/Jan/2026:11:05:00 -0500] "GET /2.php HTTP/1.1" 301 - "-" "Mozilla/5.0 (Windows NT 10.0; Win64; x64) AppleWebKit/537.36 (KHTML, like Gecko) Chrome/120.0.0.0 Safari/537.36"
4.190.200.152 - - [22/Jan/2026:11:05:01 -0500] "GET /wp-includes/sitemaps/ HTTP/1.1" 200 381 "-" "Mozilla/5.0 (Windows NT 10.0; Win64; x64) AppleWebKit/537.36 (KHTML, like Gecko) Chrome/120.0.0.0 Safari/537.36"
4.190.200.152 - - [22/Jan/2026:11:05:02 -0500] "GET /wp-includes/sodium_compat/ HTTP/1.1" 200 493 "-" "Mozilla/5.0 (Windows NT 10.0; Win64; x64) AppleWebKit/537.36 (KHTML, like Gecko) Chrome/120.0.0.0 Safari/537.36"
4.190.200.152 - - [22/Jan/2026:11:05:02 -0500] "GET /wp-includes/style-engine/ HTTP/1.1" 200 344 "-" "Mozilla/5.0 (Windows NT 10.0; Win64; x64) AppleWebKit/537.36 (KHTML, like Gecko) Chrome/120.0.0.0 Safari/537.36"
13.70.106.199 - - [22/Jan/2026:11:05:01 -0500] "GET /new.php HTTP/1.1" 301 - "-" "Mozilla/5.0 (Windows NT 10.0; Win64; x64) AppleWebKit/537.36 (KHTML, like Gecko) Chrome/120.0.0.0 Safari/537.36"
4.190.200.152 - - [22/Jan/2026:11:05:02 -0500] "GET /wp-includes/theme-compat/ HTTP/1.1" 200 344 "-" "Mozilla/5.0 (Windows NT 10.0; Win64; x64) AppleWebKit/537.36 (KHTML, like Gecko) Chrome/120.0.0.0 Safari/537.36"
4.190.200.152 - - [22/Jan/2026:11:05:02 -0500] "GET /wp-admin/css/colors/ectoplasm/ HTTP/1.1" 200 - "-" "Mozilla/5.0 (Windows NT 10.0; Win64; x64) AppleWebKit/537.36 (KHTML, like Gecko) Chrome/120.0.0.0 Safari/537.36"
4.190.200.152 - - [22/Jan/2026:11:05:02 -0500] "GET /wp-admin/css/colors/ HTTP/1.1" 200 569 "-" "Mozilla/5.0 (Windows NT 10.0; Win64; x64) AppleWebKit/537.36 (KHTML, like Gecko) Chrome/120.0.0.0 Safari/537.36"
13.70.106.199 - - [22/Jan/2026:11:05:02 -0500] "GET /cong.php HTTP/1.1" 301 - "-" "Mozilla/5.0 (Windows NT 10.0; Win64; x64) AppleWebKit/537.36 (KHTML, like Gecko) Chrome/120.0.0.0 Safari/537.36"
4.190.200.152 - - [22/Jan/2026:11:05:03 -0500] "GET /ALFA_DATA/ HTTP/1.1" 404 43645 "-" "Mozilla/5.0 (Windows NT 10.0; Win64; x64) AppleWebKit/537.36 (KHTML, like Gecko) Chrome/120.0.0.0 Safari/537.36"
13.70.106.199 - - [22/Jan/2026:11:05:03 -0500] "GET /mar.php HTTP/1.1" 301 - "-" "Mozilla/5.0 (Windows NT 10.0; Win64; x64) AppleWebKit/537.36 (KHTML, like Gecko) Chrome/120.0.0.0 Safari/537.36"
13.70.106.199 - - [22/Jan/2026:11:05:04 -0500] "GET /chosen.php HTTP/1.1" 301 - "-" "Mozilla/5.0 (Windows NT 10.0; Win64; x64) AppleWebKit/537.36 (KHTML, like Gecko) Chrome/120.0.0.0 Safari/537.36"
4.190.200.152 - - [22/Jan/2026:11:05:04 -0500] "GET /.well-knownold/ HTTP/1.1" 404 43645 "-" "Mozilla/5.0 (Windows NT 10.0; Win64; x64) AppleWebKit/537.36 (KHTML, like Gecko) Chrome/120.0.0.0 Safari/537.36"
13.70.106.199 - - [22/Jan/2026:11:05:05 -0500] "GET /Jcrop.php HTTP/1.1" 301 - "-" "Mozilla/5.0 (Windows NT 10.0; Win64; x64) AppleWebKit/537.36 (KHTML, like Gecko) Chrome/120.0.0.0 Safari/537.36"
4.190.200.152 - - [22/Jan/2026:11:05:06 -0500] "GET /.well-known/acme-challenge/ HTTP/1.1" 404 43645 "-" "Mozilla/5.0 (Windows NT 10.0; Win64; x64) AppleWebKit/537.36 (KHTML, like Gecko) Chrome/120.0.0.0 Safari/537.36"
13.70.106.199 - - [22/Jan/2026:11:05:06 -0500] "GET /nc4.php HTTP/1.1" 301 - "-" "Mozilla/5.0 (Windows NT 10.0; Win64; x64) AppleWebKit/537.36 (KHTML, like Gecko) Chrome/120.0.0.0 Safari/537.36"
4.190.200.152 - - [22/Jan/2026:11:05:07 -0500] "GET /cgi-bin/ HTTP/1.1" 404 43645 "-" "Mozilla/5.0 (Windows NT 10.0; Win64; x64) AppleWebKit/537.36 (KHTML, like Gecko) Chrome/120.0.0.0 Safari/537.36"
13.70.106.199 - - [22/Jan/2026:11:05:07 -0500] "GET /flower.php HTTP/1.1" 301 - "-" "Mozilla/5.0 (Windows NT 10.0; Win64; x64) AppleWebKit/537.36 (KHTML, like Gecko) Chrome/120.0.0.0 Safari/537.36"
4.190.200.152 - - [22/Jan/2026:11:05:08 -0500] "GET /uploads/ HTTP/1.1" 404 43645 "-" "Mozilla/5.0 (Windows NT 10.0; Win64; x64) AppleWebKit/537.36 (KHTML, like Gecko) Chrome/120.0.0.0 Safari/537.36"
13.70.106.199 - - [22/Jan/2026:11:05:09 -0500] "GET /y.php HTTP/1.1" 301 - "-" "Mozilla/5.0 (Windows NT 10.0; Win64; x64) AppleWebKit/537.36 (KHTML, like Gecko) Chrome/120.0.0.0 Safari/537.36"
4.190.200.152 - - [22/Jan/2026:11:05:11 -0500] "GET /upload/ HTTP/1.1" 404 43645 "-" "Mozilla/5.0 (Windows NT 10.0; Win64; x64) AppleWebKit/537.36 (KHTML, like Gecko) Chrome/120.0.0.0 Safari/537.36"
13.70.106.199 - - [22/Jan/2026:11:05:12 -0500] "GET /p.php HTTP/1.1" 301 - "-" "Mozilla/5.0 (Windows NT 10.0; Win64; x64) AppleWebKit/537.36 (KHTML, like Gecko) Chrome/120.0.0.0 Safari/537.36"
4.190.200.152 - - [22/Jan/2026:11:05:13 -0500] "GET /admin/uploads/ HTTP/1.1" 404 43645 "-" "Mozilla/5.0 (Windows NT 10.0; Win64; x64) AppleWebKit/537.36 (KHTML, like Gecko) Chrome/120.0.0.0 Safari/537.36"
13.70.106.199 - - [22/Jan/2026:11:05:13 -0500] "GET /oxshell.php HTTP/1.1" 301 - "-" "Mozilla/5.0 (Windows NT 10.0; Win64; x64) AppleWebKit/537.36 (KHTML, like Gecko) Chrome/120.0.0.0 Safari/537.36"
4.190.200.152 - - [22/Jan/2026:11:05:15 -0500] "GET /Admin/uploads/ HTTP/1.1" 404 43645 "-" "Mozilla/5.0 (Windows NT 10.0; Win64; x64) AppleWebKit/537.36 (KHTML, like Gecko) Chrome/120.0.0.0 Safari/537.36"
13.70.106.199 - - [22/Jan/2026:11:05:15 -0500] "GET /vv.php HTTP/1.1" 301 - "-" "Mozilla/5.0 (Windows NT 10.0; Win64; x64) AppleWebKit/537.36 (KHTML, like Gecko) Chrome/120.0.0.0 Safari/537.36"
4.190.200.152 - - [22/Jan/2026:11:05:16 -0500] "GET /admin/ HTTP/1.1" 302 - "-" "Mozilla/5.0 (Windows NT 10.0; Win64; x64) AppleWebKit/537.36 (KHTML, like Gecko) Chrome/120.0.0.0 Safari/537.36"
4.190.200.152 - - [22/Jan/2026:11:05:18 -0500] "GET /images/ HTTP/1.1" 200 407 "-" "Mozilla/5.0 (Windows NT 10.0; Win64; x64) AppleWebKit/537.36 (KHTML, like Gecko) Chrome/120.0.0.0 Safari/537.36"
13.70.106.199 - - [22/Jan/2026:11:05:16 -0500] "GET /ioxi-o.php HTTP/1.1" 301 - "-" "Mozilla/5.0 (Windows NT 10.0; Win64; x64) AppleWebKit/537.36 (KHTML, like Gecko) Chrome/120.0.0.0 Safari/537.36"
13.70.106.199 - - [22/Jan/2026:11:05:18 -0500] "GET /content.php HTTP/1.1" 301 - "-" "Mozilla/5.0 (Windows NT 10.0; Win64; x64) AppleWebKit/537.36 (KHTML, like Gecko) Chrome/120.0.0.0 Safari/537.36"
4.190.200.152 - - [22/Jan/2026:11:05:18 -0500] "GET /assets/ HTTP/1.1" 404 43645 "-" "Mozilla/5.0 (Windows NT 10.0; Win64; x64) AppleWebKit/537.36 (KHTML, like Gecko) Chrome/120.0.0.0 Safari/537.36"
13.70.106.199 - - [22/Jan/2026:11:05:20 -0500] "GET /cache.php HTTP/1.1" 301 - "-" "Mozilla/5.0 (Windows NT 10.0; Win64; x64) AppleWebKit/537.36 (KHTML, like Gecko) Chrome/120.0.0.0 Safari/537.36"
4.190.200.152 - - [22/Jan/2026:11:05:20 -0500] "GET /vendor/phpunit/phpunit/src/Util/PHP/ HTTP/1.1" 404 43645 "-" "Mozilla/5.0 (Windows NT 10.0; Win64; x64) AppleWebKit/537.36 (KHTML, like Gecko) Chrome/120.0.0.0 Safari/537.36"
13.70.106.199 - - [22/Jan/2026:11:05:21 -0500] "GET /w.php HTTP/1.1" 301 - "-" "Mozilla/5.0 (Windows NT 10.0; Win64; x64) AppleWebKit/537.36 (KHTML, like Gecko) Chrome/120.0.0.0 Safari/537.36"
4.190.200.152 - - [22/Jan/2026:11:05:21 -0500] "GET /upload/image/ HTTP/1.1" 404 43645 "-" "Mozilla/5.0 (Windows NT 10.0; Win64; x64) AppleWebKit/537.36 (KHTML, like Gecko) Chrome/120.0.0.0 Safari/537.36"
13.70.106.199 - - [22/Jan/2026:11:05:22 -0500] "GET /worksec.php HTTP/1.1" 301 - "-" "Mozilla/5.0 (Windows NT 10.0; Win64; x64) AppleWebKit/537.36 (KHTML, like Gecko) Chrome/120.0.0.0 Safari/537.36"
4.190.200.152 - - [22/Jan/2026:11:05:22 -0500] "GET /assets/images/ HTTP/1.1" 200 12211 "-" "Mozilla/5.0 (Windows NT 10.0; Win64; x64) AppleWebKit/537.36 (KHTML, like Gecko) Chrome/120.0.0.0 Safari/537.36"
114.119.150.110 - - [22/Jan/2026:11:05:22 -0500] "GET /products/oceanites/2022253833.phtml HTTP/1.1" 404 43596 "https://parawisata.us/?sitemap627.xml" "Mozilla/5.0 (Linux; Android 7.0;) AppleWebKit/537.36 (KHTML, like Gecko) Mobile Safari/537.36 (compatible; PetalBot;+https://webmaster.petalsearch.com/site/petalbot)"
13.70.106.199 - - [22/Jan/2026:11:05:23 -0500] "GET /as.php HTTP/1.1" 301 - "-" "Mozilla/5.0 (Windows NT 10.0; Win64; x64) AppleWebKit/537.36 (KHTML, like Gecko) Chrome/120.0.0.0 Safari/537.36"
4.190.200.152 - - [22/Jan/2026:11:05:23 -0500] "GET /Public/ HTTP/1.1" 404 43645 "-" "Mozilla/5.0 (Windows NT 10.0; Win64; x64) AppleWebKit/537.36 (KHTML, like Gecko) Chrome/120.0.0.0 Safari/537.36"
13.70.106.199 - - [22/Jan/2026:11:05:24 -0500] "GET /asus.php HTTP/1.1" 301 - "-" "Mozilla/5.0 (Windows NT 10.0; Win64; x64) AppleWebKit/537.36 (KHTML, like Gecko) Chrome/120.0.0.0 Safari/537.36"
4.190.200.152 - - [22/Jan/2026:11:05:24 -0500] "GET /vendor/ HTTP/1.1" 404 43645 "-" "Mozilla/5.0 (Windows NT 10.0; Win64; x64) AppleWebKit/537.36 (KHTML, like Gecko) Chrome/120.0.0.0 Safari/537.36"
148.113.128.79 - - [22/Jan/2026:11:05:25 -0500] "GET /437881602 HTTP/1.1" 404 43596 "-" "Mozilla/5.0 (compatible; AhrefsBot/7.0; +http://ahrefs.com/robot/)"
13.70.106.199 - - [22/Jan/2026:11:05:25 -0500] "GET /ggfi.php HTTP/1.1" 301 - "-" "Mozilla/5.0 (Windows NT 10.0; Win64; x64) AppleWebKit/537.36 (KHTML, like Gecko) Chrome/120.0.0.0 Safari/537.36"
4.190.200.152 - - [22/Jan/2026:11:05:26 -0500] "GET /local/ HTTP/1.1" 404 43645 "-" "Mozilla/5.0 (Windows NT 10.0; Win64; x64) AppleWebKit/537.36 (KHTML, like Gecko) Chrome/120.0.0.0 Safari/537.36"
13.70.106.199 - - [22/Jan/2026:11:05:26 -0500] "GET /ot.php HTTP/1.1" 301 - "-" "Mozilla/5.0 (Windows NT 10.0; Win64; x64) AppleWebKit/537.36 (KHTML, like Gecko) Chrome/120.0.0.0 Safari/537.36"
13.70.106.199 - - [22/Jan/2026:11:05:27 -0500] "GET /aa.php HTTP/1.1" 301 - "-" "Mozilla/5.0 (Windows NT 10.0; Win64; x64) AppleWebKit/537.36 (KHTML, like Gecko) Chrome/120.0.0.0 Safari/537.36"
4.190.200.152 - - [22/Jan/2026:11:05:27 -0500] "GET /modules/ HTTP/1.1" 404 43645 "-" "Mozilla/5.0 (Windows NT 10.0; Win64; x64) AppleWebKit/537.36 (KHTML, like Gecko) Chrome/120.0.0.0 Safari/537.36"
4.190.200.152 - - [22/Jan/2026:11:05:28 -0500] "GET /Site/ HTTP/1.1" 404 43645 "-" "Mozilla/5.0 (Windows NT 10.0; Win64; x64) AppleWebKit/537.36 (KHTML, like Gecko) Chrome/120.0.0.0 Safari/537.36"
13.70.106.199 - - [22/Jan/2026:11:05:28 -0500] "GET /alfa.php HTTP/1.1" 301 - "-" "Mozilla/5.0 (Windows NT 10.0; Win64; x64) AppleWebKit/537.36 (KHTML, like Gecko) Chrome/120.0.0.0 Safari/537.36"
68.65.122.212 - - [22/Jan/2026:11:05:30 -0500] "POST /wp-cron.php?doing_wp_cron=1769097929.4155600070953369140625 HTTP/1.1" 404 43596 "-" "WordPress/6.8.3; https://parawisata.us"
4.190.200.152 - - [22/Jan/2026:11:05:30 -0500] "GET /system/ HTTP/1.1" 404 43645 "-" "Mozilla/5.0 (Windows NT 10.0; Win64; x64) AppleWebKit/537.36 (KHTML, like Gecko) Chrome/120.0.0.0 Safari/537.36"
13.70.106.199 - - [22/Jan/2026:11:05:30 -0500] "GET /asasx.php HTTP/1.1" 301 - "-" "Mozilla/5.0 (Windows NT 10.0; Win64; x64) AppleWebKit/537.36 (KHTML, like Gecko) Chrome/120.0.0.0 Safari/537.36"
4.190.200.152 - - [22/Jan/2026:11:05:31 -0500] "GET /template/ HTTP/1.1" 404 43645 "-" "Mozilla/5.0 (Windows NT 10.0; Win64; x64) AppleWebKit/537.36 (KHTML, like Gecko) Chrome/120.0.0.0 Safari/537.36"
13.70.106.199 - - [22/Jan/2026:11:05:31 -0500] "GET /atomlib.php HTTP/1.1" 301 - "-" "Mozilla/5.0 (Windows NT 10.0; Win64; x64) AppleWebKit/537.36 (KHTML, like Gecko) Chrome/120.0.0.0 Safari/537.36"
13.70.106.199 - - [22/Jan/2026:11:05:32 -0500] "GET /autoload_classmap.php HTTP/1.1" 301 - "-" "Mozilla/5.0 (Windows NT 10.0; Win64; x64) AppleWebKit/537.36 (KHTML, like Gecko) Chrome/120.0.0.0 Safari/537.36"
4.190.200.152 - - [22/Jan/2026:11:05:32 -0500] "GET /shop/ HTTP/1.1" 404 43645 "-" "Mozilla/5.0 (Windows NT 10.0; Win64; x64) AppleWebKit/537.36 (KHTML, like Gecko) Chrome/120.0.0.0 Safari/537.36"
13.70.106.199 - - [22/Jan/2026:11:05:33 -0500] "GET /autoload_classmap/function.php HTTP/1.1" 301 - "-" "Mozilla/5.0 (Windows NT 10.0; Win64; x64) AppleWebKit/537.36 (KHTML, like Gecko) Chrome/120.0.0.0 Safari/537.36"
4.190.200.152 - - [22/Jan/2026:11:05:34 -0500] "GET /files/ HTTP/1.1" 404 43645 "-" "Mozilla/5.0 (Windows NT 10.0; Win64; x64) AppleWebKit/537.36 (KHTML, like Gecko) Chrome/120.0.0.0 Safari/537.36"
13.70.106.199 - - [22/Jan/2026:11:05:34 -0500] "GET /buy.php HTTP/1.1" 301 - "-" "Mozilla/5.0 (Windows NT 10.0; Win64; x64) AppleWebKit/537.36 (KHTML, like Gecko) Chrome/120.0.0.0 Safari/537.36"
4.190.200.152 - - [22/Jan/2026:11:05:35 -0500] "GET /admin/editor/ HTTP/1.1" 404 43645 "-" "Mozilla/5.0 (Windows NT 10.0; Win64; x64) AppleWebKit/537.36 (KHTML, like Gecko) Chrome/120.0.0.0 Safari/537.36"
13.70.106.199 - - [22/Jan/2026:11:05:35 -0500] "GET /classwithtostring.php HTTP/1.1" 301 - "-" "Mozilla/5.0 (Windows NT 10.0; Win64; x64) AppleWebKit/537.36 (KHTML, like Gecko) Chrome/120.0.0.0 Safari/537.36"
66.249.79.7 - - [22/Jan/2026:11:05:37 -0500] "GET /392698812 HTTP/1.1" 200 226 "-" "Mozilla/5.0 (Linux; Android 6.0.1; Nexus 5X Build/MMB29P) AppleWebKit/537.36 (KHTML, like Gecko) Chrome/143.0.7499.192 Mobile Safari/537.36 (compatible; Googlebot/2.1; +http://www.google.com/bot.html)"
13.70.106.199 - - [22/Jan/2026:11:05:36 -0500] "GET /edit.php HTTP/1.1" 301 - "-" "Mozilla/5.0 (Windows NT 10.0; Win64; x64) AppleWebKit/537.36 (KHTML, like Gecko) Chrome/120.0.0.0 Safari/537.36"
4.190.200.152 - - [22/Jan/2026:11:05:36 -0500] "GET /include/ HTTP/1.1" 404 43645 "-" "Mozilla/5.0 (Windows NT 10.0; Win64; x64) AppleWebKit/537.36 (KHTML, like Gecko) Chrome/120.0.0.0 Safari/537.36"
13.70.106.199 - - [22/Jan/2026:11:05:37 -0500] "GET /mm.php HTTP/1.1" 301 - "-" "Mozilla/5.0 (Windows NT 10.0; Win64; x64) AppleWebKit/537.36 (KHTML, like Gecko) Chrome/120.0.0.0 Safari/537.36"
4.190.200.152 - - [22/Jan/2026:11:05:38 -0500] "GET /Assets/ HTTP/1.1" 404 43645 "-" "Mozilla/5.0 (Windows NT 10.0; Win64; x64) AppleWebKit/537.36 (KHTML, like Gecko) Chrome/120.0.0.0 Safari/537.36"
13.70.106.199 - - [22/Jan/2026:11:05:38 -0500] "GET /goat.php HTTP/1.1" 301 - "-" "Mozilla/5.0 (Windows NT 10.0; Win64; x64) AppleWebKit/537.36 (KHTML, like Gecko) Chrome/120.0.0.0 Safari/537.36"
66.249.68.38 - - [22/Jan/2026:11:05:39 -0500] "GET /54566256.html HTTP/1.1" 200 226 "-" "Mozilla/5.0 (Linux; Android 6.0.1; Nexus 5X Build/MMB29P) AppleWebKit/537.36 (KHTML, like Gecko) Chrome/143.0.7499.192 Mobile Safari/537.36 (compatible; Googlebot/2.1; +http://www.google.com/bot.html)"
13.70.106.199 - - [22/Jan/2026:11:05:39 -0500] "GET /goods.php HTTP/1.1" 301 - "-" "Mozilla/5.0 (Windows NT 10.0; Win64; x64) AppleWebKit/537.36 (KHTML, like Gecko) Chrome/120.0.0.0 Safari/537.36"
4.190.200.152 - - [22/Jan/2026:11:05:39 -0500] "GET /images/stories/ HTTP/1.1" 404 43645 "-" "Mozilla/5.0 (Windows NT 10.0; Win64; x64) AppleWebKit/537.36 (KHTML, like Gecko) Chrome/120.0.0.0 Safari/537.36"
13.70.106.199 - - [22/Jan/2026:11:05:40 -0500] "GET /lock360.php HTTP/1.1" 301 - "-" "Mozilla/5.0 (Windows NT 10.0; Win64; x64) AppleWebKit/537.36 (KHTML, like Gecko) Chrome/120.0.0.0 Safari/537.36"
4.190.200.152 - - [22/Jan/2026:11:05:40 -0500] "GET /plugins/ HTTP/1.1" 404 43645 "-" "Mozilla/5.0 (Windows NT 10.0; Win64; x64) AppleWebKit/537.36 (KHTML, like Gecko) Chrome/120.0.0.0 Safari/537.36"
13.70.106.199 - - [22/Jan/2026:11:05:41 -0500] "GET /users.php HTTP/1.1" 301 - "-" "Mozilla/5.0 (Windows NT 10.0; Win64; x64) AppleWebKit/537.36 (KHTML, like Gecko) Chrome/120.0.0.0 Safari/537.36"
4.190.200.152 - - [22/Jan/2026:11:05:41 -0500] "GET /php/ HTTP/1.1" 404 43645 "-" "Mozilla/5.0 (Windows NT 10.0; Win64; x64) AppleWebKit/537.36 (KHTML, like Gecko) Chrome/120.0.0.0 Safari/537.36"
13.70.106.199 - - [22/Jan/2026:11:05:41 -0500] "GET /w.php HTTP/1.1" 301 - "-" "Mozilla/5.0 (Windows NT 10.0; Win64; x64) AppleWebKit/537.36 (KHTML, like Gecko) Chrome/120.0.0.0 Safari/537.36"
13.70.106.199 - - [22/Jan/2026:11:05:42 -0500] "GET /wp-admin/ HTTP/1.1" 302 - "-" "Mozilla/5.0 (Windows NT 10.0; Win64; x64) AppleWebKit/537.36 (KHTML, like Gecko) Chrome/120.0.0.0 Safari/537.36"
