66.249.68.38 - - [22/Jan/2026:17:47:30 -0500] "GET /183788256.html HTTP/1.1" 200 226 "-" "Mozilla/5.0 (Linux; Android 6.0.1; Nexus 5X Build/MMB29P) AppleWebKit/537.36 (KHTML, like Gecko) Chrome/143.0.7499.192 Mobile Safari/537.36 (compatible; Googlebot/2.1; +http://www.google.com/bot.html)"
66.249.68.38 - - [22/Jan/2026:17:47:30 -0500] "GET /?j=2174442445192&channel=115e00&from=https://www.parawisata.us/post.php?products/haustellata/3345062704.phtml HTTP/1.1" 200 226 "-" "Mozilla/5.0 (Linux; Android 6.0.1; Nexus 5X Build/MMB29P) AppleWebKit/537.36 (KHTML, like Gecko) Chrome/143.0.7499.192 Mobile Safari/537.36 (compatible; Googlebot/2.1; +http://www.google.com/bot.html)"
66.249.68.38 - - [22/Jan/2026:17:47:43 -0500] "GET /?j=2174442445192&channel=115e00&from=https://www.parawisata.us/post.php?products/aconitia/647047323.phtml HTTP/1.1" 200 226 "-" "Mozilla/5.0 (Linux; Android 6.0.1; Nexus 5X Build/MMB29P) AppleWebKit/537.36 (KHTML, like Gecko) Chrome/143.0.7499.192 Mobile Safari/537.36 (compatible; Googlebot/2.1; +http://www.google.com/bot.html)"
68.65.122.212 - - [22/Jan/2026:17:47:44 -0500] "POST /wp-cron.php?doing_wp_cron=1769122064.4746549129486083984375 HTTP/1.1" 404 43596 "-" "WordPress/6.8.3; https://parawisata.us"
142.44.220.227 - - [22/Jan/2026:17:47:43 -0500] "GET /282390816 HTTP/1.1" 404 43596 "-" "Mozilla/5.0 (compatible; AhrefsBot/7.0; +http://ahrefs.com/robot/)"
66.249.68.32 - - [22/Jan/2026:17:48:01 -0500] "GET /?j=2174442445192&channel=115e00&from=https://www.parawisata.us/post.php?products/recital/2485858573.phtml HTTP/1.1" 200 226 "-" "Mozilla/5.0 (Linux; Android 6.0.1; Nexus 5X Build/MMB29P) AppleWebKit/537.36 (KHTML, like Gecko) Chrome/143.0.7499.192 Mobile Safari/537.36 (compatible; Googlebot/2.1; +http://www.google.com/bot.html)"
114.119.150.110 - - [22/Jan/2026:17:48:18 -0500] "GET /products/isokephaleia/2924665175.phtml HTTP/1.1" 404 43596 "https://parawisata.us/?sitemap627.xml" "Mozilla/5.0 (Linux; Android 7.0;) AppleWebKit/537.36 (KHTML, like Gecko) Mobile Safari/537.36 (compatible; PetalBot;+https://webmaster.petalsearch.com/site/petalbot)"
66.249.68.39 - - [22/Jan/2026:17:48:19 -0500] "GET /?j=2174442445192&channel=115e00&from=https://www.parawisata.us/post.php?products/breastplate/1970518197.phtml HTTP/1.1" 200 226 "-" "Mozilla/5.0 (Linux; Android 6.0.1; Nexus 5X Build/MMB29P) AppleWebKit/537.36 (KHTML, like Gecko) Chrome/143.0.7499.192 Mobile Safari/537.36 (compatible; Googlebot/2.1; +http://www.google.com/bot.html)"
69.197.149.50 - - [22/Jan/2026:17:47:05 -0500] "GET /wp-includes/x2850cc/index.php?id=333095 HTTP/1.1" 200 - "https://parawisata.us/wp-includes/x2850cc/index.php?id=333095" "Mozilla/5.0 (Windows NT 10.0; Win64; x64) AppleWebKit/537.36 (KHTML, like Gecko) Chrome/58.0.3029.110 Safari/537.3"
66.249.68.38 - - [22/Jan/2026:17:48:36 -0500] "GET /?j=2174442445192&channel=115e00&from=https://www.parawisata.us/post.php?products/decortication/2169726183.phtml HTTP/1.1" 200 226 "-" "Mozilla/5.0 (Linux; Android 6.0.1; Nexus 5X Build/MMB29P) AppleWebKit/537.36 (KHTML, like Gecko) Chrome/143.0.7499.192 Mobile Safari/537.36 (compatible; Googlebot/2.1; +http://www.google.com/bot.html)"
66.249.68.38 - - [22/Jan/2026:17:48:54 -0500] "GET /?j=2174442445192&channel=115e00&from=https://www.parawisata.us/post.php?products/swinker/1656290501.phtml HTTP/1.1" 200 226 "-" "Mozilla/5.0 (Linux; Android 6.0.1; Nexus 5X Build/MMB29P) AppleWebKit/537.36 (KHTML, like Gecko) Chrome/143.0.7499.192 Mobile Safari/537.36 (compatible; Googlebot/2.1; +http://www.google.com/bot.html)"
148.113.130.168 - - [22/Jan/2026:17:49:06 -0500] "GET /282110622 HTTP/1.1" 404 43596 "-" "Mozilla/5.0 (compatible; AhrefsBot/7.0; +http://ahrefs.com/robot/)"
66.249.79.7 - - [22/Jan/2026:17:49:08 -0500] "GET / HTTP/1.1" 200 226 "-" "Mozilla/5.0 (compatible; Googlebot/2.1; +http://www.google.com/bot.html)"
68.65.122.212 - - [22/Jan/2026:17:49:06 -0500] "POST /wp-cron.php?doing_wp_cron=1769122146.7704730033874511718750 HTTP/1.1" 404 43596 "-" "WordPress/6.8.3; https://parawisata.us"
66.249.79.1 - - [22/Jan/2026:17:49:08 -0500] "GET / HTTP/1.1" 200 226 "-" "Mozilla/5.0 (Linux; Android 6.0.1; Nexus 5X Build/MMB29P) AppleWebKit/537.36 (KHTML, like Gecko) Chrome/99.0.4844.84 Mobile Safari/537.36 (compatible; Googlebot/2.1; +http://www.google.com/bot.html)"
66.249.79.1 - - [22/Jan/2026:17:49:09 -0500] "GET /favicon.ico HTTP/1.1" 200 226 "-" "Googlebot-Image/1.0"
66.249.68.39 - - [22/Jan/2026:17:49:12 -0500] "GET /225599916.html HTTP/1.1" 200 226 "-" "Mozilla/5.0 (Linux; Android 6.0.1; Nexus 5X Build/MMB29P) AppleWebKit/537.36 (KHTML, like Gecko) Chrome/143.0.7499.192 Mobile Safari/537.36 (compatible; Googlebot/2.1; +http://www.google.com/bot.html)"
66.249.68.38 - - [22/Jan/2026:17:49:30 -0500] "GET /181414776.html HTTP/1.1" 200 226 "-" "Mozilla/5.0 (Linux; Android 6.0.1; Nexus 5X Build/MMB29P) AppleWebKit/537.36 (KHTML, like Gecko) Chrome/143.0.7499.192 Mobile Safari/537.36 (compatible; Googlebot/2.1; +http://www.google.com/bot.html)"
114.119.134.67 - - [22/Jan/2026:17:49:40 -0500] "GET /products/isocyanuric/2216361764.phtml HTTP/1.1" 404 43596 "https://parawisata.us/?sitemap627.xml" "Mozilla/5.0 (Linux; Android 7.0;) AppleWebKit/537.36 (KHTML, like Gecko) Mobile Safari/537.36 (compatible; PetalBot;+https://webmaster.petalsearch.com/site/petalbot)"
66.249.79.7 - - [22/Jan/2026:17:49:56 -0500] "GET /faculty/i81?pid=344 HTTP/1.1" 200 226 "-" "Mozilla/5.0 (Linux; Android 6.0.1; Nexus 5X Build/MMB29P) AppleWebKit/537.36 (KHTML, like Gecko) Chrome/143.0.7499.192 Mobile Safari/537.36 (compatible; Googlebot/2.1; +http://www.google.com/bot.html)"
66.249.79.7 - - [22/Jan/2026:17:49:57 -0500] "GET /product/edit/1929935 HTTP/1.1" 200 226 "-" "Mozilla/5.0 (Linux; Android 6.0.1; Nexus 5X Build/MMB29P) AppleWebKit/537.36 (KHTML, like Gecko) Chrome/143.0.7499.192 Mobile Safari/537.36 (compatible; Googlebot/2.1; +http://www.google.com/bot.html)"
69.197.149.50 - - [22/Jan/2026:17:48:35 -0500] "GET /wp-includes/x2850cc/index.php?id=333095 HTTP/1.1" 200 - "https://parawisata.us/wp-includes/x2850cc/index.php?id=333095" "Mozilla/5.0 (Windows NT 10.0; Win64; x64) AppleWebKit/537.36 (KHTML, like Gecko) Chrome/58.0.3029.110 Safari/537.3"
66.249.68.32 - - [22/Jan/2026:17:50:05 -0500] "GET /493075416.html HTTP/1.1" 200 226 "-" "Mozilla/5.0 (Linux; Android 6.0.1; Nexus 5X Build/MMB29P) AppleWebKit/537.36 (KHTML, like Gecko) Chrome/143.0.7499.192 Mobile Safari/537.36 (compatible; Googlebot/2.1; +http://www.google.com/bot.html)"
66.249.68.38 - - [22/Jan/2026:17:50:23 -0500] "GET /117424596.html HTTP/1.1" 200 226 "-" "Mozilla/5.0 (Linux; Android 6.0.1; Nexus 5X Build/MMB29P) AppleWebKit/537.36 (KHTML, like Gecko) Chrome/143.0.7499.192 Mobile Safari/537.36 (compatible; Googlebot/2.1; +http://www.google.com/bot.html)"
54.39.136.201 - - [22/Jan/2026:17:50:29 -0500] "GET /272385639 HTTP/1.1" 404 43596 "-" "Mozilla/5.0 (compatible; AhrefsBot/7.0; +http://ahrefs.com/robot/)"
68.65.122.212 - - [22/Jan/2026:17:50:30 -0500] "POST /wp-cron.php?doing_wp_cron=1769122230.7163400650024414062500 HTTP/1.1" 404 43596 "-" "WordPress/6.8.3; https://parawisata.us"
66.249.79.1 - - [22/Jan/2026:17:50:41 -0500] "GET /product/edit/216727 HTTP/1.1" 200 226 "-" "Mozilla/5.0 (Linux; Android 6.0.1; Nexus 5X Build/MMB29P) AppleWebKit/537.36 (KHTML, like Gecko) Chrome/143.0.7499.192 Mobile Safari/537.36 (compatible; Googlebot/2.1; +http://www.google.com/bot.html)"
66.249.68.38 - - [22/Jan/2026:17:50:59 -0500] "GET /485076216.html HTTP/1.1" 200 226 "-" "Mozilla/5.0 (Linux; Android 6.0.1; Nexus 5X Build/MMB29P) AppleWebKit/537.36 (KHTML, like Gecko) Chrome/143.0.7499.192 Mobile Safari/537.36 (compatible; Googlebot/2.1; +http://www.google.com/bot.html)"
114.119.141.24 - - [22/Jan/2026:17:51:03 -0500] "GET /products/isobars/4163263454.phtml HTTP/1.1" 404 43596 "https://parawisata.us/?sitemap627.xml" "Mozilla/5.0 (Linux; Android 7.0;) AppleWebKit/537.36 (KHTML, like Gecko) Mobile Safari/537.36 (compatible; PetalBot;+https://webmaster.petalsearch.com/site/petalbot)"
66.249.68.39 - - [22/Jan/2026:17:51:17 -0500] "GET /?j=2174442445192&channel=115e00&from=https://www.parawisata.us/post.php?products/grucche/3999919395.phtml HTTP/1.1" 200 226 "-" "Mozilla/5.0 (Linux; Android 6.0.1; Nexus 5X Build/MMB29P) AppleWebKit/537.36 (KHTML, like Gecko) Chrome/143.0.7499.192 Mobile Safari/537.36 (compatible; Googlebot/2.1; +http://www.google.com/bot.html)"
69.197.149.50 - - [22/Jan/2026:17:50:04 -0500] "GET /wp-includes/x2850cc/index.php?id=333095 HTTP/1.1" 200 - "https://parawisata.us/wp-includes/x2850cc/index.php?id=333095" "Mozilla/5.0 (Windows NT 10.0; Win64; x64) AppleWebKit/537.36 (KHTML, like Gecko) Chrome/58.0.3029.110 Safari/537.3"
66.249.68.39 - - [22/Jan/2026:17:51:42 -0500] "GET /?j=2174442445192&channel=115e00&from=https://www.parawisata.us/post.php?products/pernicion/1705625590.phtml HTTP/1.1" 200 226 "-" "Mozilla/5.0 (Linux; Android 6.0.1; Nexus 5X Build/MMB29P) AppleWebKit/537.36 (KHTML, like Gecko) Chrome/143.0.7499.192 Mobile Safari/537.36 (compatible; Googlebot/2.1; +http://www.google.com/bot.html)"
66.249.68.38 - - [22/Jan/2026:17:51:58 -0500] "GET /?j=2174442445192&channel=115e00&from=https://www.parawisata.us/post.php?products/staghorned/518208902.phtml HTTP/1.1" 200 226 "-" "Mozilla/5.0 (Linux; Android 6.0.1; Nexus 5X Build/MMB29P) AppleWebKit/537.36 (KHTML, like Gecko) Chrome/143.0.7499.192 Mobile Safari/537.36 (compatible; Googlebot/2.1; +http://www.google.com/bot.html)"
68.65.122.212 - - [22/Jan/2026:17:52:07 -0500] "POST /wp-cron.php?doing_wp_cron=1769122327.5287199020385742187500 HTTP/1.1" 404 43596 "-" "WordPress/6.8.3; https://parawisata.us"
142.44.220.212 - - [22/Jan/2026:17:52:06 -0500] "GET /271051803 HTTP/1.1" 404 43596 "-" "Mozilla/5.0 (compatible; AhrefsBot/7.0; +http://ahrefs.com/robot/)"
66.249.68.32 - - [22/Jan/2026:17:52:13 -0500] "GET /?j=2174442445192&channel=115e00&from=https://www.parawisata.us/post.php?products/deltic/2869330924.phtml HTTP/1.1" 200 226 "-" "Mozilla/5.0 (Linux; Android 6.0.1; Nexus 5X Build/MMB29P) AppleWebKit/537.36 (KHTML, like Gecko) Chrome/143.0.7499.192 Mobile Safari/537.36 (compatible; Googlebot/2.1; +http://www.google.com/bot.html)"
114.119.150.110 - - [22/Jan/2026:17:52:28 -0500] "GET /products/irreproachable/347360224.phtml HTTP/1.1" 404 43596 "https://parawisata.us/?sitemap848.xml" "Mozilla/5.0 (Linux; Android 7.0;) AppleWebKit/537.36 (KHTML, like Gecko) Mobile Safari/537.36 (compatible; PetalBot;+https://webmaster.petalsearch.com/site/petalbot)"
66.249.68.38 - - [22/Jan/2026:17:52:29 -0500] "GET /?j=2174442445192&channel=115e00&from=https://www.parawisata.us/post.php?products/exampleless/3273612189.phtml HTTP/1.1" 200 226 "-" "Mozilla/5.0 (Linux; Android 6.0.1; Nexus 5X Build/MMB29P) AppleWebKit/537.36 (KHTML, like Gecko) Chrome/143.0.7499.192 Mobile Safari/537.36 (compatible; Googlebot/2.1; +http://www.google.com/bot.html)"
69.197.149.50 - - [22/Jan/2026:17:51:33 -0500] "GET /wp-includes/x2850cc/index.php?id=333095 HTTP/1.1" 200 - "https://parawisata.us/wp-includes/x2850cc/index.php?id=333095" "Mozilla/5.0 (Windows NT 10.0; Win64; x64) AppleWebKit/537.36 (KHTML, like Gecko) Chrome/58.0.3029.110 Safari/537.3"
66.249.68.39 - - [22/Jan/2026:17:53:15 -0500] "GET /ctg/search/similarImageSearchResultView/?ctgItemCd=22472213 HTTP/1.1" 200 226 "-" "Mozilla/5.0 (Linux; Android 6.0.1; Nexus 5X Build/MMB29P) AppleWebKit/537.36 (KHTML, like Gecko) Chrome/143.0.7499.192 Mobile Safari/537.36 (compatible; Googlebot/2.1; +http://www.google.com/bot.html)"
148.113.130.225 - - [22/Jan/2026:17:53:37 -0500] "GET /261187929 HTTP/1.1" 404 43596 "-" "Mozilla/5.0 (compatible; AhrefsBot/7.0; +http://ahrefs.com/robot/)"
68.65.122.212 - - [22/Jan/2026:17:53:38 -0500] "POST /wp-cron.php?doing_wp_cron=1769122418.0992219448089599609375 HTTP/1.1" 404 43596 "-" "WordPress/6.8.3; https://parawisata.us"
114.119.150.110 - - [22/Jan/2026:17:53:50 -0500] "GET /products/irremeable/311488678.phtml HTTP/1.1" 404 43596 "https://parawisata.us/?sitemap848.xml" "Mozilla/5.0 (Linux; Android 7.0;) AppleWebKit/537.36 (KHTML, like Gecko) Mobile Safari/537.36 (compatible; PetalBot;+https://webmaster.petalsearch.com/site/petalbot)"
69.197.149.50 - - [22/Jan/2026:17:53:03 -0500] "GET /wp-includes/x2850cc/index.php?id=333095 HTTP/1.1" 200 - "https://parawisata.us/wp-includes/x2850cc/index.php?id=333095" "Mozilla/5.0 (Windows NT 10.0; Win64; x64) AppleWebKit/537.36 (KHTML, like Gecko) Chrome/58.0.3029.110 Safari/537.3"
68.65.122.212 - - [22/Jan/2026:17:54:53 -0500] "POST /wp-cron.php?doing_wp_cron=1769122493.7224678993225097656250 HTTP/1.1" 404 43596 "-" "WordPress/6.8.3; https://parawisata.us"
15.235.98.170 - - [22/Jan/2026:17:54:53 -0500] "GET /259132704 HTTP/1.1" 404 43596 "-" "Mozilla/5.0 (compatible; AhrefsBot/7.0; +http://ahrefs.com/robot/)"
114.119.149.145 - - [22/Jan/2026:17:55:15 -0500] "GET /products/irrecoverably/3355187530.phtml HTTP/1.1" 404 43596 "https://parawisata.us/?sitemap848.xml" "Mozilla/5.0 (Linux; Android 7.0;) AppleWebKit/537.36 (KHTML, like Gecko) Mobile Safari/537.36 (compatible; PetalBot;+https://webmaster.petalsearch.com/site/petalbot)"
66.249.68.38 - - [22/Jan/2026:17:55:50 -0500] "GET /?j=2174442445192&channel=115e00&from=https://www.parawisata.us/post.php?products/cardigan/2086950186.phtml HTTP/1.1" 200 226 "-" "Mozilla/5.0 (Linux; Android 6.0.1; Nexus 5X Build/MMB29P) AppleWebKit/537.36 (KHTML, like Gecko) Chrome/143.0.7499.192 Mobile Safari/537.36 (compatible; Googlebot/2.1; +http://www.google.com/bot.html)"
69.197.149.50 - - [22/Jan/2026:17:54:32 -0500] "GET /wp-includes/x2850cc/index.php?id=333095 HTTP/1.1" 200 - "https://parawisata.us/wp-includes/x2850cc/index.php?id=333095" "Mozilla/5.0 (Windows NT 10.0; Win64; x64) AppleWebKit/537.36 (KHTML, like Gecko) Chrome/58.0.3029.110 Safari/537.3"
68.65.122.212 - - [22/Jan/2026:17:56:10 -0500] "POST /wp-cron.php?doing_wp_cron=1769122570.4317510128021240234375 HTTP/1.1" 404 43596 "-" "WordPress/6.8.3; https://parawisata.us"
51.161.37.0 - - [22/Jan/2026:17:56:09 -0500] "GET /252712362 HTTP/1.1" 404 43596 "-" "Mozilla/5.0 (compatible; AhrefsBot/7.0; +http://ahrefs.com/robot/)"
66.249.79.3 - - [22/Jan/2026:17:56:27 -0500] "GET /beside092032784.html HTTP/1.1" 200 226 "-" "Mozilla/5.0 (compatible; Googlebot/2.1; +http://www.google.com/bot.html)"
66.249.68.39 - - [22/Jan/2026:17:56:36 -0500] "GET /56466336.html HTTP/1.1" 200 226 "-" "Mozilla/5.0 (Linux; Android 6.0.1; Nexus 5X Build/MMB29P) AppleWebKit/537.36 (KHTML, like Gecko) Chrome/143.0.7499.192 Mobile Safari/537.36 (compatible; Googlebot/2.1; +http://www.google.com/bot.html)"
114.119.139.118 - - [22/Jan/2026:17:56:38 -0500] "GET /products/irrecoverably/3355187530.phtml HTTP/1.1" 404 43596 "https://parawisata.us/?sitemap627.xml" "Mozilla/5.0 (Linux; Android 7.0;) AppleWebKit/537.36 (KHTML, like Gecko) Mobile Safari/537.36 (compatible; PetalBot;+https://webmaster.petalsearch.com/site/petalbot)"
66.249.79.2 - - [22/Jan/2026:17:56:39 -0500] "GET /products/emulous/348216210.phtml HTTP/1.1" 200 226 "-" "Mozilla/5.0 (compatible; Googlebot/2.1; +http://www.google.com/bot.html)"
69.197.149.50 - - [22/Jan/2026:17:56:02 -0500] "GET /wp-includes/x2850cc/index.php?id=333095 HTTP/1.1" 200 - "https://parawisata.us/wp-includes/x2850cc/index.php?id=333095" "Mozilla/5.0 (Windows NT 10.0; Win64; x64) AppleWebKit/537.36 (KHTML, like Gecko) Chrome/58.0.3029.110 Safari/537.3"
66.249.68.38 - - [22/Jan/2026:17:57:33 -0500] "GET /?j=2174442445192&channel=115e00&from=https://www.parawisata.us/post.php?products/patacoon/464113207.phtml HTTP/1.1" 200 226 "-" "Mozilla/5.0 (Linux; Android 6.0.1; Nexus 5X Build/MMB29P) AppleWebKit/537.36 (KHTML, like Gecko) Chrome/143.0.7499.192 Mobile Safari/537.36 (compatible; Googlebot/2.1; +http://www.google.com/bot.html)"
68.65.122.212 - - [22/Jan/2026:17:57:38 -0500] "POST /wp-cron.php?doing_wp_cron=1769122658.1867439746856689453125 HTTP/1.1" 404 43596 "-" "WordPress/6.8.3; https://parawisata.us"
142.44.233.51 - - [22/Jan/2026:17:57:37 -0500] "GET /248426037 HTTP/1.1" 404 43596 "-" "Mozilla/5.0 (compatible; AhrefsBot/7.0; +http://ahrefs.com/robot/)"
114.119.134.67 - - [22/Jan/2026:17:58:01 -0500] "GET /products/irons/1635920154.phtml HTTP/1.1" 404 43596 "https://parawisata.us/?sitemap627.xml" "Mozilla/5.0 (Linux; Android 7.0;) AppleWebKit/537.36 (KHTML, like Gecko) Mobile Safari/537.36 (compatible; PetalBot;+https://webmaster.petalsearch.com/site/petalbot)"
66.249.79.2 - - [22/Jan/2026:17:58:27 -0500] "GET /114551394 HTTP/1.1" 200 226 "-" "Mozilla/5.0 (compatible; Googlebot/2.1; +http://www.google.com/bot.html)"
66.249.79.1 - - [22/Jan/2026:17:58:27 -0500] "GET /114551394 HTTP/1.1" 200 226 "-" "Mozilla/5.0 (Linux; Android 6.0.1; Nexus 5X Build/MMB29P) AppleWebKit/537.36 (KHTML, like Gecko) Chrome/143.0.7499.192 Mobile Safari/537.36 (compatible; Googlebot/2.1; +http://www.google.com/bot.html)"
68.65.122.212 - - [22/Jan/2026:17:58:47 -0500] "POST /wp-cron.php?doing_wp_cron=1769122727.7678558826446533203125 HTTP/1.1" 404 43596 "-" "WordPress/6.8.3; https://parawisata.us"
193.202.85.18 - - [22/Jan/2026:17:58:47 -0500] "GET /?timeout=15&follow_redirects=true&decode=auto-html HTTP/1.1" 200 14463 "-" "Mozilla/5.0 (X11; Linux x86_64) AppleWebKit/537.36 (KHTML, like Gecko) Chrome/143.0.0.0 Safari/537.36"
51.222.95.175 - - [22/Jan/2026:17:58:54 -0500] "GET /247621032 HTTP/1.1" 404 43596 "-" "Mozilla/5.0 (compatible; AhrefsBot/7.0; +http://ahrefs.com/robot/)"
69.197.149.50 - - [22/Jan/2026:17:57:31 -0500] "GET /wp-includes/x2850cc/index.php?id=333095 HTTP/1.1" 200 - "https://parawisata.us/wp-includes/x2850cc/index.php?id=333095" "Mozilla/5.0 (Windows NT 10.0; Win64; x64) AppleWebKit/537.36 (KHTML, like Gecko) Chrome/58.0.3029.110 Safari/537.3"
66.249.68.32 - - [22/Jan/2026:17:59:02 -0500] "GET /ctg/search/similarImageSearchResultView/?ctgItemCd=78433311 HTTP/1.1" 200 226 "-" "Mozilla/5.0 (Linux; Android 6.0.1; Nexus 5X Build/MMB29P) AppleWebKit/537.36 (KHTML, like Gecko) Chrome/143.0.7499.192 Mobile Safari/537.36 (compatible; Googlebot/2.1; +http://www.google.com/bot.html)"
193.202.85.18 - - [22/Jan/2026:17:59:23 -0500] "GET /wp-json/wp/v2/users?context=edit&timeout=15&follow_redirects=true&decode=auto-html HTTP/1.1" 401 108 "-" "Mozilla/5.0 (X11; Linux x86_64) AppleWebKit/537.36 (KHTML, like Gecko) Chrome/143.0.0.0 Safari/537.36"
66.249.68.39 - - [22/Jan/2026:17:59:25 -0500] "GET /?j=2174442445192&channel=115e00&from=https://www.parawisata.us/post.php?products/bannerets/1686823368.phtml HTTP/1.1" 200 226 "-" "Mozilla/5.0 (Linux; Android 6.0.1; Nexus 5X Build/MMB29P) AppleWebKit/537.36 (KHTML, like Gecko) Chrome/143.0.7499.192 Mobile Safari/537.36 (compatible; Googlebot/2.1; +http://www.google.com/bot.html)"
114.119.139.118 - - [22/Jan/2026:17:59:25 -0500] "GET /products/iridosmine/1222521125.phtml HTTP/1.1" 404 43596 "https://parawisata.us/?sitemap627.xml" "Mozilla/5.0 (Linux; Android 7.0;) AppleWebKit/537.36 (KHTML, like Gecko) Mobile Safari/537.36 (compatible; PetalBot;+https://webmaster.petalsearch.com/site/petalbot)"
194.104.11.199 - - [22/Jan/2026:17:59:26 -0500] "GET /wp-json/wp/v2/users?context=edit&timeout=15&follow_redirects=true&decode=auto-html HTTP/1.1" 401 108 "-" "Mozilla/5.0 (X11; Linux x86_64) AppleWebKit/537.36 (KHTML, like Gecko) Chrome/143.0.0.0 Safari/537.36"
157.22.17.158 - - [22/Jan/2026:17:59:29 -0500] "GET /wp-json/wp/v2/users?context=edit&timeout=15&follow_redirects=true&decode=auto-html HTTP/1.1" 401 108 "-" "Mozilla/5.0 (X11; Linux x86_64) AppleWebKit/537.36 (KHTML, like Gecko) Chrome/143.0.0.0 Safari/537.36"
185.101.21.239 - - [22/Jan/2026:17:59:31 -0500] "POST /wp-json/batch/v1 HTTP/1.1" 400 125 "-" "Mozilla/5.0 (X11; Linux x86_64) AppleWebKit/537.36 (KHTML, like Gecko) Chrome/143.0.0.0 Safari/537.36"
5.183.252.63 - - [22/Jan/2026:17:59:34 -0500] "POST /wp-json/batch/v1 HTTP/1.1" 400 125 "-" "Mozilla/5.0 (X11; Linux x86_64) AppleWebKit/537.36 (KHTML, like Gecko) Chrome/143.0.0.0 Safari/537.36"
193.202.8.127 - - [22/Jan/2026:17:59:38 -0500] "POST /wp-json/batch/v1 HTTP/1.1" 400 125 "-" "Mozilla/5.0 (X11; Linux x86_64) AppleWebKit/537.36 (KHTML, like Gecko) Chrome/143.0.0.0 Safari/537.36"
68.65.122.212 - - [22/Jan/2026:18:00:20 -0500] "POST /wp-cron.php?doing_wp_cron=1769122819.9666609764099121093750 HTTP/1.1" 404 43596 "-" "WordPress/6.8.3; https://parawisata.us"
54.39.210.80 - - [22/Jan/2026:18:00:19 -0500] "GET /245325009 HTTP/1.1" 404 43596 "-" "Mozilla/5.0 (compatible; AhrefsBot/7.0; +http://ahrefs.com/robot/)"
69.197.149.50 - - [22/Jan/2026:17:59:03 -0500] "GET /wp-includes/x2850cc/index.php?id=333095 HTTP/1.1" 200 - "https://parawisata.us/wp-includes/x2850cc/index.php?id=333095" "Mozilla/5.0 (Windows NT 10.0; Win64; x64) AppleWebKit/537.36 (KHTML, like Gecko) Chrome/58.0.3029.110 Safari/537.3"
157.22.45.151 - - [22/Jan/2026:18:00:48 -0500] "GET /wp-json/wp/v2/users?timeout=15&follow_redirects=true&decode=auto-html HTTP/1.1" 401 108 "-" "Mozilla/5.0 (X11; Linux x86_64) AppleWebKit/537.36 (KHTML, like Gecko) Chrome/143.0.0.0 Safari/537.36"
114.119.134.67 - - [22/Jan/2026:18:00:48 -0500] "GET /products/iranic/4011917899.phtml HTTP/1.1" 404 43596 "https://parawisata.us/?sitemap627.xml" "Mozilla/5.0 (Linux; Android 7.0;) AppleWebKit/537.36 (KHTML, like Gecko) Mobile Safari/537.36 (compatible; PetalBot;+https://webmaster.petalsearch.com/site/petalbot)"
45.140.205.62 - - [22/Jan/2026:18:00:50 -0500] "GET /wp-json/wp/v2/users?timeout=15&follow_redirects=true&decode=auto-html HTTP/1.1" 401 108 "-" "Mozilla/5.0 (X11; Linux x86_64) AppleWebKit/537.36 (KHTML, like Gecko) Chrome/143.0.0.0 Safari/537.36"
88.218.44.101 - - [22/Jan/2026:18:00:53 -0500] "GET /wp-json/wp/v2/users?timeout=15&follow_redirects=true&decode=auto-html HTTP/1.1" 401 108 "-" "Mozilla/5.0 (X11; Linux x86_64) AppleWebKit/537.36 (KHTML, like Gecko) Chrome/143.0.0.0 Safari/537.36"
213.108.0.163 - - [22/Jan/2026:18:00:56 -0500] "GET /wp-sitemap.xml?timeout=15&follow_redirects=true&decode=auto-html HTTP/1.1" 200 27577 "-" "Mozilla/5.0 (X11; Linux x86_64) AppleWebKit/537.36 (KHTML, like Gecko) Chrome/143.0.0.0 Safari/537.36"
213.108.0.163 - - [22/Jan/2026:18:00:59 -0500] "GET /sitemap_index.xml?timeout=15&follow_redirects=true&decode=auto-html HTTP/1.1" 200 597 "-" "Mozilla/5.0 (X11; Linux x86_64) AppleWebKit/537.36 (KHTML, like Gecko) Chrome/143.0.0.0 Safari/537.36"
213.108.0.163 - - [22/Jan/2026:18:01:02 -0500] "GET /wp-json/oembed/1.0/embed?url=https%3A%2F%2Fparawisata.us%2F&format=json&timeout=15&follow_redirects=true&decode=auto-html HTTP/1.1" 404 73 "-" "Mozilla/5.0 (X11; Linux x86_64) AppleWebKit/537.36 (KHTML, like Gecko) Chrome/143.0.0.0 Safari/537.36"
66.249.68.37 - - [22/Jan/2026:18:01:13 -0500] "GET /?j=2174442445192&channel=115e00&from=https://www.parawisata.us/post.php?products/bulrush/3243676019.phtml HTTP/1.1" 200 226 "-" "Mozilla/5.0 (Linux; Android 6.0.1; Nexus 5X Build/MMB29P) AppleWebKit/537.36 (KHTML, like Gecko) Chrome/143.0.7499.192 Mobile Safari/537.36 (compatible; Googlebot/2.1; +http://www.google.com/bot.html)"
66.249.68.36 - - [22/Jan/2026:18:01:29 -0500] "GET /hormone058000602.html HTTP/1.1" 200 226 "-" "Mozilla/5.0 (Linux; Android 6.0.1; Nexus 5X Build/MMB29P) AppleWebKit/537.36 (KHTML, like Gecko) Chrome/143.0.7499.192 Mobile Safari/537.36 (compatible; Googlebot/2.1; +http://www.google.com/bot.html)"
66.249.68.36 - - [22/Jan/2026:18:01:30 -0500] "GET /?j=2174442445192&channel=115e00&from=https://www.parawisata.us/post.php?products/evangelise/3629563790.phtml HTTP/1.1" 200 226 "-" "Mozilla/5.0 (Linux; Android 6.0.1; Nexus 5X Build/MMB29P) AppleWebKit/537.36 (KHTML, like Gecko) Chrome/143.0.7499.192 Mobile Safari/537.36 (compatible; Googlebot/2.1; +http://www.google.com/bot.html)"
142.44.220.74 - - [22/Jan/2026:18:01:33 -0500] "GET /23746026 HTTP/1.1" 404 43596 "-" "Mozilla/5.0 (compatible; AhrefsBot/7.0; +http://ahrefs.com/robot/)"
68.65.122.212 - - [22/Jan/2026:18:01:34 -0500] "POST /wp-cron.php?doing_wp_cron=1769122894.1953001022338867187500 HTTP/1.1" 404 43596 "-" "WordPress/6.8.3; https://parawisata.us"
170.168.99.204 - - [22/Jan/2026:18:01:39 -0500] "GET /wp-json/oembed/1.0/embed?url=https%3A%2F%2Fparawisata.us%2F&format=json&timeout=15&follow_redirects=true&decode=auto-html HTTP/1.1" 404 73 "-" "Mozilla/5.0 (X11; Linux x86_64) AppleWebKit/537.36 (KHTML, like Gecko) Chrome/143.0.0.0 Safari/537.36"
91.245.236.106 - - [22/Jan/2026:18:01:41 -0500] "GET /wp-json/oembed/1.0/embed?url=https%3A%2F%2Fparawisata.us%2F&format=json&timeout=15&follow_redirects=true&decode=auto-html HTTP/1.1" 404 73 "-" "Mozilla/5.0 (X11; Linux x86_64) AppleWebKit/537.36 (KHTML, like Gecko) Chrome/143.0.0.0 Safari/537.36"
193.202.8.77 - - [22/Jan/2026:18:01:44 -0500] "GET /?headers=%5Bobject+Object%5D&decode=auto-html HTTP/1.1" 200 14456 "-" "Mozilla/5.0 (X11; Linux x86_64) AppleWebKit/537.36 (KHTML, like Gecko) Chrome/143.0.0.0 Safari/537.36"
66.249.68.35 - - [22/Jan/2026:18:01:45 -0500] "GET /239625516.html HTTP/1.1" 200 226 "-" "Mozilla/5.0 (Linux; Android 6.0.1; Nexus 5X Build/MMB29P) AppleWebKit/537.36 (KHTML, like Gecko) Chrome/143.0.7499.192 Mobile Safari/537.36 (compatible; Googlebot/2.1; +http://www.google.com/bot.html)"
193.202.8.77 - - [22/Jan/2026:18:01:47 -0500] "GET /wp-json/wp/v2/posts?per_page=5&_fields=author%2Clink&timeout=15&follow_redirects=true&decode=auto-html HTTP/1.1" 200 538 "-" "Mozilla/5.0 (X11; Linux x86_64) AppleWebKit/537.36 (KHTML, like Gecko) Chrome/143.0.0.0 Safari/537.36"
66.249.79.7 - - [22/Jan/2026:18:01:55 -0500] "GET /128190651 HTTP/1.1" 200 226 "-" "Mozilla/5.0 (Linux; Android 6.0.1; Nexus 5X Build/MMB29P) AppleWebKit/537.36 (KHTML, like Gecko) Chrome/143.0.7499.192 Mobile Safari/537.36 (compatible; Googlebot/2.1; +http://www.google.com/bot.html)"
69.197.149.50 - - [22/Jan/2026:18:00:33 -0500] "GET /wp-includes/x2850cc/index.php?id=333095 HTTP/1.1" 200 - "https://parawisata.us/wp-includes/x2850cc/index.php?id=333095" "Mozilla/5.0 (Windows NT 10.0; Win64; x64) AppleWebKit/537.36 (KHTML, like Gecko) Chrome/58.0.3029.110 Safari/537.3"
114.119.134.216 - - [22/Jan/2026:18:02:11 -0500] "GET /products/iowas/1151821388.phtml HTTP/1.1" 404 43596 "https://parawisata.us/?sitemap627.xml" "Mozilla/5.0 (Linux; Android 7.0;) AppleWebKit/537.36 (KHTML, like Gecko) Mobile Safari/537.36 (compatible; PetalBot;+https://webmaster.petalsearch.com/site/petalbot)"
193.202.8.77 - - [22/Jan/2026:18:02:22 -0500] "GET /wp-json/wp/v2/users/5?_fields=slug&timeout=15&follow_redirects=true&decode=auto-html HTTP/1.1" 404 82 "-" "Mozilla/5.0 (X11; Linux x86_64) AppleWebKit/537.36 (KHTML, like Gecko) Chrome/143.0.0.0 Safari/537.36"
157.22.16.103 - - [22/Jan/2026:18:02:24 -0500] "GET /wp-json/wp/v2/users/5?_fields=slug&timeout=15&follow_redirects=true&decode=auto-html HTTP/1.1" 404 82 "-" "Mozilla/5.0 (X11; Linux x86_64) AppleWebKit/537.36 (KHTML, like Gecko) Chrome/143.0.0.0 Safari/537.36"
45.135.1.138 - - [22/Jan/2026:18:02:26 -0500] "GET /wp-json/wp/v2/users/5?_fields=slug&timeout=15&follow_redirects=true&decode=auto-html HTTP/1.1" 404 82 "-" "Mozilla/5.0 (X11; Linux x86_64) AppleWebKit/537.36 (KHTML, like Gecko) Chrome/143.0.0.0 Safari/537.36"
66.249.79.1 - - [22/Jan/2026:18:02:41 -0500] "GET /nationwide/a70?pid=529 HTTP/1.1" 200 226 "-" "Mozilla/5.0 (Linux; Android 6.0.1; Nexus 5X Build/MMB29P) AppleWebKit/537.36 (KHTML, like Gecko) Chrome/143.0.7499.192 Mobile Safari/537.36 (compatible; Googlebot/2.1; +http://www.google.com/bot.html)"
68.65.122.212 - - [22/Jan/2026:18:02:51 -0500] "POST /wp-cron.php?doing_wp_cron=1769122971.5646939277648925781250 HTTP/1.1" 404 43596 "-" "WordPress/6.8.3; https://parawisata.us"
142.44.225.211 - - [22/Jan/2026:18:02:50 -0500] "GET /224068455 HTTP/1.1" 404 43596 "-" "Mozilla/5.0 (compatible; AhrefsBot/7.0; +http://ahrefs.com/robot/)"
114.119.158.58 - - [22/Jan/2026:18:03:36 -0500] "GET /products/inwith/704647213.phtml HTTP/1.1" 404 43596 "https://parawisata.us/?sitemap627.xml" "Mozilla/5.0 (Linux; Android 7.0;) AppleWebKit/537.36 (KHTML, like Gecko) Mobile Safari/537.36 (compatible; PetalBot;+https://webmaster.petalsearch.com/site/petalbot)"
69.197.149.50 - - [22/Jan/2026:18:02:04 -0500] "GET /wp-includes/x2850cc/index.php?id=333095 HTTP/1.1" 200 - "https://parawisata.us/wp-includes/x2850cc/index.php?id=333095" "Mozilla/5.0 (Windows NT 10.0; Win64; x64) AppleWebKit/537.36 (KHTML, like Gecko) Chrome/58.0.3029.110 Safari/537.3"
66.249.79.7 - - [22/Jan/2026:18:03:45 -0500] "GET /products/scroyle/1114807311.phtml HTTP/1.1" 200 226 "-" "Mozilla/5.0 (Linux; Android 6.0.1; Nexus 5X Build/MMB29P) AppleWebKit/537.36 (KHTML, like Gecko) Chrome/143.0.7499.192 Mobile Safari/537.36 (compatible; Googlebot/2.1; +http://www.google.com/bot.html)"
68.65.122.212 - - [22/Jan/2026:18:04:12 -0500] "POST /wp-cron.php?doing_wp_cron=1769123052.5030341148376464843750 HTTP/1.1" 404 43596 "-" "WordPress/6.8.3; https://parawisata.us"
51.222.168.202 - - [22/Jan/2026:18:04:11 -0500] "GET /223458420 HTTP/1.1" 404 43596 "-" "Mozilla/5.0 (compatible; AhrefsBot/7.0; +http://ahrefs.com/robot/)"
66.249.68.36 - - [22/Jan/2026:18:04:35 -0500] "GET /products/gemma/3450396665.phtml HTTP/1.1" 200 226 "-" "Mozilla/5.0 (compatible; Googlebot/2.1; +http://www.google.com/bot.html)"
66.249.68.36 - - [22/Jan/2026:18:04:57 -0500] "GET /bank298006188.html HTTP/1.1" 200 226 "-" "Mozilla/5.0 (Linux; Android 6.0.1; Nexus 5X Build/MMB29P) AppleWebKit/537.36 (KHTML, like Gecko) Chrome/143.0.7499.192 Mobile Safari/537.36 (compatible; Googlebot/2.1; +http://www.google.com/bot.html)"
114.119.149.145 - - [22/Jan/2026:18:04:59 -0500] "GET /products/inwheel/3668170047.phtml HTTP/1.1" 404 43596 "https://parawisata.us/?sitemap627.xml" "Mozilla/5.0 (Linux; Android 7.0;) AppleWebKit/537.36 (KHTML, like Gecko) Mobile Safari/537.36 (compatible; PetalBot;+https://webmaster.petalsearch.com/site/petalbot)"
142.248.80.77 - - [22/Jan/2026:18:05:02 -0500] "GET /?cate_id=6189&channel=identity-consecutive-experience&pid=%2A HTTP/1.1" 200 14471 "-" "Mozilla/5.0 (Linux; Android 9; ASUS_I005DA Build/PI; wv) AppleWebKit/537.36 (KHTML, like Gecko) Version/4.0 Chrome/133.0.6943.122 Mobile"
142.248.80.77 - - [22/Jan/2026:18:05:03 -0500] "GET /?cate_id=%2A&channel=identity-consecutive-experience&pid=24647632894 HTTP/1.1" 200 14481 "-" "Mozilla/5.0 (Linux; Android 9; ASUS_I005DA Build/PI; wv) AppleWebKit/537.36 (KHTML, like Gecko) Version/4.0 Chrome/133.0.6943.122 Mobile"
142.248.80.77 - - [22/Jan/2026:18:05:03 -0500] "GET /?cate_id=6189&cate_id=%27&channel=identity-consecutive-experience&pid=%2A HTTP/1.1" 200 14469 "-" "Mozilla/5.0 (Linux; Android 9; ASUS_I005DA Build/PI; wv) AppleWebKit/537.36 (KHTML, like Gecko) Version/4.0 Chrome/133.0.6943.122 Mobile"
142.248.80.77 - - [22/Jan/2026:18:05:04 -0500] "GET /?cate_id=%2A&channel=identity-consecutive-experience&channel=%27&pid=24647632894 HTTP/1.1" 200 14460 "-" "Mozilla/5.0 (Linux; Android 9; ASUS_I005DA Build/PI; wv) AppleWebKit/537.36 (KHTML, like Gecko) Version/4.0 Chrome/133.0.6943.122 Mobile"
142.248.80.77 - - [22/Jan/2026:18:05:05 -0500] "GET /?cate_id=6189&channel=identity-consecutive-experience&channel=%27&pid=%2A HTTP/1.1" 200 14454 "-" "Mozilla/5.0 (Linux; Android 9; ASUS_I005DA Build/PI; wv) AppleWebKit/537.36 (KHTML, like Gecko) Version/4.0 Chrome/133.0.6943.122 Mobile"
142.248.80.77 - - [22/Jan/2026:18:05:06 -0500] "GET /?cate_id=%2A&channel=identity-consecutive-experience&pid=24647632894&pid=%27 HTTP/1.1" 200 14469 "-" "Mozilla/5.0 (Linux; Android 9; ASUS_I005DA Build/PI; wv) AppleWebKit/537.36 (KHTML, like Gecko) Version/4.0 Chrome/133.0.6943.122 Mobile"
142.248.80.77 - - [22/Jan/2026:18:05:06 -0500] "GET /?cate_id=6189&channel=identity-consecutive-experience&pid=%2A&pid=%27 HTTP/1.1" 200 14471 "-" "Mozilla/5.0 (Linux; Android 9; ASUS_I005DA Build/PI; wv) AppleWebKit/537.36 (KHTML, like Gecko) Version/4.0 Chrome/133.0.6943.122 Mobile"
69.197.149.50 - - [22/Jan/2026:18:03:40 -0500] "GET /wp-includes/x2850cc/index.php?id=333095 HTTP/1.1" 200 - "https://parawisata.us/wp-includes/x2850cc/index.php?id=333095" "Mozilla/5.0 (Windows NT 10.0; Win64; x64) AppleWebKit/537.36 (KHTML, like Gecko) Chrome/58.0.3029.110 Safari/537.3"
142.248.80.77 - - [22/Jan/2026:18:05:07 -0500] "GET /?cate_id=%2A&cate_id=%27&channel=identity-consecutive-experience&pid=24647632894 HTTP/1.1" 200 14480 "-" "Mozilla/5.0 (Linux; Android 9; ASUS_I005DA Build/PI; wv) AppleWebKit/537.36 (KHTML, like Gecko) Version/4.0 Chrome/133.0.6943.122 Mobile"
142.248.80.77 - - [22/Jan/2026:18:05:07 -0500] "GET /?cate_id=%27&channel=%27&pid=%27 HTTP/1.1" 200 14448 "-" "Mozilla/5.0 (Linux; Android 9; ASUS_I005DA Build/PI; wv) AppleWebKit/537.36 (KHTML, like Gecko) Version/4.0 Chrome/133.0.6943.122 Mobile"
142.248.80.77 - - [22/Jan/2026:18:05:08 -0500] "GET /?cate_id=%27&channel=%27&pid=%27 HTTP/1.1" 200 14448 "-" "Mozilla/5.0 (Linux; Android 9; ASUS_I005DA Build/PI; wv) AppleWebKit/537.36 (KHTML, like Gecko) Version/4.0 Chrome/133.0.6943.122 Mobile"
142.248.80.77 - - [22/Jan/2026:18:05:09 -0500] "GET /?cate_id=6189%27&channel=identity-consecutive-experience&pid=%2A HTTP/1.1" 200 14477 "-" "Mozilla/5.0 (Linux; Android 9; ASUS_I005DA Build/PI; wv) AppleWebKit/537.36 (KHTML, like Gecko) Version/4.0 Chrome/133.0.6943.122 Mobile"
142.248.80.77 - - [22/Jan/2026:18:05:10 -0500] "GET /?cate_id=%2A%27&channel=identity-consecutive-experience&pid=24647632894 HTTP/1.1" 200 14484 "-" "Mozilla/5.0 (Linux; Android 9; ASUS_I005DA Build/PI; wv) AppleWebKit/537.36 (KHTML, like Gecko) Version/4.0 Chrome/133.0.6943.122 Mobile"
142.248.80.77 - - [22/Jan/2026:18:05:10 -0500] "GET /?cate_id=6189&channel=identity-consecutive-experience%27&pid=%2A HTTP/1.1" 200 14477 "-" "Mozilla/5.0 (Linux; Android 9; ASUS_I005DA Build/PI; wv) AppleWebKit/537.36 (KHTML, like Gecko) Version/4.0 Chrome/133.0.6943.122 Mobile"
142.248.80.77 - - [22/Jan/2026:18:05:11 -0500] "GET /?cate_id=%2A&channel=identity-consecutive-experience%27&pid=24647632894 HTTP/1.1" 200 14484 "-" "Mozilla/5.0 (Linux; Android 9; ASUS_I005DA Build/PI; wv) AppleWebKit/537.36 (KHTML, like Gecko) Version/4.0 Chrome/133.0.6943.122 Mobile"
142.248.80.77 - - [22/Jan/2026:18:05:11 -0500] "GET /?cate_id=6189&channel=identity-consecutive-experience&pid=%2A%27 HTTP/1.1" 200 14477 "-" "Mozilla/5.0 (Linux; Android 9; ASUS_I005DA Build/PI; wv) AppleWebKit/537.36 (KHTML, like Gecko) Version/4.0 Chrome/133.0.6943.122 Mobile"
68.65.122.212 - - [22/Jan/2026:18:05:13 -0500] "POST /wp-cron.php?doing_wp_cron=1769123113.0247290134429931640625 HTTP/1.1" 404 43596 "-" "WordPress/6.8.3; https://parawisata.us"
142.248.80.77 - - [22/Jan/2026:18:05:12 -0500] "GET /?cate_id=%2A&channel=identity-consecutive-experience&pid=24647632894%27 HTTP/1.1" 200 14484 "-" "Mozilla/5.0 (Linux; Android 9; ASUS_I005DA Build/PI; wv) AppleWebKit/537.36 (KHTML, like Gecko) Version/4.0 Chrome/133.0.6943.122 Mobile"
4.190.200.66 - - [22/Jan/2026:18:05:30 -0500] "GET /2.php HTTP/1.1" 404 43596 "-" "Mozilla/5.0 (Windows NT 10.0; Win64; x64) AppleWebKit/537.36 (KHTML, like Gecko) Chrome/120.0.0.0 Safari/537.36"
4.190.200.66 - - [22/Jan/2026:18:05:32 -0500] "GET /ALFA_DATA/alfacgiapi/ HTTP/1.1" 404 43596 "-" "Mozilla/5.0 (Windows NT 10.0; Win64; x64) AppleWebKit/537.36 (KHTML, like Gecko) Chrome/120.0.0.0 Safari/537.36"
4.190.200.66 - - [22/Jan/2026:18:05:33 -0500] "GET /a.php HTTP/1.1" 404 43596 "-" "Mozilla/5.0 (Windows NT 10.0; Win64; x64) AppleWebKit/537.36 (KHTML, like Gecko) Chrome/120.0.0.0 Safari/537.36"
4.190.200.66 - - [22/Jan/2026:18:05:34 -0500] "GET /aaa.php HTTP/1.1" 404 43596 "-" "Mozilla/5.0 (Windows NT 10.0; Win64; x64) AppleWebKit/537.36 (KHTML, like Gecko) Chrome/120.0.0.0 Safari/537.36"
51.222.168.132 - - [22/Jan/2026:18:05:36 -0500] "GET /221037174 HTTP/1.1" 404 43596 "-" "Mozilla/5.0 (compatible; AhrefsBot/7.0; +http://ahrefs.com/robot/)"
4.190.200.66 - - [22/Jan/2026:18:05:36 -0500] "GET /ab.php HTTP/1.1" 404 43596 "-" "Mozilla/5.0 (Windows NT 10.0; Win64; x64) AppleWebKit/537.36 (KHTML, like Gecko) Chrome/120.0.0.0 Safari/537.36"
4.190.200.66 - - [22/Jan/2026:18:05:37 -0500] "GET /about.php HTTP/1.1" 404 43596 "-" "Mozilla/5.0 (Windows NT 10.0; Win64; x64) AppleWebKit/537.36 (KHTML, like Gecko) Chrome/120.0.0.0 Safari/537.36"
4.190.200.66 - - [22/Jan/2026:18:05:38 -0500] "GET /admin/upload/css.php HTTP/1.1" 404 43596 "-" "Mozilla/5.0 (Windows NT 10.0; Win64; x64) AppleWebKit/537.36 (KHTML, like Gecko) Chrome/120.0.0.0 Safari/537.36"
4.190.200.66 - - [22/Jan/2026:18:05:39 -0500] "GET /alfa.php HTTP/1.1" 404 43596 "-" "Mozilla/5.0 (Windows NT 10.0; Win64; x64) AppleWebKit/537.36 (KHTML, like Gecko) Chrome/120.0.0.0 Safari/537.36"
4.190.200.66 - - [22/Jan/2026:18:05:40 -0500] "GET /api.php HTTP/1.1" 404 43596 "-" "Mozilla/5.0 (Windows NT 10.0; Win64; x64) AppleWebKit/537.36 (KHTML, like Gecko) Chrome/120.0.0.0 Safari/537.36"
4.190.200.66 - - [22/Jan/2026:18:05:42 -0500] "GET /auth.php HTTP/1.1" 404 43596 "-" "Mozilla/5.0 (Windows NT 10.0; Win64; x64) AppleWebKit/537.36 (KHTML, like Gecko) Chrome/120.0.0.0 Safari/537.36"
4.190.200.66 - - [22/Jan/2026:18:05:43 -0500] "GET /bk/index.php HTTP/1.1" 301 - "-" "Mozilla/5.0 (Windows NT 10.0; Win64; x64) AppleWebKit/537.36 (KHTML, like Gecko) Chrome/120.0.0.0 Safari/537.36"
4.190.200.66 - - [22/Jan/2026:18:05:43 -0500] "GET /classwithtostring.php HTTP/1.1" 404 43596 "-" "Mozilla/5.0 (Windows NT 10.0; Win64; x64) AppleWebKit/537.36 (KHTML, like Gecko) Chrome/120.0.0.0 Safari/537.36"
4.190.200.66 - - [22/Jan/2026:18:05:44 -0500] "GET /contents.php/lv.php HTTP/1.1" 404 43596 "-" "Mozilla/5.0 (Windows NT 10.0; Win64; x64) AppleWebKit/537.36 (KHTML, like Gecko) Chrome/120.0.0.0 Safari/537.36"
4.190.200.66 - - [22/Jan/2026:18:05:45 -0500] "GET /css/index.php HTTP/1.1" 301 - "-" "Mozilla/5.0 (Windows NT 10.0; Win64; x64) AppleWebKit/537.36 (KHTML, like Gecko) Chrome/120.0.0.0 Safari/537.36"
4.190.200.66 - - [22/Jan/2026:18:05:46 -0500] "GET /default.php HTTP/1.1" 404 43596 "-" "Mozilla/5.0 (Windows NT 10.0; Win64; x64) AppleWebKit/537.36 (KHTML, like Gecko) Chrome/120.0.0.0 Safari/537.36"
4.190.200.66 - - [22/Jan/2026:18:05:48 -0500] "GET /en-us/2021/04/30/php-community-sidesteps-its-third-supply-chain-attack-in-three-years/ HTTP/1.1" 404 43596 "-" "Mozilla/5.0 (Windows NT 10.0; Win64; x64) AppleWebKit/537.36 (KHTML, like Gecko) Chrome/120.0.0.0 Safari/537.36"
4.190.200.66 - - [22/Jan/2026:18:05:49 -0500] "GET /en/wp-includes/ID3/index.php HTTP/1.1" 301 - "-" "Mozilla/5.0 (Windows NT 10.0; Win64; x64) AppleWebKit/537.36 (KHTML, like Gecko) Chrome/120.0.0.0 Safari/537.36"
4.190.200.66 - - [22/Jan/2026:18:05:50 -0500] "GET /favicon.php HTTP/1.1" 404 43596 "-" "Mozilla/5.0 (Windows NT 10.0; Win64; x64) AppleWebKit/537.36 (KHTML, like Gecko) Chrome/120.0.0.0 Safari/537.36"
4.190.200.66 - - [22/Jan/2026:18:05:51 -0500] "GET /hehe.php HTTP/1.1" 404 43596 "-" "Mozilla/5.0 (Windows NT 10.0; Win64; x64) AppleWebKit/537.36 (KHTML, like Gecko) Chrome/120.0.0.0 Safari/537.36"
4.190.200.66 - - [22/Jan/2026:18:05:52 -0500] "GET /include/ HTTP/1.1" 404 43596 "-" "Mozilla/5.0 (Windows NT 10.0; Win64; x64) AppleWebKit/537.36 (KHTML, like Gecko) Chrome/120.0.0.0 Safari/537.36"
4.190.200.66 - - [22/Jan/2026:18:05:54 -0500] "GET /index.php/feed/atom/ HTTP/1.1" 301 - "-" "Mozilla/5.0 (Windows NT 10.0; Win64; x64) AppleWebKit/537.36 (KHTML, like Gecko) Chrome/120.0.0.0 Safari/537.36"
4.190.200.66 - - [22/Jan/2026:18:05:55 -0500] "GET /info.php HTTP/1.1" 404 43596 "-" "Mozilla/5.0 (Windows NT 10.0; Win64; x64) AppleWebKit/537.36 (KHTML, like Gecko) Chrome/120.0.0.0 Safari/537.36"
4.190.200.66 - - [22/Jan/2026:18:05:56 -0500] "GET /k.php HTTP/1.1" 404 43596 "-" "Mozilla/5.0 (Windows NT 10.0; Win64; x64) AppleWebKit/537.36 (KHTML, like Gecko) Chrome/120.0.0.0 Safari/537.36"
4.190.200.66 - - [22/Jan/2026:18:05:57 -0500] "GET /lock360.php HTTP/1.1" 404 43596 "-" "Mozilla/5.0 (Windows NT 10.0; Win64; x64) AppleWebKit/537.36 (KHTML, like Gecko) Chrome/120.0.0.0 Safari/537.36"
4.190.200.66 - - [22/Jan/2026:18:05:59 -0500] "GET /log.php HTTP/1.1" 404 43596 "-" "Mozilla/5.0 (Windows NT 10.0; Win64; x64) AppleWebKit/537.36 (KHTML, like Gecko) Chrome/120.0.0.0 Safari/537.36"
4.190.200.66 - - [22/Jan/2026:18:06:00 -0500] "GET /man.php HTTP/1.1" 404 43596 "-" "Mozilla/5.0 (Windows NT 10.0; Win64; x64) AppleWebKit/537.36 (KHTML, like Gecko) Chrome/120.0.0.0 Safari/537.36"
4.190.200.66 - - [22/Jan/2026:18:06:01 -0500] "GET /modules/mod_footer/tmpl/index.php HTTP/1.1" 301 - "-" "Mozilla/5.0 (Windows NT 10.0; Win64; x64) AppleWebKit/537.36 (KHTML, like Gecko) Chrome/120.0.0.0 Safari/537.36"
4.190.200.66 - - [22/Jan/2026:18:06:02 -0500] "GET /post.php HTTP/1.1" 404 43596 "-" "Mozilla/5.0 (Windows NT 10.0; Win64; x64) AppleWebKit/537.36 (KHTML, like Gecko) Chrome/120.0.0.0 Safari/537.36"
4.190.200.66 - - [22/Jan/2026:18:06:04 -0500] "GET /private/ HTTP/1.1" 404 43596 "-" "Mozilla/5.0 (Windows NT 10.0; Win64; x64) AppleWebKit/537.36 (KHTML, like Gecko) Chrome/120.0.0.0 Safari/537.36"
4.190.200.66 - - [22/Jan/2026:18:06:05 -0500] "GET /root.php HTTP/1.1" 404 43596 "-" "Mozilla/5.0 (Windows NT 10.0; Win64; x64) AppleWebKit/537.36 (KHTML, like Gecko) Chrome/120.0.0.0 Safari/537.36"
4.190.200.66 - - [22/Jan/2026:18:06:06 -0500] "GET /shellv3.php HTTP/1.1" 404 43596 "-" "Mozilla/5.0 (Windows NT 10.0; Win64; x64) AppleWebKit/537.36 (KHTML, like Gecko) Chrome/120.0.0.0 Safari/537.36"
4.190.200.66 - - [22/Jan/2026:18:06:07 -0500] "GET /simple/function.php HTTP/1.1" 404 43596 "-" "Mozilla/5.0 (Windows NT 10.0; Win64; x64) AppleWebKit/537.36 (KHTML, like Gecko) Chrome/120.0.0.0 Safari/537.36"
4.190.200.66 - - [22/Jan/2026:18:06:08 -0500] "GET /system.php HTTP/1.1" 404 43596 "-" "Mozilla/5.0 (Windows NT 10.0; Win64; x64) AppleWebKit/537.36 (KHTML, like Gecko) Chrome/120.0.0.0 Safari/537.36"
4.190.200.66 - - [22/Jan/2026:18:06:10 -0500] "GET /test.php HTTP/1.1" 404 43596 "-" "Mozilla/5.0 (Windows NT 10.0; Win64; x64) AppleWebKit/537.36 (KHTML, like Gecko) Chrome/120.0.0.0 Safari/537.36"
4.190.200.66 - - [22/Jan/2026:18:06:11 -0500] "GET /theme.php HTTP/1.1" 404 43596 "-" "Mozilla/5.0 (Windows NT 10.0; Win64; x64) AppleWebKit/537.36 (KHTML, like Gecko) Chrome/120.0.0.0 Safari/537.36"
68.65.122.212 - - [22/Jan/2026:18:06:13 -0500] "POST /wp-cron.php?doing_wp_cron=1769123173.3465960025787353515625 HTTP/1.1" 404 43596 "-" "WordPress/6.8.3; https://parawisata.us"
4.190.200.66 - - [22/Jan/2026:18:06:12 -0500] "GET /wp-activat.php HTTP/1.1" 404 43596 "-" "Mozilla/5.0 (Windows NT 10.0; Win64; x64) AppleWebKit/537.36 (KHTML, like Gecko) Chrome/120.0.0.0 Safari/537.36"
4.190.200.66 - - [22/Jan/2026:18:06:14 -0500] "GET /wp-admin.php HTTP/1.1" 404 43596 "-" "Mozilla/5.0 (Windows NT 10.0; Win64; x64) AppleWebKit/537.36 (KHTML, like Gecko) Chrome/120.0.0.0 Safari/537.36"
4.190.200.66 - - [22/Jan/2026:18:06:15 -0500] "GET /wp-admin/images/ HTTP/1.1" 200 - "-" "Mozilla/5.0 (Windows NT 10.0; Win64; x64) AppleWebKit/537.36 (KHTML, like Gecko) Chrome/120.0.0.0 Safari/537.36"
4.190.200.66 - - [22/Jan/2026:18:06:16 -0500] "GET /wp-admin/images/admin.php HTTP/1.1" 404 43596 "-" "Mozilla/5.0 (Windows NT 10.0; Win64; x64) AppleWebKit/537.36 (KHTML, like Gecko) Chrome/120.0.0.0 Safari/537.36"
4.190.200.66 - - [22/Jan/2026:18:06:17 -0500] "GET /wp-admin/includes/moon.php HTTP/1.1" 404 43596 "-" "Mozilla/5.0 (Windows NT 10.0; Win64; x64) AppleWebKit/537.36 (KHTML, like Gecko) Chrome/120.0.0.0 Safari/537.36"
4.190.200.66 - - [22/Jan/2026:18:06:19 -0500] "GET /wp-admin/maint/edit.php HTTP/1.1" 404 43596 "-" "Mozilla/5.0 (Windows NT 10.0; Win64; x64) AppleWebKit/537.36 (KHTML, like Gecko) Chrome/120.0.0.0 Safari/537.36"
4.190.200.66 - - [22/Jan/2026:18:06:20 -0500] "GET /wp-blog.php HTTP/1.1" 404 43596 "-" "Mozilla/5.0 (Windows NT 10.0; Win64; x64) AppleWebKit/537.36 (KHTML, like Gecko) Chrome/120.0.0.0 Safari/537.36"
4.190.200.66 - - [22/Jan/2026:18:06:21 -0500] "GET /wp-conf.php HTTP/1.1" 404 43596 "-" "Mozilla/5.0 (Windows NT 10.0; Win64; x64) AppleWebKit/537.36 (KHTML, like Gecko) Chrome/120.0.0.0 Safari/537.36"
4.190.200.66 - - [22/Jan/2026:18:06:22 -0500] "GET /wp-content/1.php HTTP/1.1" 404 43596 "-" "Mozilla/5.0 (Windows NT 10.0; Win64; x64) AppleWebKit/537.36 (KHTML, like Gecko) Chrome/120.0.0.0 Safari/537.36"
114.119.149.145 - - [22/Jan/2026:18:06:23 -0500] "GET /products/involucella/694257538.phtml HTTP/1.1" 404 43596 "https://parawisata.us/?sitemap627.xml" "Mozilla/5.0 (Linux; Android 7.0;) AppleWebKit/537.36 (KHTML, like Gecko) Mobile Safari/537.36 (compatible; PetalBot;+https://webmaster.petalsearch.com/site/petalbot)"
4.190.200.66 - - [22/Jan/2026:18:06:23 -0500] "GET /wp-content/plugins/WordPressCore/ HTTP/1.1" 404 43596 "-" "Mozilla/5.0 (Windows NT 10.0; Win64; x64) AppleWebKit/537.36 (KHTML, like Gecko) Chrome/120.0.0.0 Safari/537.36"
4.190.200.66 - - [22/Jan/2026:18:06:24 -0500] "GET /wp-content/plugins/ioxi/ioxi/ HTTP/1.1" 404 43596 "-" "Mozilla/5.0 (Windows NT 10.0; Win64; x64) AppleWebKit/537.36 (KHTML, like Gecko) Chrome/120.0.0.0 Safari/537.36"
4.190.200.66 - - [22/Jan/2026:18:06:26 -0500] "GET /wp-content/themes/404.php HTTP/1.1" 404 43596 "-" "Mozilla/5.0 (Windows NT 10.0; Win64; x64) AppleWebKit/537.36 (KHTML, like Gecko) Chrome/120.0.0.0 Safari/537.36"
4.190.200.66 - - [22/Jan/2026:18:06:27 -0500] "GET /wp-content/uploads/2018/03/ HTTP/1.1" 404 43596 "-" "Mozilla/5.0 (Windows NT 10.0; Win64; x64) AppleWebKit/537.36 (KHTML, like Gecko) Chrome/120.0.0.0 Safari/537.36"
4.190.200.66 - - [22/Jan/2026:18:06:28 -0500] "GET /wp-content/uploads/2022/07/ HTTP/1.1" 404 43596 "-" "Mozilla/5.0 (Windows NT 10.0; Win64; x64) AppleWebKit/537.36 (KHTML, like Gecko) Chrome/120.0.0.0 Safari/537.36"
4.190.200.66 - - [22/Jan/2026:18:06:29 -0500] "GET /wp-content/uploads/2023/03/ HTTP/1.1" 404 43596 "-" "Mozilla/5.0 (Windows NT 10.0; Win64; x64) AppleWebKit/537.36 (KHTML, like Gecko) Chrome/120.0.0.0 Safari/537.36"
4.190.200.66 - - [22/Jan/2026:18:06:30 -0500] "GET /wp-content/uploads/autoload_classmap.php HTTP/1.1" 404 43596 "-" "Mozilla/5.0 (Windows NT 10.0; Win64; x64) AppleWebKit/537.36 (KHTML, like Gecko) Chrome/120.0.0.0 Safari/537.36"
4.190.200.66 - - [22/Jan/2026:18:06:32 -0500] "GET /wp-content/uploads/wp.php HTTP/1.1" 404 43596 "-" "Mozilla/5.0 (Windows NT 10.0; Win64; x64) AppleWebKit/537.36 (KHTML, like Gecko) Chrome/120.0.0.0 Safari/537.36"
4.190.200.66 - - [22/Jan/2026:18:06:33 -0500] "GET /wp-file.php HTTP/1.1" 404 43596 "-" "Mozilla/5.0 (Windows NT 10.0; Win64; x64) AppleWebKit/537.36 (KHTML, like Gecko) Chrome/120.0.0.0 Safari/537.36"
4.190.200.66 - - [22/Jan/2026:18:06:34 -0500] "GET /wp-include.php HTTP/1.1" 404 43596 "-" "Mozilla/5.0 (Windows NT 10.0; Win64; x64) AppleWebKit/537.36 (KHTML, like Gecko) Chrome/120.0.0.0 Safari/537.36"
4.190.200.66 - - [22/Jan/2026:18:06:35 -0500] "GET /wp-includes/Requests/library/index.php HTTP/1.1" 301 - "-" "Mozilla/5.0 (Windows NT 10.0; Win64; x64) AppleWebKit/537.36 (KHTML, like Gecko) Chrome/120.0.0.0 Safari/537.36"
4.190.200.66 - - [22/Jan/2026:18:06:36 -0500] "GET /wp-includes/blocks/group/ HTTP/1.1" 200 569 "-" "Mozilla/5.0 (Windows NT 10.0; Win64; x64) AppleWebKit/537.36 (KHTML, like Gecko) Chrome/120.0.0.0 Safari/537.36"
4.190.200.66 - - [22/Jan/2026:18:06:36 -0500] "GET /wp-includes/blocks/post-author/ HTTP/1.1" 200 518 "-" "Mozilla/5.0 (Windows NT 10.0; Win64; x64) AppleWebKit/537.36 (KHTML, like Gecko) Chrome/120.0.0.0 Safari/537.36"
4.190.200.66 - - [22/Jan/2026:18:06:36 -0500] "GET /wp-includes/css/index.php HTTP/1.1" 301 - "-" "Mozilla/5.0 (Windows NT 10.0; Win64; x64) AppleWebKit/537.36 (KHTML, like Gecko) Chrome/120.0.0.0 Safari/537.36"
4.190.200.66 - - [22/Jan/2026:18:06:37 -0500] "GET /wp-includes/header.php HTTP/1.1" 404 43596 "-" "Mozilla/5.0 (Windows NT 10.0; Win64; x64) AppleWebKit/537.36 (KHTML, like Gecko) Chrome/120.0.0.0 Safari/537.36"
4.190.200.66 - - [22/Jan/2026:18:06:38 -0500] "GET /wp-includes/js/tinymce/skins/lightgray/ HTTP/1.1" 200 519 "-" "Mozilla/5.0 (Windows NT 10.0; Win64; x64) AppleWebKit/537.36 (KHTML, like Gecko) Chrome/120.0.0.0 Safari/537.36"
4.190.200.66 - - [22/Jan/2026:18:06:38 -0500] "GET /wp-includes/js/tinymce/themes/inlite/ HTTP/1.1" 200 416 "-" "Mozilla/5.0 (Windows NT 10.0; Win64; x64) AppleWebKit/537.36 (KHTML, like Gecko) Chrome/120.0.0.0 Safari/537.36"
4.190.200.66 - - [22/Jan/2026:18:06:39 -0500] "GET /wp-includes/mani.php HTTP/1.1" 404 43596 "-" "Mozilla/5.0 (Windows NT 10.0; Win64; x64) AppleWebKit/537.36 (KHTML, like Gecko) Chrome/120.0.0.0 Safari/537.36"
4.190.200.66 - - [22/Jan/2026:18:06:40 -0500] "GET /wp-includes/sodium_compat/ HTTP/1.1" 200 493 "-" "Mozilla/5.0 (Windows NT 10.0; Win64; x64) AppleWebKit/537.36 (KHTML, like Gecko) Chrome/120.0.0.0 Safari/537.36"
4.190.200.66 - - [22/Jan/2026:18:06:40 -0500] "GET /wp-includes/theme-compat/ HTTP/1.1" 200 344 "-" "Mozilla/5.0 (Windows NT 10.0; Win64; x64) AppleWebKit/537.36 (KHTML, like Gecko) Chrome/120.0.0.0 Safari/537.36"
4.190.200.66 - - [22/Jan/2026:18:06:40 -0500] "GET /wp-logs.php HTTP/1.1" 404 43596 "-" "Mozilla/5.0 (Windows NT 10.0; Win64; x64) AppleWebKit/537.36 (KHTML, like Gecko) Chrome/120.0.0.0 Safari/537.36"
4.190.200.66 - - [22/Jan/2026:18:06:41 -0500] "GET /xmlrpc.php HTTP/1.1" 404 43596 "-" "Mozilla/5.0 (Windows NT 10.0; Win64; x64) AppleWebKit/537.36 (KHTML, like Gecko) Chrome/120.0.0.0 Safari/537.36"
4.190.200.66 - - [22/Jan/2026:18:06:43 -0500] "GET /wp-includes/ID3/index.php HTTP/1.1" 200 - "-" "Mozilla/5.0 (Windows NT 10.0; Win64; x64) AppleWebKit/537.36 (KHTML, like Gecko) Chrome/120.0.0.0 Safari/537.36"
4.190.200.66 - - [22/Jan/2026:18:06:43 -0500] "GET /wp-includes/fonts/ HTTP/1.1" 200 - "-" "Mozilla/5.0 (Windows NT 10.0; Win64; x64) AppleWebKit/537.36 (KHTML, like Gecko) Chrome/120.0.0.0 Safari/537.36"
4.190.200.66 - - [22/Jan/2026:18:06:43 -0500] "GET /wp/wp-admin/includes/ HTTP/1.1" 404 43596 "-" "Mozilla/5.0 (Windows NT 10.0; Win64; x64) AppleWebKit/537.36 (KHTML, like Gecko) Chrome/120.0.0.0 Safari/537.36"
