66.249.68.38 - - [22/Jan/2026:07:54:31 -0500] "GET /?j=2174442445192&channel=115e00&from=https://www.parawisata.us/post.php?products/plasmodial/1150677633.phtml HTTP/1.1" 200 226 "-" "Mozilla/5.0 (Linux; Android 6.0.1; Nexus 5X Build/MMB29P) AppleWebKit/537.36 (KHTML, like Gecko) Chrome/143.0.7499.192 Mobile Safari/537.36 (compatible; Googlebot/2.1; +http://www.google.com/bot.html)"
66.249.68.38 - - [22/Jan/2026:07:54:41 -0500] "GET /?j=2174442445192&channel=115e00&from=https://www.parawisata.us/post.php?products/albumin/1339589691.phtml HTTP/1.1" 200 226 "-" "Mozilla/5.0 (Linux; Android 6.0.1; Nexus 5X Build/MMB29P) AppleWebKit/537.36 (KHTML, like Gecko) Chrome/143.0.7499.192 Mobile Safari/537.36 (compatible; Googlebot/2.1; +http://www.google.com/bot.html)"
66.249.68.38 - - [22/Jan/2026:07:54:51 -0500] "GET /?j=2174442445192&channel=115e00&from=https://www.parawisata.us/post.php?products/perjured/3490795302.phtml HTTP/1.1" 200 226 "-" "Mozilla/5.0 (Linux; Android 6.0.1; Nexus 5X Build/MMB29P) AppleWebKit/537.36 (KHTML, like Gecko) Chrome/143.0.7499.192 Mobile Safari/537.36 (compatible; Googlebot/2.1; +http://www.google.com/bot.html)"
66.249.68.38 - - [22/Jan/2026:07:54:52 -0500] "GET /?j=2174442445192&channel=115e00&from=https://www.parawisata.us/post.php?products/inviolate/797797766.phtml HTTP/1.1" 200 226 "-" "Mozilla/5.0 (Linux; Android 6.0.1; Nexus 5X Build/MMB29P) AppleWebKit/537.36 (KHTML, like Gecko) Chrome/143.0.7499.192 Mobile Safari/537.36 (compatible; Googlebot/2.1; +http://www.google.com/bot.html)"
66.249.68.38 - - [22/Jan/2026:07:54:52 -0500] "GET /?j=2174442445192&channel=115e00&from=https://www.parawisata.us/post.php?products/reawake/4236724407.phtml HTTP/1.1" 200 226 "-" "Mozilla/5.0 (Linux; Android 6.0.1; Nexus 5X Build/MMB29P) AppleWebKit/537.36 (KHTML, like Gecko) Chrome/143.0.7499.192 Mobile Safari/537.36 (compatible; Googlebot/2.1; +http://www.google.com/bot.html)"
54.39.203.192 - - [22/Jan/2026:07:55:02 -0500] "GET /178225782 HTTP/1.1" 404 43596 "-" "Mozilla/5.0 (compatible; AhrefsBot/7.0; +http://ahrefs.com/robot/)"
66.249.68.39 - - [22/Jan/2026:07:55:04 -0500] "GET /?j=2174442445192&channel=115e00&from=https://www.parawisata.us/post.php?products/quiesced/2122392559.phtml HTTP/1.1" 200 226 "-" "Mozilla/5.0 (Linux; Android 6.0.1; Nexus 5X Build/MMB29P) AppleWebKit/537.36 (KHTML, like Gecko) Chrome/143.0.7499.192 Mobile Safari/537.36 (compatible; Googlebot/2.1; +http://www.google.com/bot.html)"
66.249.68.38 - - [22/Jan/2026:07:55:17 -0500] "GET /?j=2174442445192&channel=115e00&from=https://www.parawisata.us/post.php?products/swoln/2617756742.phtml HTTP/1.1" 200 226 "-" "Mozilla/5.0 (Linux; Android 6.0.1; Nexus 5X Build/MMB29P) AppleWebKit/537.36 (KHTML, like Gecko) Chrome/143.0.7499.192 Mobile Safari/537.36 (compatible; Googlebot/2.1; +http://www.google.com/bot.html)"
66.249.68.38 - - [22/Jan/2026:07:55:29 -0500] "GET /?j=2174442445192&channel=115e00&from=https://www.parawisata.us/post.php?products/continuable/879458756.phtml HTTP/1.1" 200 226 "-" "Mozilla/5.0 (Linux; Android 6.0.1; Nexus 5X Build/MMB29P) AppleWebKit/537.36 (KHTML, like Gecko) Chrome/143.0.7499.192 Mobile Safari/537.36 (compatible; Googlebot/2.1; +http://www.google.com/bot.html)"
68.65.122.212 - - [22/Jan/2026:07:55:39 -0500] "POST /wp-cron.php?doing_wp_cron=1769086539.4077301025390625000000 HTTP/1.1" 404 43596 "-" "WordPress/6.8.3; https://parawisata.us"
47.128.113.35 - - [22/Jan/2026:07:55:38 -0500] "GET / HTTP/1.1" 200 14430 "-" "Mozilla/5.0 (Linux; Android 5.0) AppleWebKit/537.36 (KHTML, like Gecko) Mobile Safari/537.36 (compatible; Bytespider; spider-feedback@bytedance.com)"
47.128.113.35 - - [22/Jan/2026:07:55:41 -0500] "GET /wp-content/themes/wishful-blog/style.css?ver=6.8.3 HTTP/1.1" 304 - "https://parawisata.us/" "Mozilla/5.0 (Linux; Android 5.0) AppleWebKit/537.36 (KHTML, like Gecko) Mobile Safari/537.36 (compatible; Bytespider; spider-feedback@bytedance.com)"
47.128.113.35 - - [22/Jan/2026:07:55:41 -0500] "GET /wp-content/themes/wishful-blog/wishfulthemes/assets/css/custom.css?ver=6.8.3 HTTP/1.1" 304 - "https://parawisata.us/" "Mozilla/5.0 (Linux; Android 5.0) AppleWebKit/537.36 (KHTML, like Gecko) Mobile Safari/537.36 (compatible; Bytespider; spider-feedback@bytedance.com)"
47.128.113.35 - - [22/Jan/2026:07:55:41 -0500] "GET /wp-includes/css/dist/block-library/style.min.css?ver=6.8.3 HTTP/1.1" 304 - "https://parawisata.us/" "Mozilla/5.0 (Linux; Android 5.0) AppleWebKit/537.36 (KHTML, like Gecko) Mobile Safari/537.36 (compatible; Bytespider; spider-feedback@bytedance.com)"
66.249.68.38 - - [22/Jan/2026:07:55:41 -0500] "GET /?j=2174442445192&channel=115e00&from=https://www.parawisata.us/post.php?products/telegraphone/1478749158.phtml HTTP/1.1" 200 226 "-" "Mozilla/5.0 (Linux; Android 6.0.1; Nexus 5X Build/MMB29P) AppleWebKit/537.36 (KHTML, like Gecko) Chrome/143.0.7499.192 Mobile Safari/537.36 (compatible; Googlebot/2.1; +http://www.google.com/bot.html)"
47.128.113.35 - - [22/Jan/2026:07:55:41 -0500] "GET /wp-content/uploads/2017/04/parawisata-logo.png HTTP/1.1" 304 - "https://parawisata.us/" "Mozilla/5.0 (Linux; Android 5.0) AppleWebKit/537.36 (KHTML, like Gecko) Mobile Safari/537.36 (compatible; Bytespider; spider-feedback@bytedance.com)"
47.128.113.35 - - [22/Jan/2026:07:55:41 -0500] "GET /wp-content/themes/wishful-blog/wishfulthemes/assets/slick/slick.css?ver=6.8.3 HTTP/1.1" 304 - "https://parawisata.us/" "Mozilla/5.0 (Linux; Android 5.0) AppleWebKit/537.36 (KHTML, like Gecko) Mobile Safari/537.36 (compatible; Bytespider; spider-feedback@bytedance.com)"
47.128.113.35 - - [22/Jan/2026:07:55:41 -0500] "GET /wp-content/themes/wishful-blog/wishfulthemes/assets/slick/slick-theme.css?ver=6.8.3 HTTP/1.1" 200 822 "https://parawisata.us/" "Mozilla/5.0 (Linux; Android 5.0) AppleWebKit/537.36 (KHTML, like Gecko) Mobile Safari/537.36 (compatible; Bytespider; spider-feedback@bytedance.com)"
47.128.113.35 - - [22/Jan/2026:07:55:42 -0500] "GET /wp-content/uploads/2014/08/043-BBN-Resep-cookies.jpg HTTP/1.1" 200 8286 "https://parawisata.us/" "Mozilla/5.0 (Linux; Android 5.0) AppleWebKit/537.36 (KHTML, like Gecko) Mobile Safari/537.36 (compatible; Bytespider; spider-feedback@bytedance.com)"
47.128.113.35 - - [22/Jan/2026:07:55:42 -0500] "GET /wp-content/uploads/2014/09/004-BBN-Menu-sarapan-pagi.jpg HTTP/1.1" 200 35595 "https://parawisata.us/" "Mozilla/5.0 (Linux; Android 5.0) AppleWebKit/537.36 (KHTML, like Gecko) Mobile Safari/537.36 (compatible; Bytespider; spider-feedback@bytedance.com)"
47.128.113.35 - - [22/Jan/2026:07:55:42 -0500] "GET /wp-content/uploads/2014/07/Rahasia-Kastengel-Yang-Lezat.jpg HTTP/1.1" 200 7359 "https://parawisata.us/" "Mozilla/5.0 (Linux; Android 5.0) AppleWebKit/537.36 (KHTML, like Gecko) Mobile Safari/537.36 (compatible; Bytespider; spider-feedback@bytedance.com)"
47.128.113.35 - - [22/Jan/2026:07:55:42 -0500] "GET /wp-content/uploads/2014/08/3-Resep-Resep-Kue.jpg HTTP/1.1" 304 - "https://parawisata.us/" "Mozilla/5.0 (Linux; Android 5.0) AppleWebKit/537.36 (KHTML, like Gecko) Mobile Safari/537.36 (compatible; Bytespider; spider-feedback@bytedance.com)"
47.128.113.35 - - [22/Jan/2026:07:55:43 -0500] "GET /wp-content/uploads/2025/09/1-1.png HTTP/1.1" 200 538149 "https://parawisata.us/" "Mozilla/5.0 (Linux; Android 5.0) AppleWebKit/537.36 (KHTML, like Gecko) Mobile Safari/537.36 (compatible; Bytespider; spider-feedback@bytedance.com)"
47.128.113.35 - - [22/Jan/2026:07:55:43 -0500] "GET /wp-content/uploads/2014/08/Kue-Kering-Tape-Kismis.jpg HTTP/1.1" 200 29755 "https://parawisata.us/" "Mozilla/5.0 (Linux; Android 5.0) AppleWebKit/537.36 (KHTML, like Gecko) Mobile Safari/537.36 (compatible; Bytespider; spider-feedback@bytedance.com)"
47.128.113.35 - - [22/Jan/2026:07:55:43 -0500] "GET /wp-content/uploads/2025/06/1-1.jpg HTTP/1.1" 200 71853 "https://parawisata.us/" "Mozilla/5.0 (Linux; Android 5.0) AppleWebKit/537.36 (KHTML, like Gecko) Mobile Safari/537.36 (compatible; Bytespider; spider-feedback@bytedance.com)"
47.128.113.35 - - [22/Jan/2026:07:55:43 -0500] "GET /wp-content/uploads/2025/09/1.png HTTP/1.1" 200 190481 "https://parawisata.us/" "Mozilla/5.0 (Linux; Android 5.0) AppleWebKit/537.36 (KHTML, like Gecko) Mobile Safari/537.36 (compatible; Bytespider; spider-feedback@bytedance.com)"
114.119.158.58 - - [22/Jan/2026:07:55:51 -0500] "GET /products/phyla/2866782381.phtml HTTP/1.1" 404 43596 "https://parawisata.us/?sitemap848.xml" "Mozilla/5.0 (Linux; Android 7.0;) AppleWebKit/537.36 (KHTML, like Gecko) Mobile Safari/537.36 (compatible; PetalBot;+https://webmaster.petalsearch.com/site/petalbot)"
66.249.68.38 - - [22/Jan/2026:07:55:53 -0500] "GET /?j=2174442445192&channel=115e00&from=https://www.parawisata.us/post.php?products/transverberate/1704422894.phtml HTTP/1.1" 200 226 "-" "Mozilla/5.0 (Linux; Android 6.0.1; Nexus 5X Build/MMB29P) AppleWebKit/537.36 (KHTML, like Gecko) Chrome/143.0.7499.192 Mobile Safari/537.36 (compatible; Googlebot/2.1; +http://www.google.com/bot.html)"
66.249.68.38 - - [22/Jan/2026:07:55:55 -0500] "GET /530399856.html HTTP/1.1" 200 226 "-" "Mozilla/5.0 (Linux; Android 6.0.1; Nexus 5X Build/MMB29P) AppleWebKit/537.36 (KHTML, like Gecko) Chrome/143.0.7499.192 Mobile Safari/537.36 (compatible; Googlebot/2.1; +http://www.google.com/bot.html)"
51.222.95.21 - - [22/Jan/2026:07:55:55 -0500] "GET /174643158 HTTP/1.1" 404 43596 "-" "Mozilla/5.0 (compatible; AhrefsBot/7.0; +http://ahrefs.com/robot/)"
69.197.149.50 - - [22/Jan/2026:07:54:31 -0500] "GET /wp-includes/x2850cc/index.php?id=333095 HTTP/1.1" 200 - "https://parawisata.us/wp-includes/x2850cc/index.php?id=333095" "Mozilla/5.0 (Windows NT 10.0; Win64; x64) AppleWebKit/537.36 (KHTML, like Gecko) Chrome/58.0.3029.110 Safari/537.3"
66.249.68.39 - - [22/Jan/2026:07:56:05 -0500] "GET /?j=2174442445192&channel=115e00&from=https://www.parawisata.us/post.php?products/rimpling/3906456694.phtml HTTP/1.1" 200 226 "-" "Mozilla/5.0 (Linux; Android 6.0.1; Nexus 5X Build/MMB29P) AppleWebKit/537.36 (KHTML, like Gecko) Chrome/143.0.7499.192 Mobile Safari/537.36 (compatible; Googlebot/2.1; +http://www.google.com/bot.html)"
66.249.68.39 - - [22/Jan/2026:07:56:18 -0500] "GET /?j=2174442445192&channel=115e00&from=https://www.parawisata.us/post.php?products/victuals/1110011847.phtml HTTP/1.1" 200 226 "-" "Mozilla/5.0 (Linux; Android 6.0.1; Nexus 5X Build/MMB29P) AppleWebKit/537.36 (KHTML, like Gecko) Chrome/143.0.7499.192 Mobile Safari/537.36 (compatible; Googlebot/2.1; +http://www.google.com/bot.html)"
66.249.68.38 - - [22/Jan/2026:07:56:30 -0500] "GET /?j=2174442445192&channel=115e00&from=https://www.parawisata.us/post.php?products/stereometer/3151169613.phtml HTTP/1.1" 200 226 "-" "Mozilla/5.0 (Linux; Android 6.0.1; Nexus 5X Build/MMB29P) AppleWebKit/537.36 (KHTML, like Gecko) Chrome/143.0.7499.192 Mobile Safari/537.36 (compatible; Googlebot/2.1; +http://www.google.com/bot.html)"
68.65.122.212 - - [22/Jan/2026:07:56:51 -0500] "POST /wp-cron.php?doing_wp_cron=1769086610.9568080902099609375000 HTTP/1.1" 404 43596 "-" "WordPress/6.8.3; https://parawisata.us"
148.113.130.220 - - [22/Jan/2026:07:56:50 -0500] "GET /173468514 HTTP/1.1" 404 43596 "-" "Mozilla/5.0 (compatible; AhrefsBot/7.0; +http://ahrefs.com/robot/)"
66.249.68.38 - - [22/Jan/2026:07:56:52 -0500] "GET /?j=2174442445192&channel=115e00&from=https://www.parawisata.us/post.php?products/wroot/1791051529.phtml HTTP/1.1" 200 226 "-" "Mozilla/5.0 (Linux; Android 6.0.1; Nexus 5X Build/MMB29P) AppleWebKit/537.36 (KHTML, like Gecko) Chrome/143.0.7499.192 Mobile Safari/537.36 (compatible; Googlebot/2.1; +http://www.google.com/bot.html)"
66.249.68.38 - - [22/Jan/2026:07:56:52 -0500] "GET /?j=2174442445192&channel=115e00&from=https://www.parawisata.us/post.php?products/disreputably/221584166.phtml HTTP/1.1" 200 226 "-" "Mozilla/5.0 (Linux; Android 6.0.1; Nexus 5X Build/MMB29P) AppleWebKit/537.36 (KHTML, like Gecko) Chrome/143.0.7499.192 Mobile Safari/537.36 (compatible; Googlebot/2.1; +http://www.google.com/bot.html)"
66.249.68.38 - - [22/Jan/2026:07:56:57 -0500] "GET /speculate051000569.html HTTP/1.1" 200 226 "-" "Mozilla/5.0 (Linux; Android 6.0.1; Nexus 5X Build/MMB29P) AppleWebKit/537.36 (KHTML, like Gecko) Chrome/143.0.7499.192 Mobile Safari/537.36 (compatible; Googlebot/2.1; +http://www.google.com/bot.html)"
66.249.68.38 - - [22/Jan/2026:07:57:02 -0500] "GET /?j=2174442445192&channel=115e00&from=https://www.parawisata.us/post.php?products/fontinalis/2650558039.phtml HTTP/1.1" 200 226 "-" "Mozilla/5.0 (Linux; Android 6.0.1; Nexus 5X Build/MMB29P) AppleWebKit/537.36 (KHTML, like Gecko) Chrome/143.0.7499.192 Mobile Safari/537.36 (compatible; Googlebot/2.1; +http://www.google.com/bot.html)"
66.249.68.36 - - [22/Jan/2026:07:57:12 -0500] "GET /?j=2174442445192&channel=115e00&from=https://www.parawisata.us/post.php?products/brokendown/992091419.phtml HTTP/1.1" 200 226 "-" "Mozilla/5.0 (Linux; Android 6.0.1; Nexus 5X Build/MMB29P) AppleWebKit/537.36 (KHTML, like Gecko) Chrome/143.0.7499.192 Mobile Safari/537.36 (compatible; Googlebot/2.1; +http://www.google.com/bot.html)"
114.119.139.118 - - [22/Jan/2026:07:57:19 -0500] "GET /products/phraseologist/2048950002.phtml HTTP/1.1" 404 43596 "https://parawisata.us/?sitemap627.xml" "Mozilla/5.0 (Linux; Android 7.0;) AppleWebKit/537.36 (KHTML, like Gecko) Mobile Safari/537.36 (compatible; PetalBot;+https://webmaster.petalsearch.com/site/petalbot)"
66.249.68.35 - - [22/Jan/2026:07:57:22 -0500] "GET /?j=2174442445192&channel=115e00&from=https://www.parawisata.us/post.php?products/conferral/2803840541.phtml HTTP/1.1" 200 226 "-" "Mozilla/5.0 (Linux; Android 6.0.1; Nexus 5X Build/MMB29P) AppleWebKit/537.36 (KHTML, like Gecko) Chrome/143.0.7499.192 Mobile Safari/537.36 (compatible; Googlebot/2.1; +http://www.google.com/bot.html)"
69.197.149.50 - - [22/Jan/2026:07:56:00 -0500] "GET /wp-includes/x2850cc/index.php?id=333095 HTTP/1.1" 200 - "https://parawisata.us/wp-includes/x2850cc/index.php?id=333095" "Mozilla/5.0 (Windows NT 10.0; Win64; x64) AppleWebKit/537.36 (KHTML, like Gecko) Chrome/58.0.3029.110 Safari/537.3"
66.249.68.35 - - [22/Jan/2026:07:57:33 -0500] "GET /?j=2174442445192&channel=115e00&from=https://www.parawisata.us/post.php?products/mistery/600616412.phtml HTTP/1.1" 200 226 "-" "Mozilla/5.0 (Linux; Android 6.0.1; Nexus 5X Build/MMB29P) AppleWebKit/537.36 (KHTML, like Gecko) Chrome/143.0.7499.192 Mobile Safari/537.36 (compatible; Googlebot/2.1; +http://www.google.com/bot.html)"
66.249.68.35 - - [22/Jan/2026:07:57:33 -0500] "GET /?j=2174442445192&channel=115e00&from=https://www.parawisata.us/post.php?products/pouldron/3973035794.phtml HTTP/1.1" 200 226 "-" "Mozilla/5.0 (Linux; Android 6.0.1; Nexus 5X Build/MMB29P) AppleWebKit/537.36 (KHTML, like Gecko) Chrome/143.0.7499.192 Mobile Safari/537.36 (compatible; Googlebot/2.1; +http://www.google.com/bot.html)"
66.249.68.35 - - [22/Jan/2026:07:57:43 -0500] "GET /?j=2174442445192&channel=115e00&from=https://www.parawisata.us/post.php?products/antorbital/467964781.phtml HTTP/1.1" 200 226 "-" "Mozilla/5.0 (Linux; Android 6.0.1; Nexus 5X Build/MMB29P) AppleWebKit/537.36 (KHTML, like Gecko) Chrome/143.0.7499.192 Mobile Safari/537.36 (compatible; Googlebot/2.1; +http://www.google.com/bot.html)"
66.249.68.35 - - [22/Jan/2026:07:57:43 -0500] "GET /?j=2174442445192&channel=115e00&from=https://www.parawisata.us/post.php?products/boastfully/352522235.phtml HTTP/1.1" 200 226 "-" "Mozilla/5.0 (Linux; Android 6.0.1; Nexus 5X Build/MMB29P) AppleWebKit/537.36 (KHTML, like Gecko) Chrome/143.0.7499.192 Mobile Safari/537.36 (compatible; Googlebot/2.1; +http://www.google.com/bot.html)"
15.235.27.132 - - [22/Jan/2026:07:57:46 -0500] "GET /173198169 HTTP/1.1" 404 43596 "-" "Mozilla/5.0 (compatible; AhrefsBot/7.0; +http://ahrefs.com/robot/)"
66.249.68.35 - - [22/Jan/2026:07:57:59 -0500] "GET /?j=2174442445192&channel=115e00&from=https://www.parawisata.us/post.php?products/chico/3389000056.phtml HTTP/1.1" 200 226 "-" "Mozilla/5.0 (Linux; Android 6.0.1; Nexus 5X Build/MMB29P) AppleWebKit/537.36 (KHTML, like Gecko) Chrome/143.0.7499.192 Mobile Safari/537.36 (compatible; Googlebot/2.1; +http://www.google.com/bot.html)"
66.249.68.35 - - [22/Jan/2026:07:57:59 -0500] "GET /?j=2174442445192&channel=115e00&from=https://www.parawisata.us/post.php?products/nonplane/3294598007.phtml HTTP/1.1" 200 226 "-" "Mozilla/5.0 (Linux; Android 6.0.1; Nexus 5X Build/MMB29P) AppleWebKit/537.36 (KHTML, like Gecko) Chrome/143.0.7499.192 Mobile Safari/537.36 (compatible; Googlebot/2.1; +http://www.google.com/bot.html)"
66.249.68.35 - - [22/Jan/2026:07:58:07 -0500] "GET /?j=2174442445192&channel=115e00&from=https://www.parawisata.us/post.php?products/interrupter/1852054334.phtml HTTP/1.1" 200 226 "-" "Mozilla/5.0 (Linux; Android 6.0.1; Nexus 5X Build/MMB29P) AppleWebKit/537.36 (KHTML, like Gecko) Chrome/143.0.7499.192 Mobile Safari/537.36 (compatible; Googlebot/2.1; +http://www.google.com/bot.html)"
66.249.68.36 - - [22/Jan/2026:07:58:20 -0500] "GET /?j=2174442445192&channel=115e00&from=https://www.parawisata.us/post.php?products/inalterability/4033715695.phtml HTTP/1.1" 200 226 "-" "Mozilla/5.0 (Linux; Android 6.0.1; Nexus 5X Build/MMB29P) AppleWebKit/537.36 (KHTML, like Gecko) Chrome/143.0.7499.192 Mobile Safari/537.36 (compatible; Googlebot/2.1; +http://www.google.com/bot.html)"
66.249.68.35 - - [22/Jan/2026:07:58:32 -0500] "GET /?j=2174442445192&channel=115e00&from=https://www.parawisata.us/post.php?products/septennial/725112359.phtml HTTP/1.1" 200 226 "-" "Mozilla/5.0 (Linux; Android 6.0.1; Nexus 5X Build/MMB29P) AppleWebKit/537.36 (KHTML, like Gecko) Chrome/143.0.7499.192 Mobile Safari/537.36 (compatible; Googlebot/2.1; +http://www.google.com/bot.html)"
66.249.68.35 - - [22/Jan/2026:07:58:37 -0500] "GET /?j=2174442445192&channel=115e00&from=https://www.parawisata.us/post.php?products/sealing/2890250086.phtml HTTP/1.1" 200 226 "-" "Mozilla/5.0 (Linux; Android 6.0.1; Nexus 5X Build/MMB29P) AppleWebKit/537.36 (KHTML, like Gecko) Chrome/143.0.7499.192 Mobile Safari/537.36 (compatible; Googlebot/2.1; +http://www.google.com/bot.html)"
68.65.122.212 - - [22/Jan/2026:07:58:39 -0500] "POST /wp-cron.php?doing_wp_cron=1769086719.7524859905242919921875 HTTP/1.1" 404 43596 "-" "WordPress/6.8.3; https://parawisata.us"
114.119.141.24 - - [22/Jan/2026:07:58:39 -0500] "GET /products/phototropic/3212998014.phtml HTTP/1.1" 404 43596 "https://parawisata.us/?sitemap627.xml" "Mozilla/5.0 (Linux; Android 7.0;) AppleWebKit/537.36 (KHTML, like Gecko) Mobile Safari/537.36 (compatible; PetalBot;+https://webmaster.petalsearch.com/site/petalbot)"
167.114.139.116 - - [22/Jan/2026:07:58:40 -0500] "GET /167243946 HTTP/1.1" 404 43596 "-" "Mozilla/5.0 (compatible; AhrefsBot/7.0; +http://ahrefs.com/robot/)"
66.249.68.35 - - [22/Jan/2026:07:58:41 -0500] "GET /hall256009848.html HTTP/1.1" 200 226 "-" "Mozilla/5.0 (Linux; Android 6.0.1; Nexus 5X Build/MMB29P) AppleWebKit/537.36 (KHTML, like Gecko) Chrome/143.0.7499.192 Mobile Safari/537.36 (compatible; Googlebot/2.1; +http://www.google.com/bot.html)"
66.249.68.35 - - [22/Jan/2026:07:58:44 -0500] "GET /?j=2174442445192&channel=115e00&from=https://www.parawisata.us/post.php?products/acuminata/1898567984.phtml HTTP/1.1" 200 226 "-" "Mozilla/5.0 (Linux; Android 6.0.1; Nexus 5X Build/MMB29P) AppleWebKit/537.36 (KHTML, like Gecko) Chrome/143.0.7499.192 Mobile Safari/537.36 (compatible; Googlebot/2.1; +http://www.google.com/bot.html)"
66.249.68.35 - - [22/Jan/2026:07:58:56 -0500] "GET /?j=2174442445192&channel=115e00&from=https://www.parawisata.us/post.php?products/revellent/4102650209.phtml HTTP/1.1" 200 226 "-" "Mozilla/5.0 (Linux; Android 6.0.1; Nexus 5X Build/MMB29P) AppleWebKit/537.36 (KHTML, like Gecko) Chrome/143.0.7499.192 Mobile Safari/537.36 (compatible; Googlebot/2.1; +http://www.google.com/bot.html)"
69.197.149.50 - - [22/Jan/2026:07:57:30 -0500] "GET /wp-includes/x2850cc/index.php?id=333095 HTTP/1.1" 200 - "https://parawisata.us/wp-includes/x2850cc/index.php?id=333095" "Mozilla/5.0 (Windows NT 10.0; Win64; x64) AppleWebKit/537.36 (KHTML, like Gecko) Chrome/58.0.3029.110 Safari/537.3"
66.249.68.36 - - [22/Jan/2026:07:59:09 -0500] "GET /?j=2174442445192&channel=115e00&from=https://www.parawisata.us/post.php?products/rebuttable/2642171921.phtml HTTP/1.1" 200 226 "-" "Mozilla/5.0 (Linux; Android 6.0.1; Nexus 5X Build/MMB29P) AppleWebKit/537.36 (KHTML, like Gecko) Chrome/143.0.7499.192 Mobile Safari/537.36 (compatible; Googlebot/2.1; +http://www.google.com/bot.html)"
66.249.68.35 - - [22/Jan/2026:07:59:21 -0500] "GET /?j=2174442445192&channel=115e00&from=https://www.parawisata.us/post.php?products/engine/4170531040.phtml HTTP/1.1" 200 226 "-" "Mozilla/5.0 (Linux; Android 6.0.1; Nexus 5X Build/MMB29P) AppleWebKit/537.36 (KHTML, like Gecko) Chrome/143.0.7499.192 Mobile Safari/537.36 (compatible; Googlebot/2.1; +http://www.google.com/bot.html)"
66.249.68.35 - - [22/Jan/2026:07:59:33 -0500] "GET /?j=2174442445192&channel=115e00&from=https://www.parawisata.us/post.php?products/piratical/654153844.phtml HTTP/1.1" 200 226 "-" "Mozilla/5.0 (Linux; Android 6.0.1; Nexus 5X Build/MMB29P) AppleWebKit/537.36 (KHTML, like Gecko) Chrome/143.0.7499.192 Mobile Safari/537.36 (compatible; Googlebot/2.1; +http://www.google.com/bot.html)"
15.235.98.189 - - [22/Jan/2026:07:59:38 -0500] "GET /161047518 HTTP/1.1" 404 43596 "-" "Mozilla/5.0 (compatible; AhrefsBot/7.0; +http://ahrefs.com/robot/)"
66.249.68.35 - - [22/Jan/2026:07:59:49 -0500] "GET /?j=2174442445192&channel=115e00&from=https://www.parawisata.us/post.php?products/staphyloma/4170118926.phtml HTTP/1.1" 200 226 "-" "Mozilla/5.0 (Linux; Android 6.0.1; Nexus 5X Build/MMB29P) AppleWebKit/537.36 (KHTML, like Gecko) Chrome/143.0.7499.192 Mobile Safari/537.36 (compatible; Googlebot/2.1; +http://www.google.com/bot.html)"
66.249.68.35 - - [22/Jan/2026:07:59:59 -0500] "GET /?j=2174442445192&channel=115e00&from=https://www.parawisata.us/post.php?products/forethought/3485084302.phtml HTTP/1.1" 200 226 "-" "Mozilla/5.0 (Linux; Android 6.0.1; Nexus 5X Build/MMB29P) AppleWebKit/537.36 (KHTML, like Gecko) Chrome/143.0.7499.192 Mobile Safari/537.36 (compatible; Googlebot/2.1; +http://www.google.com/bot.html)"
68.65.122.212 - - [22/Jan/2026:08:00:06 -0500] "POST /wp-cron.php?doing_wp_cron=1769086806.6053318977355957031250 HTTP/1.1" 404 43596 "-" "WordPress/6.8.3; https://parawisata.us"
114.119.134.67 - - [22/Jan/2026:08:00:05 -0500] "GET /products/phototopographical/1622808562.phtml HTTP/1.1" 404 43596 "https://parawisata.us/?sitemap627.xml" "Mozilla/5.0 (Linux; Android 7.0;) AppleWebKit/537.36 (KHTML, like Gecko) Mobile Safari/537.36 (compatible; PetalBot;+https://webmaster.petalsearch.com/site/petalbot)"
66.249.68.35 - - [22/Jan/2026:08:00:11 -0500] "GET /?j=2174442445192&channel=115e00&from=https://www.parawisata.us/post.php?products/evaporation/1370344135.phtml HTTP/1.1" 200 226 "-" "Mozilla/5.0 (Linux; Android 6.0.1; Nexus 5X Build/MMB29P) AppleWebKit/537.36 (KHTML, like Gecko) Chrome/143.0.7499.192 Mobile Safari/537.36 (compatible; Googlebot/2.1; +http://www.google.com/bot.html)"
197.2.252.104 - - [22/Jan/2026:08:00:10 -0500] "GET /wp-includes/js/tinymce/plugins/wplink/post-catalog/?C=S&O=A HTTP/1.1" 404 43596 "-" "Mozilla/5.0 (Macintosh; Intel Mac OS X 10_14_5) AppleWebKit/537.36 (KHTML, like Gecko) Chrome/89.0.4389.90 Safari/537.36"
142.44.225.159 - - [22/Jan/2026:08:00:20 -0500] "GET /158372409 HTTP/1.1" 404 43596 "-" "Mozilla/5.0 (compatible; AhrefsBot/7.0; +http://ahrefs.com/robot/)"
136.144.35.68 - - [22/Jan/2026:08:00:23 -0500] "POST /wp-login.php HTTP/1.1" 302 - "-" "Mozilla/5.0"
66.249.68.36 - - [22/Jan/2026:08:00:31 -0500] "GET /?j=2174442445192&channel=115e00&from=https://www.parawisata.us/post.php?products/baywinged/378075055.phtml HTTP/1.1" 200 226 "-" "Mozilla/5.0 (Linux; Android 6.0.1; Nexus 5X Build/MMB29P) AppleWebKit/537.36 (KHTML, like Gecko) Chrome/143.0.7499.192 Mobile Safari/537.36 (compatible; Googlebot/2.1; +http://www.google.com/bot.html)"
69.197.149.50 - - [22/Jan/2026:07:59:05 -0500] "GET /wp-includes/x2850cc/index.php?id=333095 HTTP/1.1" 200 - "https://parawisata.us/wp-includes/x2850cc/index.php?id=333095" "Mozilla/5.0 (Windows NT 10.0; Win64; x64) AppleWebKit/537.36 (KHTML, like Gecko) Chrome/58.0.3029.110 Safari/537.3"
66.249.68.35 - - [22/Jan/2026:08:00:41 -0500] "GET /?j=2174442445192&channel=115e00&from=https://www.parawisata.us/post.php?products/crapy/501539836.phtml HTTP/1.1" 200 226 "-" "Mozilla/5.0 (Linux; Android 6.0.1; Nexus 5X Build/MMB29P) AppleWebKit/537.36 (KHTML, like Gecko) Chrome/143.0.7499.192 Mobile Safari/537.36 (compatible; Googlebot/2.1; +http://www.google.com/bot.html)"
66.249.68.35 - - [22/Jan/2026:08:00:52 -0500] "GET /?j=2174442445192&channel=115e00&from=https://www.parawisata.us/post.php?products/ephemeron/2264444964.phtml HTTP/1.1" 200 226 "-" "Mozilla/5.0 (Linux; Android 6.0.1; Nexus 5X Build/MMB29P) AppleWebKit/537.36 (KHTML, like Gecko) Chrome/143.0.7499.192 Mobile Safari/537.36 (compatible; Googlebot/2.1; +http://www.google.com/bot.html)"
54.39.6.58 - - [22/Jan/2026:08:01:01 -0500] "GET /158015031 HTTP/1.1" 404 43596 "-" "Mozilla/5.0 (compatible; AhrefsBot/7.0; +http://ahrefs.com/robot/)"
66.249.68.37 - - [22/Jan/2026:08:01:02 -0500] "GET /?j=2174442445192&channel=115e00&from=https://www.parawisata.us/post.php?products/fervidness/1344073634.phtml HTTP/1.1" 200 226 "-" "Mozilla/5.0 (Linux; Android 6.0.1; Nexus 5X Build/MMB29P) AppleWebKit/537.36 (KHTML, like Gecko) Chrome/143.0.7499.192 Mobile Safari/537.36 (compatible; Googlebot/2.1; +http://www.google.com/bot.html)"
66.249.68.36 - - [22/Jan/2026:08:01:13 -0500] "GET /?j=2174442445192&channel=115e00&from=https://www.parawisata.us/post.php?products/deferentially/1535872476.phtml HTTP/1.1" 200 226 "-" "Mozilla/5.0 (Linux; Android 6.0.1; Nexus 5X Build/MMB29P) AppleWebKit/537.36 (KHTML, like Gecko) Chrome/143.0.7499.192 Mobile Safari/537.36 (compatible; Googlebot/2.1; +http://www.google.com/bot.html)"
68.65.122.212 - - [22/Jan/2026:08:01:26 -0500] "POST /wp-cron.php?doing_wp_cron=1769086886.5613150596618652343750 HTTP/1.1" 404 43596 "-" "WordPress/6.8.3; https://parawisata.us"
114.119.158.58 - - [22/Jan/2026:08:01:26 -0500] "GET /products/phosphorical/4067081830.phtml HTTP/1.1" 404 43596 "https://parawisata.us/?sitemap627.xml" "Mozilla/5.0 (Linux; Android 7.0;) AppleWebKit/537.36 (KHTML, like Gecko) Mobile Safari/537.36 (compatible; PetalBot;+https://webmaster.petalsearch.com/site/petalbot)"
66.249.68.35 - - [22/Jan/2026:08:01:33 -0500] "GET /?j=2174442445192&channel=115e00&from=https://www.parawisata.us/post.php?products/novelized/1929338657.phtml HTTP/1.1" 200 226 "-" "Mozilla/5.0 (Linux; Android 6.0.1; Nexus 5X Build/MMB29P) AppleWebKit/537.36 (KHTML, like Gecko) Chrome/143.0.7499.192 Mobile Safari/537.36 (compatible; Googlebot/2.1; +http://www.google.com/bot.html)"
66.249.68.35 - - [22/Jan/2026:08:01:43 -0500] "GET /?j=2174442445192&channel=115e00&from=https://www.parawisata.us/post.php?products/suillus/335636798.phtml HTTP/1.1" 200 226 "-" "Mozilla/5.0 (Linux; Android 6.0.1; Nexus 5X Build/MMB29P) AppleWebKit/537.36 (KHTML, like Gecko) Chrome/143.0.7499.192 Mobile Safari/537.36 (compatible; Googlebot/2.1; +http://www.google.com/bot.html)"
66.249.68.35 - - [22/Jan/2026:08:01:43 -0500] "GET /497071776.html HTTP/1.1" 200 226 "-" "Mozilla/5.0 (Linux; Android 6.0.1; Nexus 5X Build/MMB29P) AppleWebKit/537.36 (KHTML, like Gecko) Chrome/143.0.7499.192 Mobile Safari/537.36 (compatible; Googlebot/2.1; +http://www.google.com/bot.html)"
66.249.68.35 - - [22/Jan/2026:08:01:44 -0500] "GET /?j=2174442445192&channel=115e00&from=https://www.parawisata.us/post.php?products/dactylitis/3419879254.phtml HTTP/1.1" 200 226 "-" "Mozilla/5.0 (Linux; Android 6.0.1; Nexus 5X Build/MMB29P) AppleWebKit/537.36 (KHTML, like Gecko) Chrome/143.0.7499.192 Mobile Safari/537.36 (compatible; Googlebot/2.1; +http://www.google.com/bot.html)"
142.44.228.17 - - [22/Jan/2026:08:01:46 -0500] "GET /154437834 HTTP/1.1" 404 43596 "-" "Mozilla/5.0 (compatible; AhrefsBot/7.0; +http://ahrefs.com/robot/)"
66.249.68.35 - - [22/Jan/2026:08:01:54 -0500] "GET /?j=2174442445192&channel=115e00&from=https://www.parawisata.us/post.php?products/assot/3636908685.phtml HTTP/1.1" 200 226 "-" "Mozilla/5.0 (Linux; Android 6.0.1; Nexus 5X Build/MMB29P) AppleWebKit/537.36 (KHTML, like Gecko) Chrome/143.0.7499.192 Mobile Safari/537.36 (compatible; Googlebot/2.1; +http://www.google.com/bot.html)"
66.249.68.35 - - [22/Jan/2026:08:01:54 -0500] "GET /?j=2174442445192&channel=115e00&from=https://www.parawisata.us/post.php?products/ticking/1325976723.phtml HTTP/1.1" 200 226 "-" "Mozilla/5.0 (Linux; Android 6.0.1; Nexus 5X Build/MMB29P) AppleWebKit/537.36 (KHTML, like Gecko) Chrome/143.0.7499.192 Mobile Safari/537.36 (compatible; Googlebot/2.1; +http://www.google.com/bot.html)"
69.197.149.50 - - [22/Jan/2026:08:00:33 -0500] "GET /wp-includes/x2850cc/index.php?id=333095 HTTP/1.1" 200 - "https://parawisata.us/wp-includes/x2850cc/index.php?id=333095" "Mozilla/5.0 (Windows NT 10.0; Win64; x64) AppleWebKit/537.36 (KHTML, like Gecko) Chrome/58.0.3029.110 Safari/537.3"
66.249.68.37 - - [22/Jan/2026:08:02:01 -0500] "GET /?j=2174442445192&channel=115e00&from=https://www.parawisata.us/post.php?products/disgregation/1382749501.phtml HTTP/1.1" 200 226 "-" "Mozilla/5.0 (Linux; Android 6.0.1; Nexus 5X Build/MMB29P) AppleWebKit/537.36 (KHTML, like Gecko) Chrome/143.0.7499.192 Mobile Safari/537.36 (compatible; Googlebot/2.1; +http://www.google.com/bot.html)"
66.249.68.37 - - [22/Jan/2026:08:02:01 -0500] "GET /?j=2174442445192&channel=115e00&from=https://www.parawisata.us/post.php?products/prohibitive/263422319.phtml HTTP/1.1" 200 226 "-" "Mozilla/5.0 (Linux; Android 6.0.1; Nexus 5X Build/MMB29P) AppleWebKit/537.36 (KHTML, like Gecko) Chrome/143.0.7499.192 Mobile Safari/537.36 (compatible; Googlebot/2.1; +http://www.google.com/bot.html)"
66.249.68.36 - - [22/Jan/2026:08:02:12 -0500] "GET /?j=2174442445192&channel=115e00&from=https://www.parawisata.us/post.php?products/cognizance/1908526287.phtml HTTP/1.1" 200 226 "-" "Mozilla/5.0 (Linux; Android 6.0.1; Nexus 5X Build/MMB29P) AppleWebKit/537.36 (KHTML, like Gecko) Chrome/143.0.7499.192 Mobile Safari/537.36 (compatible; Googlebot/2.1; +http://www.google.com/bot.html)"
66.249.79.8 - - [22/Jan/2026:08:02:19 -0500] "GET /473958690 HTTP/1.1" 200 226 "-" "Mozilla/5.0 (Linux; Android 6.0.1; Nexus 5X Build/MMB29P) AppleWebKit/537.36 (KHTML, like Gecko) Chrome/143.0.7499.192 Mobile Safari/537.36 (compatible; Googlebot/2.1; +http://www.google.com/bot.html)"
66.249.68.35 - - [22/Jan/2026:08:02:24 -0500] "GET /?j=2174442445192&channel=115e00&from=https://www.parawisata.us/post.php?products/vouchsafed/1559497711.phtml HTTP/1.1" 200 226 "-" "Mozilla/5.0 (Linux; Android 6.0.1; Nexus 5X Build/MMB29P) AppleWebKit/537.36 (KHTML, like Gecko) Chrome/143.0.7499.192 Mobile Safari/537.36 (compatible; Googlebot/2.1; +http://www.google.com/bot.html)"
68.65.122.212 - - [22/Jan/2026:08:02:31 -0500] "POST /wp-cron.php?doing_wp_cron=1769086951.4502429962158203125000 HTTP/1.1" 404 43596 "-" "WordPress/6.8.3; https://parawisata.us"
51.161.65.26 - - [22/Jan/2026:08:02:30 -0500] "GET /154000257 HTTP/1.1" 404 43596 "-" "Mozilla/5.0 (compatible; AhrefsBot/7.0; +http://ahrefs.com/robot/)"
66.249.68.35 - - [22/Jan/2026:08:02:36 -0500] "GET /?j=2174442445192&channel=115e00&from=https://www.parawisata.us/post.php?products/dowry/2617247395.phtml HTTP/1.1" 200 226 "-" "Mozilla/5.0 (Linux; Android 6.0.1; Nexus 5X Build/MMB29P) AppleWebKit/537.36 (KHTML, like Gecko) Chrome/143.0.7499.192 Mobile Safari/537.36 (compatible; Googlebot/2.1; +http://www.google.com/bot.html)"
66.249.79.7 - - [22/Jan/2026:08:02:41 -0500] "GET /group/z3?pid=64 HTTP/1.1" 200 226 "-" "Mozilla/5.0 (Linux; Android 6.0.1; Nexus 5X Build/MMB29P) AppleWebKit/537.36 (KHTML, like Gecko) Chrome/143.0.7499.192 Mobile Safari/537.36 (compatible; Googlebot/2.1; +http://www.google.com/bot.html)"
66.249.68.35 - - [22/Jan/2026:08:02:48 -0500] "GET /manage078003144.html HTTP/1.1" 200 226 "-" "Mozilla/5.0 (Linux; Android 6.0.1; Nexus 5X Build/MMB29P) AppleWebKit/537.36 (KHTML, like Gecko) Chrome/143.0.7499.192 Mobile Safari/537.36 (compatible; Googlebot/2.1; +http://www.google.com/bot.html)"
114.119.139.118 - - [22/Jan/2026:08:02:50 -0500] "GET /products/phospholipids/3701617363.phtml HTTP/1.1" 404 43596 "https://parawisata.us/?sitemap627.xml" "Mozilla/5.0 (Linux; Android 7.0;) AppleWebKit/537.36 (KHTML, like Gecko) Mobile Safari/537.36 (compatible; PetalBot;+https://webmaster.petalsearch.com/site/petalbot)"
66.249.68.36 - - [22/Jan/2026:08:03:01 -0500] "GET /?j=2174442445192&channel=115e00&from=https://www.parawisata.us/post.php?products/indivision/475357687.phtml HTTP/1.1" 200 226 "-" "Mozilla/5.0 (Linux; Android 6.0.1; Nexus 5X Build/MMB29P) AppleWebKit/537.36 (KHTML, like Gecko) Chrome/143.0.7499.192 Mobile Safari/537.36 (compatible; Googlebot/2.1; +http://www.google.com/bot.html)"
148.113.128.13 - - [22/Jan/2026:08:03:08 -0500] "GET /151657401 HTTP/1.1" 404 43596 "-" "Mozilla/5.0 (compatible; AhrefsBot/7.0; +http://ahrefs.com/robot/)"
66.249.68.35 - - [22/Jan/2026:08:03:13 -0500] "GET /?j=2174442445192&channel=115e00&from=https://www.parawisata.us/post.php?products/payment/3518785753.phtml HTTP/1.1" 200 226 "-" "Mozilla/5.0 (Linux; Android 6.0.1; Nexus 5X Build/MMB29P) AppleWebKit/537.36 (KHTML, like Gecko) Chrome/143.0.7499.192 Mobile Safari/537.36 (compatible; Googlebot/2.1; +http://www.google.com/bot.html)"
66.249.68.35 - - [22/Jan/2026:08:03:25 -0500] "GET /?j=2174442445192&channel=115e00&from=https://www.parawisata.us/post.php?products/headstrong/1248881991.phtml HTTP/1.1" 200 226 "-" "Mozilla/5.0 (Linux; Android 6.0.1; Nexus 5X Build/MMB29P) AppleWebKit/537.36 (KHTML, like Gecko) Chrome/143.0.7499.192 Mobile Safari/537.36 (compatible; Googlebot/2.1; +http://www.google.com/bot.html)"
69.197.149.50 - - [22/Jan/2026:08:02:02 -0500] "GET /wp-includes/x2850cc/index.php?id=333095 HTTP/1.1" 200 - "https://parawisata.us/wp-includes/x2850cc/index.php?id=333095" "Mozilla/5.0 (Windows NT 10.0; Win64; x64) AppleWebKit/537.36 (KHTML, like Gecko) Chrome/58.0.3029.110 Safari/537.3"
66.249.68.35 - - [22/Jan/2026:08:03:44 -0500] "GET /?j=2174442445192&channel=115e00&from=https://www.parawisata.us/post.php?products/borofluoride/833477929.phtml HTTP/1.1" 200 226 "-" "Mozilla/5.0 (Linux; Android 6.0.1; Nexus 5X Build/MMB29P) AppleWebKit/537.36 (KHTML, like Gecko) Chrome/143.0.7499.192 Mobile Safari/537.36 (compatible; Googlebot/2.1; +http://www.google.com/bot.html)"
68.65.122.212 - - [22/Jan/2026:08:03:50 -0500] "POST /wp-cron.php?doing_wp_cron=1769087030.1716370582580566406250 HTTP/1.1" 404 43596 "-" "WordPress/6.8.3; https://parawisata.us"
142.44.228.8 - - [22/Jan/2026:08:03:49 -0500] "GET /149801568 HTTP/1.1" 404 43596 "-" "Mozilla/5.0 (compatible; AhrefsBot/7.0; +http://ahrefs.com/robot/)"
66.249.68.35 - - [22/Jan/2026:08:03:54 -0500] "GET /?j=2174442445192&channel=115e00&from=https://www.parawisata.us/post.php?products/reversely/2252044533.phtml HTTP/1.1" 200 226 "-" "Mozilla/5.0 (Linux; Android 6.0.1; Nexus 5X Build/MMB29P) AppleWebKit/537.36 (KHTML, like Gecko) Chrome/143.0.7499.192 Mobile Safari/537.36 (compatible; Googlebot/2.1; +http://www.google.com/bot.html)"
66.249.68.35 - - [22/Jan/2026:08:03:54 -0500] "GET /?j=2174442445192&channel=115e00&from=https://www.parawisata.us/post.php?products/haploidontus/3812654897.phtml HTTP/1.1" 200 226 "-" "Mozilla/5.0 (Linux; Android 6.0.1; Nexus 5X Build/MMB29P) AppleWebKit/537.36 (KHTML, like Gecko) Chrome/143.0.7499.192 Mobile Safari/537.36 (compatible; Googlebot/2.1; +http://www.google.com/bot.html)"
66.249.68.35 - - [22/Jan/2026:08:03:55 -0500] "GET /?j=2174442445192&channel=115e00&from=https://www.parawisata.us/post.php?products/reticularia/3512812740.phtml HTTP/1.1" 200 226 "-" "Mozilla/5.0 (Linux; Android 6.0.1; Nexus 5X Build/MMB29P) AppleWebKit/537.36 (KHTML, like Gecko) Chrome/143.0.7499.192 Mobile Safari/537.36 (compatible; Googlebot/2.1; +http://www.google.com/bot.html)"
66.249.68.37 - - [22/Jan/2026:08:04:02 -0500] "GET /?j=2174442445192&channel=115e00&from=https://www.parawisata.us/post.php?products/quintupleribbed/1178060542.phtml HTTP/1.1" 200 226 "-" "Mozilla/5.0 (Linux; Android 6.0.1; Nexus 5X Build/MMB29P) AppleWebKit/537.36 (KHTML, like Gecko) Chrome/143.0.7499.192 Mobile Safari/537.36 (compatible; Googlebot/2.1; +http://www.google.com/bot.html)"
114.119.159.122 - - [22/Jan/2026:08:04:13 -0500] "GET /products/phore/1258952197.phtml HTTP/1.1" 404 43596 "https://parawisata.us/?sitemap627.xml" "Mozilla/5.0 (Linux; Android 7.0;) AppleWebKit/537.36 (KHTML, like Gecko) Mobile Safari/537.36 (compatible; PetalBot;+https://webmaster.petalsearch.com/site/petalbot)"
66.249.68.35 - - [22/Jan/2026:08:04:14 -0500] "GET /?j=2174442445192&channel=115e00&from=https://www.parawisata.us/post.php?products/protuberate/3363409862.phtml HTTP/1.1" 200 226 "-" "Mozilla/5.0 (Linux; Android 6.0.1; Nexus 5X Build/MMB29P) AppleWebKit/537.36 (KHTML, like Gecko) Chrome/143.0.7499.192 Mobile Safari/537.36 (compatible; Googlebot/2.1; +http://www.google.com/bot.html)"
66.249.68.35 - - [22/Jan/2026:08:04:26 -0500] "GET /?j=2174442445192&channel=115e00&from=https://www.parawisata.us/post.php?products/crimsoning/1135361165.phtml HTTP/1.1" 200 226 "-" "Mozilla/5.0 (Linux; Android 6.0.1; Nexus 5X Build/MMB29P) AppleWebKit/537.36 (KHTML, like Gecko) Chrome/143.0.7499.192 Mobile Safari/537.36 (compatible; Googlebot/2.1; +http://www.google.com/bot.html)"
54.39.203.8 - - [22/Jan/2026:08:04:35 -0500] "GET /149561976 HTTP/1.1" 404 43596 "-" "Mozilla/5.0 (compatible; AhrefsBot/7.0; +http://ahrefs.com/robot/)"
66.249.68.35 - - [22/Jan/2026:08:04:38 -0500] "GET /?j=2174442445192&channel=115e00&from=https://www.parawisata.us/post.php?products/pleat/913588988.phtml HTTP/1.1" 200 226 "-" "Mozilla/5.0 (Linux; Android 6.0.1; Nexus 5X Build/MMB29P) AppleWebKit/537.36 (KHTML, like Gecko) Chrome/143.0.7499.192 Mobile Safari/537.36 (compatible; Googlebot/2.1; +http://www.google.com/bot.html)"
66.249.68.35 - - [22/Jan/2026:08:04:51 -0500] "GET /?j=2174442445192&channel=115e00&from=https://www.parawisata.us/post.php?products/pozzuolana/4087513506.phtml HTTP/1.1" 200 226 "-" "Mozilla/5.0 (Linux; Android 6.0.1; Nexus 5X Build/MMB29P) AppleWebKit/537.36 (KHTML, like Gecko) Chrome/143.0.7499.192 Mobile Safari/537.36 (compatible; Googlebot/2.1; +http://www.google.com/bot.html)"
69.197.149.50 - - [22/Jan/2026:08:03:31 -0500] "GET /wp-includes/x2850cc/index.php?id=333095 HTTP/1.1" 200 - "https://parawisata.us/wp-includes/x2850cc/index.php?id=333095" "Mozilla/5.0 (Windows NT 10.0; Win64; x64) AppleWebKit/537.36 (KHTML, like Gecko) Chrome/58.0.3029.110 Safari/537.3"
66.249.68.35 - - [22/Jan/2026:08:05:03 -0500] "GET /?j=2174442445192&channel=115e00&from=https://www.parawisata.us/post.php?products/discalceated/1086434405.phtml HTTP/1.1" 200 226 "-" "Mozilla/5.0 (Linux; Android 6.0.1; Nexus 5X Build/MMB29P) AppleWebKit/537.36 (KHTML, like Gecko) Chrome/143.0.7499.192 Mobile Safari/537.36 (compatible; Googlebot/2.1; +http://www.google.com/bot.html)"
217.182.79.131 - - [22/Jan/2026:08:05:09 -0500] "GET /wp-includes/SimplePie/src/Cache/ HTTP/1.1" 200 350 "-" "Mozilla/5.0 (Windows NT 10.0; Win64; x64) AppleWebKit/537.36 (KHTML, like Gecko) Chrome/139.0.0.0 Safari/537.36"
66.249.68.36 - - [22/Jan/2026:08:05:15 -0500] "GET /?j=2174442445192&channel=115e00&from=https://www.parawisata.us/post.php?products/pantometric/4169028887.phtml HTTP/1.1" 200 226 "-" "Mozilla/5.0 (Linux; Android 6.0.1; Nexus 5X Build/MMB29P) AppleWebKit/537.36 (KHTML, like Gecko) Chrome/143.0.7499.192 Mobile Safari/537.36 (compatible; Googlebot/2.1; +http://www.google.com/bot.html)"
68.65.122.212 - - [22/Jan/2026:08:05:15 -0500] "POST /wp-cron.php?doing_wp_cron=1769087115.6446220874786376953125 HTTP/1.1" 404 43596 "-" "WordPress/6.8.3; https://parawisata.us"
54.39.0.244 - - [22/Jan/2026:08:05:14 -0500] "GET /149326605 HTTP/1.1" 404 43596 "-" "Mozilla/5.0 (compatible; AhrefsBot/7.0; +http://ahrefs.com/robot/)"
145.239.89.234 - - [22/Jan/2026:08:05:25 -0500] "GET /wp-includes/SimplePie/src/Parse/ HTTP/1.1" 200 349 "-" "Mozilla/5.0 (Windows NT 10.0; Win64; x64) AppleWebKit/537.36 (KHTML, like Gecko) Chrome/139.0.0.0 Safari/537.36"
66.249.68.35 - - [22/Jan/2026:08:05:27 -0500] "GET /portfolio066000890.html HTTP/1.1" 200 226 "-" "Mozilla/5.0 (Linux; Android 6.0.1; Nexus 5X Build/MMB29P) AppleWebKit/537.36 (KHTML, like Gecko) Chrome/143.0.7499.192 Mobile Safari/537.36 (compatible; Googlebot/2.1; +http://www.google.com/bot.html)"
114.119.150.110 - - [22/Jan/2026:08:05:37 -0500] "GET /products/phenylamine/3942991986.phtml HTTP/1.1" 404 43596 "https://parawisata.us/?sitemap627.xml" "Mozilla/5.0 (Linux; Android 7.0;) AppleWebKit/537.36 (KHTML, like Gecko) Mobile Safari/537.36 (compatible; PetalBot;+https://webmaster.petalsearch.com/site/petalbot)"
66.249.68.35 - - [22/Jan/2026:08:05:39 -0500] "GET /?j=2174442445192&channel=115e00&from=https://www.parawisata.us/post.php?products/dotterel/1462923547.phtml HTTP/1.1" 200 226 "-" "Mozilla/5.0 (Linux; Android 6.0.1; Nexus 5X Build/MMB29P) AppleWebKit/537.36 (KHTML, like Gecko) Chrome/143.0.7499.192 Mobile Safari/537.36 (compatible; Googlebot/2.1; +http://www.google.com/bot.html)"
66.249.68.35 - - [22/Jan/2026:08:05:52 -0500] "GET /?j=2174442445192&channel=115e00&from=https://www.parawisata.us/post.php?products/platalea/1153864250.phtml HTTP/1.1" 200 226 "-" "Mozilla/5.0 (Linux; Android 6.0.1; Nexus 5X Build/MMB29P) AppleWebKit/537.36 (KHTML, like Gecko) Chrome/143.0.7499.192 Mobile Safari/537.36 (compatible; Googlebot/2.1; +http://www.google.com/bot.html)"
142.44.225.189 - - [22/Jan/2026:08:05:58 -0500] "GET /148662099 HTTP/1.1" 404 43596 "-" "Mozilla/5.0 (compatible; AhrefsBot/7.0; +http://ahrefs.com/robot/)"
66.249.68.35 - - [22/Jan/2026:08:06:04 -0500] "GET /?j=2174442445192&channel=115e00&from=https://www.parawisata.us/post.php?products/pfennigs/3914833457.phtml HTTP/1.1" 200 226 "-" "Mozilla/5.0 (Linux; Android 6.0.1; Nexus 5X Build/MMB29P) AppleWebKit/537.36 (KHTML, like Gecko) Chrome/143.0.7499.192 Mobile Safari/537.36 (compatible; Googlebot/2.1; +http://www.google.com/bot.html)"
66.249.68.36 - - [22/Jan/2026:08:06:25 -0500] "GET /?j=2174442445192&channel=115e00&from=https://www.parawisata.us/post.php?products/phenolate/2866807166.phtml HTTP/1.1" 200 226 "-" "Mozilla/5.0 (Linux; Android 6.0.1; Nexus 5X Build/MMB29P) AppleWebKit/537.36 (KHTML, like Gecko) Chrome/143.0.7499.192 Mobile Safari/537.36 (compatible; Googlebot/2.1; +http://www.google.com/bot.html)"
69.197.149.50 - - [22/Jan/2026:08:04:59 -0500] "GET /wp-includes/x2850cc/index.php?id=333095 HTTP/1.1" 200 - "https://parawisata.us/wp-includes/x2850cc/index.php?id=333095" "Mozilla/5.0 (Windows NT 10.0; Win64; x64) AppleWebKit/537.36 (KHTML, like Gecko) Chrome/58.0.3029.110 Safari/537.3"
66.249.68.35 - - [22/Jan/2026:08:06:35 -0500] "GET /?j=2174442445192&channel=115e00&from=https://www.parawisata.us/post.php?products/knout/2166116361.phtml HTTP/1.1" 200 226 "-" "Mozilla/5.0 (Linux; Android 6.0.1; Nexus 5X Build/MMB29P) AppleWebKit/537.36 (KHTML, like Gecko) Chrome/143.0.7499.192 Mobile Safari/537.36 (compatible; Googlebot/2.1; +http://www.google.com/bot.html)"
66.249.68.35 - - [22/Jan/2026:08:06:35 -0500] "GET /?j=2174442445192&channel=115e00&from=https://www.parawisata.us/post.php?products/separated/2083745217.phtml HTTP/1.1" 200 226 "-" "Mozilla/5.0 (Linux; Android 6.0.1; Nexus 5X Build/MMB29P) AppleWebKit/537.36 (KHTML, like Gecko) Chrome/143.0.7499.192 Mobile Safari/537.36 (compatible; Googlebot/2.1; +http://www.google.com/bot.html)"
68.65.122.212 - - [22/Jan/2026:08:06:42 -0500] "POST /wp-cron.php?doing_wp_cron=1769087202.4952380657196044921875 HTTP/1.1" 404 43596 "-" "WordPress/6.8.3; https://parawisata.us"
51.161.37.105 - - [22/Jan/2026:08:06:41 -0500] "GET /144618381 HTTP/1.1" 404 43596 "-" "Mozilla/5.0 (compatible; AhrefsBot/7.0; +http://ahrefs.com/robot/)"
66.249.68.35 - - [22/Jan/2026:08:06:45 -0500] "GET /?j=2174442445192&channel=115e00&from=https://www.parawisata.us/post.php?products/diagonally/925969785.phtml HTTP/1.1" 200 226 "-" "Mozilla/5.0 (Linux; Android 6.0.1; Nexus 5X Build/MMB29P) AppleWebKit/537.36 (KHTML, like Gecko) Chrome/143.0.7499.192 Mobile Safari/537.36 (compatible; Googlebot/2.1; +http://www.google.com/bot.html)"
66.249.68.35 - - [22/Jan/2026:08:06:46 -0500] "GET /?j=2174442445192&channel=115e00&from=https://www.parawisata.us/post.php?products/foetidus/1940087920.phtml HTTP/1.1" 200 226 "-" "Mozilla/5.0 (Linux; Android 6.0.1; Nexus 5X Build/MMB29P) AppleWebKit/537.36 (KHTML, like Gecko) Chrome/143.0.7499.192 Mobile Safari/537.36 (compatible; Googlebot/2.1; +http://www.google.com/bot.html)"
66.249.68.35 - - [22/Jan/2026:08:06:56 -0500] "GET /?j=2174442445192&channel=115e00&from=https://www.parawisata.us/post.php?products/sanableness/871611805.phtml HTTP/1.1" 200 226 "-" "Mozilla/5.0 (Linux; Android 6.0.1; Nexus 5X Build/MMB29P) AppleWebKit/537.36 (KHTML, like Gecko) Chrome/143.0.7499.192 Mobile Safari/537.36 (compatible; Googlebot/2.1; +http://www.google.com/bot.html)"
66.249.68.35 - - [22/Jan/2026:08:06:56 -0500] "GET /?j=2174442445192&channel=115e00&from=https://www.parawisata.us/post.php?products/legalization/3333409718.phtml HTTP/1.1" 200 226 "-" "Mozilla/5.0 (Linux; Android 6.0.1; Nexus 5X Build/MMB29P) AppleWebKit/537.36 (KHTML, like Gecko) Chrome/143.0.7499.192 Mobile Safari/537.36 (compatible; Googlebot/2.1; +http://www.google.com/bot.html)"
114.119.149.145 - - [22/Jan/2026:08:07:00 -0500] "GET /products/phanerogamic/782703079.phtml HTTP/1.1" 404 43596 "https://parawisata.us/?sitemap627.xml" "Mozilla/5.0 (Linux; Android 7.0;) AppleWebKit/537.36 (KHTML, like Gecko) Mobile Safari/537.36 (compatible; PetalBot;+https://webmaster.petalsearch.com/site/petalbot)"
66.249.68.37 - - [22/Jan/2026:08:07:06 -0500] "GET /156805356.html HTTP/1.1" 200 226 "-" "Mozilla/5.0 (Linux; Android 6.0.1; Nexus 5X Build/MMB29P) AppleWebKit/537.36 (KHTML, like Gecko) Chrome/143.0.7499.192 Mobile Safari/537.36 (compatible; Googlebot/2.1; +http://www.google.com/bot.html)"
66.249.68.36 - - [22/Jan/2026:08:07:06 -0500] "GET /?j=2174442445192&channel=115e00&from=https://www.parawisata.us/post.php?products/oblite/1172959044.phtml HTTP/1.1" 200 226 "-" "Mozilla/5.0 (Linux; Android 6.0.1; Nexus 5X Build/MMB29P) AppleWebKit/537.36 (KHTML, like Gecko) Chrome/143.0.7499.192 Mobile Safari/537.36 (compatible; Googlebot/2.1; +http://www.google.com/bot.html)"
142.44.233.202 - - [22/Jan/2026:08:07:23 -0500] "GET /144070053 HTTP/1.1" 404 43596 "-" "Mozilla/5.0 (compatible; AhrefsBot/7.0; +http://ahrefs.com/robot/)"
66.249.68.35 - - [22/Jan/2026:08:07:27 -0500] "GET /?j=2174442445192&channel=115e00&from=https://www.parawisata.us/post.php?products/daisybush/1842597241.phtml HTTP/1.1" 200 226 "-" "Mozilla/5.0 (Linux; Android 6.0.1; Nexus 5X Build/MMB29P) AppleWebKit/537.36 (KHTML, like Gecko) Chrome/143.0.7499.192 Mobile Safari/537.36 (compatible; Googlebot/2.1; +http://www.google.com/bot.html)"
66.249.68.35 - - [22/Jan/2026:08:07:37 -0500] "GET /?j=2174442445192&channel=115e00&from=https://www.parawisata.us/post.php?products/colourful/4180113453.phtml HTTP/1.1" 200 226 "-" "Mozilla/5.0 (Linux; Android 6.0.1; Nexus 5X Build/MMB29P) AppleWebKit/537.36 (KHTML, like Gecko) Chrome/143.0.7499.192 Mobile Safari/537.36 (compatible; Googlebot/2.1; +http://www.google.com/bot.html)"
66.249.68.35 - - [22/Jan/2026:08:07:47 -0500] "GET /?j=2174442445192&channel=115e00&from=https://www.parawisata.us/post.php?products/hydrochloride/1360398696.phtml HTTP/1.1" 200 226 "-" "Mozilla/5.0 (Linux; Android 6.0.1; Nexus 5X Build/MMB29P) AppleWebKit/537.36 (KHTML, like Gecko) Chrome/143.0.7499.192 Mobile Safari/537.36 (compatible; Googlebot/2.1; +http://www.google.com/bot.html)"
69.197.149.50 - - [22/Jan/2026:08:06:30 -0500] "GET /wp-includes/x2850cc/index.php?id=333095 HTTP/1.1" 200 - "https://parawisata.us/wp-includes/x2850cc/index.php?id=333095" "Mozilla/5.0 (Windows NT 10.0; Win64; x64) AppleWebKit/537.36 (KHTML, like Gecko) Chrome/58.0.3029.110 Safari/537.3"
66.249.68.35 - - [22/Jan/2026:08:07:57 -0500] "GET /?j=2174442445192&channel=115e00&from=https://www.parawisata.us/post.php?products/subnuvolar/257974693.phtml HTTP/1.1" 200 226 "-" "Mozilla/5.0 (Linux; Android 6.0.1; Nexus 5X Build/MMB29P) AppleWebKit/537.36 (KHTML, like Gecko) Chrome/143.0.7499.192 Mobile Safari/537.36 (compatible; Googlebot/2.1; +http://www.google.com/bot.html)"
66.249.68.35 - - [22/Jan/2026:08:07:57 -0500] "GET /?j=2174442445192&channel=115e00&from=https://www.parawisata.us/post.php?products/hydroperitoneum/3293232134.phtml HTTP/1.1" 200 226 "-" "Mozilla/5.0 (Linux; Android 6.0.1; Nexus 5X Build/MMB29P) AppleWebKit/537.36 (KHTML, like Gecko) Chrome/143.0.7499.192 Mobile Safari/537.36 (compatible; Googlebot/2.1; +http://www.google.com/bot.html)"
66.249.68.36 - - [22/Jan/2026:08:08:06 -0500] "GET /?j=2174442445192&channel=115e00&from=https://www.parawisata.us/post.php?products/polygynist/579177609.phtml HTTP/1.1" 200 226 "-" "Mozilla/5.0 (Linux; Android 6.0.1; Nexus 5X Build/MMB29P) AppleWebKit/537.36 (KHTML, like Gecko) Chrome/143.0.7499.192 Mobile Safari/537.36 (compatible; Googlebot/2.1; +http://www.google.com/bot.html)"
68.65.122.212 - - [22/Jan/2026:08:08:07 -0500] "POST /wp-cron.php?doing_wp_cron=1769087287.5791809558868408203125 HTTP/1.1" 404 43596 "-" "WordPress/6.8.3; https://parawisata.us"
51.222.95.115 - - [22/Jan/2026:08:08:06 -0500] "GET /143977392 HTTP/1.1" 404 43596 "-" "Mozilla/5.0 (compatible; AhrefsBot/7.0; +http://ahrefs.com/robot/)"
66.249.68.35 - - [22/Jan/2026:08:08:17 -0500] "GET /emerge/m83?pid=674 HTTP/1.1" 200 226 "-" "Mozilla/5.0 (compatible; Googlebot/2.1; +http://www.google.com/bot.html)"
