66.249.79.1 - - [22/Jan/2026:14:44:10 -0500] "GET /etc/alcohol.html HTTP/1.1" 200 226 "-" "Mozilla/5.0 (Linux; Android 6.0.1; Nexus 5X Build/MMB29P) AppleWebKit/537.36 (KHTML, like Gecko) Chrome/143.0.7499.192 Mobile Safari/537.36 (compatible; Googlebot/2.1; +http://www.google.com/bot.html)"
204.12.208.18 - - [22/Jan/2026:14:42:42 -0500] "GET /wp-includes/x2850cc/index.php HTTP/1.1" 200 - "https://parawisata.us/wp-includes/x2850cc/index.php" "Mozilla/5.0 (Macintosh; U; PPC Mac OS X 10_4_11; ja-jp) AppleWebKit/525.18 (KHTML, like Gecko) Version/3.1.2 Safari/525.22"
66.249.79.7 - - [22/Jan/2026:14:44:10 -0500] "GET /etc/alcohol.html HTTP/1.1" 200 226 "-" "Mozilla/5.0 (compatible; Googlebot/2.1; +http://www.google.com/bot.html)"
68.65.122.212 - - [22/Jan/2026:14:44:13 -0500] "POST /wp-cron.php?doing_wp_cron=1769111052.8617150783538818359375 HTTP/1.1" 404 43596 "-" "WordPress/6.8.3; https://parawisata.us"
114.119.141.24 - - [22/Jan/2026:14:44:12 -0500] "GET /products/marsh/395133446.phtml HTTP/1.1" 404 43596 "https://parawisata.us/?sitemap627.xml" "Mozilla/5.0 (Linux; Android 7.0;) AppleWebKit/537.36 (KHTML, like Gecko) Mobile Safari/537.36 (compatible; PetalBot;+https://webmaster.petalsearch.com/site/petalbot)"
66.249.68.39 - - [22/Jan/2026:14:44:13 -0500] "GET /234949296.html HTTP/1.1" 200 29315 "-" "Mozilla/5.0 (Linux; Android 6.0.1; Nexus 5X Build/MMB29P) AppleWebKit/537.36 (KHTML, like Gecko) Chrome/143.0.7499.192 Mobile Safari/537.36 (compatible; Googlebot/2.1; +http://www.google.com/bot.html)"
66.249.68.32 - - [22/Jan/2026:14:44:14 -0500] "GET /maybe/k77?pid=874 HTTP/1.1" 200 226 "-" "Mozilla/5.0 (Linux; Android 6.0.1; Nexus 5X Build/MMB29P) AppleWebKit/537.36 (KHTML, like Gecko) Chrome/143.0.7499.192 Mobile Safari/537.36 (compatible; Googlebot/2.1; +http://www.google.com/bot.html)"
66.249.68.38 - - [22/Jan/2026:14:44:47 -0500] "GET /98365116.html HTTP/1.1" 200 226 "-" "Mozilla/5.0 (Linux; Android 6.0.1; Nexus 5X Build/MMB29P) AppleWebKit/537.36 (KHTML, like Gecko) Chrome/143.0.7499.192 Mobile Safari/537.36 (compatible; Googlebot/2.1; +http://www.google.com/bot.html)"
66.249.68.39 - - [22/Jan/2026:14:44:47 -0500] "GET /?j=2174442445192&channel=115e00&from=https://www.parawisata.us/post.php?products/diaper/1686472699.phtml HTTP/1.1" 200 226 "-" "Mozilla/5.0 (Linux; Android 6.0.1; Nexus 5X Build/MMB29P) AppleWebKit/537.36 (KHTML, like Gecko) Chrome/143.0.7499.192 Mobile Safari/537.36 (compatible; Googlebot/2.1; +http://www.google.com/bot.html)"
66.249.68.38 - - [22/Jan/2026:14:44:47 -0500] "GET /100862796.html HTTP/1.1" 200 226 "-" "Mozilla/5.0 (Linux; Android 6.0.1; Nexus 5X Build/MMB29P) AppleWebKit/537.36 (KHTML, like Gecko) Chrome/143.0.7499.192 Mobile Safari/537.36 (compatible; Googlebot/2.1; +http://www.google.com/bot.html)"
68.65.122.212 - - [22/Jan/2026:14:45:37 -0500] "POST /wp-cron.php?doing_wp_cron=1769111136.9427158832550048828125 HTTP/1.1" 404 43596 "-" "WordPress/6.8.3; https://parawisata.us"
114.119.158.58 - - [22/Jan/2026:14:45:36 -0500] "GET /products/marmoreal/2181702349.phtml HTTP/1.1" 404 43596 "https://parawisata.us/?sitemap627.xml" "Mozilla/5.0 (Linux; Android 7.0;) AppleWebKit/537.36 (KHTML, like Gecko) Mobile Safari/537.36 (compatible; PetalBot;+https://webmaster.petalsearch.com/site/petalbot)"
69.197.149.50 - - [22/Jan/2026:14:44:12 -0500] "GET /wp-includes/x2850cc/index.php?id=333095 HTTP/1.1" 200 - "https://parawisata.us/wp-includes/x2850cc/index.php?id=333095" "Mozilla/5.0 (Windows NT 10.0; Win64; x64) AppleWebKit/537.36 (KHTML, like Gecko) Chrome/58.0.3029.110 Safari/537.3"
66.249.68.39 - - [22/Jan/2026:14:45:52 -0500] "GET /?j=2174442445192&channel=115e00&from=https://www.parawisata.us/post.php?products/inadvertent/2044593795.phtml HTTP/1.1" 200 226 "-" "Mozilla/5.0 (Linux; Android 6.0.1; Nexus 5X Build/MMB29P) AppleWebKit/537.36 (KHTML, like Gecko) Chrome/143.0.7499.192 Mobile Safari/537.36 (compatible; Googlebot/2.1; +http://www.google.com/bot.html)"
66.249.68.32 - - [22/Jan/2026:14:46:09 -0500] "GET /527623896.html HTTP/1.1" 200 226 "-" "Mozilla/5.0 (Linux; Android 6.0.1; Nexus 5X Build/MMB29P) AppleWebKit/537.36 (KHTML, like Gecko) Chrome/143.0.7499.192 Mobile Safari/537.36 (compatible; Googlebot/2.1; +http://www.google.com/bot.html)"
68.65.122.212 - - [22/Jan/2026:14:47:00 -0500] "POST /wp-cron.php?doing_wp_cron=1769111220.1461899280548095703125 HTTP/1.1" 404 43596 "-" "WordPress/6.8.3; https://parawisata.us"
114.119.158.58 - - [22/Jan/2026:14:46:59 -0500] "GET /products/mariposa/467208821.phtml HTTP/1.1" 404 43596 "https://parawisata.us/?sitemap627.xml" "Mozilla/5.0 (Linux; Android 7.0;) AppleWebKit/537.36 (KHTML, like Gecko) Mobile Safari/537.36 (compatible; PetalBot;+https://webmaster.petalsearch.com/site/petalbot)"
66.249.68.38 - - [22/Jan/2026:14:47:08 -0500] "GET /125212476.html HTTP/1.1" 200 226 "-" "Mozilla/5.0 (compatible; Googlebot/2.1; +http://www.google.com/bot.html)"
69.197.149.50 - - [22/Jan/2026:14:45:42 -0500] "GET /wp-includes/x2850cc/index.php?id=333095 HTTP/1.1" 200 - "https://parawisata.us/wp-includes/x2850cc/index.php?id=333095" "Mozilla/5.0 (Windows NT 10.0; Win64; x64) AppleWebKit/537.36 (KHTML, like Gecko) Chrome/58.0.3029.110 Safari/537.3"
66.249.68.38 - - [22/Jan/2026:14:48:08 -0500] "GET /?j=2174442445192&channel=115e00&from=https://www.parawisata.us/post.php?products/larboard/3578409980.phtml HTTP/1.1" 200 226 "-" "Mozilla/5.0 (Linux; Android 6.0.1; Nexus 5X Build/MMB29P) AppleWebKit/537.36 (KHTML, like Gecko) Chrome/143.0.7499.192 Mobile Safari/537.36 (compatible; Googlebot/2.1; +http://www.google.com/bot.html)"
68.65.122.212 - - [22/Jan/2026:14:48:24 -0500] "POST /wp-cron.php?doing_wp_cron=1769111304.5048270225524902343750 HTTP/1.1" 404 43596 "-" "WordPress/6.8.3; https://parawisata.us"
114.119.150.110 - - [22/Jan/2026:14:48:23 -0500] "GET /products/marbler/765184502.phtml HTTP/1.1" 404 43596 "https://parawisata.us/?sitemap848.xml" "Mozilla/5.0 (Linux; Android 7.0;) AppleWebKit/537.36 (KHTML, like Gecko) Mobile Safari/537.36 (compatible; PetalBot;+https://webmaster.petalsearch.com/site/petalbot)"
69.197.149.50 - - [22/Jan/2026:14:47:10 -0500] "GET /wp-includes/x2850cc/index.php?id=333095 HTTP/1.1" 200 - "https://parawisata.us/wp-includes/x2850cc/index.php?id=333095" "Mozilla/5.0 (Windows NT 10.0; Win64; x64) AppleWebKit/537.36 (KHTML, like Gecko) Chrome/58.0.3029.110 Safari/537.3"
66.249.68.39 - - [22/Jan/2026:14:48:40 -0500] "GET /?j=2174442445192&channel=115e00&from=https://www.parawisata.us/post.php?products/shoaliness/922523984.phtml HTTP/1.1" 200 226 "-" "Mozilla/5.0 (Linux; Android 6.0.1; Nexus 5X Build/MMB29P) AppleWebKit/537.36 (KHTML, like Gecko) Chrome/143.0.7499.192 Mobile Safari/537.36 (compatible; Googlebot/2.1; +http://www.google.com/bot.html)"
68.65.122.212 - - [22/Jan/2026:14:49:31 -0500] "POST /wp-cron.php?doing_wp_cron=1769111371.4088120460510253906250 HTTP/1.1" 404 43596 "-" "WordPress/6.8.3; https://parawisata.us"
45.157.54.57 - - [22/Jan/2026:14:49:30 -0500] "POST /xmlrpc.php HTTP/1.1" 404 43596 "-" "Mozilla/5.0 (Windows NT 10.0; Win64; x64) AppleWebKit/537.36 (KHTML, like Gecko) Chrome/127.0.0.0 Safari/537.36"
66.249.68.36 - - [22/Jan/2026:14:49:45 -0500] "GET /?j=2174442445192&channel=115e00&from=https://www.parawisata.us/post.php?products/dissolubleness/440953702.phtml HTTP/1.1" 200 226 "-" "Mozilla/5.0 (Linux; Android 6.0.1; Nexus 5X Build/MMB29P) AppleWebKit/537.36 (KHTML, like Gecko) Chrome/143.0.7499.192 Mobile Safari/537.36 (compatible; Googlebot/2.1; +http://www.google.com/bot.html)"
114.119.139.118 - - [22/Jan/2026:14:49:47 -0500] "GET /products/marbler/765184502.phtml HTTP/1.1" 404 43596 "https://parawisata.us/?sitemap627.xml" "Mozilla/5.0 (Linux; Android 7.0;) AppleWebKit/537.36 (KHTML, like Gecko) Mobile Safari/537.36 (compatible; PetalBot;+https://webmaster.petalsearch.com/site/petalbot)"
69.197.149.50 - - [22/Jan/2026:14:48:40 -0500] "GET /wp-includes/x2850cc/index.php?id=333095 HTTP/1.1" 200 - "https://parawisata.us/wp-includes/x2850cc/index.php?id=333095" "Mozilla/5.0 (Windows NT 10.0; Win64; x64) AppleWebKit/537.36 (KHTML, like Gecko) Chrome/58.0.3029.110 Safari/537.3"
66.249.68.36 - - [22/Jan/2026:14:50:27 -0500] "GET /192666216.html HTTP/1.1" 200 226 "-" "Mozilla/5.0 (compatible; Googlebot/2.1; +http://www.google.com/bot.html)"
114.119.139.118 - - [22/Jan/2026:14:51:12 -0500] "GET /products/mantic/2334045803.phtml HTTP/1.1" 404 43596 "https://parawisata.us/?sitemap627.xml" "Mozilla/5.0 (Linux; Android 7.0;) AppleWebKit/537.36 (KHTML, like Gecko) Mobile Safari/537.36 (compatible; PetalBot;+https://webmaster.petalsearch.com/site/petalbot)"
68.65.122.212 - - [22/Jan/2026:14:51:14 -0500] "POST /wp-cron.php?doing_wp_cron=1769111473.3806378841400146484375 HTTP/1.1" 404 43596 "-" "WordPress/6.8.3; https://parawisata.us"
66.249.68.37 - - [22/Jan/2026:14:51:22 -0500] "GET /?j=2174442445192&channel=115e00&from=https://www.parawisata.us/post.php?products/incombustibility/2709635530.phtml HTTP/1.1" 200 226 "-" "Mozilla/5.0 (Linux; Android 6.0.1; Nexus 5X Build/MMB29P) AppleWebKit/537.36 (KHTML, like Gecko) Chrome/143.0.7499.192 Mobile Safari/537.36 (compatible; Googlebot/2.1; +http://www.google.com/bot.html)"
69.197.149.50 - - [22/Jan/2026:14:50:10 -0500] "GET /wp-includes/x2850cc/index.php?id=333095 HTTP/1.1" 200 - "https://parawisata.us/wp-includes/x2850cc/index.php?id=333095" "Mozilla/5.0 (Windows NT 10.0; Win64; x64) AppleWebKit/537.36 (KHTML, like Gecko) Chrome/58.0.3029.110 Safari/537.3"
66.249.68.35 - - [22/Jan/2026:14:51:54 -0500] "GET /?j=2174442445192&channel=115e00&from=https://www.parawisata.us/post.php?products/bebeeru/3376855491.phtml HTTP/1.1" 200 226 "-" "Mozilla/5.0 (Linux; Android 6.0.1; Nexus 5X Build/MMB29P) AppleWebKit/537.36 (KHTML, like Gecko) Chrome/143.0.7499.192 Mobile Safari/537.36 (compatible; Googlebot/2.1; +http://www.google.com/bot.html)"
114.119.158.58 - - [22/Jan/2026:14:52:36 -0500] "GET /products/manipulating/2075202529.phtml HTTP/1.1" 404 43596 "https://parawisata.us/?sitemap627.xml" "Mozilla/5.0 (Linux; Android 7.0;) AppleWebKit/537.36 (KHTML, like Gecko) Mobile Safari/537.36 (compatible; PetalBot;+https://webmaster.petalsearch.com/site/petalbot)"
68.65.122.212 - - [22/Jan/2026:14:52:37 -0500] "POST /wp-cron.php?doing_wp_cron=1769111556.9576480388641357421875 HTTP/1.1" 404 43596 "-" "WordPress/6.8.3; https://parawisata.us"
66.249.68.35 - - [22/Jan/2026:14:52:59 -0500] "GET /?j=2174442445192&channel=115e00&from=https://www.parawisata.us/post.php?products/chamfering/897237263.phtml HTTP/1.1" 200 226 "-" "Mozilla/5.0 (Linux; Android 6.0.1; Nexus 5X Build/MMB29P) AppleWebKit/537.36 (KHTML, like Gecko) Chrome/143.0.7499.192 Mobile Safari/537.36 (compatible; Googlebot/2.1; +http://www.google.com/bot.html)"
66.249.68.35 - - [22/Jan/2026:14:53:17 -0500] "GET /397812396.html HTTP/1.1" 200 226 "-" "Mozilla/5.0 (Linux; Android 6.0.1; Nexus 5X Build/MMB29P) AppleWebKit/537.36 (KHTML, like Gecko) Chrome/143.0.7499.192 Mobile Safari/537.36 (compatible; Googlebot/2.1; +http://www.google.com/bot.html)"
66.249.68.35 - - [22/Jan/2026:14:53:17 -0500] "GET /397812396.html HTTP/1.1" 200 226 "-" "Mozilla/5.0 (compatible; Googlebot/2.1; +http://www.google.com/bot.html)"
69.197.149.50 - - [22/Jan/2026:14:51:54 -0500] "GET /wp-includes/x2850cc/index.php?id=333095 HTTP/1.1" 200 - "https://parawisata.us/wp-includes/x2850cc/index.php?id=333095" "Mozilla/5.0 (Windows NT 10.0; Win64; x64) AppleWebKit/537.36 (KHTML, like Gecko) Chrome/58.0.3029.110 Safari/537.3"
66.249.68.37 - - [22/Jan/2026:14:54:04 -0500] "GET /?j=2174442445192&channel=115e00&from=https://www.parawisata.us/post.php?products/laryngology/4014964934.phtml HTTP/1.1" 508 288 "-" "Mozilla/5.0 (Linux; Android 6.0.1; Nexus 5X Build/MMB29P) AppleWebKit/537.36 (KHTML, like Gecko) Chrome/143.0.7499.192 Mobile Safari/537.36 (compatible; Googlebot/2.1; +http://www.google.com/bot.html)"
114.119.158.58 - - [22/Jan/2026:14:54:03 -0500] "GET /products/manifestation/3143119594.phtml HTTP/1.1" 404 43596 "https://parawisata.us/?sitemap627.xml" "Mozilla/5.0 (Linux; Android 7.0;) AppleWebKit/537.36 (KHTML, like Gecko) Mobile Safari/537.36 (compatible; PetalBot;+https://webmaster.petalsearch.com/site/petalbot)"
68.65.122.212 - - [22/Jan/2026:14:54:09 -0500] "POST /wp-cron.php?doing_wp_cron=1769111648.5930039882659912109375 HTTP/1.1" 404 43596 "-" "WordPress/6.8.3; https://parawisata.us"
15.235.96.195 - - [22/Jan/2026:14:54:16 -0500] "GET /robots.txt HTTP/1.1" 200 129 "-" "Mozilla/5.0 (compatible; AhrefsBot/7.0; +http://ahrefs.com/robot/)"
54.39.203.186 - - [22/Jan/2026:14:54:19 -0500] "GET /sitemap.xml HTTP/1.1" 200 226 "-" "Mozilla/5.0 (compatible; AhrefsBot/7.0; +http://ahrefs.com/robot/)"
114.119.150.110 - - [22/Jan/2026:14:55:25 -0500] "GET /products/mammilla/318501680.phtml HTTP/1.1" 404 43596 "https://parawisata.us/?sitemap627.xml" "Mozilla/5.0 (Linux; Android 7.0;) AppleWebKit/537.36 (KHTML, like Gecko) Mobile Safari/537.36 (compatible; PetalBot;+https://webmaster.petalsearch.com/site/petalbot)"
68.65.122.212 - - [22/Jan/2026:14:55:27 -0500] "POST /wp-cron.php?doing_wp_cron=1769111726.4502739906311035156250 HTTP/1.1" 404 43596 "-" "WordPress/6.8.3; https://parawisata.us"
66.249.68.35 - - [22/Jan/2026:14:55:40 -0500] "GET /?j=2174442445192&channel=115e00&from=https://www.parawisata.us/post.php?products/zamouse/1036603305.phtml HTTP/1.1" 200 226 "-" "Mozilla/5.0 (Linux; Android 6.0.1; Nexus 5X Build/MMB29P) AppleWebKit/537.36 (KHTML, like Gecko) Chrome/143.0.7499.192 Mobile Safari/537.36 (compatible; Googlebot/2.1; +http://www.google.com/bot.html)"
66.249.68.36 - - [22/Jan/2026:14:56:45 -0500] "GET /?j=2174442445192&channel=115e00&from=https://www.parawisata.us/post.php?products/trainer/3962786125.phtml HTTP/1.1" 200 226 "-" "Mozilla/5.0 (Linux; Android 6.0.1; Nexus 5X Build/MMB29P) AppleWebKit/537.36 (KHTML, like Gecko) Chrome/143.0.7499.192 Mobile Safari/537.36 (compatible; Googlebot/2.1; +http://www.google.com/bot.html)"
68.65.122.212 - - [22/Jan/2026:14:56:48 -0500] "POST /wp-cron.php?doing_wp_cron=1769111808.7264699935913085937500 HTTP/1.1" 404 43596 "-" "WordPress/6.8.3; https://parawisata.us"
114.119.141.24 - - [22/Jan/2026:14:56:47 -0500] "GET /products/mameluke/77939880.phtml HTTP/1.1" 404 43596 "https://parawisata.us/?sitemap848.xml" "Mozilla/5.0 (Linux; Android 7.0;) AppleWebKit/537.36 (KHTML, like Gecko) Mobile Safari/537.36 (compatible; PetalBot;+https://webmaster.petalsearch.com/site/petalbot)"
66.249.68.36 - - [22/Jan/2026:14:57:17 -0500] "GET /?j=2174442445192&channel=115e00&from=https://www.parawisata.us/post.php?products/pedately/2873533167.phtml HTTP/1.1" 200 226 "-" "Mozilla/5.0 (Linux; Android 6.0.1; Nexus 5X Build/MMB29P) AppleWebKit/537.36 (KHTML, like Gecko) Chrome/143.0.7499.192 Mobile Safari/537.36 (compatible; Googlebot/2.1; +http://www.google.com/bot.html)"
148.113.128.172 - - [22/Jan/2026:14:57:28 -0500] "GET /454537869 HTTP/1.1" 404 43596 "-" "Mozilla/5.0 (compatible; AhrefsBot/7.0; +http://ahrefs.com/robot/)"
66.249.68.36 - - [22/Jan/2026:14:57:50 -0500] "GET /?j=2174442445192&channel=115e00&from=https://www.parawisata.us/post.php?products/despiciency/1633745333.phtml HTTP/1.1" 200 226 "-" "Mozilla/5.0 (Linux; Android 6.0.1; Nexus 5X Build/MMB29P) AppleWebKit/537.36 (KHTML, like Gecko) Chrome/143.0.7499.192 Mobile Safari/537.36 (compatible; Googlebot/2.1; +http://www.google.com/bot.html)"
69.197.149.50 - - [22/Jan/2026:14:56:26 -0500] "GET /wp-includes/x2850cc/index.php?id=333095 HTTP/1.1" 200 - "https://parawisata.us/wp-includes/x2850cc/index.php?id=333095" "Mozilla/5.0 (Windows NT 10.0; Win64; x64) AppleWebKit/537.36 (KHTML, like Gecko) Chrome/58.0.3029.110 Safari/537.3"
114.119.141.24 - - [22/Jan/2026:14:58:09 -0500] "GET /products/malvaviscus/4138172349.phtml HTTP/1.1" 404 43596 "https://parawisata.us/?sitemap627.xml" "Mozilla/5.0 (Linux; Android 7.0;) AppleWebKit/537.36 (KHTML, like Gecko) Mobile Safari/537.36 (compatible; PetalBot;+https://webmaster.petalsearch.com/site/petalbot)"
68.65.122.212 - - [22/Jan/2026:14:58:11 -0500] "POST /wp-cron.php?doing_wp_cron=1769111890.3514750003814697265625 HTTP/1.1" 404 43596 "-" "WordPress/6.8.3; https://parawisata.us"
66.249.68.36 - - [22/Jan/2026:14:58:22 -0500] "GET /?j=2174442445192&channel=115e00&from=https://www.parawisata.us/post.php?products/albion/643272214.phtml HTTP/1.1" 200 226 "-" "Mozilla/5.0 (Linux; Android 6.0.1; Nexus 5X Build/MMB29P) AppleWebKit/537.36 (KHTML, like Gecko) Chrome/143.0.7499.192 Mobile Safari/537.36 (compatible; Googlebot/2.1; +http://www.google.com/bot.html)"
66.249.68.35 - - [22/Jan/2026:14:58:22 -0500] "GET /ctg/search/similarImageSearchResultView/?ctgItemCd=75872323 HTTP/1.1" 200 226 "-" "Mozilla/5.0 (Linux; Android 6.0.1; Nexus 5X Build/MMB29P) AppleWebKit/537.36 (KHTML, like Gecko) Chrome/143.0.7499.192 Mobile Safari/537.36 (compatible; Googlebot/2.1; +http://www.google.com/bot.html)"
66.249.68.35 - - [22/Jan/2026:14:59:02 -0500] "GET /?j=2174442445192&channel=115e00&from=https://www.parawisata.us/post.php?products/alkalescence/3675729767.phtml HTTP/1.1" 200 226 "-" "Mozilla/5.0 (Linux; Android 6.0.1; Nexus 5X Build/MMB29P) AppleWebKit/537.36 (KHTML, like Gecko) Chrome/143.0.7499.192 Mobile Safari/537.36 (compatible; Googlebot/2.1; +http://www.google.com/bot.html)"
66.249.68.35 - - [22/Jan/2026:14:59:02 -0500] "GET /?j=2174442445192&channel=115e00&from=https://www.parawisata.us/post.php?products/breastband/1374861987.phtml HTTP/1.1" 200 226 "-" "Mozilla/5.0 (Linux; Android 6.0.1; Nexus 5X Build/MMB29P) AppleWebKit/537.36 (KHTML, like Gecko) Chrome/143.0.7499.192 Mobile Safari/537.36 (compatible; Googlebot/2.1; +http://www.google.com/bot.html)"
69.197.149.50 - - [22/Jan/2026:14:57:58 -0500] "GET /wp-includes/x2850cc/index.php?id=333095 HTTP/1.1" 200 - "https://parawisata.us/wp-includes/x2850cc/index.php?id=333095" "Mozilla/5.0 (Windows NT 10.0; Win64; x64) AppleWebKit/537.36 (KHTML, like Gecko) Chrome/58.0.3029.110 Safari/537.3"
114.119.139.118 - - [22/Jan/2026:14:59:33 -0500] "GET /products/malmock/2950590672.phtml HTTP/1.1" 404 43596 "https://parawisata.us/?sitemap627.xml" "Mozilla/5.0 (Linux; Android 7.0;) AppleWebKit/537.36 (KHTML, like Gecko) Mobile Safari/537.36 (compatible; PetalBot;+https://webmaster.petalsearch.com/site/petalbot)"
68.65.122.212 - - [22/Jan/2026:14:59:35 -0500] "POST /wp-cron.php?doing_wp_cron=1769111974.5465819835662841796875 HTTP/1.1" 404 43596 "-" "WordPress/6.8.3; https://parawisata.us"
142.44.225.119 - - [22/Jan/2026:14:59:36 -0500] "GET /453746130 HTTP/1.1" 404 43596 "-" "Mozilla/5.0 (compatible; AhrefsBot/7.0; +http://ahrefs.com/robot/)"
66.249.68.37 - - [22/Jan/2026:15:00:38 -0500] "GET /?j=2174442445192&channel=115e00&from=https://www.parawisata.us/post.php?products/overeagerness/3797495403.phtml HTTP/1.1" 200 226 "-" "Mozilla/5.0 (Linux; Android 6.0.1; Nexus 5X Build/MMB29P) AppleWebKit/537.36 (KHTML, like Gecko) Chrome/143.0.7499.192 Mobile Safari/537.36 (compatible; Googlebot/2.1; +http://www.google.com/bot.html)"
66.249.68.38 - - [22/Jan/2026:15:00:56 -0500] "GET /480774936.html HTTP/1.1" 200 226 "-" "Mozilla/5.0 (Linux; Android 6.0.1; Nexus 5X Build/MMB29P) AppleWebKit/537.36 (KHTML, like Gecko) Chrome/143.0.7499.192 Mobile Safari/537.36 (compatible; Googlebot/2.1; +http://www.google.com/bot.html)"
66.249.68.39 - - [22/Jan/2026:15:00:56 -0500] "GET /480774936.html HTTP/1.1" 200 226 "-" "Mozilla/5.0 (compatible; Googlebot/2.1; +http://www.google.com/bot.html)"
114.119.134.67 - - [22/Jan/2026:15:00:56 -0500] "GET /products/malleated/3611630478.phtml HTTP/1.1" 404 43596 "https://parawisata.us/?sitemap627.xml" "Mozilla/5.0 (Linux; Android 7.0;) AppleWebKit/537.36 (KHTML, like Gecko) Mobile Safari/537.36 (compatible; PetalBot;+https://webmaster.petalsearch.com/site/petalbot)"
68.65.122.212 - - [22/Jan/2026:15:00:58 -0500] "POST /wp-cron.php?doing_wp_cron=1769112057.6966040134429931640625 HTTP/1.1" 404 43596 "-" "WordPress/6.8.3; https://parawisata.us"
69.197.149.50 - - [22/Jan/2026:14:59:27 -0500] "GET /wp-includes/x2850cc/index.php?id=333095 HTTP/1.1" 200 - "https://parawisata.us/wp-includes/x2850cc/index.php?id=333095" "Mozilla/5.0 (Windows NT 10.0; Win64; x64) AppleWebKit/537.36 (KHTML, like Gecko) Chrome/58.0.3029.110 Safari/537.3"
51.222.168.42 - - [22/Jan/2026:15:01:54 -0500] "GET /451923060 HTTP/1.1" 404 43596 "-" "Mozilla/5.0 (compatible; AhrefsBot/7.0; +http://ahrefs.com/robot/)"
66.249.68.32 - - [22/Jan/2026:15:02:00 -0500] "GET /?j=2174442445192&channel=115e00&from=https://www.parawisata.us/post.php?products/paludinas/3672592720.phtml HTTP/1.1" 200 226 "-" "Mozilla/5.0 (Linux; Android 6.0.1; Nexus 5X Build/MMB29P) AppleWebKit/537.36 (KHTML, like Gecko) Chrome/143.0.7499.192 Mobile Safari/537.36 (compatible; Googlebot/2.1; +http://www.google.com/bot.html)"
66.249.68.38 - - [22/Jan/2026:15:02:01 -0500] "GET /?j=2174442445192&channel=115e00&from=https://www.parawisata.us/post.php?products/baccare/2224395963.phtml HTTP/1.1" 200 226 "-" "Mozilla/5.0 (Linux; Android 6.0.1; Nexus 5X Build/MMB29P) AppleWebKit/537.36 (KHTML, like Gecko) Chrome/143.0.7499.192 Mobile Safari/537.36 (compatible; Googlebot/2.1; +http://www.google.com/bot.html)"
66.249.68.39 - - [22/Jan/2026:15:02:01 -0500] "GET /?j=2174442445192&channel=115e00&from=https://www.parawisata.us/post.php?products/cauponize/3653158988.phtml HTTP/1.1" 200 226 "-" "Mozilla/5.0 (Linux; Android 6.0.1; Nexus 5X Build/MMB29P) AppleWebKit/537.36 (KHTML, like Gecko) Chrome/143.0.7499.192 Mobile Safari/537.36 (compatible; Googlebot/2.1; +http://www.google.com/bot.html)"
114.119.141.24 - - [22/Jan/2026:15:02:20 -0500] "GET /products/maligned/534922651.phtml HTTP/1.1" 404 43596 "https://parawisata.us/?sitemap627.xml" "Mozilla/5.0 (Linux; Android 7.0;) AppleWebKit/537.36 (KHTML, like Gecko) Mobile Safari/537.36 (compatible; PetalBot;+https://webmaster.petalsearch.com/site/petalbot)"
68.65.122.212 - - [22/Jan/2026:15:02:21 -0500] "POST /wp-cron.php?doing_wp_cron=1769112141.1316950321197509765625 HTTP/1.1" 404 43596 "-" "WordPress/6.8.3; https://parawisata.us"
69.197.149.50 - - [22/Jan/2026:15:01:03 -0500] "GET /wp-includes/x2850cc/index.php?id=333095 HTTP/1.1" 200 - "https://parawisata.us/wp-includes/x2850cc/index.php?id=333095" "Mozilla/5.0 (Windows NT 10.0; Win64; x64) AppleWebKit/537.36 (KHTML, like Gecko) Chrome/58.0.3029.110 Safari/537.3"
66.249.68.32 - - [22/Jan/2026:15:03:38 -0500] "GET /127898616.html HTTP/1.1" 200 226 "-" "Mozilla/5.0 (Linux; Android 6.0.1; Nexus 5X Build/MMB29P) AppleWebKit/537.36 (KHTML, like Gecko) Chrome/143.0.7499.192 Mobile Safari/537.36 (compatible; Googlebot/2.1; +http://www.google.com/bot.html)"
142.44.220.186 - - [22/Jan/2026:15:03:42 -0500] "GET /450173958 HTTP/1.1" 404 43596 "-" "Mozilla/5.0 (compatible; AhrefsBot/7.0; +http://ahrefs.com/robot/)"
68.65.122.212 - - [22/Jan/2026:15:03:43 -0500] "POST /wp-cron.php?doing_wp_cron=1769112222.9837570190429687500000 HTTP/1.1" 404 43596 "-" "WordPress/6.8.3; https://parawisata.us"
114.119.149.145 - - [22/Jan/2026:15:03:45 -0500] "GET /products/malice/226647053.phtml HTTP/1.1" 404 43596 "https://parawisata.us/?sitemap627.xml" "Mozilla/5.0 (Linux; Android 7.0;) AppleWebKit/537.36 (KHTML, like Gecko) Mobile Safari/537.36 (compatible; PetalBot;+https://webmaster.petalsearch.com/site/petalbot)"
69.197.149.50 - - [22/Jan/2026:15:02:39 -0500] "GET /wp-includes/x2850cc/index.php?id=333095 HTTP/1.1" 200 - "https://parawisata.us/wp-includes/x2850cc/index.php?id=333095" "Mozilla/5.0 (Windows NT 10.0; Win64; x64) AppleWebKit/537.36 (KHTML, like Gecko) Chrome/58.0.3029.110 Safari/537.3"
66.249.79.1 - - [22/Jan/2026:15:04:31 -0500] "GET /products/forced/963677850.phtml HTTP/1.1" 200 226 "-" "Mozilla/5.0 (compatible; Googlebot/2.1; +http://www.google.com/bot.html)"
66.249.79.8 - - [22/Jan/2026:15:04:42 -0500] "GET /180281409 HTTP/1.1" 200 226 "-" "Mozilla/5.0 (Linux; Android 6.0.1; Nexus 5X Build/MMB29P) AppleWebKit/537.36 (KHTML, like Gecko) Chrome/143.0.7499.192 Mobile Safari/537.36 (compatible; Googlebot/2.1; +http://www.google.com/bot.html)"
114.119.139.118 - - [22/Jan/2026:15:05:07 -0500] "GET /products/malevolently/911285642.phtml HTTP/1.1" 404 43596 "https://parawisata.us/?sitemap627.xml" "Mozilla/5.0 (Linux; Android 7.0;) AppleWebKit/537.36 (KHTML, like Gecko) Mobile Safari/537.36 (compatible; PetalBot;+https://webmaster.petalsearch.com/site/petalbot)"
68.65.122.212 - - [22/Jan/2026:15:05:09 -0500] "POST /wp-cron.php?doing_wp_cron=1769112308.4978420734405517578125 HTTP/1.1" 404 43596 "-" "WordPress/6.8.3; https://parawisata.us"
66.249.68.39 - - [22/Jan/2026:15:05:15 -0500] "GET /?j=2174442445192&channel=115e00&from=https://www.parawisata.us/post.php?products/linearensate/3171648500.phtml HTTP/1.1" 200 226 "-" "Mozilla/5.0 (Linux; Android 6.0.1; Nexus 5X Build/MMB29P) AppleWebKit/537.36 (KHTML, like Gecko) Chrome/143.0.7499.192 Mobile Safari/537.36 (compatible; Googlebot/2.1; +http://www.google.com/bot.html)"
66.249.68.32 - - [22/Jan/2026:15:05:17 -0500] "GET /199784676.html HTTP/1.1" 200 226 "-" "Mozilla/5.0 (Linux; Android 6.0.1; Nexus 5X Build/MMB29P) AppleWebKit/537.36 (KHTML, like Gecko) Chrome/143.0.7499.192 Mobile Safari/537.36 (compatible; Googlebot/2.1; +http://www.google.com/bot.html)"
142.44.233.35 - - [22/Jan/2026:15:05:19 -0500] "GET /450148431 HTTP/1.1" 404 43596 "-" "Mozilla/5.0 (compatible; AhrefsBot/7.0; +http://ahrefs.com/robot/)"
69.197.149.50 - - [22/Jan/2026:15:04:08 -0500] "GET /wp-includes/x2850cc/index.php?id=333095 HTTP/1.1" 200 - "https://parawisata.us/wp-includes/x2850cc/index.php?id=333095" "Mozilla/5.0 (Windows NT 10.0; Win64; x64) AppleWebKit/537.36 (KHTML, like Gecko) Chrome/58.0.3029.110 Safari/537.3"
66.249.68.38 - - [22/Jan/2026:15:05:48 -0500] "GET /?j=2174442445192&channel=115e00&from=https://www.parawisata.us/post.php?products/shiraz/3871654203.phtml HTTP/1.1" 200 226 "-" "Mozilla/5.0 (Linux; Android 6.0.1; Nexus 5X Build/MMB29P) AppleWebKit/537.36 (KHTML, like Gecko) Chrome/143.0.7499.192 Mobile Safari/537.36 (compatible; Googlebot/2.1; +http://www.google.com/bot.html)"
66.249.68.38 - - [22/Jan/2026:15:05:48 -0500] "GET /?j=2174442445192&channel=115e00&from=https://www.parawisata.us/post.php?products/alleviatory/1125961093.phtml HTTP/1.1" 200 226 "-" "Mozilla/5.0 (Linux; Android 6.0.1; Nexus 5X Build/MMB29P) AppleWebKit/537.36 (KHTML, like Gecko) Chrome/143.0.7499.192 Mobile Safari/537.36 (compatible; Googlebot/2.1; +http://www.google.com/bot.html)"
114.119.139.118 - - [22/Jan/2026:15:06:31 -0500] "GET /products/malefic/1978855199.phtml HTTP/1.1" 404 43596 "https://parawisata.us/?sitemap848.xml" "Mozilla/5.0 (Linux; Android 7.0;) AppleWebKit/537.36 (KHTML, like Gecko) Mobile Safari/537.36 (compatible; PetalBot;+https://webmaster.petalsearch.com/site/petalbot)"
68.65.122.212 - - [22/Jan/2026:15:06:33 -0500] "POST /wp-cron.php?doing_wp_cron=1769112392.2063269615173339843750 HTTP/1.1" 404 43596 "-" "WordPress/6.8.3; https://parawisata.us"
66.249.68.32 - - [22/Jan/2026:15:06:52 -0500] "GET /?j=2174442445192&channel=115e00&from=https://www.parawisata.us/post.php?products/flocky/3101933619.phtml HTTP/1.1" 200 226 "-" "Mozilla/5.0 (Linux; Android 6.0.1; Nexus 5X Build/MMB29P) AppleWebKit/537.36 (KHTML, like Gecko) Chrome/143.0.7499.192 Mobile Safari/537.36 (compatible; Googlebot/2.1; +http://www.google.com/bot.html)"
69.197.149.50 - - [22/Jan/2026:15:05:38 -0500] "GET /wp-includes/x2850cc/index.php?id=333095 HTTP/1.1" 200 - "https://parawisata.us/wp-includes/x2850cc/index.php?id=333095" "Mozilla/5.0 (Windows NT 10.0; Win64; x64) AppleWebKit/537.36 (KHTML, like Gecko) Chrome/58.0.3029.110 Safari/537.3"
167.114.139.32 - - [22/Jan/2026:15:07:08 -0500] "GET /446780274 HTTP/1.1" 404 43596 "-" "Mozilla/5.0 (compatible; AhrefsBot/7.0; +http://ahrefs.com/robot/)"
114.119.159.122 - - [22/Jan/2026:15:07:55 -0500] "GET /products/malamic/2521001065.phtml HTTP/1.1" 404 43596 "https://parawisata.us/?sitemap627.xml" "Mozilla/5.0 (Linux; Android 7.0;) AppleWebKit/537.36 (KHTML, like Gecko) Mobile Safari/537.36 (compatible; PetalBot;+https://webmaster.petalsearch.com/site/petalbot)"
68.65.122.212 - - [22/Jan/2026:15:07:56 -0500] "POST /wp-cron.php?doing_wp_cron=1769112476.0173399448394775390625 HTTP/1.1" 404 43596 "-" "WordPress/6.8.3; https://parawisata.us"
66.249.68.39 - - [22/Jan/2026:15:07:57 -0500] "GET /?j=2174442445192&channel=115e00&from=https://www.parawisata.us/post.php?products/archeologist/2758945528.phtml HTTP/1.1" 200 226 "-" "Mozilla/5.0 (Linux; Android 6.0.1; Nexus 5X Build/MMB29P) AppleWebKit/537.36 (KHTML, like Gecko) Chrome/143.0.7499.192 Mobile Safari/537.36 (compatible; Googlebot/2.1; +http://www.google.com/bot.html)"
51.222.168.180 - - [22/Jan/2026:15:08:18 -0500] "GET /445911954 HTTP/1.1" 404 43596 "-" "Mozilla/5.0 (compatible; AhrefsBot/7.0; +http://ahrefs.com/robot/)"
66.249.68.38 - - [22/Jan/2026:15:08:30 -0500] "GET /?j=2174442445192&channel=115e00&from=https://www.parawisata.us/post.php?products/aurium/3781352448.phtml HTTP/1.1" 200 226 "-" "Mozilla/5.0 (Linux; Android 6.0.1; Nexus 5X Build/MMB29P) AppleWebKit/537.36 (KHTML, like Gecko) Chrome/143.0.7499.192 Mobile Safari/537.36 (compatible; Googlebot/2.1; +http://www.google.com/bot.html)"
69.197.149.50 - - [22/Jan/2026:15:07:08 -0500] "GET /wp-includes/x2850cc/index.php?id=333095 HTTP/1.1" 200 - "https://parawisata.us/wp-includes/x2850cc/index.php?id=333095" "Mozilla/5.0 (Windows NT 10.0; Win64; x64) AppleWebKit/537.36 (KHTML, like Gecko) Chrome/58.0.3029.110 Safari/537.3"
114.119.139.118 - - [22/Jan/2026:15:09:19 -0500] "GET /products/malachite/1115949858.phtml HTTP/1.1" 404 43596 "https://parawisata.us/?sitemap627.xml" "Mozilla/5.0 (Linux; Android 7.0;) AppleWebKit/537.36 (KHTML, like Gecko) Mobile Safari/537.36 (compatible; PetalBot;+https://webmaster.petalsearch.com/site/petalbot)"
68.65.122.212 - - [22/Jan/2026:15:09:21 -0500] "POST /wp-cron.php?doing_wp_cron=1769112560.2653288841247558593750 HTTP/1.1" 404 43596 "-" "WordPress/6.8.3; https://parawisata.us"
15.235.98.140 - - [22/Jan/2026:15:09:43 -0500] "GET /441790650 HTTP/1.1" 404 43596 "-" "Mozilla/5.0 (compatible; AhrefsBot/7.0; +http://ahrefs.com/robot/)"
66.249.68.38 - - [22/Jan/2026:15:10:06 -0500] "GET /?j=2174442445192&channel=115e00&from=https://www.parawisata.us/post.php?products/beery/1112450673.phtml HTTP/1.1" 200 226 "-" "Mozilla/5.0 (Linux; Android 6.0.1; Nexus 5X Build/MMB29P) AppleWebKit/537.36 (KHTML, like Gecko) Chrome/143.0.7499.192 Mobile Safari/537.36 (compatible; Googlebot/2.1; +http://www.google.com/bot.html)"
66.249.68.32 - - [22/Jan/2026:15:10:07 -0500] "GET /?j=2174442445192&channel=115e00&from=https://www.parawisata.us/post.php?products/regrade/861365717.phtml HTTP/1.1" 200 226 "-" "Mozilla/5.0 (Linux; Android 6.0.1; Nexus 5X Build/MMB29P) AppleWebKit/537.36 (KHTML, like Gecko) Chrome/143.0.7499.192 Mobile Safari/537.36 (compatible; Googlebot/2.1; +http://www.google.com/bot.html)"
69.197.149.50 - - [22/Jan/2026:15:08:37 -0500] "GET /wp-includes/x2850cc/index.php?id=333095 HTTP/1.1" 200 - "https://parawisata.us/wp-includes/x2850cc/index.php?id=333095" "Mozilla/5.0 (Windows NT 10.0; Win64; x64) AppleWebKit/537.36 (KHTML, like Gecko) Chrome/58.0.3029.110 Safari/537.3"
114.119.141.24 - - [22/Jan/2026:15:10:44 -0500] "GET /products/maingauche/81316569.phtml HTTP/1.1" 404 43596 "https://parawisata.us/?sitemap627.xml" "Mozilla/5.0 (Linux; Android 7.0;) AppleWebKit/537.36 (KHTML, like Gecko) Mobile Safari/537.36 (compatible; PetalBot;+https://webmaster.petalsearch.com/site/petalbot)"
68.65.122.212 - - [22/Jan/2026:15:10:45 -0500] "POST /wp-cron.php?doing_wp_cron=1769112645.0891780853271484375000 HTTP/1.1" 404 43596 "-" "WordPress/6.8.3; https://parawisata.us"
148.113.130.160 - - [22/Jan/2026:15:11:03 -0500] "GET /438918360 HTTP/1.1" 404 43596 "-" "Mozilla/5.0 (compatible; AhrefsBot/7.0; +http://ahrefs.com/robot/)"
69.197.149.50 - - [22/Jan/2026:15:10:08 -0500] "GET /wp-includes/x2850cc/index.php?id=333095 HTTP/1.1" 200 - "https://parawisata.us/wp-includes/x2850cc/index.php?id=333095" "Mozilla/5.0 (Windows NT 10.0; Win64; x64) AppleWebKit/537.36 (KHTML, like Gecko) Chrome/58.0.3029.110 Safari/537.3"
66.249.68.39 - - [22/Jan/2026:15:11:43 -0500] "GET /?j=2174442445192&channel=115e00&from=https://www.parawisata.us/post.php?products/nonpolar/3255417726.phtml HTTP/1.1" 200 226 "-" "Mozilla/5.0 (Linux; Android 6.0.1; Nexus 5X Build/MMB29P) AppleWebKit/537.36 (KHTML, like Gecko) Chrome/143.0.7499.192 Mobile Safari/537.36 (compatible; Googlebot/2.1; +http://www.google.com/bot.html)"
66.249.68.38 - - [22/Jan/2026:15:11:44 -0500] "GET /break030000098.html HTTP/1.1" 200 226 "-" "Mozilla/5.0 (Linux; Android 6.0.1; Nexus 5X Build/MMB29P) AppleWebKit/537.36 (KHTML, like Gecko) Chrome/143.0.7499.192 Mobile Safari/537.36 (compatible; Googlebot/2.1; +http://www.google.com/bot.html)"
66.249.68.32 - - [22/Jan/2026:15:11:44 -0500] "GET /?j=2174442445192&channel=115e00&from=https://www.parawisata.us/post.php?products/sumptuously/1959121953.phtml HTTP/1.1" 200 226 "-" "Mozilla/5.0 (Linux; Android 6.0.1; Nexus 5X Build/MMB29P) AppleWebKit/537.36 (KHTML, like Gecko) Chrome/143.0.7499.192 Mobile Safari/537.36 (compatible; Googlebot/2.1; +http://www.google.com/bot.html)"
66.249.68.38 - - [22/Jan/2026:15:11:44 -0500] "GET /?j=2174442445192&channel=115e00&from=https://www.parawisata.us/post.php?products/nodosity/1559714240.phtml HTTP/1.1" 200 226 "-" "Mozilla/5.0 (Linux; Android 6.0.1; Nexus 5X Build/MMB29P) AppleWebKit/537.36 (KHTML, like Gecko) Chrome/143.0.7499.192 Mobile Safari/537.36 (compatible; Googlebot/2.1; +http://www.google.com/bot.html)"
204.12.208.18 - - [22/Jan/2026:15:11:51 -0500] "GET /wp-includes/x2850cc/index.php HTTP/1.1" 200 26 "https://parawisata.us/wp-includes/x2850cc/index.php" "Mozilla/5.0 (Windows; U; Windows NT 5.1; en-US) AppleWebKit/534.16 (KHTML, like Gecko) Chrome/10.0.648.151 Safari/534.16"
114.119.141.24 - - [22/Jan/2026:15:12:05 -0500] "GET /products/mailsorter/2490370896.phtml HTTP/1.1" 404 43596 "https://parawisata.us/?sitemap627.xml" "Mozilla/5.0 (Linux; Android 7.0;) AppleWebKit/537.36 (KHTML, like Gecko) Mobile Safari/537.36 (compatible; PetalBot;+https://webmaster.petalsearch.com/site/petalbot)"
68.65.122.212 - - [22/Jan/2026:15:12:07 -0500] "POST /wp-cron.php?doing_wp_cron=1769112726.5488519668579101562500 HTTP/1.1" 404 43596 "-" "WordPress/6.8.3; https://parawisata.us"
167.114.139.86 - - [22/Jan/2026:15:12:21 -0500] "GET /437641608 HTTP/1.1" 404 43596 "-" "Mozilla/5.0 (compatible; AhrefsBot/7.0; +http://ahrefs.com/robot/)"
66.249.79.8 - - [22/Jan/2026:15:12:42 -0500] "GET /products/fustet/2601349043.phtml HTTP/1.1" 200 226 "-" "Mozilla/5.0 (Linux; Android 6.0.1; Nexus 5X Build/MMB29P) AppleWebKit/537.36 (KHTML, like Gecko) Chrome/143.0.7499.192 Mobile Safari/537.36 (compatible; Googlebot/2.1; +http://www.google.com/bot.html)"
66.249.68.32 - - [22/Jan/2026:15:13:00 -0500] "GET /?j=2174442445192&channel=115e00&from=https://www.parawisata.us/post.php?products/fullam/3291289240.phtml HTTP/1.1" 200 226 "-" "Mozilla/5.0 (Linux; Android 6.0.1; Nexus 5X Build/MMB29P) AppleWebKit/537.36 (KHTML, like Gecko) Chrome/143.0.7499.192 Mobile Safari/537.36 (compatible; Googlebot/2.1; +http://www.google.com/bot.html)"
69.197.149.50 - - [22/Jan/2026:15:11:39 -0500] "GET /wp-includes/x2850cc/index.php?id=333095 HTTP/1.1" 200 - "https://parawisata.us/wp-includes/x2850cc/index.php?id=333095" "Mozilla/5.0 (Windows NT 10.0; Win64; x64) AppleWebKit/537.36 (KHTML, like Gecko) Chrome/58.0.3029.110 Safari/537.3"
114.119.149.145 - - [22/Jan/2026:15:13:31 -0500] "GET /products/maidism/1166145079.phtml HTTP/1.1" 404 43596 "https://parawisata.us/?sitemap848.xml" "Mozilla/5.0 (Linux; Android 7.0;) AppleWebKit/537.36 (KHTML, like Gecko) Mobile Safari/537.36 (compatible; PetalBot;+https://webmaster.petalsearch.com/site/petalbot)"
68.65.122.212 - - [22/Jan/2026:15:13:32 -0500] "POST /wp-cron.php?doing_wp_cron=1769112811.7156319618225097656250 HTTP/1.1" 404 43596 "-" "WordPress/6.8.3; https://parawisata.us"
15.235.96.70 - - [22/Jan/2026:15:13:34 -0500] "GET /436368072 HTTP/1.1" 404 43596 "-" "Mozilla/5.0 (compatible; AhrefsBot/7.0; +http://ahrefs.com/robot/)"
69.197.149.50 - - [22/Jan/2026:15:13:08 -0500] "GET /wp-includes/x2850cc/index.php?id=333095 HTTP/1.1" 200 - "https://parawisata.us/wp-includes/x2850cc/index.php?id=333095" "Mozilla/5.0 (Windows NT 10.0; Win64; x64) AppleWebKit/537.36 (KHTML, like Gecko) Chrome/58.0.3029.110 Safari/537.3"
54.39.203.180 - - [22/Jan/2026:15:14:47 -0500] "GET /432655602 HTTP/1.1" 404 43596 "-" "Mozilla/5.0 (compatible; AhrefsBot/7.0; +http://ahrefs.com/robot/)"
68.65.122.212 - - [22/Jan/2026:15:14:49 -0500] "POST /wp-cron.php?doing_wp_cron=1769112888.2923729419708251953125 HTTP/1.1" 404 43596 "-" "WordPress/6.8.3; https://parawisata.us"
114.119.139.118 - - [22/Jan/2026:15:14:54 -0500] "GET /products/magnetized/2728532337.phtml HTTP/1.1" 404 43596 "https://parawisata.us/?sitemap627.xml" "Mozilla/5.0 (Linux; Android 7.0;) AppleWebKit/537.36 (KHTML, like Gecko) Mobile Safari/537.36 (compatible; PetalBot;+https://webmaster.petalsearch.com/site/petalbot)"
66.249.68.38 - - [22/Jan/2026:15:15:05 -0500] "GET /?j=2174442445192&channel=115e00&from=https://www.parawisata.us/post.php?products/protoorganism/519057191.phtml HTTP/1.1" 200 226 "-" "Mozilla/5.0 (Linux; Android 6.0.1; Nexus 5X Build/MMB29P) AppleWebKit/537.36 (KHTML, like Gecko) Chrome/143.0.7499.192 Mobile Safari/537.36 (compatible; Googlebot/2.1; +http://www.google.com/bot.html)"
54.39.6.7 - - [22/Jan/2026:15:15:57 -0500] "GET /427150413 HTTP/1.1" 404 43596 "-" "Mozilla/5.0 (compatible; AhrefsBot/7.0; +http://ahrefs.com/robot/)"
68.65.122.212 - - [22/Jan/2026:15:15:59 -0500] "POST /wp-cron.php?doing_wp_cron=1769112958.6297690868377685546875 HTTP/1.1" 404 43596 "-" "WordPress/6.8.3; https://parawisata.us"
69.197.149.50 - - [22/Jan/2026:15:14:40 -0500] "GET /wp-includes/x2850cc/index.php?id=333095 HTTP/1.1" 200 - "https://parawisata.us/wp-includes/x2850cc/index.php?id=333095" "Mozilla/5.0 (Windows NT 10.0; Win64; x64) AppleWebKit/537.36 (KHTML, like Gecko) Chrome/58.0.3029.110 Safari/537.3"
114.119.139.118 - - [22/Jan/2026:15:16:17 -0500] "GET /products/mactridae/3356354237.phtml HTTP/1.1" 404 43596 "https://parawisata.us/?sitemap627.xml" "Mozilla/5.0 (Linux; Android 7.0;) AppleWebKit/537.36 (KHTML, like Gecko) Mobile Safari/537.36 (compatible; PetalBot;+https://webmaster.petalsearch.com/site/petalbot)"
66.249.68.39 - - [22/Jan/2026:15:16:42 -0500] "GET /?j=2174442445192&channel=115e00&from=https://www.parawisata.us/post.php?products/foothill/3044425755.phtml HTTP/1.1" 200 226 "-" "Mozilla/5.0 (Linux; Android 6.0.1; Nexus 5X Build/MMB29P) AppleWebKit/537.36 (KHTML, like Gecko) Chrome/143.0.7499.192 Mobile Safari/537.36 (compatible; Googlebot/2.1; +http://www.google.com/bot.html)"
66.249.68.38 - - [22/Jan/2026:15:16:42 -0500] "GET /?j=2174442445192&channel=115e00&from=https://www.parawisata.us/post.php?products/knopweed/3387029437.phtml HTTP/1.1" 200 226 "-" "Mozilla/5.0 (Linux; Android 6.0.1; Nexus 5X Build/MMB29P) AppleWebKit/537.36 (KHTML, like Gecko) Chrome/143.0.7499.192 Mobile Safari/537.36 (compatible; Googlebot/2.1; +http://www.google.com/bot.html)"
66.249.68.32 - - [22/Jan/2026:15:16:42 -0500] "GET /?j=2174442445192&channel=115e00&from=https://www.parawisata.us/post.php?products/splint/269651823.phtml HTTP/1.1" 200 226 "-" "Mozilla/5.0 (Linux; Android 6.0.1; Nexus 5X Build/MMB29P) AppleWebKit/537.36 (KHTML, like Gecko) Chrome/143.0.7499.192 Mobile Safari/537.36 (compatible; Googlebot/2.1; +http://www.google.com/bot.html)"
54.39.203.153 - - [22/Jan/2026:15:17:05 -0500] "GET /426214557 HTTP/1.1" 404 43596 "-" "Mozilla/5.0 (compatible; AhrefsBot/7.0; +http://ahrefs.com/robot/)"
68.65.122.212 - - [22/Jan/2026:15:17:06 -0500] "POST /wp-cron.php?doing_wp_cron=1769113026.1232240200042724609375 HTTP/1.1" 404 43596 "-" "WordPress/6.8.3; https://parawisata.us"
69.197.149.50 - - [22/Jan/2026:15:16:10 -0500] "GET /wp-includes/x2850cc/index.php?id=333095 HTTP/1.1" 200 - "https://parawisata.us/wp-includes/x2850cc/index.php?id=333095" "Mozilla/5.0 (Windows NT 10.0; Win64; x64) AppleWebKit/537.36 (KHTML, like Gecko) Chrome/58.0.3029.110 Safari/537.3"
114.119.159.122 - - [22/Jan/2026:15:17:41 -0500] "GET /products/macarize/4152496040.phtml HTTP/1.1" 404 43596 "https://parawisata.us/?sitemap627.xml" "Mozilla/5.0 (Linux; Android 7.0;) AppleWebKit/537.36 (KHTML, like Gecko) Mobile Safari/537.36 (compatible; PetalBot;+https://webmaster.petalsearch.com/site/petalbot)"
66.249.68.32 - - [22/Jan/2026:15:17:47 -0500] "GET /?j=2174442445192&channel=115e00&from=https://www.parawisata.us/post.php?products/ensign/370253965.phtml HTTP/1.1" 200 226 "-" "Mozilla/5.0 (Linux; Android 6.0.1; Nexus 5X Build/MMB29P) AppleWebKit/537.36 (KHTML, like Gecko) Chrome/143.0.7499.192 Mobile Safari/537.36 (compatible; Googlebot/2.1; +http://www.google.com/bot.html)"
142.44.233.15 - - [22/Jan/2026:15:18:19 -0500] "GET /424914087 HTTP/1.1" 404 43596 "-" "Mozilla/5.0 (compatible; AhrefsBot/7.0; +http://ahrefs.com/robot/)"
68.65.122.212 - - [22/Jan/2026:15:18:20 -0500] "POST /wp-cron.php?doing_wp_cron=1769113099.7183830738067626953125 HTTP/1.1" 404 43596 "-" "WordPress/6.8.3; https://parawisata.us"
114.119.141.24 - - [22/Jan/2026:15:19:06 -0500] "GET /products/lyraid/1384158071.phtml HTTP/1.1" 404 43596 "https://parawisata.us/?sitemap627.xml" "Mozilla/5.0 (Linux; Android 7.0;) AppleWebKit/537.36 (KHTML, like Gecko) Mobile Safari/537.36 (compatible; PetalBot;+https://webmaster.petalsearch.com/site/petalbot)"
69.197.149.50 - - [22/Jan/2026:15:17:39 -0500] "GET /wp-includes/x2850cc/index.php?id=333095 HTTP/1.1" 200 - "https://parawisata.us/wp-includes/x2850cc/index.php?id=333095" "Mozilla/5.0 (Windows NT 10.0; Win64; x64) AppleWebKit/537.36 (KHTML, like Gecko) Chrome/58.0.3029.110 Safari/537.3"
66.249.68.37 - - [22/Jan/2026:15:19:24 -0500] "GET /?j=2174442445192&channel=115e00&from=https://www.parawisata.us/post.php?products/whidan/426059566.phtml HTTP/1.1" 200 226 "-" "Mozilla/5.0 (Linux; Android 6.0.1; Nexus 5X Build/MMB29P) AppleWebKit/537.36 (KHTML, like Gecko) Chrome/143.0.7499.192 Mobile Safari/537.36 (compatible; Googlebot/2.1; +http://www.google.com/bot.html)"
66.249.68.35 - - [22/Jan/2026:15:19:24 -0500] "GET /?j=2174442445192&channel=115e00&from=https://www.parawisata.us/post.php?products/gestae/1418487864.phtml HTTP/1.1" 200 226 "-" "Mozilla/5.0 (Linux; Android 6.0.1; Nexus 5X Build/MMB29P) AppleWebKit/537.36 (KHTML, like Gecko) Chrome/143.0.7499.192 Mobile Safari/537.36 (compatible; Googlebot/2.1; +http://www.google.com/bot.html)"
66.249.68.35 - - [22/Jan/2026:15:19:24 -0500] "GET /exactly/o9?pid=982 HTTP/1.1" 200 226 "-" "Mozilla/5.0 (Linux; Android 6.0.1; Nexus 5X Build/MMB29P) AppleWebKit/537.36 (KHTML, like Gecko) Chrome/143.0.7499.192 Mobile Safari/537.36 (compatible; Googlebot/2.1; +http://www.google.com/bot.html)"
66.249.68.37 - - [22/Jan/2026:15:19:24 -0500] "GET /?j=2174442445192&channel=115e00&from=https://www.parawisata.us/post.php?products/dingle/1734710939.phtml HTTP/1.1" 200 226 "-" "Mozilla/5.0 (Linux; Android 6.0.1; Nexus 5X Build/MMB29P) AppleWebKit/537.36 (KHTML, like Gecko) Chrome/143.0.7499.192 Mobile Safari/537.36 (compatible; Googlebot/2.1; +http://www.google.com/bot.html)"
15.235.27.81 - - [22/Jan/2026:15:19:38 -0500] "GET /420822531 HTTP/1.1" 404 43596 "-" "Mozilla/5.0 (compatible; AhrefsBot/7.0; +http://ahrefs.com/robot/)"
68.65.122.212 - - [22/Jan/2026:15:19:39 -0500] "POST /wp-cron.php?doing_wp_cron=1769113178.7710258960723876953125 HTTP/1.1" 404 43596 "-" "WordPress/6.8.3; https://parawisata.us"
66.249.79.2 - - [22/Jan/2026:15:19:49 -0500] "GET /490161903 HTTP/1.1" 200 226 "-" "Mozilla/5.0 (compatible; Googlebot/2.1; +http://www.google.com/bot.html)"
2001:ee0:5482:fb85:550c:e3c5:d6ff:bd39 - - [22/Jan/2026:15:19:50 -0500] "GET /toe/r86?pid=727 HTTP/1.1" 404 43596 "-" "Mozilla/5.0 (Macintosh; Intel Mac OS X 10_13_6) AppleWebKit/537.36 (KHTML, like Gecko) Chrome/99.0.3538.77 Safari/537.36"
66.249.68.36 - - [22/Jan/2026:15:20:11 -0500] "GET /394482216.html HTTP/1.1" 200 226 "-" "Mozilla/5.0 (Linux; Android 6.0.1; Nexus 5X Build/MMB29P) AppleWebKit/537.36 (KHTML, like Gecko) Chrome/143.0.7499.192 Mobile Safari/537.36 (compatible; Googlebot/2.1; +http://www.google.com/bot.html)"
114.119.149.145 - - [22/Jan/2026:15:20:30 -0500] "GET /products/lustration/280858509.phtml HTTP/1.1" 404 43596 "https://parawisata.us/?sitemap627.xml" "Mozilla/5.0 (Linux; Android 7.0;) AppleWebKit/537.36 (KHTML, like Gecko) Mobile Safari/537.36 (compatible; PetalBot;+https://webmaster.petalsearch.com/site/petalbot)"
69.197.149.50 - - [22/Jan/2026:15:19:11 -0500] "GET /wp-includes/x2850cc/index.php?id=333095 HTTP/1.1" 200 - "https://parawisata.us/wp-includes/x2850cc/index.php?id=333095" "Mozilla/5.0 (Windows NT 10.0; Win64; x64) AppleWebKit/537.36 (KHTML, like Gecko) Chrome/58.0.3029.110 Safari/537.3"
66.249.68.36 - - [22/Jan/2026:15:20:54 -0500] "GET /?j=2174442445192&channel=115e00&from=https://www.parawisata.us/post.php?products/confused/983031379.phtml HTTP/1.1" 200 226 "-" "Mozilla/5.0 (Linux; Android 6.0.1; Nexus 5X Build/MMB29P) AppleWebKit/537.36 (KHTML, like Gecko) Chrome/143.0.7499.192 Mobile Safari/537.36 (compatible; Googlebot/2.1; +http://www.google.com/bot.html)"
51.161.65.4 - - [22/Jan/2026:15:21:04 -0500] "GET /419143377 HTTP/1.1" 404 43596 "-" "Mozilla/5.0 (compatible; AhrefsBot/7.0; +http://ahrefs.com/robot/)"
68.65.122.212 - - [22/Jan/2026:15:21:06 -0500] "POST /wp-cron.php?doing_wp_cron=1769113265.5613489151000976562500 HTTP/1.1" 404 43596 "-" "WordPress/6.8.3; https://parawisata.us"
114.119.141.24 - - [22/Jan/2026:15:21:52 -0500] "GET /products/lunulet/3510073313.phtml HTTP/1.1" 404 43596 "https://parawisata.us/?sitemap627.xml" "Mozilla/5.0 (Linux; Android 7.0;) AppleWebKit/537.36 (KHTML, like Gecko) Mobile Safari/537.36 (compatible; PetalBot;+https://webmaster.petalsearch.com/site/petalbot)"
69.197.149.50 - - [22/Jan/2026:15:20:43 -0500] "GET /wp-includes/x2850cc/index.php?id=333095 HTTP/1.1" 200 - "https://parawisata.us/wp-includes/x2850cc/index.php?id=333095" "Mozilla/5.0 (Windows NT 10.0; Win64; x64) AppleWebKit/537.36 (KHTML, like Gecko) Chrome/58.0.3029.110 Safari/537.3"
142.44.225.254 - - [22/Jan/2026:15:22:21 -0500] "GET /418452942 HTTP/1.1" 404 43596 "-" "Mozilla/5.0 (compatible; AhrefsBot/7.0; +http://ahrefs.com/robot/)"
68.65.122.212 - - [22/Jan/2026:15:22:23 -0500] "POST /wp-cron.php?doing_wp_cron=1769113342.5593550205230712890625 HTTP/1.1" 404 43596 "-" "WordPress/6.8.3; https://parawisata.us"
66.249.68.36 - - [22/Jan/2026:15:22:45 -0500] "GET /?j=2174442445192&channel=115e00&from=https://www.parawisata.us/post.php?products/eudemonism/1339459436.phtml HTTP/1.1" 200 226 "-" "Mozilla/5.0 (Linux; Android 6.0.1; Nexus 5X Build/MMB29P) AppleWebKit/537.36 (KHTML, like Gecko) Chrome/143.0.7499.192 Mobile Safari/537.36 (compatible; Googlebot/2.1; +http://www.google.com/bot.html)"
66.249.68.37 - - [22/Jan/2026:15:22:45 -0500] "GET /?j=2174442445192&channel=115e00&from=https://www.parawisata.us/post.php?products/disheir/3972732991.phtml HTTP/1.1" 200 226 "-" "Mozilla/5.0 (Linux; Android 6.0.1; Nexus 5X Build/MMB29P) AppleWebKit/537.36 (KHTML, like Gecko) Chrome/143.0.7499.192 Mobile Safari/537.36 (compatible; Googlebot/2.1; +http://www.google.com/bot.html)"
114.119.134.67 - - [22/Jan/2026:15:23:18 -0500] "GET /products/lungoor/1618219774.phtml HTTP/1.1" 404 43596 "https://parawisata.us/?sitemap627.xml" "Mozilla/5.0 (Linux; Android 7.0;) AppleWebKit/537.36 (KHTML, like Gecko) Mobile Safari/537.36 (compatible; PetalBot;+https://webmaster.petalsearch.com/site/petalbot)"
69.197.149.50 - - [22/Jan/2026:15:22:12 -0500] "GET /wp-includes/x2850cc/index.php?id=333095 HTTP/1.1" 200 - "https://parawisata.us/wp-includes/x2850cc/index.php?id=333095" "Mozilla/5.0 (Windows NT 10.0; Win64; x64) AppleWebKit/537.36 (KHTML, like Gecko) Chrome/58.0.3029.110 Safari/537.3"
51.161.37.90 - - [22/Jan/2026:15:23:39 -0500] "GET /417314076 HTTP/1.1" 404 43596 "-" "Mozilla/5.0 (compatible; AhrefsBot/7.0; +http://ahrefs.com/robot/)"
68.65.122.212 - - [22/Jan/2026:15:23:41 -0500] "POST /wp-cron.php?doing_wp_cron=1769113420.6507210731506347656250 HTTP/1.1" 404 43596 "-" "WordPress/6.8.3; https://parawisata.us"
43.154.127.188 - - [22/Jan/2026:15:24:20 -0500] "GET / HTTP/1.1" 200 14430 "http://parawisata.us" "Mozilla/5.0 (iPhone; CPU iPhone OS 13_2_3 like Mac OS X) AppleWebKit/605.1.15 (KHTML, like Gecko) Version/13.0.3 Mobile/15E148 Safari/604.1"
66.249.68.35 - - [22/Jan/2026:15:24:21 -0500] "GET /?j=2174442445192&channel=115e00&from=https://www.parawisata.us/post.php?products/perfix/1662450208.phtml HTTP/1.1" 200 226 "-" "Mozilla/5.0 (Linux; Android 6.0.1; Nexus 5X Build/MMB29P) AppleWebKit/537.36 (KHTML, like Gecko) Chrome/143.0.7499.192 Mobile Safari/537.36 (compatible; Googlebot/2.1; +http://www.google.com/bot.html)"
114.119.134.216 - - [22/Jan/2026:15:24:40 -0500] "GET /products/ludification/2213755747.phtml HTTP/1.1" 404 43596 "https://parawisata.us/?sitemap627.xml" "Mozilla/5.0 (Linux; Android 7.0;) AppleWebKit/537.36 (KHTML, like Gecko) Mobile Safari/537.36 (compatible; PetalBot;+https://webmaster.petalsearch.com/site/petalbot)"
68.65.122.212 - - [22/Jan/2026:15:24:41 -0500] "POST /wp-cron.php?doing_wp_cron=1769113480.7783589363098144531250 HTTP/1.1" 404 43596 "-" "WordPress/6.8.3; https://parawisata.us"
66.249.68.38 - - [22/Jan/2026:15:24:54 -0500] "GET /?j=2174442445192&channel=115e00&from=https://www.parawisata.us/post.php?products/millioned/4190193030.phtml HTTP/1.1" 200 226 "-" "Mozilla/5.0 (Linux; Android 6.0.1; Nexus 5X Build/MMB29P) AppleWebKit/537.36 (KHTML, like Gecko) Chrome/143.0.7499.192 Mobile Safari/537.36 (compatible; Googlebot/2.1; +http://www.google.com/bot.html)"
51.222.95.157 - - [22/Jan/2026:15:25:00 -0500] "GET /415676931 HTTP/1.1" 404 43596 "-" "Mozilla/5.0 (compatible; AhrefsBot/7.0; +http://ahrefs.com/robot/)"
