66.249.68.36 - - [22/Jan/2026:11:47:01 -0500] "GET /?j=2174442445192&channel=115e00&from=https://www.parawisata.us/post.php?products/unconstraint/3963343092.phtml HTTP/1.1" 200 226 "-" "Mozilla/5.0 (Linux; Android 6.0.1; Nexus 5X Build/MMB29P) AppleWebKit/537.36 (KHTML, like Gecko) Chrome/143.0.7499.192 Mobile Safari/537.36 (compatible; Googlebot/2.1; +http://www.google.com/bot.html)"
85.203.21.53 - - [22/Jan/2026:11:47:01 -0500] "GET /wp-includes/class-walker-page-dropdown-first.php HTTP/1.1" 404 43596 "http://parawisata.us/wp-includes/class-walker-page-dropdown-first.php" "Go-http-client/2.0"
85.203.21.53 - - [22/Jan/2026:11:47:02 -0500] "GET /wp-includes/widgets/class-wp-widget-tag-cloud-new.php HTTP/1.1" 404 43596 "http://parawisata.us/wp-includes/widgets/class-wp-widget-tag-cloud-new.php" "Go-http-client/2.0"
85.203.21.53 - - [22/Jan/2026:11:47:03 -0500] "GET /wp-admin/zer.php HTTP/1.1" 404 43596 "http://parawisata.us/wp-admin/zer.php" "Go-http-client/2.0"
85.203.21.53 - - [22/Jan/2026:11:47:05 -0500] "GET /wp-admin/includes/autoload_classmap.php HTTP/1.1" 404 43596 "http://parawisata.us/wp-admin/includes/autoload_classmap.php" "Go-http-client/2.0"
85.203.21.53 - - [22/Jan/2026:11:47:06 -0500] "GET /wp-admin/includes/screen-event.php HTTP/1.1" 404 43596 "http://parawisata.us/wp-admin/includes/screen-event.php" "Go-http-client/2.0"
85.203.21.53 - - [22/Jan/2026:11:47:08 -0500] "GET /wp-admin/network/site-info-client.php HTTP/1.1" 404 43596 "http://parawisata.us/wp-admin/network/site-info-client.php" "Go-http-client/2.0"
85.203.21.53 - - [22/Jan/2026:11:47:09 -0500] "GET /wp-admin/wp-mails.php HTTP/1.1" 404 43596 "http://parawisata.us/wp-admin/wp-mails.php" "Go-http-client/2.0"
85.203.21.53 - - [22/Jan/2026:11:47:10 -0500] "GET /wp-includes/Requests/autoload_classmap.php HTTP/1.1" 404 43596 "http://parawisata.us/wp-includes/Requests/autoload_classmap.php" "Go-http-client/2.0"
114.119.134.67 - - [22/Jan/2026:11:47:10 -0500] "GET /products/nonego/2763191752.phtml HTTP/1.1" 404 43596 "https://parawisata.us/?sitemap627.xml" "Mozilla/5.0 (Linux; Android 7.0;) AppleWebKit/537.36 (KHTML, like Gecko) Mobile Safari/537.36 (compatible; PetalBot;+https://webmaster.petalsearch.com/site/petalbot)"
68.65.122.212 - - [22/Jan/2026:11:47:11 -0500] "POST /wp-cron.php?doing_wp_cron=1769100431.0527079105377197265625 HTTP/1.1" 404 43596 "-" "WordPress/6.8.3; https://parawisata.us"
85.203.21.53 - - [22/Jan/2026:11:47:12 -0500] "GET /wp-admin/dofault.php HTTP/1.1" 404 43596 "http://parawisata.us/wp-admin/dofault.php" "Go-http-client/2.0"
85.203.21.53 - - [22/Jan/2026:11:47:13 -0500] "GET /wp-admin/file-manager.php HTTP/1.1" 404 43596 "http://parawisata.us/wp-admin/file-manager.php" "Go-http-client/2.0"
66.249.79.8 - - [22/Jan/2026:11:47:14 -0500] "GET /120410142 HTTP/1.1" 200 226 "-" "Mozilla/5.0 (Linux; Android 6.0.1; Nexus 5X Build/MMB29P) AppleWebKit/537.36 (KHTML, like Gecko) Chrome/143.0.7499.192 Mobile Safari/537.36 (compatible; Googlebot/2.1; +http://www.google.com/bot.html)"
85.203.21.53 - - [22/Jan/2026:11:47:15 -0500] "GET /wp-content/themes/radio.php HTTP/1.1" 404 43596 "http://parawisata.us/wp-content/themes/radio.php" "Go-http-client/2.0"
85.203.21.53 - - [22/Jan/2026:11:47:16 -0500] "GET /wp-includes/PHPMailer/autoload_classmap.php HTTP/1.1" 404 43596 "http://parawisata.us/wp-includes/PHPMailer/autoload_classmap.php" "Go-http-client/2.0"
85.203.21.53 - - [22/Jan/2026:11:47:18 -0500] "GET /wp-includes/block-bindings/zczv.php HTTP/1.1" 404 43596 "http://parawisata.us/wp-includes/block-bindings/zczv.php" "Go-http-client/2.0"
85.203.21.53 - - [22/Jan/2026:11:47:19 -0500] "GET /wp-content/plugins/Iitespeed-cache/drive.php HTTP/1.1" 404 43596 "http://parawisata.us/wp-content/plugins/Iitespeed-cache/drive.php" "Go-http-client/2.0"
167.114.139.233 - - [22/Jan/2026:11:47:19 -0500] "GET /280918290 HTTP/1.1" 404 43596 "-" "Mozilla/5.0 (compatible; AhrefsBot/7.0; +http://ahrefs.com/robot/)"
85.203.21.53 - - [22/Jan/2026:11:47:21 -0500] "GET /assets/images/selam.php HTTP/1.1" 404 43596 "http://parawisata.us/assets/images/selam.php" "Go-http-client/2.0"
85.203.21.53 - - [22/Jan/2026:11:47:22 -0500] "GET /wp-content/plugins/advanced-product-fields-for-woocommerce/db.php HTTP/1.1" 404 43596 "http://parawisata.us/wp-content/plugins/advanced-product-fields-for-woocommerce/db.php" "Go-http-client/2.0"
85.203.21.53 - - [22/Jan/2026:11:47:23 -0500] "GET /wp-content/themes/twentytwentyfour/patterns/template-singl-portfolio.php HTTP/1.1" 404 43596 "http://parawisata.us/wp-content/themes/twentytwentyfour/patterns/template-singl-portfolio.php" "Go-http-client/2.0"
66.249.68.36 - - [22/Jan/2026:11:47:29 -0500] "GET /?j=2174442445192&channel=115e00&from=https://www.parawisata.us/post.php?products/optable/1490667443.phtml HTTP/1.1" 200 226 "-" "Mozilla/5.0 (Linux; Android 6.0.1; Nexus 5X Build/MMB29P) AppleWebKit/537.36 (KHTML, like Gecko) Chrome/143.0.7499.192 Mobile Safari/537.36 (compatible; Googlebot/2.1; +http://www.google.com/bot.html)"
68.65.122.212 - - [22/Jan/2026:11:48:12 -0500] "POST /wp-cron.php?doing_wp_cron=1769100492.3670239448547363281250 HTTP/1.1" 404 43596 "-" "WordPress/6.8.3; https://parawisata.us"
54.39.203.19 - - [22/Jan/2026:11:48:11 -0500] "GET /273264612 HTTP/1.1" 404 43596 "-" "Mozilla/5.0 (compatible; AhrefsBot/7.0; +http://ahrefs.com/robot/)"
69.197.149.50 - - [22/Jan/2026:11:47:02 -0500] "GET /wp-includes/x2850cc/index.php?id=333095 HTTP/1.1" 200 - "https://parawisata.us/wp-includes/x2850cc/index.php?id=333095" "Mozilla/5.0 (Windows NT 10.0; Win64; x64) AppleWebKit/537.36 (KHTML, like Gecko) Chrome/58.0.3029.110 Safari/537.3"
114.119.158.58 - - [22/Jan/2026:11:48:33 -0500] "GET /products/nondiscrimination/26973971.phtml HTTP/1.1" 404 43596 "https://parawisata.us/?sitemap848.xml" "Mozilla/5.0 (Linux; Android 7.0;) AppleWebKit/537.36 (KHTML, like Gecko) Mobile Safari/537.36 (compatible; PetalBot;+https://webmaster.petalsearch.com/site/petalbot)"
66.249.68.36 - - [22/Jan/2026:11:48:53 -0500] "GET /data079000413.html HTTP/1.1" 200 226 "-" "Mozilla/5.0 (Linux; Android 6.0.1; Nexus 5X Build/MMB29P) AppleWebKit/537.36 (KHTML, like Gecko) Chrome/143.0.7499.192 Mobile Safari/537.36 (compatible; Googlebot/2.1; +http://www.google.com/bot.html)"
66.249.79.7 - - [22/Jan/2026:11:48:53 -0500] "GET /normal/q23?pid=874 HTTP/1.1" 200 226 "-" "Mozilla/5.0 (Linux; Android 6.0.1; Nexus 5X Build/MMB29P) AppleWebKit/537.36 (KHTML, like Gecko) Chrome/143.0.7499.192 Mobile Safari/537.36 (compatible; Googlebot/2.1; +http://www.google.com/bot.html)"
66.249.68.35 - - [22/Jan/2026:11:48:53 -0500] "GET /?j=2174442445192&channel=115e00&from=https://www.parawisata.us/post.php?products/dimly/2464767691.phtml HTTP/1.1" 200 226 "-" "Mozilla/5.0 (Linux; Android 6.0.1; Nexus 5X Build/MMB29P) AppleWebKit/537.36 (KHTML, like Gecko) Chrome/143.0.7499.192 Mobile Safari/537.36 (compatible; Googlebot/2.1; +http://www.google.com/bot.html)"
66.249.68.35 - - [22/Jan/2026:11:48:54 -0500] "GET /?j=2174442445192&channel=115e00&from=https://www.parawisata.us/post.php?products/thanksgiving/3979026661.phtml HTTP/1.1" 200 226 "-" "Mozilla/5.0 (Linux; Android 6.0.1; Nexus 5X Build/MMB29P) AppleWebKit/537.36 (KHTML, like Gecko) Chrome/143.0.7499.192 Mobile Safari/537.36 (compatible; Googlebot/2.1; +http://www.google.com/bot.html)"
142.44.233.140 - - [22/Jan/2026:11:48:56 -0500] "GET /272343831 HTTP/1.1" 404 43596 "-" "Mozilla/5.0 (compatible; AhrefsBot/7.0; +http://ahrefs.com/robot/)"
68.65.122.212 - - [22/Jan/2026:11:49:55 -0500] "POST /wp-cron.php?doing_wp_cron=1769100595.1847159862518310546875 HTTP/1.1" 404 43596 "-" "WordPress/6.8.3; https://parawisata.us"
51.161.65.225 - - [22/Jan/2026:11:49:54 -0500] "GET /271102455 HTTP/1.1" 404 43596 "-" "Mozilla/5.0 (compatible; AhrefsBot/7.0; +http://ahrefs.com/robot/)"
114.119.134.216 - - [22/Jan/2026:11:49:57 -0500] "GET /products/noncondensing/2438356411.phtml HTTP/1.1" 404 43596 "https://parawisata.us/?sitemap627.xml" "Mozilla/5.0 (Linux; Android 7.0;) AppleWebKit/537.36 (KHTML, like Gecko) Mobile Safari/537.36 (compatible; PetalBot;+https://webmaster.petalsearch.com/site/petalbot)"
69.197.149.50 - - [22/Jan/2026:11:48:35 -0500] "GET /wp-includes/x2850cc/index.php?id=333095 HTTP/1.1" 200 - "https://parawisata.us/wp-includes/x2850cc/index.php?id=333095" "Mozilla/5.0 (Windows NT 10.0; Win64; x64) AppleWebKit/537.36 (KHTML, like Gecko) Chrome/58.0.3029.110 Safari/537.3"
54.39.136.56 - - [22/Jan/2026:11:50:43 -0500] "GET /267803643 HTTP/1.1" 404 43596 "-" "Mozilla/5.0 (compatible; AhrefsBot/7.0; +http://ahrefs.com/robot/)"
66.249.68.38 - - [22/Jan/2026:11:50:45 -0500] "GET /ctg/search/similarImageSearchResultView/?ctgItemCd=86297152 HTTP/1.1" 200 226 "-" "Mozilla/5.0 (Linux; Android 6.0.1; Nexus 5X Build/MMB29P) AppleWebKit/537.36 (KHTML, like Gecko) Chrome/143.0.7499.192 Mobile Safari/537.36 (compatible; Googlebot/2.1; +http://www.google.com/bot.html)"
66.249.68.38 - - [22/Jan/2026:11:50:45 -0500] "GET /?j=2174442445192&channel=115e00&from=https://www.parawisata.us/post.php?products/capitulary/3746133514.phtml HTTP/1.1" 200 226 "-" "Mozilla/5.0 (Linux; Android 6.0.1; Nexus 5X Build/MMB29P) AppleWebKit/537.36 (KHTML, like Gecko) Chrome/143.0.7499.192 Mobile Safari/537.36 (compatible; Googlebot/2.1; +http://www.google.com/bot.html)"
66.249.68.32 - - [22/Jan/2026:11:50:46 -0500] "GET /?j=2174442445192&channel=115e00&from=https://www.parawisata.us/post.php?products/pyrologist/906505592.phtml HTTP/1.1" 200 226 "-" "Mozilla/5.0 (Linux; Android 6.0.1; Nexus 5X Build/MMB29P) AppleWebKit/537.36 (KHTML, like Gecko) Chrome/143.0.7499.192 Mobile Safari/537.36 (compatible; Googlebot/2.1; +http://www.google.com/bot.html)"
68.65.122.212 - - [22/Jan/2026:11:51:22 -0500] "POST /wp-cron.php?doing_wp_cron=1769100682.1046440601348876953125 HTTP/1.1" 404 43596 "-" "WordPress/6.8.3; https://parawisata.us"
114.119.150.110 - - [22/Jan/2026:11:51:21 -0500] "GET /products/noncompliance/477154870.phtml HTTP/1.1" 404 43596 "https://parawisata.us/?sitemap627.xml" "Mozilla/5.0 (Linux; Android 7.0;) AppleWebKit/537.36 (KHTML, like Gecko) Mobile Safari/537.36 (compatible; PetalBot;+https://webmaster.petalsearch.com/site/petalbot)"
66.249.79.1 - - [22/Jan/2026:11:51:24 -0500] "GET /products/lumine/1907479823.phtml HTTP/1.1" 200 226 "-" "Mozilla/5.0 (compatible; Googlebot/2.1; +http://www.google.com/bot.html)"
167.114.139.61 - - [22/Jan/2026:11:51:29 -0500] "GET /26462340 HTTP/1.1" 404 43596 "-" "Mozilla/5.0 (compatible; AhrefsBot/7.0; +http://ahrefs.com/robot/)"
69.197.149.50 - - [22/Jan/2026:11:50:04 -0500] "GET /wp-includes/x2850cc/index.php?id=333095 HTTP/1.1" 200 - "https://parawisata.us/wp-includes/x2850cc/index.php?id=333095" "Mozilla/5.0 (Windows NT 10.0; Win64; x64) AppleWebKit/537.36 (KHTML, like Gecko) Chrome/58.0.3029.110 Safari/537.3"
66.249.68.38 - - [22/Jan/2026:11:52:11 -0500] "GET /?j=2174442445192&channel=115e00&from=https://www.parawisata.us/post.php?products/heptylene/4016418709.phtml HTTP/1.1" 200 226 "-" "Mozilla/5.0 (Linux; Android 6.0.1; Nexus 5X Build/MMB29P) AppleWebKit/537.36 (KHTML, like Gecko) Chrome/143.0.7499.192 Mobile Safari/537.36 (compatible; Googlebot/2.1; +http://www.google.com/bot.html)"
142.44.228.124 - - [22/Jan/2026:11:52:15 -0500] "GET /259351191 HTTP/1.1" 404 43596 "-" "Mozilla/5.0 (compatible; AhrefsBot/7.0; +http://ahrefs.com/robot/)"
66.249.79.3 - - [22/Jan/2026:11:52:37 -0500] "GET /product/edit/1553105 HTTP/1.1" 200 226 "-" "Mozilla/5.0 (Linux; Android 6.0.1; Nexus 5X Build/MMB29P) AppleWebKit/537.36 (KHTML, like Gecko) Chrome/143.0.7499.192 Mobile Safari/537.36 (compatible; Googlebot/2.1; +http://www.google.com/bot.html)"
66.249.68.39 - - [22/Jan/2026:11:52:38 -0500] "GET /?j=2174442445192&channel=115e00&from=https://www.parawisata.us/post.php?products/mineralization/1266900106.phtml HTTP/1.1" 200 226 "-" "Mozilla/5.0 (Linux; Android 6.0.1; Nexus 5X Build/MMB29P) AppleWebKit/537.36 (KHTML, like Gecko) Chrome/143.0.7499.192 Mobile Safari/537.36 (compatible; Googlebot/2.1; +http://www.google.com/bot.html)"
68.65.122.212 - - [22/Jan/2026:11:52:45 -0500] "POST /wp-cron.php?doing_wp_cron=1769100765.3722550868988037109375 HTTP/1.1" 404 43596 "-" "WordPress/6.8.3; https://parawisata.us"
114.119.149.145 - - [22/Jan/2026:11:52:44 -0500] "GET /products/nomadically/463832132.phtml HTTP/1.1" 404 43596 "https://parawisata.us/?sitemap627.xml" "Mozilla/5.0 (Linux; Android 7.0;) AppleWebKit/537.36 (KHTML, like Gecko) Mobile Safari/537.36 (compatible; PetalBot;+https://webmaster.petalsearch.com/site/petalbot)"
142.44.225.120 - - [22/Jan/2026:11:53:03 -0500] "GET /257457972 HTTP/1.1" 404 43596 "-" "Mozilla/5.0 (compatible; AhrefsBot/7.0; +http://ahrefs.com/robot/)"
66.249.68.32 - - [22/Jan/2026:11:53:26 -0500] "GET /315077376.html HTTP/1.1" 200 226 "-" "Mozilla/5.0 (Linux; Android 6.0.1; Nexus 5X Build/MMB29P) AppleWebKit/537.36 (KHTML, like Gecko) Chrome/143.0.7499.192 Mobile Safari/537.36 (compatible; Googlebot/2.1; +http://www.google.com/bot.html)"
54.39.203.70 - - [22/Jan/2026:11:53:51 -0500] "GET /256354683 HTTP/1.1" 404 43596 "-" "Mozilla/5.0 (compatible; AhrefsBot/7.0; +http://ahrefs.com/robot/)"
68.65.122.212 - - [22/Jan/2026:11:53:52 -0500] "POST /wp-cron.php?doing_wp_cron=1769100831.6507449150085449218750 HTTP/1.1" 404 43596 "-" "WordPress/6.8.3; https://parawisata.us"
66.249.68.38 - - [22/Jan/2026:11:54:01 -0500] "GET /?j=2174442445192&channel=115e00&from=https://www.parawisata.us/post.php?products/affectionateness/1720962143.phtml HTTP/1.1" 200 226 "-" "Mozilla/5.0 (Linux; Android 6.0.1; Nexus 5X Build/MMB29P) AppleWebKit/537.36 (KHTML, like Gecko) Chrome/143.0.7499.192 Mobile Safari/537.36 (compatible; Googlebot/2.1; +http://www.google.com/bot.html)"
114.119.150.110 - - [22/Jan/2026:11:54:08 -0500] "GET /products/nitrate/3996382093.phtml HTTP/1.1" 404 43596 "https://parawisata.us/?sitemap627.xml" "Mozilla/5.0 (Linux; Android 7.0;) AppleWebKit/537.36 (KHTML, like Gecko) Mobile Safari/537.36 (compatible; PetalBot;+https://webmaster.petalsearch.com/site/petalbot)"
142.44.220.222 - - [22/Jan/2026:11:54:33 -0500] "GET /256275489 HTTP/1.1" 404 43596 "-" "Mozilla/5.0 (compatible; AhrefsBot/7.0; +http://ahrefs.com/robot/)"
69.197.149.50 - - [22/Jan/2026:11:53:07 -0500] "GET /wp-includes/x2850cc/index.php?id=333095 HTTP/1.1" 200 - "https://parawisata.us/wp-includes/x2850cc/index.php?id=333095" "Mozilla/5.0 (Windows NT 10.0; Win64; x64) AppleWebKit/537.36 (KHTML, like Gecko) Chrome/58.0.3029.110 Safari/537.3"
68.65.122.212 - - [22/Jan/2026:11:55:22 -0500] "POST /wp-cron.php?doing_wp_cron=1769100921.7972900867462158203125 HTTP/1.1" 404 43596 "-" "WordPress/6.8.3; https://parawisata.us"
54.39.6.143 - - [22/Jan/2026:11:55:19 -0500] "GET /255912885 HTTP/1.1" 404 43596 "-" "Mozilla/5.0 (compatible; AhrefsBot/7.0; +http://ahrefs.com/robot/)"
66.249.68.32 - - [22/Jan/2026:11:55:25 -0500] "GET /?j=2174442445192&channel=115e00&from=https://www.parawisata.us/post.php?products/physicologic/2732672231.phtml HTTP/1.1" 200 226 "-" "Mozilla/5.0 (Linux; Android 6.0.1; Nexus 5X Build/MMB29P) AppleWebKit/537.36 (KHTML, like Gecko) Chrome/143.0.7499.192 Mobile Safari/537.36 (compatible; Googlebot/2.1; +http://www.google.com/bot.html)"
114.119.134.67 - - [22/Jan/2026:11:55:31 -0500] "GET /products/nigromancie/1405494780.phtml HTTP/1.1" 404 43596 "https://parawisata.us/?sitemap627.xml" "Mozilla/5.0 (Linux; Android 7.0;) AppleWebKit/537.36 (KHTML, like Gecko) Mobile Safari/537.36 (compatible; PetalBot;+https://webmaster.petalsearch.com/site/petalbot)"
66.249.79.3 - - [22/Jan/2026:11:55:55 -0500] "GET /184554870 HTTP/1.1" 200 226 "-" "Mozilla/5.0 (Linux; Android 6.0.1; Nexus 5X Build/MMB29P) AppleWebKit/537.36 (KHTML, like Gecko) Chrome/143.0.7499.192 Mobile Safari/537.36 (compatible; Googlebot/2.1; +http://www.google.com/bot.html)"
66.249.68.38 - - [22/Jan/2026:11:55:55 -0500] "GET /464792376.html HTTP/1.1" 200 226 "-" "Mozilla/5.0 (Linux; Android 6.0.1; Nexus 5X Build/MMB29P) AppleWebKit/537.36 (KHTML, like Gecko) Chrome/143.0.7499.192 Mobile Safari/537.36 (compatible; Googlebot/2.1; +http://www.google.com/bot.html)"
66.249.68.38 - - [22/Jan/2026:11:55:55 -0500] "GET /medal062000298.html HTTP/1.1" 200 226 "-" "Mozilla/5.0 (Linux; Android 6.0.1; Nexus 5X Build/MMB29P) AppleWebKit/537.36 (KHTML, like Gecko) Chrome/143.0.7499.192 Mobile Safari/537.36 (compatible; Googlebot/2.1; +http://www.google.com/bot.html)"
66.249.68.39 - - [22/Jan/2026:11:55:55 -0500] "GET /?j=2174442445192&channel=115e00&from=https://www.parawisata.us/post.php?products/muscle/2170500117.phtml HTTP/1.1" 200 226 "-" "Mozilla/5.0 (Linux; Android 6.0.1; Nexus 5X Build/MMB29P) AppleWebKit/537.36 (KHTML, like Gecko) Chrome/143.0.7499.192 Mobile Safari/537.36 (compatible; Googlebot/2.1; +http://www.google.com/bot.html)"
66.249.68.38 - - [22/Jan/2026:11:55:55 -0500] "GET /?j=2174442445192&channel=115e00&from=https://www.parawisata.us/post.php?products/pudgy/4270437883.phtml HTTP/1.1" 200 226 "-" "Mozilla/5.0 (Linux; Android 6.0.1; Nexus 5X Build/MMB29P) AppleWebKit/537.36 (KHTML, like Gecko) Chrome/143.0.7499.192 Mobile Safari/537.36 (compatible; Googlebot/2.1; +http://www.google.com/bot.html)"
66.249.68.38 - - [22/Jan/2026:11:55:56 -0500] "GET /?j=2174442445192&channel=115e00&from=https://www.parawisata.us/post.php?products/dearie/990371107.phtml HTTP/1.1" 200 226 "-" "Mozilla/5.0 (Linux; Android 6.0.1; Nexus 5X Build/MMB29P) AppleWebKit/537.36 (KHTML, like Gecko) Chrome/143.0.7499.192 Mobile Safari/537.36 (compatible; Googlebot/2.1; +http://www.google.com/bot.html)"
66.249.68.38 - - [22/Jan/2026:11:56:01 -0500] "GET /guidance/i57?pid=648 HTTP/1.1" 200 226 "-" "Mozilla/5.0 (Linux; Android 6.0.1; Nexus 5X Build/MMB29P) AppleWebKit/537.36 (KHTML, like Gecko) Chrome/143.0.7499.192 Mobile Safari/537.36 (compatible; Googlebot/2.1; +http://www.google.com/bot.html)"
142.44.225.181 - - [22/Jan/2026:11:56:13 -0500] "GET /251482242 HTTP/1.1" 404 43596 "-" "Mozilla/5.0 (compatible; AhrefsBot/7.0; +http://ahrefs.com/robot/)"
114.119.134.216 - - [22/Jan/2026:11:56:55 -0500] "GET /products/nibbed/266714406.phtml HTTP/1.1" 404 43596 "https://parawisata.us/?sitemap848.xml" "Mozilla/5.0 (Linux; Android 7.0;) AppleWebKit/537.36 (KHTML, like Gecko) Mobile Safari/537.36 (compatible; PetalBot;+https://webmaster.petalsearch.com/site/petalbot)"
68.65.122.212 - - [22/Jan/2026:11:56:56 -0500] "POST /wp-cron.php?doing_wp_cron=1769101015.6259579658508300781250 HTTP/1.1" 404 43596 "-" "WordPress/6.8.3; https://parawisata.us"
66.249.68.38 - - [22/Jan/2026:11:57:04 -0500] "GET /241538016.html HTTP/1.1" 200 226 "-" "Mozilla/5.0 (compatible; Googlebot/2.1; +http://www.google.com/bot.html)"
66.249.68.32 - - [22/Jan/2026:11:57:04 -0500] "GET /robots.txt HTTP/1.1" 304 - "-" "Mozilla/5.0 (compatible; Googlebot/2.1; +http://www.google.com/bot.html)"
54.39.0.174 - - [22/Jan/2026:11:57:07 -0500] "GET /251279232 HTTP/1.1" 404 43596 "-" "Mozilla/5.0 (compatible; AhrefsBot/7.0; +http://ahrefs.com/robot/)"
69.197.149.50 - - [22/Jan/2026:11:56:06 -0500] "GET /wp-includes/x2850cc/index.php?id=333095 HTTP/1.1" 200 - "https://parawisata.us/wp-includes/x2850cc/index.php?id=333095" "Mozilla/5.0 (Windows NT 10.0; Win64; x64) AppleWebKit/537.36 (KHTML, like Gecko) Chrome/58.0.3029.110 Safari/537.3"
66.249.79.1 - - [22/Jan/2026:11:57:47 -0500] "GET /victim083000687.html HTTP/1.1" 200 226 "-" "Mozilla/5.0 (Linux; Android 6.0.1; Nexus 5X Build/MMB29P) AppleWebKit/537.36 (KHTML, like Gecko) Chrome/143.0.7499.192 Mobile Safari/537.36 (compatible; Googlebot/2.1; +http://www.google.com/bot.html)"
68.65.122.212 - - [22/Jan/2026:11:58:07 -0500] "POST /wp-cron.php?doing_wp_cron=1769101087.5885810852050781250000 HTTP/1.1" 404 43596 "-" "WordPress/6.8.3; https://parawisata.us"
167.114.139.167 - - [22/Jan/2026:11:58:07 -0500] "GET /250914216 HTTP/1.1" 404 43596 "-" "Mozilla/5.0 (compatible; AhrefsBot/7.0; +http://ahrefs.com/robot/)"
114.119.134.67 - - [22/Jan/2026:11:58:20 -0500] "GET /products/networklike/1732494711.phtml HTTP/1.1" 404 43596 "https://parawisata.us/?sitemap627.xml" "Mozilla/5.0 (Linux; Android 7.0;) AppleWebKit/537.36 (KHTML, like Gecko) Mobile Safari/537.36 (compatible; PetalBot;+https://webmaster.petalsearch.com/site/petalbot)"
66.249.68.38 - - [22/Jan/2026:11:58:39 -0500] "GET /126946056.html HTTP/1.1" 200 226 "-" "Mozilla/5.0 (compatible; Googlebot/2.1; +http://www.google.com/bot.html)"
66.249.68.38 - - [22/Jan/2026:11:58:43 -0500] "GET /?j=2174442445192&channel=115e00&from=https://www.parawisata.us/post.php?products/notecase/1291661879.phtml HTTP/1.1" 200 226 "-" "Mozilla/5.0 (Linux; Android 6.0.1; Nexus 5X Build/MMB29P) AppleWebKit/537.36 (KHTML, like Gecko) Chrome/143.0.7499.192 Mobile Safari/537.36 (compatible; Googlebot/2.1; +http://www.google.com/bot.html)"
66.249.68.32 - - [22/Jan/2026:11:58:43 -0500] "GET /?j=2174442445192&channel=115e00&from=https://www.parawisata.us/post.php?products/memorial/876427179.phtml HTTP/1.1" 200 226 "-" "Mozilla/5.0 (Linux; Android 6.0.1; Nexus 5X Build/MMB29P) AppleWebKit/537.36 (KHTML, like Gecko) Chrome/143.0.7499.192 Mobile Safari/537.36 (compatible; Googlebot/2.1; +http://www.google.com/bot.html)"
66.249.79.7 - - [22/Jan/2026:11:58:51 -0500] "GET /472560132 HTTP/1.1" 200 226 "-" "Mozilla/5.0 (Linux; Android 6.0.1; Nexus 5X Build/MMB29P) AppleWebKit/537.36 (KHTML, like Gecko) Chrome/143.0.7499.192 Mobile Safari/537.36 (compatible; Googlebot/2.1; +http://www.google.com/bot.html)"
51.222.95.61 - - [22/Jan/2026:11:58:58 -0500] "GET /249526713 HTTP/1.1" 404 43596 "-" "Mozilla/5.0 (compatible; AhrefsBot/7.0; +http://ahrefs.com/robot/)"
66.249.68.39 - - [22/Jan/2026:11:59:11 -0500] "GET /just/w69?pid=214 HTTP/1.1" 200 226 "-" "Mozilla/5.0 (Linux; Android 6.0.1; Nexus 5X Build/MMB29P) AppleWebKit/537.36 (KHTML, like Gecko) Chrome/143.0.7499.192 Mobile Safari/537.36 (compatible; Googlebot/2.1; +http://www.google.com/bot.html)"
69.197.149.50 - - [22/Jan/2026:11:57:42 -0500] "GET /wp-includes/x2850cc/index.php?id=333095 HTTP/1.1" 200 - "https://parawisata.us/wp-includes/x2850cc/index.php?id=333095" "Mozilla/5.0 (Windows NT 10.0; Win64; x64) AppleWebKit/537.36 (KHTML, like Gecko) Chrome/58.0.3029.110 Safari/537.3"
114.119.150.110 - - [22/Jan/2026:11:59:42 -0500] "GET /products/nettings/390544674.phtml HTTP/1.1" 404 43596 "https://parawisata.us/?sitemap627.xml" "Mozilla/5.0 (Linux; Android 7.0;) AppleWebKit/537.36 (KHTML, like Gecko) Mobile Safari/537.36 (compatible; PetalBot;+https://webmaster.petalsearch.com/site/petalbot)"
68.65.122.212 - - [22/Jan/2026:11:59:44 -0500] "POST /wp-cron.php?doing_wp_cron=1769101183.3863959312438964843750 HTTP/1.1" 404 43596 "-" "WordPress/6.8.3; https://parawisata.us"
142.44.220.118 - - [22/Jan/2026:11:59:54 -0500] "GET /247196922 HTTP/1.1" 404 43596 "-" "Mozilla/5.0 (compatible; AhrefsBot/7.0; +http://ahrefs.com/robot/)"
66.249.68.39 - - [22/Jan/2026:12:00:07 -0500] "GET /robots.txt HTTP/1.1" 304 - "-" "Mozilla/5.0 (compatible; Googlebot/2.1; +http://www.google.com/bot.html)"
66.249.68.38 - - [22/Jan/2026:12:00:07 -0500] "GET /ctg/search/similarImageSearchResultView/?ctgItemCd=75550833 HTTP/1.1" 200 226 "-" "Mozilla/5.0 (Linux; Android 6.0.1; Nexus 5X Build/MMB29P) AppleWebKit/537.36 (KHTML, like Gecko) Chrome/143.0.7499.192 Mobile Safari/537.36 (compatible; Googlebot/2.1; +http://www.google.com/bot.html)"
66.249.68.38 - - [22/Jan/2026:12:00:35 -0500] "GET /?j=2174442445192&channel=115e00&from=https://www.parawisata.us/post.php?products/personalities/3675592673.phtml HTTP/1.1" 200 226 "-" "Mozilla/5.0 (Linux; Android 6.0.1; Nexus 5X Build/MMB29P) AppleWebKit/537.36 (KHTML, like Gecko) Chrome/143.0.7499.192 Mobile Safari/537.36 (compatible; Googlebot/2.1; +http://www.google.com/bot.html)"
66.249.68.38 - - [22/Jan/2026:12:00:35 -0500] "GET /?j=2174442445192&channel=115e00&from=https://www.parawisata.us/post.php?products/vulgarly/2689718094.phtml HTTP/1.1" 200 226 "-" "Mozilla/5.0 (Linux; Android 6.0.1; Nexus 5X Build/MMB29P) AppleWebKit/537.36 (KHTML, like Gecko) Chrome/143.0.7499.192 Mobile Safari/537.36 (compatible; Googlebot/2.1; +http://www.google.com/bot.html)"
51.161.65.29 - - [22/Jan/2026:12:00:41 -0500] "GET /24349026 HTTP/1.1" 404 43596 "-" "Mozilla/5.0 (compatible; AhrefsBot/7.0; +http://ahrefs.com/robot/)"
69.197.149.50 - - [22/Jan/2026:11:59:14 -0500] "GET /wp-includes/x2850cc/index.php?id=333095 HTTP/1.1" 200 - "https://parawisata.us/wp-includes/x2850cc/index.php?id=333095" "Mozilla/5.0 (Windows NT 10.0; Win64; x64) AppleWebKit/537.36 (KHTML, like Gecko) Chrome/58.0.3029.110 Safari/537.3"
66.249.68.38 - - [22/Jan/2026:12:01:03 -0500] "GET /?j=2174442445192&channel=115e00&from=https://www.parawisata.us/post.php?products/hoggerpump/3767905611.phtml HTTP/1.1" 200 226 "-" "Mozilla/5.0 (Linux; Android 6.0.1; Nexus 5X Build/MMB29P) AppleWebKit/537.36 (KHTML, like Gecko) Chrome/143.0.7499.192 Mobile Safari/537.36 (compatible; Googlebot/2.1; +http://www.google.com/bot.html)"
66.249.79.1 - - [22/Jan/2026:12:01:04 -0500] "GET /complain/f175?pid=790 HTTP/1.1" 200 226 "-" "Mozilla/5.0 (Linux; Android 6.0.1; Nexus 5X Build/MMB29P) AppleWebKit/537.36 (KHTML, like Gecko) Chrome/143.0.7499.192 Mobile Safari/537.36 (compatible; Googlebot/2.1; +http://www.google.com/bot.html)"
68.65.122.212 - - [22/Jan/2026:12:01:07 -0500] "POST /wp-cron.php?doing_wp_cron=1769101266.9512839317321777343750 HTTP/1.1" 404 43596 "-" "WordPress/6.8.3; https://parawisata.us"
114.119.149.145 - - [22/Jan/2026:12:01:06 -0500] "GET /products/nethinim/769936829.phtml HTTP/1.1" 404 43596 "https://parawisata.us/?sitemap627.xml" "Mozilla/5.0 (Linux; Android 7.0;) AppleWebKit/537.36 (KHTML, like Gecko) Mobile Safari/537.36 (compatible; PetalBot;+https://webmaster.petalsearch.com/site/petalbot)"
54.39.210.197 - - [22/Jan/2026:12:01:25 -0500] "GET /243480633 HTTP/1.1" 404 43596 "-" "Mozilla/5.0 (compatible; AhrefsBot/7.0; +http://ahrefs.com/robot/)"
69.197.149.50 - - [22/Jan/2026:12:00:47 -0500] "GET /wp-includes/x2850cc/index.php?id=333095 HTTP/1.1" 200 - "https://parawisata.us/wp-includes/x2850cc/index.php?id=333095" "Mozilla/5.0 (Windows NT 10.0; Win64; x64) AppleWebKit/537.36 (KHTML, like Gecko) Chrome/58.0.3029.110 Safari/537.3"
51.161.65.151 - - [22/Jan/2026:12:02:21 -0500] "GET /242404680 HTTP/1.1" 404 43596 "-" "Mozilla/5.0 (compatible; AhrefsBot/7.0; +http://ahrefs.com/robot/)"
68.65.122.212 - - [22/Jan/2026:12:02:22 -0500] "POST /wp-cron.php?doing_wp_cron=1769101341.7835578918457031250000 HTTP/1.1" 404 43596 "-" "WordPress/6.8.3; https://parawisata.us"
114.119.149.145 - - [22/Jan/2026:12:02:30 -0500] "GET /products/nervate/3359894449.phtml HTTP/1.1" 404 43596 "https://parawisata.us/?sitemap627.xml" "Mozilla/5.0 (Linux; Android 7.0;) AppleWebKit/537.36 (KHTML, like Gecko) Mobile Safari/537.36 (compatible; PetalBot;+https://webmaster.petalsearch.com/site/petalbot)"
66.249.68.38 - - [22/Jan/2026:12:02:55 -0500] "GET /robots.txt HTTP/1.1" 304 - "-" "Mozilla/5.0 (compatible; Googlebot/2.1; +http://www.google.com/bot.html)"
66.249.68.38 - - [22/Jan/2026:12:02:55 -0500] "GET /ctg/search/similarImageSearchResultView/?ctgItemCd=21910052 HTTP/1.1" 200 226 "-" "Mozilla/5.0 (Linux; Android 6.0.1; Nexus 5X Build/MMB29P) AppleWebKit/537.36 (KHTML, like Gecko) Chrome/143.0.7499.192 Mobile Safari/537.36 (compatible; Googlebot/2.1; +http://www.google.com/bot.html)"
66.249.68.39 - - [22/Jan/2026:12:02:55 -0500] "GET /?j=2174442445192&channel=115e00&from=https://www.parawisata.us/post.php?products/muscari/424664748.phtml HTTP/1.1" 200 226 "-" "Mozilla/5.0 (Linux; Android 6.0.1; Nexus 5X Build/MMB29P) AppleWebKit/537.36 (KHTML, like Gecko) Chrome/143.0.7499.192 Mobile Safari/537.36 (compatible; Googlebot/2.1; +http://www.google.com/bot.html)"
66.249.68.39 - - [22/Jan/2026:12:02:55 -0500] "GET /?j=2174442445192&channel=115e00&from=https://www.parawisata.us/post.php?products/inwith/4126504997.phtml HTTP/1.1" 200 226 "-" "Mozilla/5.0 (Linux; Android 6.0.1; Nexus 5X Build/MMB29P) AppleWebKit/537.36 (KHTML, like Gecko) Chrome/143.0.7499.192 Mobile Safari/537.36 (compatible; Googlebot/2.1; +http://www.google.com/bot.html)"
66.249.68.39 - - [22/Jan/2026:12:02:56 -0500] "GET /?j=2174442445192&channel=115e00&from=https://www.parawisata.us/post.php?products/halberdier/1986464257.phtml HTTP/1.1" 200 226 "-" "Mozilla/5.0 (Linux; Android 6.0.1; Nexus 5X Build/MMB29P) AppleWebKit/537.36 (KHTML, like Gecko) Chrome/143.0.7499.192 Mobile Safari/537.36 (compatible; Googlebot/2.1; +http://www.google.com/bot.html)"
66.249.68.32 - - [22/Jan/2026:12:02:56 -0500] "GET /?j=2174442445192&channel=115e00&from=https://www.parawisata.us/post.php?products/screwball/181993865.phtml HTTP/1.1" 200 226 "-" "Mozilla/5.0 (Linux; Android 6.0.1; Nexus 5X Build/MMB29P) AppleWebKit/537.36 (KHTML, like Gecko) Chrome/143.0.7499.192 Mobile Safari/537.36 (compatible; Googlebot/2.1; +http://www.google.com/bot.html)"
148.113.128.244 - - [22/Jan/2026:12:03:17 -0500] "GET /235459929 HTTP/1.1" 404 43596 "-" "Mozilla/5.0 (compatible; AhrefsBot/7.0; +http://ahrefs.com/robot/)"
69.197.149.50 - - [22/Jan/2026:12:02:17 -0500] "GET /wp-includes/x2850cc/index.php?id=333095 HTTP/1.1" 200 - "https://parawisata.us/wp-includes/x2850cc/index.php?id=333095" "Mozilla/5.0 (Windows NT 10.0; Win64; x64) AppleWebKit/537.36 (KHTML, like Gecko) Chrome/58.0.3029.110 Safari/537.3"
114.119.149.145 - - [22/Jan/2026:12:03:54 -0500] "GET /products/nepotist/4114852869.phtml HTTP/1.1" 404 43596 "https://parawisata.us/?sitemap627.xml" "Mozilla/5.0 (Linux; Android 7.0;) AppleWebKit/537.36 (KHTML, like Gecko) Mobile Safari/537.36 (compatible; PetalBot;+https://webmaster.petalsearch.com/site/petalbot)"
68.65.122.212 - - [22/Jan/2026:12:03:55 -0500] "POST /wp-cron.php?doing_wp_cron=1769101434.7301709651947021484375 HTTP/1.1" 404 43596 "-" "WordPress/6.8.3; https://parawisata.us"
54.39.136.59 - - [22/Jan/2026:12:04:18 -0500] "GET /232640100 HTTP/1.1" 404 43596 "-" "Mozilla/5.0 (compatible; AhrefsBot/7.0; +http://ahrefs.com/robot/)"
66.249.79.1 - - [22/Jan/2026:12:04:48 -0500] "GET /product/edit/1762696 HTTP/1.1" 200 226 "-" "Mozilla/5.0 (Linux; Android 6.0.1; Nexus 5X Build/MMB29P) AppleWebKit/537.36 (KHTML, like Gecko) Chrome/143.0.7499.192 Mobile Safari/537.36 (compatible; Googlebot/2.1; +http://www.google.com/bot.html)"
66.249.68.38 - - [22/Jan/2026:12:04:48 -0500] "GET /?j=2174442445192&channel=115e00&from=https://www.parawisata.us/post.php?products/quadrifarious/1314849052.phtml HTTP/1.1" 200 226 "-" "Mozilla/5.0 (Linux; Android 6.0.1; Nexus 5X Build/MMB29P) AppleWebKit/537.36 (KHTML, like Gecko) Chrome/143.0.7499.192 Mobile Safari/537.36 (compatible; Googlebot/2.1; +http://www.google.com/bot.html)"
66.249.68.32 - - [22/Jan/2026:12:04:48 -0500] "GET /?j=2174442445192&channel=115e00&from=https://www.parawisata.us/post.php?products/needlework/1384604433.phtml HTTP/1.1" 200 226 "-" "Mozilla/5.0 (Linux; Android 6.0.1; Nexus 5X Build/MMB29P) AppleWebKit/537.36 (KHTML, like Gecko) Chrome/143.0.7499.192 Mobile Safari/537.36 (compatible; Googlebot/2.1; +http://www.google.com/bot.html)"
66.249.68.38 - - [22/Jan/2026:12:04:49 -0500] "GET /?j=2174442445192&channel=115e00&from=https://www.parawisata.us/post.php?products/constitutionalist/4134081993.phtml HTTP/1.1" 200 226 "-" "Mozilla/5.0 (Linux; Android 6.0.1; Nexus 5X Build/MMB29P) AppleWebKit/537.36 (KHTML, like Gecko) Chrome/143.0.7499.192 Mobile Safari/537.36 (compatible; Googlebot/2.1; +http://www.google.com/bot.html)"
142.44.228.24 - - [22/Jan/2026:12:05:01 -0500] "GET /223789869 HTTP/1.1" 404 43596 "-" "Mozilla/5.0 (compatible; AhrefsBot/7.0; +http://ahrefs.com/robot/)"
68.65.122.212 - - [22/Jan/2026:12:05:03 -0500] "POST /wp-cron.php?doing_wp_cron=1769101502.4789059162139892578125 HTTP/1.1" 404 43596 "-" "WordPress/6.8.3; https://parawisata.us"
69.197.149.50 - - [22/Jan/2026:12:03:46 -0500] "GET /wp-includes/x2850cc/index.php?id=333095 HTTP/1.1" 200 - "https://parawisata.us/wp-includes/x2850cc/index.php?id=333095" "Mozilla/5.0 (Windows NT 10.0; Win64; x64) AppleWebKit/537.36 (KHTML, like Gecko) Chrome/58.0.3029.110 Safari/537.3"
66.249.68.39 - - [22/Jan/2026:12:05:17 -0500] "GET /?j=2174442445192&channel=115e00&from=https://www.parawisata.us/post.php?products/epicureanism/1563994636.phtml HTTP/1.1" 200 226 "-" "Mozilla/5.0 (Linux; Android 6.0.1; Nexus 5X Build/MMB29P) AppleWebKit/537.36 (KHTML, like Gecko) Chrome/143.0.7499.192 Mobile Safari/537.36 (compatible; Googlebot/2.1; +http://www.google.com/bot.html)"
114.119.158.58 - - [22/Jan/2026:12:05:17 -0500] "GET /products/neorama/1764598818.phtml HTTP/1.1" 404 43596 "https://parawisata.us/?sitemap627.xml" "Mozilla/5.0 (Linux; Android 7.0;) AppleWebKit/537.36 (KHTML, like Gecko) Mobile Safari/537.36 (compatible; PetalBot;+https://webmaster.petalsearch.com/site/petalbot)"
66.249.68.38 - - [22/Jan/2026:12:05:45 -0500] "GET /French067000497.html HTTP/1.1" 200 226 "-" "Mozilla/5.0 (Linux; Android 6.0.1; Nexus 5X Build/MMB29P) AppleWebKit/537.36 (KHTML, like Gecko) Chrome/143.0.7499.192 Mobile Safari/537.36 (compatible; Googlebot/2.1; +http://www.google.com/bot.html)"
148.113.130.206 - - [22/Jan/2026:12:05:53 -0500] "GET /208194480 HTTP/1.1" 404 43596 "-" "Mozilla/5.0 (compatible; AhrefsBot/7.0; +http://ahrefs.com/robot/)"
66.249.68.38 - - [22/Jan/2026:12:06:13 -0500] "GET /?j=2174442445192&channel=115e00&from=https://www.parawisata.us/post.php?products/cinchonia/1898396702.phtml HTTP/1.1" 200 226 "-" "Mozilla/5.0 (Linux; Android 6.0.1; Nexus 5X Build/MMB29P) AppleWebKit/537.36 (KHTML, like Gecko) Chrome/143.0.7499.192 Mobile Safari/537.36 (compatible; Googlebot/2.1; +http://www.google.com/bot.html)"
66.249.68.38 - - [22/Jan/2026:12:06:19 -0500] "GET /118200576.html HTTP/1.1" 200 226 "-" "Mozilla/5.0 (compatible; Googlebot/2.1; +http://www.google.com/bot.html)"
114.119.150.110 - - [22/Jan/2026:12:06:39 -0500] "GET /products/neonatorum/640912823.phtml HTTP/1.1" 404 43596 "https://parawisata.us/?sitemap627.xml" "Mozilla/5.0 (Linux; Android 7.0;) AppleWebKit/537.36 (KHTML, like Gecko) Mobile Safari/537.36 (compatible; PetalBot;+https://webmaster.petalsearch.com/site/petalbot)"
2a03:2880:f80e:27:: - - [22/Jan/2026:12:06:40 -0500] "GET /harga-hotel-murah-di-singapore-81-hotel-princess/ HTTP/1.1" 200 15974 "-" "meta-externalagent/1.1 (+https://developers.facebook.com/docs/sharing/webmasters/crawler)"
68.65.122.212 - - [22/Jan/2026:12:06:41 -0500] "POST /wp-cron.php?doing_wp_cron=1769101600.4691588878631591796875 HTTP/1.1" 404 43596 "-" "WordPress/6.8.3; https://parawisata.us"
69.197.149.50 - - [22/Jan/2026:12:05:15 -0500] "GET /wp-includes/x2850cc/index.php?id=333095 HTTP/1.1" 200 - "https://parawisata.us/wp-includes/x2850cc/index.php?id=333095" "Mozilla/5.0 (Windows NT 10.0; Win64; x64) AppleWebKit/537.36 (KHTML, like Gecko) Chrome/58.0.3029.110 Safari/537.3"
142.44.233.120 - - [22/Jan/2026:12:06:45 -0500] "GET /206281362 HTTP/1.1" 404 43596 "-" "Mozilla/5.0 (compatible; AhrefsBot/7.0; +http://ahrefs.com/robot/)"
66.249.68.38 - - [22/Jan/2026:12:06:55 -0500] "GET /398943876.html HTTP/1.1" 200 226 "-" "Mozilla/5.0 (Linux; Android 6.0.1; Nexus 5X Build/MMB29P) AppleWebKit/537.36 (KHTML, like Gecko) Chrome/143.0.7499.192 Mobile Safari/537.36 (compatible; Googlebot/2.1; +http://www.google.com/bot.html)"
66.249.68.39 - - [22/Jan/2026:12:07:09 -0500] "GET /536212056.html HTTP/1.1" 200 226 "-" "Mozilla/5.0 (Linux; Android 6.0.1; Nexus 5X Build/MMB29P) AppleWebKit/537.36 (KHTML, like Gecko) Chrome/143.0.7499.192 Mobile Safari/537.36 (compatible; Googlebot/2.1; +http://www.google.com/bot.html)"
66.249.68.32 - - [22/Jan/2026:12:07:09 -0500] "GET /?j=2174442445192&channel=115e00&from=https://www.parawisata.us/post.php?products/figuratively/2619303284.phtml HTTP/1.1" 200 226 "-" "Mozilla/5.0 (Linux; Android 6.0.1; Nexus 5X Build/MMB29P) AppleWebKit/537.36 (KHTML, like Gecko) Chrome/143.0.7499.192 Mobile Safari/537.36 (compatible; Googlebot/2.1; +http://www.google.com/bot.html)"
68.65.122.212 - - [22/Jan/2026:12:07:46 -0500] "POST /wp-cron.php?doing_wp_cron=1769101666.1010050773620605468750 HTTP/1.1" 404 43596 "-" "WordPress/6.8.3; https://parawisata.us"
54.39.6.179 - - [22/Jan/2026:12:07:45 -0500] "GET /201866598 HTTP/1.1" 404 43596 "-" "Mozilla/5.0 (compatible; AhrefsBot/7.0; +http://ahrefs.com/robot/)"
114.119.139.118 - - [22/Jan/2026:12:08:03 -0500] "GET /products/neolamarckism/1769351113.phtml HTTP/1.1" 404 43596 "https://parawisata.us/?sitemap627.xml" "Mozilla/5.0 (Linux; Android 7.0;) AppleWebKit/537.36 (KHTML, like Gecko) Mobile Safari/537.36 (compatible; PetalBot;+https://webmaster.petalsearch.com/site/petalbot)"
66.249.79.3 - - [22/Jan/2026:12:08:05 -0500] "GET /tent061000819.html HTTP/1.1" 200 226 "-" "Mozilla/5.0 (Linux; Android 6.0.1; Nexus 5X Build/MMB29P) AppleWebKit/537.36 (KHTML, like Gecko) Chrome/143.0.7499.192 Mobile Safari/537.36 (compatible; Googlebot/2.1; +http://www.google.com/bot.html)"
66.249.68.32 - - [22/Jan/2026:12:08:10 -0500] "GET /230609496.html HTTP/1.1" 200 226 "-" "Mozilla/5.0 (Linux; Android 6.0.1; Nexus 5X Build/MMB29P) AppleWebKit/537.36 (KHTML, like Gecko) Chrome/143.0.7499.192 Mobile Safari/537.36 (compatible; Googlebot/2.1; +http://www.google.com/bot.html)"
69.197.149.50 - - [22/Jan/2026:12:06:45 -0500] "GET /wp-includes/x2850cc/index.php?id=333095 HTTP/1.1" 200 - "https://parawisata.us/wp-includes/x2850cc/index.php?id=333095" "Mozilla/5.0 (Windows NT 10.0; Win64; x64) AppleWebKit/537.36 (KHTML, like Gecko) Chrome/58.0.3029.110 Safari/537.3"
66.249.68.38 - - [22/Jan/2026:12:08:27 -0500] "GET /45699996.html HTTP/1.1" 200 226 "-" "Mozilla/5.0 (Linux; Android 6.0.1; Nexus 5X Build/MMB29P) AppleWebKit/537.36 (KHTML, like Gecko) Chrome/143.0.7499.192 Mobile Safari/537.36 (compatible; Googlebot/2.1; +http://www.google.com/bot.html)"
51.222.95.15 - - [22/Jan/2026:12:08:32 -0500] "GET /201044106 HTTP/1.1" 404 43596 "-" "Mozilla/5.0 (compatible; AhrefsBot/7.0; +http://ahrefs.com/robot/)"
66.249.68.38 - - [22/Jan/2026:12:08:33 -0500] "GET /?j=2174442445192&channel=115e00&from=https://www.parawisata.us/post.php?products/carpologist/2228896773.phtml HTTP/1.1" 200 226 "-" "Mozilla/5.0 (Linux; Android 6.0.1; Nexus 5X Build/MMB29P) AppleWebKit/537.36 (KHTML, like Gecko) Chrome/143.0.7499.192 Mobile Safari/537.36 (compatible; Googlebot/2.1; +http://www.google.com/bot.html)"
66.249.79.1 - - [22/Jan/2026:12:08:33 -0500] "GET /183447963 HTTP/1.1" 200 226 "-" "Mozilla/5.0 (Linux; Android 6.0.1; Nexus 5X Build/MMB29P) AppleWebKit/537.36 (KHTML, like Gecko) Chrome/143.0.7499.192 Mobile Safari/537.36 (compatible; Googlebot/2.1; +http://www.google.com/bot.html)"
66.249.68.38 - - [22/Jan/2026:12:09:01 -0500] "GET /?j=2174442445192&channel=115e00&from=https://www.parawisata.us/post.php?products/cradlesong/2962755987.phtml HTTP/1.1" 200 226 "-" "Mozilla/5.0 (Linux; Android 6.0.1; Nexus 5X Build/MMB29P) AppleWebKit/537.36 (KHTML, like Gecko) Chrome/143.0.7499.192 Mobile Safari/537.36 (compatible; Googlebot/2.1; +http://www.google.com/bot.html)"
15.235.98.243 - - [22/Jan/2026:12:09:18 -0500] "GET /198595323 HTTP/1.1" 404 43596 "-" "Mozilla/5.0 (compatible; AhrefsBot/7.0; +http://ahrefs.com/robot/)"
68.65.122.212 - - [22/Jan/2026:12:09:19 -0500] "POST /wp-cron.php?doing_wp_cron=1769101758.8937718868255615234375 HTTP/1.1" 404 43596 "-" "WordPress/6.8.3; https://parawisata.us"
114.119.150.110 - - [22/Jan/2026:12:09:29 -0500] "GET /products/nemophila/132889643.phtml HTTP/1.1" 404 43596 "https://parawisata.us/?sitemap627.xml" "Mozilla/5.0 (Linux; Android 7.0;) AppleWebKit/537.36 (KHTML, like Gecko) Mobile Safari/537.36 (compatible; PetalBot;+https://webmaster.petalsearch.com/site/petalbot)"
69.197.149.50 - - [22/Jan/2026:12:08:14 -0500] "GET /wp-includes/x2850cc/index.php?id=333095 HTTP/1.1" 200 - "https://parawisata.us/wp-includes/x2850cc/index.php?id=333095" "Mozilla/5.0 (Windows NT 10.0; Win64; x64) AppleWebKit/537.36 (KHTML, like Gecko) Chrome/58.0.3029.110 Safari/537.3"
66.249.68.39 - - [22/Jan/2026:12:09:57 -0500] "GET /school/e21?pid=332 HTTP/1.1" 200 226 "-" "Mozilla/5.0 (Linux; Android 6.0.1; Nexus 5X Build/MMB29P) AppleWebKit/537.36 (KHTML, like Gecko) Chrome/143.0.7499.192 Mobile Safari/537.36 (compatible; Googlebot/2.1; +http://www.google.com/bot.html)"
66.249.68.38 - - [22/Jan/2026:12:09:57 -0500] "GET /?j=2174442445192&channel=115e00&from=https://www.parawisata.us/post.php?products/tutorship/1415783393.phtml HTTP/1.1" 200 226 "-" "Mozilla/5.0 (Linux; Android 6.0.1; Nexus 5X Build/MMB29P) AppleWebKit/537.36 (KHTML, like Gecko) Chrome/143.0.7499.192 Mobile Safari/537.36 (compatible; Googlebot/2.1; +http://www.google.com/bot.html)"
167.114.139.104 - - [22/Jan/2026:12:10:04 -0500] "GET /193160685 HTTP/1.1" 404 43596 "-" "Mozilla/5.0 (compatible; AhrefsBot/7.0; +http://ahrefs.com/robot/)"
66.249.68.38 - - [22/Jan/2026:12:10:25 -0500] "GET /?j=2174442445192&channel=115e00&from=https://www.parawisata.us/post.php?products/sequential/302463670.phtml HTTP/1.1" 200 226 "-" "Mozilla/5.0 (Linux; Android 6.0.1; Nexus 5X Build/MMB29P) AppleWebKit/537.36 (KHTML, like Gecko) Chrome/143.0.7499.192 Mobile Safari/537.36 (compatible; Googlebot/2.1; +http://www.google.com/bot.html)"
68.65.122.212 - - [22/Jan/2026:12:10:52 -0500] "POST /wp-cron.php?doing_wp_cron=1769101851.9533689022064208984375 HTTP/1.1" 404 43596 "-" "WordPress/6.8.3; https://parawisata.us"
114.119.139.118 - - [22/Jan/2026:12:10:51 -0500] "GET /products/negotiable/1118374040.phtml HTTP/1.1" 404 43596 "https://parawisata.us/?sitemap627.xml" "Mozilla/5.0 (Linux; Android 7.0;) AppleWebKit/537.36 (KHTML, like Gecko) Mobile Safari/537.36 (compatible; PetalBot;+https://webmaster.petalsearch.com/site/petalbot)"
66.249.68.39 - - [22/Jan/2026:12:10:53 -0500] "GET /?j=2174442445192&channel=115e00&from=https://www.parawisata.us/post.php?products/besmutted/4213908004.phtml HTTP/1.1" 200 226 "-" "Mozilla/5.0 (Linux; Android 6.0.1; Nexus 5X Build/MMB29P) AppleWebKit/537.36 (KHTML, like Gecko) Chrome/143.0.7499.192 Mobile Safari/537.36 (compatible; Googlebot/2.1; +http://www.google.com/bot.html)"
66.249.68.39 - - [22/Jan/2026:12:10:53 -0500] "GET /?j=2174442445192&channel=115e00&from=https://www.parawisata.us/post.php?products/adjoin/2011726863.phtml HTTP/1.1" 200 226 "-" "Mozilla/5.0 (Linux; Android 6.0.1; Nexus 5X Build/MMB29P) AppleWebKit/537.36 (KHTML, like Gecko) Chrome/143.0.7499.192 Mobile Safari/537.36 (compatible; Googlebot/2.1; +http://www.google.com/bot.html)"
66.249.68.39 - - [22/Jan/2026:12:10:53 -0500] "GET /?j=2174442445192&channel=115e00&from=https://www.parawisata.us/post.php?products/vindemial/2584129601.phtml HTTP/1.1" 200 226 "-" "Mozilla/5.0 (Linux; Android 6.0.1; Nexus 5X Build/MMB29P) AppleWebKit/537.36 (KHTML, like Gecko) Chrome/143.0.7499.192 Mobile Safari/537.36 (compatible; Googlebot/2.1; +http://www.google.com/bot.html)"
142.44.228.237 - - [22/Jan/2026:12:11:01 -0500] "GET /192904611 HTTP/1.1" 404 43596 "-" "Mozilla/5.0 (compatible; AhrefsBot/7.0; +http://ahrefs.com/robot/)"
69.197.149.50 - - [22/Jan/2026:12:09:44 -0500] "GET /wp-includes/x2850cc/index.php?id=333095 HTTP/1.1" 200 - "https://parawisata.us/wp-includes/x2850cc/index.php?id=333095" "Mozilla/5.0 (Windows NT 10.0; Win64; x64) AppleWebKit/537.36 (KHTML, like Gecko) Chrome/58.0.3029.110 Safari/537.3"
66.249.79.3 - - [22/Jan/2026:12:11:19 -0500] "GET /hormone/z66?pid=777 HTTP/1.1" 200 226 "-" "Mozilla/5.0 (Linux; Android 6.0.1; Nexus 5X Build/MMB29P) AppleWebKit/537.36 (KHTML, like Gecko) Chrome/143.0.7499.192 Mobile Safari/537.36 (compatible; Googlebot/2.1; +http://www.google.com/bot.html)"
66.249.68.38 - - [22/Jan/2026:12:11:24 -0500] "GET /?j=2174442445192&channel=115e00&from=https://www.parawisata.us/post.php?products/collocalia/3543805547.phtml HTTP/1.1" 200 226 "-" "Mozilla/5.0 (Linux; Android 6.0.1; Nexus 5X Build/MMB29P) AppleWebKit/537.36 (KHTML, like Gecko) Chrome/143.0.7499.192 Mobile Safari/537.36 (compatible; Googlebot/2.1; +http://www.google.com/bot.html)"
66.249.79.1 - - [22/Jan/2026:12:11:52 -0500] "GET /ctg/search/similarImageSearchResultView/?ctgItemCd=22394858 HTTP/1.1" 200 226 "-" "Mozilla/5.0 (Linux; Android 6.0.1; Nexus 5X Build/MMB29P) AppleWebKit/537.36 (KHTML, like Gecko) Chrome/143.0.7499.192 Mobile Safari/537.36 (compatible; Googlebot/2.1; +http://www.google.com/bot.html)"
68.65.122.212 - - [22/Jan/2026:12:12:01 -0500] "POST /wp-cron.php?doing_wp_cron=1769101921.7107338905334472656250 HTTP/1.1" 404 43596 "-" "WordPress/6.8.3; https://parawisata.us"
51.161.65.36 - - [22/Jan/2026:12:12:01 -0500] "GET /192187242 HTTP/1.1" 404 43596 "-" "Mozilla/5.0 (compatible; AhrefsBot/7.0; +http://ahrefs.com/robot/)"
114.119.141.24 - - [22/Jan/2026:12:12:14 -0500] "GET /products/nebulous/2471247255.phtml HTTP/1.1" 404 43596 "https://parawisata.us/?sitemap627.xml" "Mozilla/5.0 (Linux; Android 7.0;) AppleWebKit/537.36 (KHTML, like Gecko) Mobile Safari/537.36 (compatible; PetalBot;+https://webmaster.petalsearch.com/site/petalbot)"
69.197.149.50 - - [22/Jan/2026:12:11:14 -0500] "GET /wp-includes/x2850cc/index.php?id=333095 HTTP/1.1" 200 - "https://parawisata.us/wp-includes/x2850cc/index.php?id=333095" "Mozilla/5.0 (Windows NT 10.0; Win64; x64) AppleWebKit/537.36 (KHTML, like Gecko) Chrome/58.0.3029.110 Safari/537.3"
142.44.225.23 - - [22/Jan/2026:12:12:55 -0500] "GET /185388216 HTTP/1.1" 404 43596 "-" "Mozilla/5.0 (compatible; AhrefsBot/7.0; +http://ahrefs.com/robot/)"
66.249.68.32 - - [22/Jan/2026:12:13:26 -0500] "GET /ctg/search/similarImageSearchResultView/?ctgItemCd=12019731 HTTP/1.1" 200 226 "-" "Mozilla/5.0 (Linux; Android 6.0.1; Nexus 5X Build/MMB29P) AppleWebKit/537.36 (KHTML, like Gecko) Chrome/143.0.7499.192 Mobile Safari/537.36 (compatible; Googlebot/2.1; +http://www.google.com/bot.html)"
204.12.208.18 - - [22/Jan/2026:12:13:28 -0500] "GET /wp-includes/x2850cc/index.php HTTP/1.1" 200 26 "https://parawisata.us/wp-includes/x2850cc/index.php" "Mozilla/5.0 (Macintosh; Intel Mac OS X 10_6_8) AppleWebKit/534.52.7 (KHTML, like Gecko) Version/5.1.2 Safari/534.52.7"
114.119.150.110 - - [22/Jan/2026:12:13:39 -0500] "GET /products/navigator/1831100517.phtml HTTP/1.1" 404 43596 "https://parawisata.us/?sitemap848.xml" "Mozilla/5.0 (Linux; Android 7.0;) AppleWebKit/537.36 (KHTML, like Gecko) Mobile Safari/537.36 (compatible; PetalBot;+https://webmaster.petalsearch.com/site/petalbot)"
68.65.122.212 - - [22/Jan/2026:12:13:39 -0500] "POST /wp-cron.php?doing_wp_cron=1769102019.7056059837341308593750 HTTP/1.1" 404 43596 "-" "WordPress/6.8.3; https://parawisata.us"
142.44.228.0 - - [22/Jan/2026:12:13:48 -0500] "GET /179720820 HTTP/1.1" 404 43596 "-" "Mozilla/5.0 (compatible; AhrefsBot/7.0; +http://ahrefs.com/robot/)"
66.249.68.39 - - [22/Jan/2026:12:13:54 -0500] "GET /?j=2174442445192&channel=115e00&from=https://www.parawisata.us/post.php?products/caelatura/1734874084.phtml HTTP/1.1" 200 226 "-" "Mozilla/5.0 (Linux; Android 6.0.1; Nexus 5X Build/MMB29P) AppleWebKit/537.36 (KHTML, like Gecko) Chrome/143.0.7499.192 Mobile Safari/537.36 (compatible; Googlebot/2.1; +http://www.google.com/bot.html)"
66.249.68.39 - - [22/Jan/2026:12:13:54 -0500] "GET /?j=2174442445192&channel=115e00&from=https://www.parawisata.us/post.php?products/devastavit/1788834491.phtml HTTP/1.1" 200 226 "-" "Mozilla/5.0 (Linux; Android 6.0.1; Nexus 5X Build/MMB29P) AppleWebKit/537.36 (KHTML, like Gecko) Chrome/143.0.7499.192 Mobile Safari/537.36 (compatible; Googlebot/2.1; +http://www.google.com/bot.html)"
66.249.68.39 - - [22/Jan/2026:12:13:54 -0500] "GET /?j=2174442445192&channel=115e00&from=https://www.parawisata.us/post.php?products/divident/4233457949.phtml HTTP/1.1" 200 226 "-" "Mozilla/5.0 (Linux; Android 6.0.1; Nexus 5X Build/MMB29P) AppleWebKit/537.36 (KHTML, like Gecko) Chrome/143.0.7499.192 Mobile Safari/537.36 (compatible; Googlebot/2.1; +http://www.google.com/bot.html)"
69.197.149.50 - - [22/Jan/2026:12:12:46 -0500] "GET /wp-includes/x2850cc/index.php?id=333095 HTTP/1.1" 200 - "https://parawisata.us/wp-includes/x2850cc/index.php?id=333095" "Mozilla/5.0 (Windows NT 10.0; Win64; x64) AppleWebKit/537.36 (KHTML, like Gecko) Chrome/58.0.3029.110 Safari/537.3"
66.249.79.1 - - [22/Jan/2026:12:14:50 -0500] "GET /products/tunnies/3153824456.phtml HTTP/1.1" 200 226 "-" "Mozilla/5.0 (Linux; Android 6.0.1; Nexus 5X Build/MMB29P) AppleWebKit/537.36 (KHTML, like Gecko) Chrome/143.0.7499.192 Mobile Safari/537.36 (compatible; Googlebot/2.1; +http://www.google.com/bot.html)"
66.249.79.3 - - [22/Jan/2026:12:14:50 -0500] "GET /product/edit/82188 HTTP/1.1" 200 226 "-" "Mozilla/5.0 (Linux; Android 6.0.1; Nexus 5X Build/MMB29P) AppleWebKit/537.36 (KHTML, like Gecko) Chrome/143.0.7499.192 Mobile Safari/537.36 (compatible; Googlebot/2.1; +http://www.google.com/bot.html)"
54.39.203.181 - - [22/Jan/2026:12:14:49 -0500] "GET /17884464 HTTP/1.1" 404 43596 "-" "Mozilla/5.0 (compatible; AhrefsBot/7.0; +http://ahrefs.com/robot/)"
68.65.122.212 - - [22/Jan/2026:12:14:50 -0500] "POST /wp-cron.php?doing_wp_cron=1769102089.9719479084014892578125 HTTP/1.1" 404 43596 "-" "WordPress/6.8.3; https://parawisata.us"
114.119.139.118 - - [22/Jan/2026:12:15:01 -0500] "GET /products/nautili/1881675692.phtml HTTP/1.1" 404 43596 "https://parawisata.us/?sitemap627.xml" "Mozilla/5.0 (Linux; Android 7.0;) AppleWebKit/537.36 (KHTML, like Gecko) Mobile Safari/537.36 (compatible; PetalBot;+https://webmaster.petalsearch.com/site/petalbot)"
66.249.68.38 - - [22/Jan/2026:12:15:18 -0500] "GET /?j=2174442445192&channel=115e00&from=https://www.parawisata.us/post.php?products/mendel/296230732.phtml HTTP/1.1" 200 226 "-" "Mozilla/5.0 (Linux; Android 6.0.1; Nexus 5X Build/MMB29P) AppleWebKit/537.36 (KHTML, like Gecko) Chrome/143.0.7499.192 Mobile Safari/537.36 (compatible; Googlebot/2.1; +http://www.google.com/bot.html)"
69.197.149.50 - - [22/Jan/2026:12:14:18 -0500] "GET /wp-includes/x2850cc/index.php?id=333095 HTTP/1.1" 200 - "https://parawisata.us/wp-includes/x2850cc/index.php?id=333095" "Mozilla/5.0 (Windows NT 10.0; Win64; x64) AppleWebKit/537.36 (KHTML, like Gecko) Chrome/58.0.3029.110 Safari/537.3"
