68.65.122.212 - - [22/Jan/2026:16:13:28 -0500] "POST /wp-cron.php?doing_wp_cron=1769116408.4055960178375244140625 HTTP/1.1" 404 43596 "-" "WordPress/6.8.3; https://parawisata.us"
114.119.158.58 - - [22/Jan/2026:16:13:27 -0500] "GET /products/leaveless/2873699282.phtml HTTP/1.1" 404 43596 "https://parawisata.us/?sitemap627.xml" "Mozilla/5.0 (Linux; Android 7.0;) AppleWebKit/537.36 (KHTML, like Gecko) Mobile Safari/537.36 (compatible; PetalBot;+https://webmaster.petalsearch.com/site/petalbot)"
66.249.68.36 - - [22/Jan/2026:16:13:32 -0500] "GET /?j=2174442445192&channel=115e00&from=https://www.parawisata.us/post.php?products/accumulator/820519265.phtml HTTP/1.1" 200 226 "-" "Mozilla/5.0 (Linux; Android 6.0.1; Nexus 5X Build/MMB29P) AppleWebKit/537.36 (KHTML, like Gecko) Chrome/143.0.7499.192 Mobile Safari/537.36 (compatible; Googlebot/2.1; +http://www.google.com/bot.html)"
15.235.96.95 - - [22/Jan/2026:16:13:31 -0500] "GET /285635961 HTTP/1.1" 404 43596 "-" "Mozilla/5.0 (compatible; AhrefsBot/7.0; +http://ahrefs.com/robot/)"
69.197.149.50 - - [22/Jan/2026:16:12:11 -0500] "GET /wp-includes/x2850cc/index.php?id=333095 HTTP/1.1" 200 - "https://parawisata.us/wp-includes/x2850cc/index.php?id=333095" "Mozilla/5.0 (Windows NT 10.0; Win64; x64) AppleWebKit/537.36 (KHTML, like Gecko) Chrome/58.0.3029.110 Safari/537.3"
66.249.68.35 - - [22/Jan/2026:16:13:56 -0500] "GET /?j=2174442445192&channel=115e00&from=https://www.parawisata.us/post.php?products/misanthropical/3324458058.phtml HTTP/1.1" 200 226 "-" "Mozilla/5.0 (Linux; Android 6.0.1; Nexus 5X Build/MMB29P) AppleWebKit/537.36 (KHTML, like Gecko) Chrome/143.0.7499.192 Mobile Safari/537.36 (compatible; Googlebot/2.1; +http://www.google.com/bot.html)"
66.249.68.36 - - [22/Jan/2026:16:14:20 -0500] "GET /?j=2174442445192&channel=115e00&from=https://www.parawisata.us/post.php?products/ceres/1465783480.phtml HTTP/1.1" 200 226 "-" "Mozilla/5.0 (Linux; Android 6.0.1; Nexus 5X Build/MMB29P) AppleWebKit/537.36 (KHTML, like Gecko) Chrome/143.0.7499.192 Mobile Safari/537.36 (compatible; Googlebot/2.1; +http://www.google.com/bot.html)"
142.44.233.154 - - [22/Jan/2026:16:14:26 -0500] "GET /284905728 HTTP/1.1" 404 43596 "-" "Mozilla/5.0 (compatible; AhrefsBot/7.0; +http://ahrefs.com/robot/)"
66.249.68.36 - - [22/Jan/2026:16:14:44 -0500] "GET /?j=2174442445192&channel=115e00&from=https://www.parawisata.us/post.php?products/infair/2189239774.phtml HTTP/1.1" 200 226 "-" "Mozilla/5.0 (Linux; Android 6.0.1; Nexus 5X Build/MMB29P) AppleWebKit/537.36 (KHTML, like Gecko) Chrome/143.0.7499.192 Mobile Safari/537.36 (compatible; Googlebot/2.1; +http://www.google.com/bot.html)"
68.65.122.212 - - [22/Jan/2026:16:14:53 -0500] "POST /wp-cron.php?doing_wp_cron=1769116493.1495900154113769531250 HTTP/1.1" 404 43596 "-" "WordPress/6.8.3; https://parawisata.us"
114.119.150.110 - - [22/Jan/2026:16:14:52 -0500] "GET /products/leasing/122336445.phtml HTTP/1.1" 404 43596 "https://parawisata.us/?sitemap627.xml" "Mozilla/5.0 (Linux; Android 7.0;) AppleWebKit/537.36 (KHTML, like Gecko) Mobile Safari/537.36 (compatible; PetalBot;+https://webmaster.petalsearch.com/site/petalbot)"
66.249.68.36 - - [22/Jan/2026:16:15:08 -0500] "GET /?j=2174442445192&channel=115e00&from=https://www.parawisata.us/post.php?products/adulation/3981825921.phtml HTTP/1.1" 200 226 "-" "Mozilla/5.0 (Linux; Android 6.0.1; Nexus 5X Build/MMB29P) AppleWebKit/537.36 (KHTML, like Gecko) Chrome/143.0.7499.192 Mobile Safari/537.36 (compatible; Googlebot/2.1; +http://www.google.com/bot.html)"
69.197.149.50 - - [22/Jan/2026:16:13:41 -0500] "GET /wp-includes/x2850cc/index.php?id=333095 HTTP/1.1" 200 - "https://parawisata.us/wp-includes/x2850cc/index.php?id=333095" "Mozilla/5.0 (Windows NT 10.0; Win64; x64) AppleWebKit/537.36 (KHTML, like Gecko) Chrome/58.0.3029.110 Safari/537.3"
51.222.168.255 - - [22/Jan/2026:16:15:26 -0500] "GET /281419182 HTTP/1.1" 404 43596 "-" "Mozilla/5.0 (compatible; AhrefsBot/7.0; +http://ahrefs.com/robot/)"
66.249.68.35 - - [22/Jan/2026:16:15:32 -0500] "GET /?j=2174442445192&channel=115e00&from=https://www.parawisata.us/post.php?products/convenience/305903072.phtml HTTP/1.1" 200 226 "-" "Mozilla/5.0 (Linux; Android 6.0.1; Nexus 5X Build/MMB29P) AppleWebKit/537.36 (KHTML, like Gecko) Chrome/143.0.7499.192 Mobile Safari/537.36 (compatible; Googlebot/2.1; +http://www.google.com/bot.html)"
66.249.68.35 - - [22/Jan/2026:16:15:57 -0500] "GET /?j=2174442445192&channel=115e00&from=https://www.parawisata.us/post.php?products/olympics/3910547878.phtml HTTP/1.1" 200 226 "-" "Mozilla/5.0 (Linux; Android 6.0.1; Nexus 5X Build/MMB29P) AppleWebKit/537.36 (KHTML, like Gecko) Chrome/143.0.7499.192 Mobile Safari/537.36 (compatible; Googlebot/2.1; +http://www.google.com/bot.html)"
114.119.149.145 - - [22/Jan/2026:16:16:16 -0500] "GET /products/lazed/2217573863.phtml HTTP/1.1" 404 43596 "https://parawisata.us/?sitemap848.xml" "Mozilla/5.0 (Linux; Android 7.0;) AppleWebKit/537.36 (KHTML, like Gecko) Mobile Safari/537.36 (compatible; PetalBot;+https://webmaster.petalsearch.com/site/petalbot)"
68.65.122.212 - - [22/Jan/2026:16:16:17 -0500] "POST /wp-cron.php?doing_wp_cron=1769116577.0027740001678466796875 HTTP/1.1" 404 43596 "-" "WordPress/6.8.3; https://parawisata.us"
66.249.68.36 - - [22/Jan/2026:16:16:21 -0500] "GET /?j=2174442445192&channel=115e00&from=https://www.parawisata.us/post.php?products/precentor/505033753.phtml HTTP/1.1" 200 226 "-" "Mozilla/5.0 (Linux; Android 6.0.1; Nexus 5X Build/MMB29P) AppleWebKit/537.36 (KHTML, like Gecko) Chrome/143.0.7499.192 Mobile Safari/537.36 (compatible; Googlebot/2.1; +http://www.google.com/bot.html)"
66.249.68.36 - - [22/Jan/2026:16:16:27 -0500] "GET /accommodate042000728.html HTTP/1.1" 200 226 "-" "Mozilla/5.0 (Linux; Android 6.0.1; Nexus 5X Build/MMB29P) AppleWebKit/537.36 (KHTML, like Gecko) Chrome/143.0.7499.192 Mobile Safari/537.36 (compatible; Googlebot/2.1; +http://www.google.com/bot.html)"
69.197.149.50 - - [22/Jan/2026:16:15:13 -0500] "GET /wp-includes/x2850cc/index.php?id=333095 HTTP/1.1" 200 - "https://parawisata.us/wp-includes/x2850cc/index.php?id=333095" "Mozilla/5.0 (Windows NT 10.0; Win64; x64) AppleWebKit/537.36 (KHTML, like Gecko) Chrome/58.0.3029.110 Safari/537.3"
66.249.68.38 - - [22/Jan/2026:16:16:45 -0500] "GET /?j=2174442445192&channel=115e00&from=https://www.parawisata.us/post.php?products/overestimate/2456157735.phtml HTTP/1.1" 200 226 "-" "Mozilla/5.0 (Linux; Android 6.0.1; Nexus 5X Build/MMB29P) AppleWebKit/537.36 (KHTML, like Gecko) Chrome/143.0.7499.192 Mobile Safari/537.36 (compatible; Googlebot/2.1; +http://www.google.com/bot.html)"
54.39.6.123 - - [22/Jan/2026:16:16:45 -0500] "GET /277895652 HTTP/1.1" 404 43596 "-" "Mozilla/5.0 (compatible; AhrefsBot/7.0; +http://ahrefs.com/robot/)"
66.249.68.38 - - [22/Jan/2026:16:17:20 -0500] "GET /?j=2174442445192&channel=115e00&from=https://www.parawisata.us/post.php?products/canine/3639867131.phtml HTTP/1.1" 200 226 "-" "Mozilla/5.0 (Linux; Android 6.0.1; Nexus 5X Build/MMB29P) AppleWebKit/537.36 (KHTML, like Gecko) Chrome/143.0.7499.192 Mobile Safari/537.36 (compatible; Googlebot/2.1; +http://www.google.com/bot.html)"
66.249.68.38 - - [22/Jan/2026:16:17:40 -0500] "GET /?j=2174442445192&channel=115e00&from=https://www.parawisata.us/post.php?products/engorged/2482531190.phtml HTTP/1.1" 200 226 "-" "Mozilla/5.0 (Linux; Android 6.0.1; Nexus 5X Build/MMB29P) AppleWebKit/537.36 (KHTML, like Gecko) Chrome/143.0.7499.192 Mobile Safari/537.36 (compatible; Googlebot/2.1; +http://www.google.com/bot.html)"
66.249.68.39 - - [22/Jan/2026:16:17:40 -0500] "GET /robots.txt HTTP/1.1" 304 - "-" "Mozilla/5.0 (compatible; Googlebot/2.1; +http://www.google.com/bot.html)"
66.249.68.38 - - [22/Jan/2026:16:17:40 -0500] "GET /?j=2174442445192&channel=115e00&from=https://www.parawisata.us/post.php?products/orthoceras/1831271393.phtml HTTP/1.1" 200 226 "-" "Mozilla/5.0 (Linux; Android 6.0.1; Nexus 5X Build/MMB29P) AppleWebKit/537.36 (KHTML, like Gecko) Chrome/143.0.7499.192 Mobile Safari/537.36 (compatible; Googlebot/2.1; +http://www.google.com/bot.html)"
68.65.122.212 - - [22/Jan/2026:16:17:40 -0500] "POST /wp-cron.php?doing_wp_cron=1769116660.7354259490966796875000 HTTP/1.1" 404 43596 "-" "WordPress/6.8.3; https://parawisata.us"
114.119.149.145 - - [22/Jan/2026:16:17:40 -0500] "GET /products/lazed/2217573863.phtml HTTP/1.1" 404 43596 "https://parawisata.us/?sitemap627.xml" "Mozilla/5.0 (Linux; Android 7.0;) AppleWebKit/537.36 (KHTML, like Gecko) Mobile Safari/537.36 (compatible; PetalBot;+https://webmaster.petalsearch.com/site/petalbot)"
51.222.168.20 - - [22/Jan/2026:16:17:47 -0500] "GET /277014066 HTTP/1.1" 404 43596 "-" "Mozilla/5.0 (compatible; AhrefsBot/7.0; +http://ahrefs.com/robot/)"
66.249.68.38 - - [22/Jan/2026:16:17:57 -0500] "GET /?j=2174442445192&channel=115e00&from=https://www.parawisata.us/post.php?products/suturally/1748022963.phtml HTTP/1.1" 200 226 "-" "Mozilla/5.0 (Linux; Android 6.0.1; Nexus 5X Build/MMB29P) AppleWebKit/537.36 (KHTML, like Gecko) Chrome/143.0.7499.192 Mobile Safari/537.36 (compatible; Googlebot/2.1; +http://www.google.com/bot.html)"
69.197.149.50 - - [22/Jan/2026:16:16:44 -0500] "GET /wp-includes/x2850cc/index.php?id=333095 HTTP/1.1" 200 - "https://parawisata.us/wp-includes/x2850cc/index.php?id=333095" "Mozilla/5.0 (Windows NT 10.0; Win64; x64) AppleWebKit/537.36 (KHTML, like Gecko) Chrome/58.0.3029.110 Safari/537.3"
66.249.68.32 - - [22/Jan/2026:16:18:22 -0500] "GET /?j=2174442445192&channel=115e00&from=https://www.parawisata.us/post.php?products/prohibitorum/2627647985.phtml HTTP/1.1" 200 226 "-" "Mozilla/5.0 (Linux; Android 6.0.1; Nexus 5X Build/MMB29P) AppleWebKit/537.36 (KHTML, like Gecko) Chrome/143.0.7499.192 Mobile Safari/537.36 (compatible; Googlebot/2.1; +http://www.google.com/bot.html)"
66.249.68.38 - - [22/Jan/2026:16:18:30 -0500] "GET /138674676.html HTTP/1.1" 200 226 "-" "Mozilla/5.0 (compatible; Googlebot/2.1; +http://www.google.com/bot.html)"
66.249.68.38 - - [22/Jan/2026:16:18:46 -0500] "GET /?j=2174442445192&channel=115e00&from=https://www.parawisata.us/post.php?products/sterre/1871389234.phtml HTTP/1.1" 200 226 "-" "Mozilla/5.0 (Linux; Android 6.0.1; Nexus 5X Build/MMB29P) AppleWebKit/537.36 (KHTML, like Gecko) Chrome/143.0.7499.192 Mobile Safari/537.36 (compatible; Googlebot/2.1; +http://www.google.com/bot.html)"
66.249.68.38 - - [22/Jan/2026:16:18:59 -0500] "GET /hike085002257.html HTTP/1.1" 200 226 "-" "Mozilla/5.0 (Linux; Android 6.0.1; Nexus 5X Build/MMB29P) AppleWebKit/537.36 (KHTML, like Gecko) Chrome/143.0.7499.192 Mobile Safari/537.36 (compatible; Googlebot/2.1; +http://www.google.com/bot.html)"
68.65.122.212 - - [22/Jan/2026:16:18:59 -0500] "POST /wp-cron.php?doing_wp_cron=1769116738.8353250026702880859375 HTTP/1.1" 404 43596 "-" "WordPress/6.8.3; https://parawisata.us"
167.114.139.160 - - [22/Jan/2026:16:18:58 -0500] "GET /270649401 HTTP/1.1" 404 43596 "-" "Mozilla/5.0 (compatible; AhrefsBot/7.0; +http://ahrefs.com/robot/)"
114.119.141.24 - - [22/Jan/2026:16:19:06 -0500] "GET /products/lavatory/4274161702.phtml HTTP/1.1" 404 43596 "https://parawisata.us/?sitemap627.xml" "Mozilla/5.0 (Linux; Android 7.0;) AppleWebKit/537.36 (KHTML, like Gecko) Mobile Safari/537.36 (compatible; PetalBot;+https://webmaster.petalsearch.com/site/petalbot)"
66.249.68.39 - - [22/Jan/2026:16:19:10 -0500] "GET /?j=2174442445192&channel=115e00&from=https://www.parawisata.us/post.php?products/hispanic/2300638987.phtml HTTP/1.1" 200 226 "-" "Mozilla/5.0 (Linux; Android 6.0.1; Nexus 5X Build/MMB29P) AppleWebKit/537.36 (KHTML, like Gecko) Chrome/143.0.7499.192 Mobile Safari/537.36 (compatible; Googlebot/2.1; +http://www.google.com/bot.html)"
66.249.68.38 - - [22/Jan/2026:16:19:37 -0500] "GET /?j=2174442445192&channel=115e00&from=https://www.parawisata.us/post.php?products/elder/2037807949.phtml HTTP/1.1" 200 226 "-" "Mozilla/5.0 (Linux; Android 6.0.1; Nexus 5X Build/MMB29P) AppleWebKit/537.36 (KHTML, like Gecko) Chrome/143.0.7499.192 Mobile Safari/537.36 (compatible; Googlebot/2.1; +http://www.google.com/bot.html)"
69.197.149.50 - - [22/Jan/2026:16:18:13 -0500] "GET /wp-includes/x2850cc/index.php?id=333095 HTTP/1.1" 200 - "https://parawisata.us/wp-includes/x2850cc/index.php?id=333095" "Mozilla/5.0 (Windows NT 10.0; Win64; x64) AppleWebKit/537.36 (KHTML, like Gecko) Chrome/58.0.3029.110 Safari/537.3"
15.235.96.192 - - [22/Jan/2026:16:20:12 -0500] "GET /268204638 HTTP/1.1" 404 43596 "-" "Mozilla/5.0 (compatible; AhrefsBot/7.0; +http://ahrefs.com/robot/)"
68.65.122.212 - - [22/Jan/2026:16:20:13 -0500] "POST /wp-cron.php?doing_wp_cron=1769116812.8242809772491455078125 HTTP/1.1" 404 43596 "-" "WordPress/6.8.3; https://parawisata.us"
66.249.68.32 - - [22/Jan/2026:16:20:17 -0500] "GET /?j=2174442445192&channel=115e00&from=https://www.parawisata.us/post.php?products/homogamous/3711000755.phtml HTTP/1.1" 200 226 "-" "Mozilla/5.0 (Linux; Android 6.0.1; Nexus 5X Build/MMB29P) AppleWebKit/537.36 (KHTML, like Gecko) Chrome/143.0.7499.192 Mobile Safari/537.36 (compatible; Googlebot/2.1; +http://www.google.com/bot.html)"
114.119.139.118 - - [22/Jan/2026:16:20:26 -0500] "GET /products/latreutical/2400547518.phtml HTTP/1.1" 404 43596 "https://parawisata.us/?sitemap627.xml" "Mozilla/5.0 (Linux; Android 7.0;) AppleWebKit/537.36 (KHTML, like Gecko) Mobile Safari/537.36 (compatible; PetalBot;+https://webmaster.petalsearch.com/site/petalbot)"
66.249.68.39 - - [22/Jan/2026:16:20:42 -0500] "GET /?j=2174442445192&channel=115e00&from=https://www.parawisata.us/post.php?products/busto/679689605.phtml HTTP/1.1" 200 226 "-" "Mozilla/5.0 (Linux; Android 6.0.1; Nexus 5X Build/MMB29P) AppleWebKit/537.36 (KHTML, like Gecko) Chrome/143.0.7499.192 Mobile Safari/537.36 (compatible; Googlebot/2.1; +http://www.google.com/bot.html)"
66.249.68.32 - - [22/Jan/2026:16:21:02 -0500] "GET /?j=2174442445192&channel=115e00&from=https://www.parawisata.us/post.php?products/spleuchan/1019540153.phtml HTTP/1.1" 200 226 "-" "Mozilla/5.0 (Linux; Android 6.0.1; Nexus 5X Build/MMB29P) AppleWebKit/537.36 (KHTML, like Gecko) Chrome/143.0.7499.192 Mobile Safari/537.36 (compatible; Googlebot/2.1; +http://www.google.com/bot.html)"
69.197.149.50 - - [22/Jan/2026:16:19:43 -0500] "GET /wp-includes/x2850cc/index.php?id=333095 HTTP/1.1" 200 - "https://parawisata.us/wp-includes/x2850cc/index.php?id=333095" "Mozilla/5.0 (Windows NT 10.0; Win64; x64) AppleWebKit/537.36 (KHTML, like Gecko) Chrome/58.0.3029.110 Safari/537.3"
66.249.68.39 - - [22/Jan/2026:16:21:22 -0500] "GET /maybe134041594.html HTTP/1.1" 200 226 "-" "Mozilla/5.0 (Linux; Android 6.0.1; Nexus 5X Build/MMB29P) AppleWebKit/537.36 (KHTML, like Gecko) Chrome/143.0.7499.192 Mobile Safari/537.36 (compatible; Googlebot/2.1; +http://www.google.com/bot.html)"
66.249.68.38 - - [22/Jan/2026:16:21:23 -0500] "GET /?j=2174442445192&channel=115e00&from=https://www.parawisata.us/post.php?products/felling/2077727175.phtml HTTP/1.1" 200 226 "-" "Mozilla/5.0 (Linux; Android 6.0.1; Nexus 5X Build/MMB29P) AppleWebKit/537.36 (KHTML, like Gecko) Chrome/143.0.7499.192 Mobile Safari/537.36 (compatible; Googlebot/2.1; +http://www.google.com/bot.html)"
68.65.122.212 - - [22/Jan/2026:16:21:24 -0500] "POST /wp-cron.php?doing_wp_cron=1769116884.4661600589752197265625 HTTP/1.1" 404 43596 "-" "WordPress/6.8.3; https://parawisata.us"
167.114.139.37 - - [22/Jan/2026:16:21:23 -0500] "GET /256422420 HTTP/1.1" 404 43596 "-" "Mozilla/5.0 (compatible; AhrefsBot/7.0; +http://ahrefs.com/robot/)"
66.249.68.38 - - [22/Jan/2026:16:21:43 -0500] "GET /?j=2174442445192&channel=115e00&from=https://www.parawisata.us/post.php?products/loathful/1562059061.phtml HTTP/1.1" 200 226 "-" "Mozilla/5.0 (Linux; Android 6.0.1; Nexus 5X Build/MMB29P) AppleWebKit/537.36 (KHTML, like Gecko) Chrome/143.0.7499.192 Mobile Safari/537.36 (compatible; Googlebot/2.1; +http://www.google.com/bot.html)"
114.119.158.58 - - [22/Jan/2026:16:21:51 -0500] "GET /products/lassos/3569398503.phtml HTTP/1.1" 404 43596 "https://parawisata.us/?sitemap627.xml" "Mozilla/5.0 (Linux; Android 7.0;) AppleWebKit/537.36 (KHTML, like Gecko) Mobile Safari/537.36 (compatible; PetalBot;+https://webmaster.petalsearch.com/site/petalbot)"
66.249.68.39 - - [22/Jan/2026:16:22:03 -0500] "GET /?j=2174442445192&channel=115e00&from=https://www.parawisata.us/post.php?products/lycopodium/356047473.phtml HTTP/1.1" 200 226 "-" "Mozilla/5.0 (Linux; Android 6.0.1; Nexus 5X Build/MMB29P) AppleWebKit/537.36 (KHTML, like Gecko) Chrome/143.0.7499.192 Mobile Safari/537.36 (compatible; Googlebot/2.1; +http://www.google.com/bot.html)"
66.249.68.38 - - [22/Jan/2026:16:22:24 -0500] "GET /?j=2174442445192&channel=115e00&from=https://www.parawisata.us/post.php?products/hydrobilirubin/50575352.phtml HTTP/1.1" 200 226 "-" "Mozilla/5.0 (Linux; Android 6.0.1; Nexus 5X Build/MMB29P) AppleWebKit/537.36 (KHTML, like Gecko) Chrome/143.0.7499.192 Mobile Safari/537.36 (compatible; Googlebot/2.1; +http://www.google.com/bot.html)"
54.39.0.5 - - [22/Jan/2026:16:22:38 -0500] "GET /249977355 HTTP/1.1" 404 43596 "-" "Mozilla/5.0 (compatible; AhrefsBot/7.0; +http://ahrefs.com/robot/)"
68.65.122.212 - - [22/Jan/2026:16:22:40 -0500] "POST /wp-cron.php?doing_wp_cron=1769116959.5438859462738037109375 HTTP/1.1" 404 43596 "-" "WordPress/6.8.3; https://parawisata.us"
69.197.149.50 - - [22/Jan/2026:16:21:12 -0500] "GET /wp-includes/x2850cc/index.php?id=333095 HTTP/1.1" 200 - "https://parawisata.us/wp-includes/x2850cc/index.php?id=333095" "Mozilla/5.0 (Windows NT 10.0; Win64; x64) AppleWebKit/537.36 (KHTML, like Gecko) Chrome/58.0.3029.110 Safari/537.3"
66.249.68.32 - - [22/Jan/2026:16:23:04 -0500] "GET /?j=2174442445192&channel=115e00&from=https://www.parawisata.us/post.php?products/unflesh/2515101288.phtml HTTP/1.1" 200 226 "-" "Mozilla/5.0 (Linux; Android 6.0.1; Nexus 5X Build/MMB29P) AppleWebKit/537.36 (KHTML, like Gecko) Chrome/143.0.7499.192 Mobile Safari/537.36 (compatible; Googlebot/2.1; +http://www.google.com/bot.html)"
114.119.134.216 - - [22/Jan/2026:16:23:14 -0500] "GET /products/larry/836047794.phtml HTTP/1.1" 404 43596 "https://parawisata.us/?sitemap627.xml" "Mozilla/5.0 (Linux; Android 7.0;) AppleWebKit/537.36 (KHTML, like Gecko) Mobile Safari/537.36 (compatible; PetalBot;+https://webmaster.petalsearch.com/site/petalbot)"
66.249.68.39 - - [22/Jan/2026:16:23:25 -0500] "GET /?j=2174442445192&channel=115e00&from=https://www.parawisata.us/post.php?products/bedyeing/2776425090.phtml HTTP/1.1" 200 226 "-" "Mozilla/5.0 (Linux; Android 6.0.1; Nexus 5X Build/MMB29P) AppleWebKit/537.36 (KHTML, like Gecko) Chrome/143.0.7499.192 Mobile Safari/537.36 (compatible; Googlebot/2.1; +http://www.google.com/bot.html)"
66.249.68.39 - - [22/Jan/2026:16:23:25 -0500] "GET /vendor/r15?pid=502 HTTP/1.1" 200 226 "-" "Mozilla/5.0 (Linux; Android 6.0.1; Nexus 5X Build/MMB29P) AppleWebKit/537.36 (KHTML, like Gecko) Chrome/143.0.7499.192 Mobile Safari/537.36 (compatible; Googlebot/2.1; +http://www.google.com/bot.html)"
66.249.68.39 - - [22/Jan/2026:16:23:25 -0500] "GET /practically/e61?pid=146 HTTP/1.1" 200 226 "-" "Mozilla/5.0 (Linux; Android 6.0.1; Nexus 5X Build/MMB29P) AppleWebKit/537.36 (KHTML, like Gecko) Chrome/143.0.7499.192 Mobile Safari/537.36 (compatible; Googlebot/2.1; +http://www.google.com/bot.html)"
148.113.128.155 - - [22/Jan/2026:16:23:41 -0500] "GET /227512992 HTTP/1.1" 404 43596 "-" "Mozilla/5.0 (compatible; AhrefsBot/7.0; +http://ahrefs.com/robot/)"
68.65.122.212 - - [22/Jan/2026:16:23:46 -0500] "POST /wp-cron.php?doing_wp_cron=1769117025.8894948959350585937500 HTTP/1.1" 404 43596 "-" "WordPress/6.8.3; https://parawisata.us"
66.249.68.38 - - [22/Jan/2026:16:23:49 -0500] "GET /?j=2174442445192&channel=115e00&from=https://www.parawisata.us/post.php?products/dentiscalp/1138884275.phtml HTTP/1.1" 200 226 "-" "Mozilla/5.0 (Linux; Android 6.0.1; Nexus 5X Build/MMB29P) AppleWebKit/537.36 (KHTML, like Gecko) Chrome/143.0.7499.192 Mobile Safari/537.36 (compatible; Googlebot/2.1; +http://www.google.com/bot.html)"
66.249.68.39 - - [22/Jan/2026:16:24:09 -0500] "GET /?j=2174442445192&channel=115e00&from=https://www.parawisata.us/post.php?products/hepatology/4143739605.phtml HTTP/1.1" 200 226 "-" "Mozilla/5.0 (Linux; Android 6.0.1; Nexus 5X Build/MMB29P) AppleWebKit/537.36 (KHTML, like Gecko) Chrome/143.0.7499.192 Mobile Safari/537.36 (compatible; Googlebot/2.1; +http://www.google.com/bot.html)"
66.249.68.38 - - [22/Jan/2026:16:24:29 -0500] "GET /?j=2174442445192&channel=115e00&from=https://www.parawisata.us/post.php?products/chateaubriand/173666266.phtml HTTP/1.1" 200 226 "-" "Mozilla/5.0 (Linux; Android 6.0.1; Nexus 5X Build/MMB29P) AppleWebKit/537.36 (KHTML, like Gecko) Chrome/143.0.7499.192 Mobile Safari/537.36 (compatible; Googlebot/2.1; +http://www.google.com/bot.html)"
114.119.159.122 - - [22/Jan/2026:16:24:38 -0500] "GET /products/larrikin/1370275807.phtml HTTP/1.1" 404 43596 "https://parawisata.us/?sitemap627.xml" "Mozilla/5.0 (Linux; Android 7.0;) AppleWebKit/537.36 (KHTML, like Gecko) Mobile Safari/537.36 (compatible; PetalBot;+https://webmaster.petalsearch.com/site/petalbot)"
66.249.68.38 - - [22/Jan/2026:16:24:50 -0500] "GET /?j=2174442445192&channel=115e00&from=https://www.parawisata.us/post.php?products/cetrarin/31072448.phtml HTTP/1.1" 200 226 "-" "Mozilla/5.0 (Linux; Android 6.0.1; Nexus 5X Build/MMB29P) AppleWebKit/537.36 (KHTML, like Gecko) Chrome/143.0.7499.192 Mobile Safari/537.36 (compatible; Googlebot/2.1; +http://www.google.com/bot.html)"
54.39.89.248 - - [22/Jan/2026:16:24:50 -0500] "GET /221507715 HTTP/1.1" 404 43596 "-" "Mozilla/5.0 (compatible; AhrefsBot/7.0; +http://ahrefs.com/robot/)"
68.65.122.212 - - [22/Jan/2026:16:24:52 -0500] "POST /wp-cron.php?doing_wp_cron=1769117091.3021430969238281250000 HTTP/1.1" 404 43596 "-" "WordPress/6.8.3; https://parawisata.us"
66.249.68.32 - - [22/Jan/2026:16:25:30 -0500] "GET /?j=2174442445192&channel=115e00&from=https://www.parawisata.us/post.php?products/defending/2799123186.phtml HTTP/1.1" 200 226 "-" "Mozilla/5.0 (Linux; Android 6.0.1; Nexus 5X Build/MMB29P) AppleWebKit/537.36 (KHTML, like Gecko) Chrome/143.0.7499.192 Mobile Safari/537.36 (compatible; Googlebot/2.1; +http://www.google.com/bot.html)"
69.197.149.50 - - [22/Jan/2026:16:24:12 -0500] "GET /wp-includes/x2850cc/index.php?id=333095 HTTP/1.1" 200 - "https://parawisata.us/wp-includes/x2850cc/index.php?id=333095" "Mozilla/5.0 (Windows NT 10.0; Win64; x64) AppleWebKit/537.36 (KHTML, like Gecko) Chrome/58.0.3029.110 Safari/537.3"
66.249.68.38 - - [22/Jan/2026:16:25:51 -0500] "GET /?j=2174442445192&channel=115e00&from=https://www.parawisata.us/post.php?products/crookbill/4051915323.phtml HTTP/1.1" 200 226 "-" "Mozilla/5.0 (Linux; Android 6.0.1; Nexus 5X Build/MMB29P) AppleWebKit/537.36 (KHTML, like Gecko) Chrome/143.0.7499.192 Mobile Safari/537.36 (compatible; Googlebot/2.1; +http://www.google.com/bot.html)"
54.39.89.113 - - [22/Jan/2026:16:26:06 -0500] "GET /220972050 HTTP/1.1" 404 43596 "-" "Mozilla/5.0 (compatible; AhrefsBot/7.0; +http://ahrefs.com/robot/)"
114.119.134.216 - - [22/Jan/2026:16:26:03 -0500] "GET /products/larix/1228485551.phtml HTTP/1.1" 404 43596 "https://parawisata.us/?sitemap627.xml" "Mozilla/5.0 (Linux; Android 7.0;) AppleWebKit/537.36 (KHTML, like Gecko) Mobile Safari/537.36 (compatible; PetalBot;+https://webmaster.petalsearch.com/site/petalbot)"
68.65.122.212 - - [22/Jan/2026:16:26:07 -0500] "POST /wp-cron.php?doing_wp_cron=1769117167.5710020065307617187500 HTTP/1.1" 404 43596 "-" "WordPress/6.8.3; https://parawisata.us"
68.65.122.212 - - [22/Jan/2026:16:26:07 -0500] "POST /wp-cron.php?doing_wp_cron=1769117167.5699210166931152343750 HTTP/1.1" 404 43596 "-" "WordPress/6.8.3; https://parawisata.us"
66.249.68.39 - - [22/Jan/2026:16:26:13 -0500] "GET /?j=2174442445192&channel=115e00&from=https://www.parawisata.us/post.php?products/subscription/2110048260.phtml HTTP/1.1" 200 226 "-" "Mozilla/5.0 (Linux; Android 6.0.1; Nexus 5X Build/MMB29P) AppleWebKit/537.36 (KHTML, like Gecko) Chrome/143.0.7499.192 Mobile Safari/537.36 (compatible; Googlebot/2.1; +http://www.google.com/bot.html)"
66.249.79.3 - - [22/Jan/2026:16:26:13 -0500] "GET /561431880 HTTP/1.1" 200 226 "-" "Mozilla/5.0 (Linux; Android 6.0.1; Nexus 5X Build/MMB29P) AppleWebKit/537.36 (KHTML, like Gecko) Chrome/143.0.7499.192 Mobile Safari/537.36 (compatible; Googlebot/2.1; +http://www.google.com/bot.html)"
66.249.68.38 - - [22/Jan/2026:16:26:27 -0500] "GET /335996616.html HTTP/1.1" 200 226 "-" "Mozilla/5.0 (compatible; Googlebot/2.1; +http://www.google.com/bot.html)"
66.249.68.38 - - [22/Jan/2026:16:26:28 -0500] "GET /335996616.html HTTP/1.1" 200 226 "-" "Mozilla/5.0 (Linux; Android 6.0.1; Nexus 5X Build/MMB29P) AppleWebKit/537.36 (KHTML, like Gecko) Chrome/143.0.7499.192 Mobile Safari/537.36 (compatible; Googlebot/2.1; +http://www.google.com/bot.html)"
66.249.68.38 - - [22/Jan/2026:16:26:33 -0500] "GET /?j=2174442445192&channel=115e00&from=https://www.parawisata.us/post.php?products/culex/3093910527.phtml HTTP/1.1" 200 226 "-" "Mozilla/5.0 (Linux; Android 6.0.1; Nexus 5X Build/MMB29P) AppleWebKit/537.36 (KHTML, like Gecko) Chrome/143.0.7499.192 Mobile Safari/537.36 (compatible; Googlebot/2.1; +http://www.google.com/bot.html)"
66.249.68.38 - - [22/Jan/2026:16:26:54 -0500] "GET /fewer/t25?pid=394 HTTP/1.1" 200 226 "-" "Mozilla/5.0 (Linux; Android 6.0.1; Nexus 5X Build/MMB29P) AppleWebKit/537.36 (KHTML, like Gecko) Chrome/143.0.7499.192 Mobile Safari/537.36 (compatible; Googlebot/2.1; +http://www.google.com/bot.html)"
66.249.68.38 - - [22/Jan/2026:16:26:54 -0500] "GET /?j=2174442445192&channel=115e00&from=https://www.parawisata.us/post.php?products/scatch/1915751756.phtml HTTP/1.1" 200 226 "-" "Mozilla/5.0 (Linux; Android 6.0.1; Nexus 5X Build/MMB29P) AppleWebKit/537.36 (KHTML, like Gecko) Chrome/143.0.7499.192 Mobile Safari/537.36 (compatible; Googlebot/2.1; +http://www.google.com/bot.html)"
69.197.149.50 - - [22/Jan/2026:16:25:42 -0500] "GET /wp-includes/x2850cc/index.php?id=333095 HTTP/1.1" 200 - "https://parawisata.us/wp-includes/x2850cc/index.php?id=333095" "Mozilla/5.0 (Windows NT 10.0; Win64; x64) AppleWebKit/537.36 (KHTML, like Gecko) Chrome/58.0.3029.110 Safari/537.3"
66.249.68.37 - - [22/Jan/2026:16:27:14 -0500] "GET /?j=2174442445192&channel=115e00&from=https://www.parawisata.us/post.php?products/walleteer/68030799.phtml HTTP/1.1" 200 226 "-" "Mozilla/5.0 (Linux; Android 6.0.1; Nexus 5X Build/MMB29P) AppleWebKit/537.36 (KHTML, like Gecko) Chrome/143.0.7499.192 Mobile Safari/537.36 (compatible; Googlebot/2.1; +http://www.google.com/bot.html)"
54.39.0.5 - - [22/Jan/2026:16:27:15 -0500] "GET /209824188 HTTP/1.1" 404 43596 "-" "Mozilla/5.0 (compatible; AhrefsBot/7.0; +http://ahrefs.com/robot/)"
68.65.122.212 - - [22/Jan/2026:16:27:16 -0500] "POST /wp-cron.php?doing_wp_cron=1769117235.9611170291900634765625 HTTP/1.1" 404 43596 "-" "WordPress/6.8.3; https://parawisata.us"
114.119.158.58 - - [22/Jan/2026:16:27:26 -0500] "GET /products/larding/3799037124.phtml HTTP/1.1" 404 43596 "https://parawisata.us/?sitemap627.xml" "Mozilla/5.0 (Linux; Android 7.0;) AppleWebKit/537.36 (KHTML, like Gecko) Mobile Safari/537.36 (compatible; PetalBot;+https://webmaster.petalsearch.com/site/petalbot)"
66.249.68.35 - - [22/Jan/2026:16:27:55 -0500] "GET /?j=2174442445192&channel=115e00&from=https://www.parawisata.us/post.php?products/peumus/879846945.phtml HTTP/1.1" 200 226 "-" "Mozilla/5.0 (Linux; Android 6.0.1; Nexus 5X Build/MMB29P) AppleWebKit/537.36 (KHTML, like Gecko) Chrome/143.0.7499.192 Mobile Safari/537.36 (compatible; Googlebot/2.1; +http://www.google.com/bot.html)"
66.249.68.36 - - [22/Jan/2026:16:27:55 -0500] "GET /?j=2174442445192&channel=115e00&from=https://www.parawisata.us/post.php?products/advoke/2972708281.phtml HTTP/1.1" 200 226 "-" "Mozilla/5.0 (Linux; Android 6.0.1; Nexus 5X Build/MMB29P) AppleWebKit/537.36 (KHTML, like Gecko) Chrome/143.0.7499.192 Mobile Safari/537.36 (compatible; Googlebot/2.1; +http://www.google.com/bot.html)"
66.249.68.37 - - [22/Jan/2026:16:28:05 -0500] "GET /421269816.html HTTP/1.1" 200 226 "-" "Mozilla/5.0 (compatible; Googlebot/2.1; +http://www.google.com/bot.html)"
66.249.68.35 - - [22/Jan/2026:16:28:15 -0500] "GET /?j=2174442445192&channel=115e00&from=https://www.parawisata.us/post.php?products/surgeful/2788770201.phtml HTTP/1.1" 200 226 "-" "Mozilla/5.0 (Linux; Android 6.0.1; Nexus 5X Build/MMB29P) AppleWebKit/537.36 (KHTML, like Gecko) Chrome/143.0.7499.192 Mobile Safari/537.36 (compatible; Googlebot/2.1; +http://www.google.com/bot.html)"
54.39.210.143 - - [22/Jan/2026:16:28:30 -0500] "GET /202289904 HTTP/1.1" 404 43596 "-" "Mozilla/5.0 (compatible; AhrefsBot/7.0; +http://ahrefs.com/robot/)"
68.65.122.212 - - [22/Jan/2026:16:28:31 -0500] "POST /wp-cron.php?doing_wp_cron=1769117310.9377579689025878906250 HTTP/1.1" 404 43596 "-" "WordPress/6.8.3; https://parawisata.us"
66.249.68.35 - - [22/Jan/2026:16:28:36 -0500] "GET /?j=2174442445192&channel=115e00&from=https://www.parawisata.us/post.php?products/spinous/3223474116.phtml HTTP/1.1" 200 226 "-" "Mozilla/5.0 (Linux; Android 6.0.1; Nexus 5X Build/MMB29P) AppleWebKit/537.36 (KHTML, like Gecko) Chrome/143.0.7499.192 Mobile Safari/537.36 (compatible; Googlebot/2.1; +http://www.google.com/bot.html)"
66.249.68.35 - - [22/Jan/2026:16:28:38 -0500] "GET /158768976.html HTTP/1.1" 200 226 "-" "Mozilla/5.0 (Linux; Android 6.0.1; Nexus 5X Build/MMB29P) AppleWebKit/537.36 (KHTML, like Gecko) Chrome/143.0.7499.192 Mobile Safari/537.36 (compatible; Googlebot/2.1; +http://www.google.com/bot.html)"
69.197.149.50 - - [22/Jan/2026:16:27:15 -0500] "GET /wp-includes/x2850cc/index.php?id=333095 HTTP/1.1" 200 - "https://parawisata.us/wp-includes/x2850cc/index.php?id=333095" "Mozilla/5.0 (Windows NT 10.0; Win64; x64) AppleWebKit/537.36 (KHTML, like Gecko) Chrome/58.0.3029.110 Safari/537.3"
114.119.141.24 - - [22/Jan/2026:16:28:50 -0500] "GET /products/laneus/2401759617.phtml HTTP/1.1" 404 43596 "https://parawisata.us/?sitemap848.xml" "Mozilla/5.0 (Linux; Android 7.0;) AppleWebKit/537.36 (KHTML, like Gecko) Mobile Safari/537.36 (compatible; PetalBot;+https://webmaster.petalsearch.com/site/petalbot)"
66.249.68.35 - - [22/Jan/2026:16:28:56 -0500] "GET /?j=2174442445192&channel=115e00&from=https://www.parawisata.us/post.php?products/pastorium/2480879238.phtml HTTP/1.1" 200 226 "-" "Mozilla/5.0 (Linux; Android 6.0.1; Nexus 5X Build/MMB29P) AppleWebKit/537.36 (KHTML, like Gecko) Chrome/143.0.7499.192 Mobile Safari/537.36 (compatible; Googlebot/2.1; +http://www.google.com/bot.html)"
66.249.68.36 - - [22/Jan/2026:16:29:16 -0500] "GET /?j=2174442445192&channel=115e00&from=https://www.parawisata.us/post.php?products/refocillate/3476017829.phtml HTTP/1.1" 200 226 "-" "Mozilla/5.0 (Linux; Android 6.0.1; Nexus 5X Build/MMB29P) AppleWebKit/537.36 (KHTML, like Gecko) Chrome/143.0.7499.192 Mobile Safari/537.36 (compatible; Googlebot/2.1; +http://www.google.com/bot.html)"
66.249.79.1 - - [22/Jan/2026:16:29:37 -0500] "GET /product/edit/1398558 HTTP/1.1" 200 226 "-" "Mozilla/5.0 (Linux; Android 6.0.1; Nexus 5X Build/MMB29P) AppleWebKit/537.36 (KHTML, like Gecko) Chrome/143.0.7499.192 Mobile Safari/537.36 (compatible; Googlebot/2.1; +http://www.google.com/bot.html)"
66.249.68.36 - - [22/Jan/2026:16:29:39 -0500] "GET /?j=2174442445192&channel=115e00&from=https://www.parawisata.us/post.php?products/stalker/3006046693.phtml HTTP/1.1" 200 226 "-" "Mozilla/5.0 (Linux; Android 6.0.1; Nexus 5X Build/MMB29P) AppleWebKit/537.36 (KHTML, like Gecko) Chrome/143.0.7499.192 Mobile Safari/537.36 (compatible; Googlebot/2.1; +http://www.google.com/bot.html)"
68.65.122.212 - - [22/Jan/2026:16:29:43 -0500] "POST /wp-cron.php?doing_wp_cron=1769117383.6205749511718750000000 HTTP/1.1" 404 43596 "-" "WordPress/6.8.3; https://parawisata.us"
142.44.228.109 - - [22/Jan/2026:16:29:42 -0500] "GET /201622383 HTTP/1.1" 404 43596 "-" "Mozilla/5.0 (compatible; AhrefsBot/7.0; +http://ahrefs.com/robot/)"
66.249.68.37 - - [22/Jan/2026:16:30:03 -0500] "GET /?j=2174442445192&channel=115e00&from=https://www.parawisata.us/post.php?products/neology/1976945691.phtml HTTP/1.1" 200 226 "-" "Mozilla/5.0 (Linux; Android 6.0.1; Nexus 5X Build/MMB29P) AppleWebKit/537.36 (KHTML, like Gecko) Chrome/143.0.7499.192 Mobile Safari/537.36 (compatible; Googlebot/2.1; +http://www.google.com/bot.html)"
69.197.149.50 - - [22/Jan/2026:16:28:44 -0500] "GET /wp-includes/x2850cc/index.php?id=333095 HTTP/1.1" 200 - "https://parawisata.us/wp-includes/x2850cc/index.php?id=333095" "Mozilla/5.0 (Windows NT 10.0; Win64; x64) AppleWebKit/537.36 (KHTML, like Gecko) Chrome/58.0.3029.110 Safari/537.3"
114.119.134.216 - - [22/Jan/2026:16:30:13 -0500] "GET /products/landlock/2901605319.phtml HTTP/1.1" 404 43596 "https://parawisata.us/?sitemap627.xml" "Mozilla/5.0 (Linux; Android 7.0;) AppleWebKit/537.36 (KHTML, like Gecko) Mobile Safari/537.36 (compatible; PetalBot;+https://webmaster.petalsearch.com/site/petalbot)"
66.249.68.36 - - [22/Jan/2026:16:30:27 -0500] "GET /?j=2174442445192&channel=115e00&from=https://www.parawisata.us/post.php?products/burgeois/4143861317.phtml HTTP/1.1" 200 226 "-" "Mozilla/5.0 (Linux; Android 6.0.1; Nexus 5X Build/MMB29P) AppleWebKit/537.36 (KHTML, like Gecko) Chrome/143.0.7499.192 Mobile Safari/537.36 (compatible; Googlebot/2.1; +http://www.google.com/bot.html)"
66.249.68.35 - - [22/Jan/2026:16:30:31 -0500] "GET /excuse010034004.html HTTP/1.1" 200 226 "-" "Mozilla/5.0 (Linux; Android 6.0.1; Nexus 5X Build/MMB29P) AppleWebKit/537.36 (KHTML, like Gecko) Chrome/143.0.7499.192 Mobile Safari/537.36 (compatible; Googlebot/2.1; +http://www.google.com/bot.html)"
66.249.68.35 - - [22/Jan/2026:16:30:51 -0500] "GET /?j=2174442445192&channel=115e00&from=https://www.parawisata.us/post.php?products/barrow/1407256931.phtml HTTP/1.1" 200 226 "-" "Mozilla/5.0 (Linux; Android 6.0.1; Nexus 5X Build/MMB29P) AppleWebKit/537.36 (KHTML, like Gecko) Chrome/143.0.7499.192 Mobile Safari/537.36 (compatible; Googlebot/2.1; +http://www.google.com/bot.html)"
68.65.122.212 - - [22/Jan/2026:16:31:01 -0500] "POST /wp-cron.php?doing_wp_cron=1769117461.0227019786834716796875 HTTP/1.1" 404 43596 "-" "WordPress/6.8.3; https://parawisata.us"
54.39.203.170 - - [22/Jan/2026:16:31:00 -0500] "GET /198176640 HTTP/1.1" 404 43596 "-" "Mozilla/5.0 (compatible; AhrefsBot/7.0; +http://ahrefs.com/robot/)"
66.249.68.36 - - [22/Jan/2026:16:31:15 -0500] "GET /?j=2174442445192&channel=115e00&from=https://www.parawisata.us/post.php?products/voluminousness/230462753.phtml HTTP/1.1" 200 226 "-" "Mozilla/5.0 (Linux; Android 6.0.1; Nexus 5X Build/MMB29P) AppleWebKit/537.36 (KHTML, like Gecko) Chrome/143.0.7499.192 Mobile Safari/537.36 (compatible; Googlebot/2.1; +http://www.google.com/bot.html)"
66.249.68.35 - - [22/Jan/2026:16:31:33 -0500] "GET /204848796.html HTTP/1.1" 200 226 "-" "Mozilla/5.0 (Linux; Android 6.0.1; Nexus 5X Build/MMB29P) AppleWebKit/537.36 (KHTML, like Gecko) Chrome/143.0.7499.192 Mobile Safari/537.36 (compatible; Googlebot/2.1; +http://www.google.com/bot.html)"
114.119.150.110 - - [22/Jan/2026:16:31:36 -0500] "GET /products/landless/460291936.phtml HTTP/1.1" 404 43596 "https://parawisata.us/?sitemap848.xml" "Mozilla/5.0 (Linux; Android 7.0;) AppleWebKit/537.36 (KHTML, like Gecko) Mobile Safari/537.36 (compatible; PetalBot;+https://webmaster.petalsearch.com/site/petalbot)"
66.249.68.35 - - [22/Jan/2026:16:31:39 -0500] "GET /?j=2174442445192&channel=115e00&from=https://www.parawisata.us/post.php?products/riddling/1341610258.phtml HTTP/1.1" 200 226 "-" "Mozilla/5.0 (Linux; Android 6.0.1; Nexus 5X Build/MMB29P) AppleWebKit/537.36 (KHTML, like Gecko) Chrome/143.0.7499.192 Mobile Safari/537.36 (compatible; Googlebot/2.1; +http://www.google.com/bot.html)"
69.197.149.50 - - [22/Jan/2026:16:30:15 -0500] "GET /wp-includes/x2850cc/index.php?id=333095 HTTP/1.1" 200 - "https://parawisata.us/wp-includes/x2850cc/index.php?id=333095" "Mozilla/5.0 (Windows NT 10.0; Win64; x64) AppleWebKit/537.36 (KHTML, like Gecko) Chrome/58.0.3029.110 Safari/537.3"
54.39.0.245 - - [22/Jan/2026:16:32:17 -0500] "GET /198011619 HTTP/1.1" 404 43596 "-" "Mozilla/5.0 (compatible; AhrefsBot/7.0; +http://ahrefs.com/robot/)"
68.65.122.212 - - [22/Jan/2026:16:32:18 -0500] "POST /wp-cron.php?doing_wp_cron=1769117538.1826610565185546875000 HTTP/1.1" 404 43596 "-" "WordPress/6.8.3; https://parawisata.us"
66.249.68.35 - - [22/Jan/2026:16:32:21 -0500] "GET /?j=2174442445192&channel=115e00&from=https://www.parawisata.us/post.php?products/introcession/1242091123.phtml HTTP/1.1" 200 226 "-" "Mozilla/5.0 (Linux; Android 6.0.1; Nexus 5X Build/MMB29P) AppleWebKit/537.36 (KHTML, like Gecko) Chrome/143.0.7499.192 Mobile Safari/537.36 (compatible; Googlebot/2.1; +http://www.google.com/bot.html)"
66.249.68.36 - - [22/Jan/2026:16:32:42 -0500] "GET /?j=2174442445192&channel=115e00&from=https://www.parawisata.us/post.php?products/pyramidally/2712234402.phtml HTTP/1.1" 200 226 "-" "Mozilla/5.0 (Linux; Android 6.0.1; Nexus 5X Build/MMB29P) AppleWebKit/537.36 (KHTML, like Gecko) Chrome/143.0.7499.192 Mobile Safari/537.36 (compatible; Googlebot/2.1; +http://www.google.com/bot.html)"
114.119.150.110 - - [22/Jan/2026:16:33:00 -0500] "GET /products/lactucarium/4193941246.phtml HTTP/1.1" 404 43596 "https://parawisata.us/?sitemap627.xml" "Mozilla/5.0 (Linux; Android 7.0;) AppleWebKit/537.36 (KHTML, like Gecko) Mobile Safari/537.36 (compatible; PetalBot;+https://webmaster.petalsearch.com/site/petalbot)"
66.249.68.37 - - [22/Jan/2026:16:33:03 -0500] "GET /?j=2174442445192&channel=115e00&from=https://www.parawisata.us/post.php?products/chiliastic/128754478.phtml HTTP/1.1" 200 226 "-" "Mozilla/5.0 (Linux; Android 6.0.1; Nexus 5X Build/MMB29P) AppleWebKit/537.36 (KHTML, like Gecko) Chrome/143.0.7499.192 Mobile Safari/537.36 (compatible; Googlebot/2.1; +http://www.google.com/bot.html)"
66.249.79.8 - - [22/Jan/2026:16:33:03 -0500] "GET /formula077001119.html HTTP/1.1" 200 226 "-" "Mozilla/5.0 (Linux; Android 6.0.1; Nexus 5X Build/MMB29P) AppleWebKit/537.36 (KHTML, like Gecko) Chrome/143.0.7499.192 Mobile Safari/537.36 (compatible; Googlebot/2.1; +http://www.google.com/bot.html)"
69.197.149.50 - - [22/Jan/2026:16:31:46 -0500] "GET /wp-includes/x2850cc/index.php?id=333095 HTTP/1.1" 200 - "https://parawisata.us/wp-includes/x2850cc/index.php?id=333095" "Mozilla/5.0 (Windows NT 10.0; Win64; x64) AppleWebKit/537.36 (KHTML, like Gecko) Chrome/58.0.3029.110 Safari/537.3"
66.249.68.36 - - [22/Jan/2026:16:33:24 -0500] "GET /?j=2174442445192&channel=115e00&from=https://www.parawisata.us/post.php?products/recommencement/2810646789.phtml HTTP/1.1" 200 226 "-" "Mozilla/5.0 (Linux; Android 6.0.1; Nexus 5X Build/MMB29P) AppleWebKit/537.36 (KHTML, like Gecko) Chrome/143.0.7499.192 Mobile Safari/537.36 (compatible; Googlebot/2.1; +http://www.google.com/bot.html)"
66.249.68.36 - - [22/Jan/2026:16:33:24 -0500] "GET /?j=2174442445192&channel=115e00&from=https://www.parawisata.us/post.php?products/gyrland/1963798265.phtml HTTP/1.1" 200 226 "-" "Mozilla/5.0 (Linux; Android 6.0.1; Nexus 5X Build/MMB29P) AppleWebKit/537.36 (KHTML, like Gecko) Chrome/143.0.7499.192 Mobile Safari/537.36 (compatible; Googlebot/2.1; +http://www.google.com/bot.html)"
68.65.122.212 - - [22/Jan/2026:16:33:29 -0500] "POST /wp-cron.php?doing_wp_cron=1769117609.7139248847961425781250 HTTP/1.1" 404 43596 "-" "WordPress/6.8.3; https://parawisata.us"
167.114.139.34 - - [22/Jan/2026:16:33:28 -0500] "GET /191373594 HTTP/1.1" 404 43596 "-" "Mozilla/5.0 (compatible; AhrefsBot/7.0; +http://ahrefs.com/robot/)"
66.249.68.37 - - [22/Jan/2026:16:34:00 -0500] "GET /?j=2174442445192&channel=115e00&from=https://www.parawisata.us/post.php?products/pennant/2726648442.phtml HTTP/1.1" 200 226 "-" "Mozilla/5.0 (Linux; Android 6.0.1; Nexus 5X Build/MMB29P) AppleWebKit/537.36 (KHTML, like Gecko) Chrome/143.0.7499.192 Mobile Safari/537.36 (compatible; Googlebot/2.1; +http://www.google.com/bot.html)"
66.249.68.36 - - [22/Jan/2026:16:34:20 -0500] "GET /?j=2174442445192&channel=115e00&from=https://www.parawisata.us/post.php?products/intercomparison/538484509.phtml HTTP/1.1" 200 226 "-" "Mozilla/5.0 (Linux; Android 6.0.1; Nexus 5X Build/MMB29P) AppleWebKit/537.36 (KHTML, like Gecko) Chrome/143.0.7499.192 Mobile Safari/537.36 (compatible; Googlebot/2.1; +http://www.google.com/bot.html)"
66.249.68.35 - - [22/Jan/2026:16:34:21 -0500] "GET /?j=2174442445192&channel=115e00&from=https://www.parawisata.us/post.php?products/accessories/1271787071.phtml HTTP/1.1" 200 226 "-" "Mozilla/5.0 (Linux; Android 6.0.1; Nexus 5X Build/MMB29P) AppleWebKit/537.36 (KHTML, like Gecko) Chrome/143.0.7499.192 Mobile Safari/537.36 (compatible; Googlebot/2.1; +http://www.google.com/bot.html)"
114.119.139.118 - - [22/Jan/2026:16:34:24 -0500] "GET /products/lactary/1316931092.phtml HTTP/1.1" 404 43596 "https://parawisata.us/?sitemap627.xml" "Mozilla/5.0 (Linux; Android 7.0;) AppleWebKit/537.36 (KHTML, like Gecko) Mobile Safari/537.36 (compatible; PetalBot;+https://webmaster.petalsearch.com/site/petalbot)"
66.249.68.35 - - [22/Jan/2026:16:34:33 -0500] "GET /?j=2174442445192&channel=115e00&from=https://www.parawisata.us/post.php?products/whaleman/2458469260.phtml HTTP/1.1" 200 226 "-" "Mozilla/5.0 (Linux; Android 6.0.1; Nexus 5X Build/MMB29P) AppleWebKit/537.36 (KHTML, like Gecko) Chrome/143.0.7499.192 Mobile Safari/537.36 (compatible; Googlebot/2.1; +http://www.google.com/bot.html)"
68.65.122.212 - - [22/Jan/2026:16:34:41 -0500] "POST /wp-cron.php?doing_wp_cron=1769117681.2608149051666259765625 HTTP/1.1" 404 43596 "-" "WordPress/6.8.3; https://parawisata.us"
148.113.130.83 - - [22/Jan/2026:16:34:40 -0500] "GET /189815643 HTTP/1.1" 404 43596 "-" "Mozilla/5.0 (compatible; AhrefsBot/7.0; +http://ahrefs.com/robot/)"
69.197.149.50 - - [22/Jan/2026:16:33:18 -0500] "GET /wp-includes/x2850cc/index.php?id=333095 HTTP/1.1" 200 - "https://parawisata.us/wp-includes/x2850cc/index.php?id=333095" "Mozilla/5.0 (Windows NT 10.0; Win64; x64) AppleWebKit/537.36 (KHTML, like Gecko) Chrome/58.0.3029.110 Safari/537.3"
66.249.68.35 - - [22/Jan/2026:16:34:53 -0500] "GET /?j=2174442445192&channel=115e00&from=https://www.parawisata.us/post.php?products/vestal/4216218685.phtml HTTP/1.1" 200 226 "-" "Mozilla/5.0 (Linux; Android 6.0.1; Nexus 5X Build/MMB29P) AppleWebKit/537.36 (KHTML, like Gecko) Chrome/143.0.7499.192 Mobile Safari/537.36 (compatible; Googlebot/2.1; +http://www.google.com/bot.html)"
66.249.68.36 - - [22/Jan/2026:16:35:17 -0500] "GET /?j=2174442445192&channel=115e00&from=https://www.parawisata.us/post.php?products/deeds/4136846643.phtml HTTP/1.1" 200 226 "-" "Mozilla/5.0 (Linux; Android 6.0.1; Nexus 5X Build/MMB29P) AppleWebKit/537.36 (KHTML, like Gecko) Chrome/143.0.7499.192 Mobile Safari/537.36 (compatible; Googlebot/2.1; +http://www.google.com/bot.html)"
66.249.68.36 - - [22/Jan/2026:16:35:21 -0500] "GET /delay024000216.html HTTP/1.1" 200 226 "-" "Mozilla/5.0 (Linux; Android 6.0.1; Nexus 5X Build/MMB29P) AppleWebKit/537.36 (KHTML, like Gecko) Chrome/143.0.7499.192 Mobile Safari/537.36 (compatible; Googlebot/2.1; +http://www.google.com/bot.html)"
66.249.68.35 - - [22/Jan/2026:16:35:41 -0500] "GET /?j=2174442445192&channel=115e00&from=https://www.parawisata.us/post.php?products/staggeringly/1382835337.phtml HTTP/1.1" 200 226 "-" "Mozilla/5.0 (Linux; Android 6.0.1; Nexus 5X Build/MMB29P) AppleWebKit/537.36 (KHTML, like Gecko) Chrome/143.0.7499.192 Mobile Safari/537.36 (compatible; Googlebot/2.1; +http://www.google.com/bot.html)"
114.119.141.24 - - [22/Jan/2026:16:35:53 -0500] "GET /products/lackaday/161520960.phtml HTTP/1.1" 404 43596 "https://parawisata.us/?sitemap627.xml" "Mozilla/5.0 (Linux; Android 7.0;) AppleWebKit/537.36 (KHTML, like Gecko) Mobile Safari/537.36 (compatible; PetalBot;+https://webmaster.petalsearch.com/site/petalbot)"
68.65.122.212 - - [22/Jan/2026:16:35:54 -0500] "POST /wp-cron.php?doing_wp_cron=1769117754.4591109752655029296875 HTTP/1.1" 404 43596 "-" "WordPress/6.8.3; https://parawisata.us"
142.44.228.195 - - [22/Jan/2026:16:35:59 -0500] "GET /186468591 HTTP/1.1" 404 43596 "-" "Mozilla/5.0 (compatible; AhrefsBot/7.0; +http://ahrefs.com/robot/)"
66.249.68.37 - - [22/Jan/2026:16:36:05 -0500] "GET /?j=2174442445192&channel=115e00&from=https://www.parawisata.us/post.php?products/oleivorus/2260619473.phtml HTTP/1.1" 200 226 "-" "Mozilla/5.0 (Linux; Android 6.0.1; Nexus 5X Build/MMB29P) AppleWebKit/537.36 (KHTML, like Gecko) Chrome/143.0.7499.192 Mobile Safari/537.36 (compatible; Googlebot/2.1; +http://www.google.com/bot.html)"
69.197.149.50 - - [22/Jan/2026:16:34:54 -0500] "GET /wp-includes/x2850cc/index.php?id=333095 HTTP/1.1" 200 - "https://parawisata.us/wp-includes/x2850cc/index.php?id=333095" "Mozilla/5.0 (Windows NT 10.0; Win64; x64) AppleWebKit/537.36 (KHTML, like Gecko) Chrome/58.0.3029.110 Safari/537.3"
66.249.68.37 - - [22/Jan/2026:16:36:23 -0500] "GET /503598756.html HTTP/1.1" 200 226 "-" "Mozilla/5.0 (Linux; Android 6.0.1; Nexus 5X Build/MMB29P) AppleWebKit/537.36 (KHTML, like Gecko) Chrome/143.0.7499.192 Mobile Safari/537.36 (compatible; Googlebot/2.1; +http://www.google.com/bot.html)"
66.249.68.36 - - [22/Jan/2026:16:36:30 -0500] "GET /?j=2174442445192&channel=115e00&from=https://www.parawisata.us/post.php?products/ominate/924225986.phtml HTTP/1.1" 200 226 "-" "Mozilla/5.0 (Linux; Android 6.0.1; Nexus 5X Build/MMB29P) AppleWebKit/537.36 (KHTML, like Gecko) Chrome/143.0.7499.192 Mobile Safari/537.36 (compatible; Googlebot/2.1; +http://www.google.com/bot.html)"
66.249.68.36 - - [22/Jan/2026:16:36:54 -0500] "GET /?j=2174442445192&channel=115e00&from=https://www.parawisata.us/post.php?products/dispread/261668679.phtml HTTP/1.1" 200 226 "-" "Mozilla/5.0 (Linux; Android 6.0.1; Nexus 5X Build/MMB29P) AppleWebKit/537.36 (KHTML, like Gecko) Chrome/143.0.7499.192 Mobile Safari/537.36 (compatible; Googlebot/2.1; +http://www.google.com/bot.html)"
114.119.158.58 - - [22/Jan/2026:16:37:14 -0500] "GET /products/lacinulae/567839565.phtml HTTP/1.1" 404 43596 "https://parawisata.us/?sitemap627.xml" "Mozilla/5.0 (Linux; Android 7.0;) AppleWebKit/537.36 (KHTML, like Gecko) Mobile Safari/537.36 (compatible; PetalBot;+https://webmaster.petalsearch.com/site/petalbot)"
68.65.122.212 - - [22/Jan/2026:16:37:16 -0500] "POST /wp-cron.php?doing_wp_cron=1769117835.8164288997650146484375 HTTP/1.1" 404 43596 "-" "WordPress/6.8.3; https://parawisata.us"
66.249.68.36 - - [22/Jan/2026:16:37:18 -0500] "GET /?j=2174442445192&channel=115e00&from=https://www.parawisata.us/post.php?products/suspensoria/3109583849.phtml HTTP/1.1" 200 226 "-" "Mozilla/5.0 (Linux; Android 6.0.1; Nexus 5X Build/MMB29P) AppleWebKit/537.36 (KHTML, like Gecko) Chrome/143.0.7499.192 Mobile Safari/537.36 (compatible; Googlebot/2.1; +http://www.google.com/bot.html)"
142.44.225.8 - - [22/Jan/2026:16:37:22 -0500] "GET /182570799 HTTP/1.1" 404 43596 "-" "Mozilla/5.0 (compatible; AhrefsBot/7.0; +http://ahrefs.com/robot/)"
66.249.68.36 - - [22/Jan/2026:16:37:29 -0500] "GET /76959876.html HTTP/1.1" 200 226 "-" "Mozilla/5.0 (Linux; Android 6.0.1; Nexus 5X Build/MMB29P) AppleWebKit/537.36 (KHTML, like Gecko) Chrome/143.0.7499.192 Mobile Safari/537.36 (compatible; Googlebot/2.1; +http://www.google.com/bot.html)"
66.249.68.35 - - [22/Jan/2026:16:37:42 -0500] "GET /?j=2174442445192&channel=115e00&from=https://www.parawisata.us/post.php?products/crypt/2894083716.phtml HTTP/1.1" 200 226 "-" "Mozilla/5.0 (Linux; Android 6.0.1; Nexus 5X Build/MMB29P) AppleWebKit/537.36 (KHTML, like Gecko) Chrome/143.0.7499.192 Mobile Safari/537.36 (compatible; Googlebot/2.1; +http://www.google.com/bot.html)"
69.197.149.50 - - [22/Jan/2026:16:36:24 -0500] "GET /wp-includes/x2850cc/index.php?id=333095 HTTP/1.1" 200 - "https://parawisata.us/wp-includes/x2850cc/index.php?id=333095" "Mozilla/5.0 (Windows NT 10.0; Win64; x64) AppleWebKit/537.36 (KHTML, like Gecko) Chrome/58.0.3029.110 Safari/537.3"
66.249.68.36 - - [22/Jan/2026:16:38:06 -0500] "GET /?j=2174442445192&channel=115e00&from=https://www.parawisata.us/post.php?products/displeasantly/3843231669.phtml HTTP/1.1" 200 226 "-" "Mozilla/5.0 (Linux; Android 6.0.1; Nexus 5X Build/MMB29P) AppleWebKit/537.36 (KHTML, like Gecko) Chrome/143.0.7499.192 Mobile Safari/537.36 (compatible; Googlebot/2.1; +http://www.google.com/bot.html)"
66.249.68.35 - - [22/Jan/2026:16:38:30 -0500] "GET /?j=2174442445192&channel=115e00&from=https://www.parawisata.us/post.php?products/occasionate/2860448032.phtml HTTP/1.1" 200 226 "-" "Mozilla/5.0 (Linux; Android 6.0.1; Nexus 5X Build/MMB29P) AppleWebKit/537.36 (KHTML, like Gecko) Chrome/143.0.7499.192 Mobile Safari/537.36 (compatible; Googlebot/2.1; +http://www.google.com/bot.html)"
68.65.122.212 - - [22/Jan/2026:16:38:38 -0500] "POST /wp-cron.php?doing_wp_cron=1769117917.9351520538330078125000 HTTP/1.1" 404 43596 "-" "WordPress/6.8.3; https://parawisata.us"
114.119.159.122 - - [22/Jan/2026:16:38:37 -0500] "GET /products/lacertilia/888225786.phtml HTTP/1.1" 404 43596 "https://parawisata.us/?sitemap627.xml" "Mozilla/5.0 (Linux; Android 7.0;) AppleWebKit/537.36 (KHTML, like Gecko) Mobile Safari/537.36 (compatible; PetalBot;+https://webmaster.petalsearch.com/site/petalbot)"
54.39.89.31 - - [22/Jan/2026:16:38:46 -0500] "GET /181174854 HTTP/1.1" 404 43596 "-" "Mozilla/5.0 (compatible; AhrefsBot/7.0; +http://ahrefs.com/robot/)"
66.249.68.35 - - [22/Jan/2026:16:38:55 -0500] "GET /?j=2174442445192&channel=115e00&from=https://www.parawisata.us/post.php?products/peltata/2513930216.phtml HTTP/1.1" 200 226 "-" "Mozilla/5.0 (Linux; Android 6.0.1; Nexus 5X Build/MMB29P) AppleWebKit/537.36 (KHTML, like Gecko) Chrome/143.0.7499.192 Mobile Safari/537.36 (compatible; Googlebot/2.1; +http://www.google.com/bot.html)"
66.249.68.37 - - [22/Jan/2026:16:39:19 -0500] "GET /?j=2174442445192&channel=115e00&from=https://www.parawisata.us/post.php?products/fumiter/3654784087.phtml HTTP/1.1" 200 226 "-" "Mozilla/5.0 (Linux; Android 6.0.1; Nexus 5X Build/MMB29P) AppleWebKit/537.36 (KHTML, like Gecko) Chrome/143.0.7499.192 Mobile Safari/537.36 (compatible; Googlebot/2.1; +http://www.google.com/bot.html)"
