66.249.68.36 - - [22/Jan/2026:11:33:26 -0500] "GET /?especially/e58?pid=117 HTTP/1.1" 200 226 "-" "Mozilla/5.0 (Linux; Android 6.0.1; Nexus 5X Build/MMB29P) AppleWebKit/537.36 (KHTML, like Gecko) Chrome/143.0.7499.192 Mobile Safari/537.36 (compatible; Googlebot/2.1; +http://www.google.com/bot.html)"
66.249.68.36 - - [22/Jan/2026:11:33:26 -0500] "GET /163549956.html HTTP/1.1" 200 226 "-" "Mozilla/5.0 (Linux; Android 6.0.1; Nexus 5X Build/MMB29P) AppleWebKit/537.36 (KHTML, like Gecko) Chrome/143.0.7499.192 Mobile Safari/537.36 (compatible; Googlebot/2.1; +http://www.google.com/bot.html)"
15.235.98.101 - - [22/Jan/2026:11:33:36 -0500] "GET /337799481 HTTP/1.1" 404 43596 "-" "Mozilla/5.0 (compatible; AhrefsBot/7.0; +http://ahrefs.com/robot/)"
66.249.68.38 - - [22/Jan/2026:11:33:44 -0500] "GET /156024336.html HTTP/1.1" 200 226 "-" "Mozilla/5.0 (compatible; Googlebot/2.1; +http://www.google.com/bot.html)"
68.65.122.212 - - [22/Jan/2026:11:34:21 -0500] "POST /wp-cron.php?doing_wp_cron=1769099661.2068018913269042968750 HTTP/1.1" 404 43596 "-" "WordPress/6.8.3; https://parawisata.us"
15.235.27.217 - - [22/Jan/2026:11:34:20 -0500] "GET /336187260 HTTP/1.1" 404 43596 "-" "Mozilla/5.0 (compatible; AhrefsBot/7.0; +http://ahrefs.com/robot/)"
114.119.141.24 - - [22/Jan/2026:11:34:40 -0500] "GET /products/normalize/897403378.phtml HTTP/1.1" 404 43596 "https://parawisata.us/?sitemap627.xml" "Mozilla/5.0 (Linux; Android 7.0;) AppleWebKit/537.36 (KHTML, like Gecko) Mobile Safari/537.36 (compatible; PetalBot;+https://webmaster.petalsearch.com/site/petalbot)"
69.197.149.50 - - [22/Jan/2026:11:33:27 -0500] "GET /wp-includes/x2850cc/index.php?id=333095 HTTP/1.1" 200 - "https://parawisata.us/wp-includes/x2850cc/index.php?id=333095" "Mozilla/5.0 (Windows NT 10.0; Win64; x64) AppleWebKit/537.36 (KHTML, like Gecko) Chrome/58.0.3029.110 Safari/537.3"
66.249.68.38 - - [22/Jan/2026:11:35:10 -0500] "GET /470666856.html HTTP/1.1" 200 226 "-" "Mozilla/5.0 (Linux; Android 6.0.1; Nexus 5X Build/MMB29P) AppleWebKit/537.36 (KHTML, like Gecko) Chrome/143.0.7499.192 Mobile Safari/537.36 (compatible; Googlebot/2.1; +http://www.google.com/bot.html)"
66.249.68.38 - - [22/Jan/2026:11:35:10 -0500] "GET /and/or035004421.html HTTP/1.1" 200 226 "-" "Mozilla/5.0 (Linux; Android 6.0.1; Nexus 5X Build/MMB29P) AppleWebKit/537.36 (KHTML, like Gecko) Chrome/143.0.7499.192 Mobile Safari/537.36 (compatible; Googlebot/2.1; +http://www.google.com/bot.html)"
66.249.79.1 - - [22/Jan/2026:11:35:10 -0500] "GET /generate/w28?pid=503 HTTP/1.1" 200 226 "-" "Mozilla/5.0 (Linux; Android 6.0.1; Nexus 5X Build/MMB29P) AppleWebKit/537.36 (KHTML, like Gecko) Chrome/143.0.7499.192 Mobile Safari/537.36 (compatible; Googlebot/2.1; +http://www.google.com/bot.html)"
66.249.79.3 - - [22/Jan/2026:11:35:11 -0500] "GET /571524291 HTTP/1.1" 200 226 "-" "Mozilla/5.0 (Linux; Android 6.0.1; Nexus 5X Build/MMB29P) AppleWebKit/537.36 (KHTML, like Gecko) Chrome/143.0.7499.192 Mobile Safari/537.36 (compatible; Googlebot/2.1; +http://www.google.com/bot.html)"
68.65.122.212 - - [22/Jan/2026:11:35:24 -0500] "POST /wp-cron.php?doing_wp_cron=1769099724.7139780521392822265625 HTTP/1.1" 404 43596 "-" "WordPress/6.8.3; https://parawisata.us"
15.235.96.220 - - [22/Jan/2026:11:35:23 -0500] "GET /335580240 HTTP/1.1" 404 43596 "-" "Mozilla/5.0 (compatible; AhrefsBot/7.0; +http://ahrefs.com/robot/)"
15.235.98.160 - - [22/Jan/2026:11:36:18 -0500] "GET /330883071 HTTP/1.1" 404 43596 "-" "Mozilla/5.0 (compatible; AhrefsBot/7.0; +http://ahrefs.com/robot/)"
69.197.149.50 - - [22/Jan/2026:11:34:56 -0500] "GET /wp-includes/x2850cc/index.php?id=333095 HTTP/1.1" 200 - "https://parawisata.us/wp-includes/x2850cc/index.php?id=333095" "Mozilla/5.0 (Windows NT 10.0; Win64; x64) AppleWebKit/537.36 (KHTML, like Gecko) Chrome/58.0.3029.110 Safari/537.3"
66.249.68.32 - - [22/Jan/2026:11:36:34 -0500] "GET /?j=2174442445192&channel=115e00&from=https://www.parawisata.us/post.php?products/catacrotism/501728626.phtml HTTP/1.1" 200 226 "-" "Mozilla/5.0 (Linux; Android 6.0.1; Nexus 5X Build/MMB29P) AppleWebKit/537.36 (KHTML, like Gecko) Chrome/143.0.7499.192 Mobile Safari/537.36 (compatible; Googlebot/2.1; +http://www.google.com/bot.html)"
66.249.68.38 - - [22/Jan/2026:11:36:39 -0500] "GET /northwest/v45?pid=128 HTTP/1.1" 200 226 "-" "Mozilla/5.0 (compatible; Googlebot/2.1; +http://www.google.com/bot.html)"
114.119.141.24 - - [22/Jan/2026:11:37:03 -0500] "GET /products/norfolk/3071044235.phtml HTTP/1.1" 404 43596 "https://parawisata.us/?sitemap627.xml" "Mozilla/5.0 (Linux; Android 7.0;) AppleWebKit/537.36 (KHTML, like Gecko) Mobile Safari/537.36 (compatible; PetalBot;+https://webmaster.petalsearch.com/site/petalbot)"
68.65.122.212 - - [22/Jan/2026:11:37:05 -0500] "POST /wp-cron.php?doing_wp_cron=1769099824.1777889728546142578125 HTTP/1.1" 404 43596 "-" "WordPress/6.8.3; https://parawisata.us"
148.113.128.107 - - [22/Jan/2026:11:37:15 -0500] "GET /326602575 HTTP/1.1" 404 43596 "-" "Mozilla/5.0 (compatible; AhrefsBot/7.0; +http://ahrefs.com/robot/)"
114.119.149.145 - - [22/Jan/2026:11:37:37 -0500] "GET /products/nonunionism/3120059738.phtml HTTP/1.1" 404 43596 "https://parawisata.us/?sitemap627.xml" "Mozilla/5.0 (Linux; Android 7.0;) AppleWebKit/537.36 (KHTML, like Gecko) Mobile Safari/537.36 (compatible; PetalBot;+https://webmaster.petalsearch.com/site/petalbot)"
85.203.21.53 - - [22/Jan/2026:11:37:57 -0500] "GET /wp-confiq.php HTTP/1.1" 404 43596 "http://parawisata.us/wp-confiq.php" "Go-http-client/2.0"
85.203.21.53 - - [22/Jan/2026:11:37:59 -0500] "GET /nrhogjyecktixbal0fnt5Cakc.php HTTP/1.1" 404 43596 "http://parawisata.us/nrhogjyecktixbal0fnt5Cakc.php" "Go-http-client/2.0"
69.197.149.50 - - [22/Jan/2026:11:36:29 -0500] "GET /wp-includes/x2850cc/index.php?id=333095 HTTP/1.1" 200 - "https://parawisata.us/wp-includes/x2850cc/index.php?id=333095" "Mozilla/5.0 (Windows NT 10.0; Win64; x64) AppleWebKit/537.36 (KHTML, like Gecko) Chrome/58.0.3029.110 Safari/537.3"
85.203.21.53 - - [22/Jan/2026:11:38:00 -0500] "GET /manager.php HTTP/1.1" 404 43596 "http://parawisata.us/manager.php" "Go-http-client/2.0"
85.203.21.53 - - [22/Jan/2026:11:38:02 -0500] "GET /znv3hcxz6mwjdz1jwxrxiCakc.php HTTP/1.1" 404 43596 "http://parawisata.us/znv3hcxz6mwjdz1jwxrxiCakc.php" "Go-http-client/2.0"
85.203.21.53 - - [22/Jan/2026:11:38:03 -0500] "GET /ioxi-o.php HTTP/1.1" 404 43596 "http://parawisata.us/ioxi-o.php" "Go-http-client/2.0"
68.65.122.212 - - [22/Jan/2026:11:38:05 -0500] "POST /wp-cron.php?doing_wp_cron=1769099884.2740008831024169921875 HTTP/1.1" 404 43596 "-" "WordPress/6.8.3; https://parawisata.us"
85.203.21.53 - - [22/Jan/2026:11:38:06 -0500] "GET /form.php HTTP/1.1" 404 43596 "http://parawisata.us/form.php" "Go-http-client/2.0"
85.203.21.53 - - [22/Jan/2026:11:38:07 -0500] "GET /wp-links-opml.php HTTP/1.1" 404 43596 "http://parawisata.us/wp-links-opml.php" "Go-http-client/2.0"
85.203.21.53 - - [22/Jan/2026:11:38:08 -0500] "GET /new4.php HTTP/1.1" 404 43596 "http://parawisata.us/new4.php" "Go-http-client/2.0"
85.203.21.53 - - [22/Jan/2026:11:38:10 -0500] "GET /abcd.php HTTP/1.1" 404 43596 "http://parawisata.us/abcd.php" "Go-http-client/2.0"
85.203.21.53 - - [22/Jan/2026:11:38:11 -0500] "GET /uk5pqv0wksbuaourleCakc.php HTTP/1.1" 404 43596 "http://parawisata.us/uk5pqv0wksbuaourleCakc.php" "Go-http-client/2.0"
85.203.21.53 - - [22/Jan/2026:11:38:13 -0500] "GET /aa.php HTTP/1.1" 404 43596 "http://parawisata.us/aa.php" "Go-http-client/2.0"
85.203.21.53 - - [22/Jan/2026:11:38:14 -0500] "GET /wp-content/uploads/admin.php HTTP/1.1" 404 43596 "http://parawisata.us/wp-content/uploads/admin.php" "Go-http-client/2.0"
85.203.21.53 - - [22/Jan/2026:11:38:16 -0500] "GET /wp-admin/shell.php HTTP/1.1" 404 43596 "http://parawisata.us/wp-admin/shell.php" "Go-http-client/2.0"
51.222.168.26 - - [22/Jan/2026:11:38:17 -0500] "GET /325872543 HTTP/1.1" 404 43596 "-" "Mozilla/5.0 (compatible; AhrefsBot/7.0; +http://ahrefs.com/robot/)"
85.203.21.53 - - [22/Jan/2026:11:38:17 -0500] "GET /new.php HTTP/1.1" 404 43596 "http://parawisata.us/new.php" "Go-http-client/2.0"
85.203.21.53 - - [22/Jan/2026:11:38:18 -0500] "GET /themes.php HTTP/1.1" 404 43596 "http://parawisata.us/themes.php" "Go-http-client/2.0"
85.203.21.53 - - [22/Jan/2026:11:38:20 -0500] "GET /test1.php HTTP/1.1" 404 43596 "http://parawisata.us/test1.php" "Go-http-client/2.0"
85.203.21.53 - - [22/Jan/2026:11:38:21 -0500] "GET /nc4.php HTTP/1.1" 404 43596 "http://parawisata.us/nc4.php" "Go-http-client/2.0"
85.203.21.53 - - [22/Jan/2026:11:38:22 -0500] "GET /num.php HTTP/1.1" 404 43596 "http://parawisata.us/num.php" "Go-http-client/2.0"
85.203.21.53 - - [22/Jan/2026:11:38:24 -0500] "GET /admin.php HTTP/1.1" 404 43596 "http://parawisata.us/admin.php" "Go-http-client/2.0"
85.203.21.53 - - [22/Jan/2026:11:38:25 -0500] "GET /wp-admin/ HTTP/1.1" 302 - "http://parawisata.us/wp-admin/" "Go-http-client/2.0"
66.249.68.32 - - [22/Jan/2026:11:38:26 -0500] "GET /?j=2174442445192&channel=115e00&from=https://www.parawisata.us/post.php?products/rumour/2347390124.phtml HTTP/1.1" 200 226 "-" "Mozilla/5.0 (Linux; Android 6.0.1; Nexus 5X Build/MMB29P) AppleWebKit/537.36 (KHTML, like Gecko) Chrome/143.0.7499.192 Mobile Safari/537.36 (compatible; Googlebot/2.1; +http://www.google.com/bot.html)"
85.203.21.53 - - [22/Jan/2026:11:38:26 -0500] "GET /wp-login.php?redirect_to=https%3A%2F%2Fparawisata.us%2Fwp-admin%2F&reauth=1 HTTP/1.1" 404 43596 "https://parawisata.us/wp-admin/" "Go-http-client/2.0"
85.203.21.53 - - [22/Jan/2026:11:38:27 -0500] "GET /wp-content/plugins/aatdgetgdg/main.php HTTP/1.1" 404 43596 "http://parawisata.us/wp-content/plugins/aatdgetgdg/main.php" "Go-http-client/2.0"
85.203.21.53 - - [22/Jan/2026:11:38:28 -0500] "GET /wp-content/plugins/pwnd/pwnd.php HTTP/1.1" 404 43596 "http://parawisata.us/wp-content/plugins/pwnd/pwnd.php" "Go-http-client/2.0"
85.203.21.53 - - [22/Jan/2026:11:38:30 -0500] "GET /filemanager.php HTTP/1.1" 404 43596 "http://parawisata.us/filemanager.php" "Go-http-client/2.0"
85.203.21.53 - - [22/Jan/2026:11:38:31 -0500] "GET /wp-admin/network/cache/ HTTP/1.1" 404 43596 "http://parawisata.us/wp-admin/network/cache/" "Go-http-client/2.0"
85.203.21.53 - - [22/Jan/2026:11:38:33 -0500] "GET /inputs.php HTTP/1.1" 404 43596 "http://parawisata.us/inputs.php" "Go-http-client/2.0"
85.203.21.53 - - [22/Jan/2026:11:38:34 -0500] "GET /upload/ HTTP/1.1" 404 43596 "http://parawisata.us/upload/" "Go-http-client/2.0"
85.203.21.53 - - [22/Jan/2026:11:38:35 -0500] "GET /ioxi-o.php HTTP/1.1" 404 43596 "http://parawisata.us/ioxi-o.php" "Go-http-client/2.0"
85.203.21.53 - - [22/Jan/2026:11:38:36 -0500] "GET /file.php HTTP/1.1" 404 43596 "http://parawisata.us/file.php" "Go-http-client/2.0"
85.203.21.53 - - [22/Jan/2026:11:38:38 -0500] "GET /wp-content/uploads/ HTTP/1.1" 200 - "http://parawisata.us/wp-content/uploads/" "Go-http-client/2.0"
85.203.21.53 - - [22/Jan/2026:11:38:38 -0500] "GET /wp-content/admin.php HTTP/1.1" 404 43596 "http://parawisata.us/wp-content/admin.php" "Go-http-client/2.0"
85.203.21.53 - - [22/Jan/2026:11:38:39 -0500] "GET /wp-admin/network/ HTTP/1.1" 302 - "http://parawisata.us/wp-admin/network/" "Go-http-client/2.0"
85.203.21.53 - - [22/Jan/2026:11:38:39 -0500] "GET /wp-login.php?redirect_to=https%3A%2F%2Fparawisata.us%2Fwp-admin%2Fnetwork%2F&reauth=1 HTTP/1.1" 404 43596 "https://parawisata.us/wp-admin/network/" "Go-http-client/2.0"
85.203.21.53 - - [22/Jan/2026:11:38:40 -0500] "GET /wp-content/ HTTP/1.1" 200 - "http://parawisata.us/wp-content/" "Go-http-client/2.0"
85.203.21.53 - - [22/Jan/2026:11:38:40 -0500] "GET /5PJcpMFsD8B.php HTTP/1.1" 404 43596 "http://parawisata.us/5PJcpMFsD8B.php" "Go-http-client/2.0"
85.203.21.53 - - [22/Jan/2026:11:38:42 -0500] "GET /abcd.php HTTP/1.1" 404 43596 "http://parawisata.us/abcd.php" "Go-http-client/2.0"
85.203.21.53 - - [22/Jan/2026:11:38:43 -0500] "GET /wp-admin/css/colors/blue/ HTTP/1.1" 200 475 "http://parawisata.us/wp-admin/css/colors/blue/" "Go-http-client/2.0"
85.203.21.53 - - [22/Jan/2026:11:38:43 -0500] "GET /wp-admin/css.php HTTP/1.1" 404 43596 "http://parawisata.us/wp-admin/css.php" "Go-http-client/2.0"
85.203.21.53 - - [22/Jan/2026:11:38:45 -0500] "GET /wp-good.php HTTP/1.1" 404 43596 "http://parawisata.us/wp-good.php" "Go-http-client/2.0"
85.203.21.53 - - [22/Jan/2026:11:38:46 -0500] "GET /wp-content/lock360.php HTTP/1.1" 404 43596 "http://parawisata.us/wp-content/lock360.php" "Go-http-client/2.0"
85.203.21.53 - - [22/Jan/2026:11:38:48 -0500] "GET /wp-includes/themes.php HTTP/1.1" 404 43596 "http://parawisata.us/wp-includes/themes.php" "Go-http-client/2.0"
85.203.21.53 - - [22/Jan/2026:11:38:49 -0500] "GET /wp-content/updates.php HTTP/1.1" 404 43596 "http://parawisata.us/wp-content/updates.php" "Go-http-client/2.0"
85.203.21.53 - - [22/Jan/2026:11:38:50 -0500] "GET /wp-content/plugins/so-pinyin-slugs/inc/main_json.php HTTP/1.1" 404 43596 "http://parawisata.us/wp-content/plugins/so-pinyin-slugs/inc/main_json.php" "Go-http-client/2.0"
85.203.21.53 - - [22/Jan/2026:11:38:51 -0500] "GET /wp-content/plugins/revslider/includes/external/page/ HTTP/1.1" 404 43596 "http://parawisata.us/wp-content/plugins/revslider/includes/external/page/" "Go-http-client/2.0"
85.203.21.53 - - [22/Jan/2026:11:38:53 -0500] "GET /wp-includes/blocks/code/ HTTP/1.1" 200 566 "http://parawisata.us/wp-includes/blocks/code/" "Go-http-client/2.0"
114.119.149.145 - - [22/Jan/2026:11:38:52 -0500] "GET /products/nonphilosophic/3530968563.phtml HTTP/1.1" 404 43596 "https://parawisata.us/?sitemap627.xml" "Mozilla/5.0 (Linux; Android 7.0;) AppleWebKit/537.36 (KHTML, like Gecko) Mobile Safari/537.36 (compatible; PetalBot;+https://webmaster.petalsearch.com/site/petalbot)"
85.203.21.53 - - [22/Jan/2026:11:38:53 -0500] "GET /3PJcpMFsD8B.php HTTP/1.1" 404 43596 "http://parawisata.us/3PJcpMFsD8B.php" "Go-http-client/2.0"
66.249.68.36 - - [22/Jan/2026:11:38:54 -0500] "GET /ironically044000876.html HTTP/1.1" 200 226 "-" "Mozilla/5.0 (Linux; Android 6.0.1; Nexus 5X Build/MMB29P) AppleWebKit/537.36 (KHTML, like Gecko) Chrome/143.0.7499.192 Mobile Safari/537.36 (compatible; Googlebot/2.1; +http://www.google.com/bot.html)"
66.249.68.35 - - [22/Jan/2026:11:38:54 -0500] "GET /?j=2174442445192&channel=115e00&from=https://www.parawisata.us/post.php?count071000607.html HTTP/1.1" 200 226 "-" "Mozilla/5.0 (Linux; Android 6.0.1; Nexus 5X Build/MMB29P) AppleWebKit/537.36 (KHTML, like Gecko) Chrome/143.0.7499.192 Mobile Safari/537.36 (compatible; Googlebot/2.1; +http://www.google.com/bot.html)"
66.249.79.1 - - [22/Jan/2026:11:38:54 -0500] "GET /415611405 HTTP/1.1" 200 226 "-" "Mozilla/5.0 (Linux; Android 6.0.1; Nexus 5X Build/MMB29P) AppleWebKit/537.36 (KHTML, like Gecko) Chrome/143.0.7499.192 Mobile Safari/537.36 (compatible; Googlebot/2.1; +http://www.google.com/bot.html)"
66.249.68.36 - - [22/Jan/2026:11:38:54 -0500] "GET /115912596.html HTTP/1.1" 200 226 "-" "Mozilla/5.0 (Linux; Android 6.0.1; Nexus 5X Build/MMB29P) AppleWebKit/537.36 (KHTML, like Gecko) Chrome/143.0.7499.192 Mobile Safari/537.36 (compatible; Googlebot/2.1; +http://www.google.com/bot.html)"
85.203.21.53 - - [22/Jan/2026:11:38:54 -0500] "GET /wp-admin/js/ HTTP/1.1" 200 2140 "http://parawisata.us/wp-admin/js/" "Go-http-client/2.0"
66.249.68.36 - - [22/Jan/2026:11:38:55 -0500] "GET /173015076.html HTTP/1.1" 200 226 "-" "Mozilla/5.0 (Linux; Android 6.0.1; Nexus 5X Build/MMB29P) AppleWebKit/537.36 (KHTML, like Gecko) Chrome/143.0.7499.192 Mobile Safari/537.36 (compatible; Googlebot/2.1; +http://www.google.com/bot.html)"
85.203.21.53 - - [22/Jan/2026:11:38:55 -0500] "GET /class.api.php HTTP/1.1" 404 43596 "http://parawisata.us/class.api.php" "Go-http-client/2.0"
85.203.21.53 - - [22/Jan/2026:11:38:56 -0500] "GET /about.php HTTP/1.1" 404 43596 "http://parawisata.us/about.php" "Go-http-client/2.0"
85.203.21.53 - - [22/Jan/2026:11:38:57 -0500] "GET /bless.php HTTP/1.1" 404 43596 "http://parawisata.us/bless.php" "Go-http-client/2.0"
85.203.21.53 - - [22/Jan/2026:11:38:59 -0500] "GET /wp-includes/ HTTP/1.1" 200 872 "http://parawisata.us/wp-includes/" "Go-http-client/2.0"
85.203.21.53 - - [22/Jan/2026:11:39:00 -0500] "GET /index/function.php HTTP/1.1" 404 43596 "http://parawisata.us/index/function.php" "Go-http-client/2.0"
85.203.21.53 - - [22/Jan/2026:11:39:01 -0500] "GET /wp-config-sample.php HTTP/1.1" 404 43596 "http://parawisata.us/wp-config-sample.php" "Go-http-client/2.0"
85.203.21.53 - - [22/Jan/2026:11:39:03 -0500] "GET /k.php HTTP/1.1" 404 43596 "http://parawisata.us/k.php" "Go-http-client/2.0"
85.203.21.53 - - [22/Jan/2026:11:39:04 -0500] "GET /wp-content/themes/admin.php HTTP/1.1" 404 43596 "http://parawisata.us/wp-content/themes/admin.php" "Go-http-client/2.0"
68.65.122.212 - - [22/Jan/2026:11:39:06 -0500] "POST /wp-cron.php?doing_wp_cron=1769099945.2418060302734375000000 HTTP/1.1" 404 43596 "-" "WordPress/6.8.3; https://parawisata.us"
85.203.21.53 - - [22/Jan/2026:11:39:06 -0500] "GET /fm.php HTTP/1.1" 404 43596 "http://parawisata.us/fm.php" "Go-http-client/2.0"
34.168.123.184 - - [22/Jan/2026:11:39:07 -0500] "GET / HTTP/1.1" 200 14430 "-" "Mozilla/5.0 (Windows NT 10.0; Win64; x64) AppleWebKit/537.36 (KHTML, like Gecko) Chrome/88.0.4240.193 Safari/537.36"
34.168.123.184 - - [22/Jan/2026:11:39:08 -0500] "GET //wp-includes/wlwmanifest.xml HTTP/1.1" 301 - "-" "Mozilla/5.0 (Windows NT 10.0; Win64; x64) AppleWebKit/537.36 (KHTML, like Gecko) Chrome/88.0.4240.193 Safari/537.36"
85.203.21.53 - - [22/Jan/2026:11:39:08 -0500] "GET /wp-content/languages/plugins/ HTTP/1.1" 404 43596 "http://parawisata.us/wp-content/languages/plugins/" "Go-http-client/2.0"
34.168.123.184 - - [22/Jan/2026:11:39:08 -0500] "GET / HTTP/1.1" 200 14430 "-" "Mozilla/5.0 (Windows NT 10.0; Win64; x64) AppleWebKit/537.36 (KHTML, like Gecko) Chrome/88.0.4240.193 Safari/537.36"
34.168.123.184 - - [22/Jan/2026:11:39:09 -0500] "GET //?author=1 HTTP/1.1" 404 43596 "-" "Mozilla/5.0 (Windows NT 10.0; Win64; x64) AppleWebKit/537.36 (KHTML, like Gecko) Chrome/88.0.4240.193 Safari/537.36"
85.203.21.53 - - [22/Jan/2026:11:39:09 -0500] "GET /autoload_classmap/function.php HTTP/1.1" 404 43596 "http://parawisata.us/autoload_classmap/function.php" "Go-http-client/2.0"
34.168.123.184 - - [22/Jan/2026:11:39:10 -0500] "GET //?author=2 HTTP/1.1" 404 43596 "-" "Mozilla/5.0 (Windows NT 10.0; Win64; x64) AppleWebKit/537.36 (KHTML, like Gecko) Chrome/88.0.4240.193 Safari/537.36"
34.168.123.184 - - [22/Jan/2026:11:39:11 -0500] "GET //?author=3 HTTP/1.1" 404 43596 "-" "Mozilla/5.0 (Windows NT 10.0; Win64; x64) AppleWebKit/537.36 (KHTML, like Gecko) Chrome/88.0.4240.193 Safari/537.36"
85.203.21.53 - - [22/Jan/2026:11:39:11 -0500] "GET /wp-json/wp/v2/posts?cmd=system HTTP/1.1" 200 198903 "http://parawisata.us/wp-json/wp/v2/posts?cmd=system" "Go-http-client/2.0"
34.168.123.184 - - [22/Jan/2026:11:39:12 -0500] "GET //wp-json/wp/v2/users/ HTTP/1.1" 401 108 "-" "Mozilla/5.0 (Windows NT 10.0; Win64; x64) AppleWebKit/537.36 (KHTML, like Gecko) Chrome/88.0.4240.193 Safari/537.36"
34.168.123.184 - - [22/Jan/2026:11:39:13 -0500] "GET //wp-json/oembed/1.0/embed?url=https://parawisata.us/ HTTP/1.1" 404 73 "-" "Mozilla/5.0 (Windows NT 10.0; Win64; x64) AppleWebKit/537.36 (KHTML, like Gecko) Chrome/88.0.4240.193 Safari/537.36"
142.44.233.129 - - [22/Jan/2026:11:39:13 -0500] "GET /324556797 HTTP/1.1" 404 43596 "-" "Mozilla/5.0 (compatible; AhrefsBot/7.0; +http://ahrefs.com/robot/)"
85.203.21.53 - - [22/Jan/2026:11:39:13 -0500] "GET /wp-admin/js/widgets/admin.php HTTP/1.1" 404 43596 "http://parawisata.us/wp-admin/js/widgets/admin.php" "Go-http-client/2.0"
85.203.21.53 - - [22/Jan/2026:11:39:14 -0500] "GET /classwithtostring.php HTTP/1.1" 404 43596 "http://parawisata.us/classwithtostring.php" "Go-http-client/2.0"
85.203.21.53 - - [22/Jan/2026:11:39:15 -0500] "GET /wp-includes/ID3/ HTTP/1.1" 200 - "http://parawisata.us/wp-includes/ID3/" "Go-http-client/2.0"
85.203.21.53 - - [22/Jan/2026:11:39:15 -0500] "GET /test.php HTTP/1.1" 404 43596 "http://parawisata.us/test.php" "Go-http-client/2.0"
85.203.21.53 - - [22/Jan/2026:11:39:17 -0500] "GET /wp.php HTTP/1.1" 404 43596 "http://parawisata.us/wp.php" "Go-http-client/2.0"
85.203.21.53 - - [22/Jan/2026:11:39:18 -0500] "GET /wp-includes/block-bindings/ HTTP/1.1" 200 346 "http://parawisata.us/wp-includes/block-bindings/" "Go-http-client/2.0"
85.203.21.53 - - [22/Jan/2026:11:39:18 -0500] "GET /adminfuns.php HTTP/1.1" 404 43596 "http://parawisata.us/adminfuns.php" "Go-http-client/2.0"
85.203.21.53 - - [22/Jan/2026:11:39:20 -0500] "GET /wp-content/plugins/shell/ HTTP/1.1" 404 43596 "http://parawisata.us/wp-content/plugins/shell/" "Go-http-client/2.0"
66.249.68.35 - - [22/Jan/2026:11:39:21 -0500] "GET /products/epitomes/3482668225.phtml HTTP/1.1" 200 226 "-" "Mozilla/5.0 (compatible; Googlebot/2.1; +http://www.google.com/bot.html)"
85.203.21.53 - - [22/Jan/2026:11:39:21 -0500] "GET /wp-includes/css/ HTTP/1.1" 200 1108 "http://parawisata.us/wp-includes/css/" "Go-http-client/2.0"
85.203.21.53 - - [22/Jan/2026:11:39:21 -0500] "GET /wp-content/themes/news-portal/fm.php HTTP/1.1" 404 43596 "http://parawisata.us/wp-content/themes/news-portal/fm.php" "Go-http-client/2.0"
85.203.21.53 - - [22/Jan/2026:11:39:23 -0500] "GET /wp-includes/admin.php HTTP/1.1" 404 43596 "http://parawisata.us/wp-includes/admin.php" "Go-http-client/2.0"
85.203.21.53 - - [22/Jan/2026:11:39:24 -0500] "GET /shell.php HTTP/1.1" 404 43596 "http://parawisata.us/shell.php" "Go-http-client/2.0"
85.203.21.53 - - [22/Jan/2026:11:39:25 -0500] "GET /system.php HTTP/1.1" 404 43596 "http://parawisata.us/system.php" "Go-http-client/2.0"
85.203.21.53 - - [22/Jan/2026:11:39:27 -0500] "GET /mah.php HTTP/1.1" 404 43596 "http://parawisata.us/mah.php" "Go-http-client/2.0"
85.203.21.53 - - [22/Jan/2026:11:39:28 -0500] "GET /wp-content/themes/ HTTP/1.1" 200 - "http://parawisata.us/wp-content/themes/" "Go-http-client/2.0"
85.203.21.53 - - [22/Jan/2026:11:39:28 -0500] "GET /network_xo.php HTTP/1.1" 404 43596 "http://parawisata.us/network_xo.php" "Go-http-client/2.0"
69.197.149.50 - - [22/Jan/2026:11:38:01 -0500] "GET /wp-includes/x2850cc/index.php?id=333095 HTTP/1.1" 200 - "https://parawisata.us/wp-includes/x2850cc/index.php?id=333095" "Mozilla/5.0 (Windows NT 10.0; Win64; x64) AppleWebKit/537.36 (KHTML, like Gecko) Chrome/58.0.3029.110 Safari/537.3"
85.203.21.53 - - [22/Jan/2026:11:39:29 -0500] "GET /simple.php HTTP/1.1" 404 43596 "http://parawisata.us/simple.php" "Go-http-client/2.0"
85.203.21.53 - - [22/Jan/2026:11:39:30 -0500] "GET /m.php HTTP/1.1" 404 43596 "http://parawisata.us/m.php" "Go-http-client/2.0"
85.203.21.53 - - [22/Jan/2026:11:39:31 -0500] "GET /bolt.php HTTP/1.1" 404 43596 "http://parawisata.us/bolt.php" "Go-http-client/2.0"
85.203.21.53 - - [22/Jan/2026:11:39:32 -0500] "GET /wp-content/themes/wp-conflg.php HTTP/1.1" 404 43596 "http://parawisata.us/wp-content/themes/wp-conflg.php" "Go-http-client/2.0"
85.203.21.53 - - [22/Jan/2026:11:39:34 -0500] "GET /wp-content/themes/chosen.php HTTP/1.1" 404 43596 "http://parawisata.us/wp-content/themes/chosen.php" "Go-http-client/2.0"
85.203.21.53 - - [22/Jan/2026:11:39:35 -0500] "GET /wp-admin/classwithtostring.php HTTP/1.1" 404 43596 "http://parawisata.us/wp-admin/classwithtostring.php" "Go-http-client/2.0"
85.203.21.53 - - [22/Jan/2026:11:39:36 -0500] "GET /function/function.php HTTP/1.1" 404 43596 "http://parawisata.us/function/function.php" "Go-http-client/2.0"
85.203.21.53 - - [22/Jan/2026:11:39:37 -0500] "GET /buy.php HTTP/1.1" 404 43596 "http://parawisata.us/buy.php" "Go-http-client/2.0"
85.203.21.53 - - [22/Jan/2026:11:39:39 -0500] "GET /wp-includes/Text/Diff/ HTTP/1.1" 200 409 "http://parawisata.us/wp-includes/Text/Diff/" "Go-http-client/2.0"
85.203.21.53 - - [22/Jan/2026:11:39:39 -0500] "GET /wp-content/areak1.php HTTP/1.1" 404 43596 "http://parawisata.us/wp-content/areak1.php" "Go-http-client/2.0"
85.203.21.53 - - [22/Jan/2026:11:39:40 -0500] "GET /wp-admin/maint/ HTTP/1.1" 200 336 "http://parawisata.us/wp-admin/maint/" "Go-http-client/2.0"
85.203.21.53 - - [22/Jan/2026:11:39:40 -0500] "GET /ufbngowues/main.php HTTP/1.1" 404 43596 "http://parawisata.us/ufbngowues/main.php" "Go-http-client/2.0"
85.203.21.53 - - [22/Jan/2026:11:39:42 -0500] "GET /shell3.php HTTP/1.1" 404 43596 "http://parawisata.us/shell3.php" "Go-http-client/2.0"
85.203.21.53 - - [22/Jan/2026:11:39:43 -0500] "GET /wp-content/plugins/elementor/includes/template-singl-portfolio.php HTTP/1.1" 404 43596 "http://parawisata.us/wp-content/plugins/elementor/includes/template-singl-portfolio.php" "Go-http-client/2.0"
85.203.21.53 - - [22/Jan/2026:11:39:44 -0500] "GET /radio.php HTTP/1.1" 404 43596 "http://parawisata.us/radio.php" "Go-http-client/2.0"
85.203.21.53 - - [22/Jan/2026:11:39:46 -0500] "GET /wp-content/wp-conflg.php HTTP/1.1" 404 43596 "http://parawisata.us/wp-content/wp-conflg.php" "Go-http-client/2.0"
85.203.21.53 - - [22/Jan/2026:11:39:47 -0500] "GET /222.php HTTP/1.1" 404 43596 "http://parawisata.us/222.php" "Go-http-client/2.0"
85.203.21.53 - - [22/Jan/2026:11:39:49 -0500] "GET /wp-includes/blocks/audio/ HTTP/1.1" 200 567 "http://parawisata.us/wp-includes/blocks/audio/" "Go-http-client/2.0"
85.203.21.53 - - [22/Jan/2026:11:39:49 -0500] "GET /worksec.php HTTP/1.1" 404 43596 "http://parawisata.us/worksec.php" "Go-http-client/2.0"
85.203.21.53 - - [22/Jan/2026:11:39:50 -0500] "GET /info.php HTTP/1.1" 404 43596 "http://parawisata.us/info.php" "Go-http-client/2.0"
85.203.21.53 - - [22/Jan/2026:11:39:51 -0500] "GET /we.php HTTP/1.1" 404 43596 "http://parawisata.us/we.php" "Go-http-client/2.0"
85.203.21.53 - - [22/Jan/2026:11:39:52 -0500] "GET /wp-signin.php HTTP/1.1" 404 43596 "http://parawisata.us/wp-signin.php" "Go-http-client/2.0"
85.203.21.53 - - [22/Jan/2026:11:39:53 -0500] "GET /wp-includes/Requests/library/ HTTP/1.1" 200 348 "http://parawisata.us/wp-includes/Requests/library/" "Go-http-client/2.0"
85.203.21.53 - - [22/Jan/2026:11:39:54 -0500] "GET /wp-content/admin-header.php HTTP/1.1" 404 43596 "http://parawisata.us/wp-content/admin-header.php" "Go-http-client/2.0"
85.203.21.53 - - [22/Jan/2026:11:39:55 -0500] "GET /wp-content/about.php HTTP/1.1" 404 43596 "http://parawisata.us/wp-content/about.php" "Go-http-client/2.0"
85.203.21.53 - - [22/Jan/2026:11:39:56 -0500] "GET /wp-includes/assets/ HTTP/1.1" 200 - "http://parawisata.us/wp-includes/assets/" "Go-http-client/2.0"
85.203.21.53 - - [22/Jan/2026:11:39:56 -0500] "GET /wp-content/222.php HTTP/1.1" 404 43596 "http://parawisata.us/wp-content/222.php" "Go-http-client/2.0"
85.203.21.53 - - [22/Jan/2026:11:39:58 -0500] "GET /s.php HTTP/1.1" 404 43596 "http://parawisata.us/s.php" "Go-http-client/2.0"
85.203.21.53 - - [22/Jan/2026:11:39:59 -0500] "GET /wp-conflg.php HTTP/1.1" 404 43596 "http://parawisata.us/wp-conflg.php" "Go-http-client/2.0"
85.203.21.53 - - [22/Jan/2026:11:40:01 -0500] "GET /system_log.php HTTP/1.1" 404 43596 "http://parawisata.us/system_log.php" "Go-http-client/2.0"
85.203.21.53 - - [22/Jan/2026:11:40:02 -0500] "GET /item.php HTTP/1.1" 404 43596 "http://parawisata.us/item.php" "Go-http-client/2.0"
85.203.21.53 - - [22/Jan/2026:11:40:04 -0500] "GET /wp-includes/blocks/post-terms/ HTTP/1.1" 200 464 "http://parawisata.us/wp-includes/blocks/post-terms/" "Go-http-client/2.0"
85.203.21.53 - - [22/Jan/2026:11:40:04 -0500] "GET /wp-content/languages/themes/ HTTP/1.1" 404 43596 "http://parawisata.us/wp-content/languages/themes/" "Go-http-client/2.0"
54.39.6.171 - - [22/Jan/2026:11:40:04 -0500] "GET /321347430 HTTP/1.1" 404 43596 "-" "Mozilla/5.0 (compatible; AhrefsBot/7.0; +http://ahrefs.com/robot/)"
68.65.122.212 - - [22/Jan/2026:11:40:06 -0500] "POST /wp-cron.php?doing_wp_cron=1769100005.4897329807281494140625 HTTP/1.1" 404 43596 "-" "WordPress/6.8.3; https://parawisata.us"
68.65.122.212 - - [22/Jan/2026:11:40:06 -0500] "POST /wp-cron.php?doing_wp_cron=1769100005.4042448997497558593750 HTTP/1.1" 404 43596 "-" "WordPress/6.8.3; https://parawisata.us"
85.203.21.53 - - [22/Jan/2026:11:40:07 -0500] "GET /wp-includes/css/dist/block-library/ HTTP/1.1" 200 837 "http://parawisata.us/wp-includes/css/dist/block-library/" "Go-http-client/2.0"
85.203.21.53 - - [22/Jan/2026:11:40:07 -0500] "GET /wp-includes/css/dist/components/ HTTP/1.1" 200 433 "http://parawisata.us/wp-includes/css/dist/components/" "Go-http-client/2.0"
85.203.21.53 - - [22/Jan/2026:11:40:07 -0500] "GET /wp-admin/includes/ HTTP/1.1" 200 - "http://parawisata.us/wp-admin/includes/" "Go-http-client/2.0"
85.203.21.53 - - [22/Jan/2026:11:40:08 -0500] "GET /wp-content/packed.php HTTP/1.1" 404 43596 "http://parawisata.us/wp-content/packed.php" "Go-http-client/2.0"
85.203.21.53 - - [22/Jan/2026:11:40:09 -0500] "GET /wp-content/themes/news-portal/error.php HTTP/1.1" 404 43596 "http://parawisata.us/wp-content/themes/news-portal/error.php" "Go-http-client/2.0"
85.203.21.53 - - [22/Jan/2026:11:40:11 -0500] "GET /wp-content/themes/404.php HTTP/1.1" 404 43596 "http://parawisata.us/wp-content/themes/404.php" "Go-http-client/2.0"
85.203.21.53 - - [22/Jan/2026:11:40:13 -0500] "GET /wp-includes/blocks/comment-content/ HTTP/1.1" 200 455 "http://parawisata.us/wp-includes/blocks/comment-content/" "Go-http-client/2.0"
85.203.21.53 - - [22/Jan/2026:11:40:13 -0500] "GET /wp-admin/css/ HTTP/1.1" 200 1820 "http://parawisata.us/wp-admin/css/" "Go-http-client/2.0"
114.119.134.216 - - [22/Jan/2026:11:40:13 -0500] "GET /products/nonmonotonic/1486140566.phtml HTTP/1.1" 404 43596 "https://parawisata.us/?sitemap627.xml" "Mozilla/5.0 (Linux; Android 7.0;) AppleWebKit/537.36 (KHTML, like Gecko) Mobile Safari/537.36 (compatible; PetalBot;+https://webmaster.petalsearch.com/site/petalbot)"
85.203.21.53 - - [22/Jan/2026:11:40:14 -0500] "GET /1.php HTTP/1.1" 404 43596 "http://parawisata.us/1.php" "Go-http-client/2.0"
85.203.21.53 - - [22/Jan/2026:11:40:16 -0500] "GET /a.php HTTP/1.1" 404 43596 "http://parawisata.us/a.php" "Go-http-client/2.0"
85.203.21.53 - - [22/Jan/2026:11:40:17 -0500] "GET /wp-content/plugins/ HTTP/1.1" 200 - "http://parawisata.us/wp-content/plugins/" "Go-http-client/2.0"
85.203.21.53 - - [22/Jan/2026:11:40:17 -0500] "GET /wp-includes/theme-compat/ HTTP/1.1" 200 344 "http://parawisata.us/wp-includes/theme-compat/" "Go-http-client/2.0"
85.203.21.53 - - [22/Jan/2026:11:40:18 -0500] "GET /hplfuns.php HTTP/1.1" 404 43596 "http://parawisata.us/hplfuns.php" "Go-http-client/2.0"
66.249.68.36 - - [22/Jan/2026:11:40:19 -0500] "GET /?j=2174442445192&channel=115e00&from=https://www.parawisata.us/post.php?products/cercopidae/3840912959.phtml HTTP/1.1" 200 226 "-" "Mozilla/5.0 (Linux; Android 6.0.1; Nexus 5X Build/MMB29P) AppleWebKit/537.36 (KHTML, like Gecko) Chrome/143.0.7499.192 Mobile Safari/537.36 (compatible; Googlebot/2.1; +http://www.google.com/bot.html)"
85.203.21.53 - - [22/Jan/2026:11:40:19 -0500] "GET /wp-content/languages/ HTTP/1.1" 404 43596 "http://parawisata.us/wp-content/languages/" "Go-http-client/2.0"
85.203.21.53 - - [22/Jan/2026:11:40:21 -0500] "GET /x.php HTTP/1.1" 404 43596 "http://parawisata.us/x.php" "Go-http-client/2.0"
85.203.21.53 - - [22/Jan/2026:11:40:22 -0500] "GET /wp-includes/js/jcrop/Jcrop.php HTTP/1.1" 404 43596 "http://parawisata.us/wp-includes/js/jcrop/Jcrop.php" "Go-http-client/2.0"
85.203.21.53 - - [22/Jan/2026:11:40:23 -0500] "GET /about/function.php HTTP/1.1" 404 43596 "http://parawisata.us/about/function.php" "Go-http-client/2.0"
85.203.21.53 - - [22/Jan/2026:11:40:25 -0500] "GET /wp-includes/blocks/search/ HTTP/1.1" 200 620 "http://parawisata.us/wp-includes/blocks/search/" "Go-http-client/2.0"
85.203.21.53 - - [22/Jan/2026:11:40:25 -0500] "GET /wp-includes/Text/Diff/Engine/ HTTP/1.1" 200 397 "http://parawisata.us/wp-includes/Text/Diff/Engine/" "Go-http-client/2.0"
85.203.21.53 - - [22/Jan/2026:11:40:25 -0500] "GET /wp-content/plugins/Iitespeed-cache/157.php HTTP/1.1" 404 43596 "http://parawisata.us/wp-content/plugins/Iitespeed-cache/157.php" "Go-http-client/2.0"
85.203.21.53 - - [22/Jan/2026:11:40:27 -0500] "GET /wp-includes/certificates/ HTTP/1.1" 200 389 "http://parawisata.us/wp-includes/certificates/" "Go-http-client/2.0"
85.203.21.53 - - [22/Jan/2026:11:40:27 -0500] "GET /wp-admin/js/widgets/ HTTP/1.1" 200 - "http://parawisata.us/wp-admin/js/widgets/" "Go-http-client/2.0"
85.203.21.53 - - [22/Jan/2026:11:40:27 -0500] "GET /wp-content/uploads/2024/ HTTP/1.1" 404 43596 "http://parawisata.us/wp-content/uploads/2024/" "Go-http-client/2.0"
85.203.21.53 - - [22/Jan/2026:11:40:28 -0500] "GET /wp-includes/Text/ HTTP/1.1" 200 374 "http://parawisata.us/wp-includes/Text/" "Go-http-client/2.0"
85.203.21.53 - - [22/Jan/2026:11:40:29 -0500] "GET /cgi-bin/ HTTP/1.1" 404 43596 "http://parawisata.us/cgi-bin/" "Go-http-client/2.0"
85.203.21.53 - - [22/Jan/2026:11:40:30 -0500] "GET /wp-admin/images/admin.php HTTP/1.1" 404 43596 "http://parawisata.us/wp-admin/images/admin.php" "Go-http-client/2.0"
85.203.21.53 - - [22/Jan/2026:11:40:31 -0500] "GET /wp-content/themes/theme-check/main.php HTTP/1.1" 404 43596 "http://parawisata.us/wp-content/themes/theme-check/main.php" "Go-http-client/2.0"
85.203.21.53 - - [22/Jan/2026:11:40:32 -0500] "GET /chosen.php HTTP/1.1" 404 43596 "http://parawisata.us/chosen.php" "Go-http-client/2.0"
85.203.21.53 - - [22/Jan/2026:11:40:35 -0500] "GET /wp-includes/assets/chosen.php HTTP/1.1" 404 43596 "http://parawisata.us/wp-includes/assets/chosen.php" "Go-http-client/2.0"
85.203.21.53 - - [22/Jan/2026:11:40:37 -0500] "GET /wp-includes/blocks/archives/ HTTP/1.1" 200 528 "http://parawisata.us/wp-includes/blocks/archives/" "Go-http-client/2.0"
85.203.21.53 - - [22/Jan/2026:11:40:37 -0500] "GET /wp-includes/blocks/nextpage/ HTTP/1.1" 200 461 "http://parawisata.us/wp-includes/blocks/nextpage/" "Go-http-client/2.0"
85.203.21.53 - - [22/Jan/2026:11:40:37 -0500] "GET /wp-includes/rest-api/ HTTP/1.1" 200 405 "http://parawisata.us/wp-includes/rest-api/" "Go-http-client/2.0"
85.203.21.53 - - [22/Jan/2026:11:40:38 -0500] "GET /wp-includes/blocks/column/ HTTP/1.1" 200 388 "http://parawisata.us/wp-includes/blocks/column/" "Go-http-client/2.0"
85.203.21.53 - - [22/Jan/2026:11:40:38 -0500] "GET /wp-includes/blocks/calendar/ HTTP/1.1" 200 464 "http://parawisata.us/wp-includes/blocks/calendar/" "Go-http-client/2.0"
85.203.21.53 - - [22/Jan/2026:11:40:38 -0500] "GET /wp-includes/widgets/ HTTP/1.1" 200 341 "http://parawisata.us/wp-includes/widgets/" "Go-http-client/2.0"
85.203.21.53 - - [22/Jan/2026:11:40:39 -0500] "GET /wp-admin/css/colors/sunrise/ HTTP/1.1" 200 450 "http://parawisata.us/wp-admin/css/colors/sunrise/" "Go-http-client/2.0"
85.203.21.53 - - [22/Jan/2026:11:40:39 -0500] "GET /wp-includes/css/dist/ HTTP/1.1" 200 679 "http://parawisata.us/wp-includes/css/dist/" "Go-http-client/2.0"
85.203.21.53 - - [22/Jan/2026:11:40:39 -0500] "GET / HTTP/1.1" 200 14430 "http://parawisata.us/" "Go-http-client/2.0"
85.203.21.53 - - [22/Jan/2026:11:40:41 -0500] "GET /default.php HTTP/1.1" 404 43596 "http://parawisata.us/default.php" "Go-http-client/2.0"
85.203.21.53 - - [22/Jan/2026:11:40:42 -0500] "GET /wp-content/plugins/admin.php HTTP/1.1" 404 43596 "http://parawisata.us/wp-content/plugins/admin.php" "Go-http-client/2.0"
85.203.21.53 - - [22/Jan/2026:11:40:43 -0500] "GET /wp-includes/css/dist/block-directory/ HTTP/1.1" 200 434 "http://parawisata.us/wp-includes/css/dist/block-directory/" "Go-http-client/2.0"
85.203.21.53 - - [22/Jan/2026:11:40:44 -0500] "GET /wp-includes/fonts/ HTTP/1.1" 200 - "http://parawisata.us/wp-includes/fonts/" "Go-http-client/2.0"
85.203.21.53 - - [22/Jan/2026:11:40:44 -0500] "GET /wp-content/plugins/phpad/as.php HTTP/1.1" 404 43596 "http://parawisata.us/wp-content/plugins/phpad/as.php" "Go-http-client/2.0"
85.203.21.53 - - [22/Jan/2026:11:40:45 -0500] "GET /wp-admin/user/wp-conflg.php HTTP/1.1" 404 43596 "http://parawisata.us/wp-admin/user/wp-conflg.php" "Go-http-client/2.0"
85.203.21.53 - - [22/Jan/2026:11:40:47 -0500] "GET /wp-content.php HTTP/1.1" 404 43596 "http://parawisata.us/wp-content.php" "Go-http-client/2.0"
66.249.68.35 - - [22/Jan/2026:11:40:48 -0500] "GET /soccer263045621.html HTTP/1.1" 200 226 "-" "Mozilla/5.0 (Linux; Android 6.0.1; Nexus 5X Build/MMB29P) AppleWebKit/537.36 (KHTML, like Gecko) Chrome/143.0.7499.192 Mobile Safari/537.36 (compatible; Googlebot/2.1; +http://www.google.com/bot.html)"
66.249.68.36 - - [22/Jan/2026:11:40:48 -0500] "GET /?j=2174442445192&channel=115e00&from=https://www.parawisata.us/post.php?products/caribbee/3971902618.phtml HTTP/1.1" 200 226 "-" "Mozilla/5.0 (Linux; Android 6.0.1; Nexus 5X Build/MMB29P) AppleWebKit/537.36 (KHTML, like Gecko) Chrome/143.0.7499.192 Mobile Safari/537.36 (compatible; Googlebot/2.1; +http://www.google.com/bot.html)"
85.203.21.53 - - [22/Jan/2026:11:40:48 -0500] "GET /wp-content/uploads/elementor/ HTTP/1.1" 404 43596 "http://parawisata.us/wp-content/uploads/elementor/" "Go-http-client/2.0"
85.203.21.53 - - [22/Jan/2026:11:40:50 -0500] "GET /wp-content/themes/about.php HTTP/1.1" 404 43596 "http://parawisata.us/wp-content/themes/about.php" "Go-http-client/2.0"
85.203.21.53 - - [22/Jan/2026:11:40:51 -0500] "GET /wp-content/classwithtostring.php HTTP/1.1" 404 43596 "http://parawisata.us/wp-content/classwithtostring.php" "Go-http-client/2.0"
85.203.21.53 - - [22/Jan/2026:11:40:52 -0500] "GET /wp-includes/sodium_compat/lib/ HTTP/1.1" 200 - "http://parawisata.us/wp-includes/sodium_compat/lib/" "Go-http-client/2.0"
85.203.21.53 - - [22/Jan/2026:11:40:53 -0500] "GET /wp-file.php HTTP/1.1" 404 43596 "http://parawisata.us/wp-file.php" "Go-http-client/2.0"
85.203.21.53 - - [22/Jan/2026:11:40:54 -0500] "GET /wp-admin/images/ HTTP/1.1" 200 - "http://parawisata.us/wp-admin/images/" "Go-http-client/2.0"
142.44.220.22 - - [22/Jan/2026:11:40:53 -0500] "GET /319563756 HTTP/1.1" 404 43596 "-" "Mozilla/5.0 (compatible; AhrefsBot/7.0; +http://ahrefs.com/robot/)"
85.203.21.53 - - [22/Jan/2026:11:40:54 -0500] "GET /wp-includes/rest-api/fields/ HTTP/1.1" 200 346 "http://parawisata.us/wp-includes/rest-api/fields/" "Go-http-client/2.0"
85.203.21.53 - - [22/Jan/2026:11:40:54 -0500] "GET /tinyfilemanager.php HTTP/1.1" 404 43596 "http://parawisata.us/tinyfilemanager.php" "Go-http-client/2.0"
85.203.21.53 - - [22/Jan/2026:11:40:56 -0500] "GET /wp-content/uploads/chosen.php HTTP/1.1" 404 43596 "http://parawisata.us/wp-content/uploads/chosen.php" "Go-http-client/2.0"
85.203.21.53 - - [22/Jan/2026:11:40:57 -0500] "GET /wp-content/themes/covr-wpcom/assets/fonts/manrope_normal.php HTTP/1.1" 404 43596 "http://parawisata.us/wp-content/themes/covr-wpcom/assets/fonts/manrope_normal.php" "Go-http-client/2.0"
85.203.21.53 - - [22/Jan/2026:11:40:59 -0500] "GET /wp-includes/IXR/ HTTP/1.1" 200 339 "http://parawisata.us/wp-includes/IXR/" "Go-http-client/2.0"
85.203.21.53 - - [22/Jan/2026:11:40:59 -0500] "GET /wp-includes/sitemaps/ HTTP/1.1" 200 381 "http://parawisata.us/wp-includes/sitemaps/" "Go-http-client/2.0"
85.203.21.53 - - [22/Jan/2026:11:40:59 -0500] "GET /wp-domain.php HTTP/1.1" 404 43596 "http://parawisata.us/wp-domain.php" "Go-http-client/2.0"
85.203.21.53 - - [22/Jan/2026:11:41:00 -0500] "GET /wp-admin/admin-wolf.php HTTP/1.1" 404 43596 "http://parawisata.us/wp-admin/admin-wolf.php" "Go-http-client/2.0"
85.203.21.53 - - [22/Jan/2026:11:41:02 -0500] "GET /wp-includes/customize/autoload_classmap.php HTTP/1.1" 404 43596 "http://parawisata.us/wp-includes/customize/autoload_classmap.php" "Go-http-client/2.0"
69.197.149.50 - - [22/Jan/2026:11:39:33 -0500] "GET /wp-includes/x2850cc/index.php?id=333095 HTTP/1.1" 200 - "https://parawisata.us/wp-includes/x2850cc/index.php?id=333095" "Mozilla/5.0 (Windows NT 10.0; Win64; x64) AppleWebKit/537.36 (KHTML, like Gecko) Chrome/58.0.3029.110 Safari/537.3"
85.203.21.53 - - [22/Jan/2026:11:41:03 -0500] "GET /wp-includes/wp-conflg.php HTTP/1.1" 404 43596 "http://parawisata.us/wp-includes/wp-conflg.php" "Go-http-client/2.0"
85.203.21.53 - - [22/Jan/2026:11:41:04 -0500] "GET /admin/function.php HTTP/1.1" 404 43596 "http://parawisata.us/admin/function.php" "Go-http-client/2.0"
85.203.21.53 - - [22/Jan/2026:11:41:05 -0500] "GET /wp-content/themes/twentytwentyfive/styles/typography/ HTTP/1.1" 404 43596 "http://parawisata.us/wp-content/themes/twentytwentyfive/styles/typography/" "Go-http-client/2.0"
68.65.122.212 - - [22/Jan/2026:11:41:07 -0500] "POST /wp-cron.php?doing_wp_cron=1769100066.6228818893432617187500 HTTP/1.1" 404 43596 "-" "WordPress/6.8.3; https://parawisata.us"
85.203.21.53 - - [22/Jan/2026:11:41:08 -0500] "GET /wp-includes/js/imgareaselect/ HTTP/1.1" 200 499 "http://parawisata.us/wp-includes/js/imgareaselect/" "Go-http-client/2.0"
85.203.21.53 - - [22/Jan/2026:11:41:08 -0500] "GET /wp-content/uploads/wpforms/ HTTP/1.1" 404 43596 "http://parawisata.us/wp-content/uploads/wpforms/" "Go-http-client/2.0"
85.203.21.53 - - [22/Jan/2026:11:41:09 -0500] "GET /wp-content/plugins/twenty/function.php HTTP/1.1" 404 43596 "http://parawisata.us/wp-content/plugins/twenty/function.php" "Go-http-client/2.0"
85.203.21.53 - - [22/Jan/2026:11:41:11 -0500] "GET /av.php HTTP/1.1" 404 43596 "http://parawisata.us/av.php" "Go-http-client/2.0"
85.203.21.53 - - [22/Jan/2026:11:41:12 -0500] "GET /wp-content/cache/et/ HTTP/1.1" 404 43596 "http://parawisata.us/wp-content/cache/et/" "Go-http-client/2.0"
85.203.21.53 - - [22/Jan/2026:11:41:13 -0500] "GET /wp-content/themes/twentytwenty/assets/fonts/inter/ HTTP/1.1" 404 43596 "http://parawisata.us/wp-content/themes/twentytwenty/assets/fonts/inter/" "Go-http-client/2.0"
85.203.21.53 - - [22/Jan/2026:11:41:14 -0500] "GET /wp-includes/SimplePie/wp-conflg.php HTTP/1.1" 404 43596 "http://parawisata.us/wp-includes/SimplePie/wp-conflg.php" "Go-http-client/2.0"
85.203.21.53 - - [22/Jan/2026:11:41:16 -0500] "GET /404.php HTTP/1.1" 404 43596 "http://parawisata.us/404.php" "Go-http-client/2.0"
85.203.21.53 - - [22/Jan/2026:11:41:17 -0500] "GET /wp-includes/widgets/chosen.php HTTP/1.1" 404 43596 "http://parawisata.us/wp-includes/widgets/chosen.php" "Go-http-client/2.0"
85.203.21.53 - - [22/Jan/2026:11:41:18 -0500] "GET /wp-includes/blocks/post-comments-form/ HTTP/1.1" 200 532 "http://parawisata.us/wp-includes/blocks/post-comments-form/" "Go-http-client/2.0"
85.203.21.53 - - [22/Jan/2026:11:41:19 -0500] "GET /z.php HTTP/1.1" 404 43596 "http://parawisata.us/z.php" "Go-http-client/2.0"
85.203.21.53 - - [22/Jan/2026:11:41:20 -0500] "GET /.well-known/gecko-litespeed.php HTTP/1.1" 404 43596 "http://parawisata.us/.well-known/gecko-litespeed.php" "Go-http-client/2.0"
85.203.21.53 - - [22/Jan/2026:11:41:21 -0500] "GET /wp-includes/block-bindings/chosen.php HTTP/1.1" 404 43596 "http://parawisata.us/wp-includes/block-bindings/chosen.php" "Go-http-client/2.0"
85.203.21.53 - - [22/Jan/2026:11:41:22 -0500] "GET /wp-includes/PHPMailer/ HTTP/1.1" 200 - "http://parawisata.us/wp-includes/PHPMailer/" "Go-http-client/2.0"
85.203.21.53 - - [22/Jan/2026:11:41:23 -0500] "GET /wp-content/plugins/hello.php HTTP/1.1" 404 43596 "http://parawisata.us/wp-content/plugins/hello.php" "Go-http-client/2.0"
85.203.21.53 - - [22/Jan/2026:11:41:24 -0500] "GET /.well-known/ HTTP/1.1" 404 43596 "http://parawisata.us/.well-known/" "Go-http-client/2.0"
85.203.21.53 - - [22/Jan/2026:11:41:25 -0500] "GET /wp-admin/maint/chosen.php HTTP/1.1" 404 43596 "http://parawisata.us/wp-admin/maint/chosen.php" "Go-http-client/2.0"
85.203.21.53 - - [22/Jan/2026:11:41:27 -0500] "GET /wp-includes/js/mediaelement/ HTTP/1.1" 200 771 "http://parawisata.us/wp-includes/js/mediaelement/" "Go-http-client/2.0"
85.203.21.53 - - [22/Jan/2026:11:41:27 -0500] "GET /dropdown.php HTTP/1.1" 404 43596 "http://parawisata.us/dropdown.php" "Go-http-client/2.0"
85.203.21.53 - - [22/Jan/2026:11:41:28 -0500] "GET /wp-admin/m.php HTTP/1.1" 404 43596 "http://parawisata.us/wp-admin/m.php" "Go-http-client/2.0"
85.203.21.53 - - [22/Jan/2026:11:41:30 -0500] "GET /img/fm.php HTTP/1.1" 404 43596 "http://parawisata.us/img/fm.php" "Go-http-client/2.0"
85.203.21.53 - - [22/Jan/2026:11:41:31 -0500] "GET /wp-includes/blocks/comments-title/ HTTP/1.1" 200 465 "http://parawisata.us/wp-includes/blocks/comments-title/" "Go-http-client/2.0"
85.203.21.53 - - [22/Jan/2026:11:41:31 -0500] "GET /wp-includes/js/dist/ HTTP/1.1" 200 2341 "http://parawisata.us/wp-includes/js/dist/" "Go-http-client/2.0"
85.203.21.53 - - [22/Jan/2026:11:41:32 -0500] "GET /edit.php HTTP/1.1" 404 43596 "http://parawisata.us/edit.php" "Go-http-client/2.0"
85.203.21.53 - - [22/Jan/2026:11:41:33 -0500] "GET /wp-admin/images/chosen.php HTTP/1.1" 404 43596 "http://parawisata.us/wp-admin/images/chosen.php" "Go-http-client/2.0"
85.203.21.53 - - [22/Jan/2026:11:41:34 -0500] "GET /wp-includes/certificates/autoload_classmap.php HTTP/1.1" 404 43596 "http://parawisata.us/wp-includes/certificates/autoload_classmap.php" "Go-http-client/2.0"
85.203.21.53 - - [22/Jan/2026:11:41:36 -0500] "GET /wp-includes/rest-api/chosen.php HTTP/1.1" 404 43596 "http://parawisata.us/wp-includes/rest-api/chosen.php" "Go-http-client/2.0"
85.203.21.53 - - [22/Jan/2026:11:41:37 -0500] "GET /wp-includes/css/wp-conflg.php HTTP/1.1" 404 43596 "http://parawisata.us/wp-includes/css/wp-conflg.php" "Go-http-client/2.0"
85.203.21.53 - - [22/Jan/2026:11:41:38 -0500] "GET /wp-includes/IXR/wp-conflg.php HTTP/1.1" 404 43596 "http://parawisata.us/wp-includes/IXR/wp-conflg.php" "Go-http-client/2.0"
85.203.21.53 - - [22/Jan/2026:11:41:40 -0500] "GET /wp-includes/php-compat/chosen.php HTTP/1.1" 404 43596 "http://parawisata.us/wp-includes/php-compat/chosen.php" "Go-http-client/2.0"
85.203.21.53 - - [22/Jan/2026:11:41:42 -0500] "GET /wp-includes/PHPMailer/wp-conflg.php HTTP/1.1" 404 43596 "http://parawisata.us/wp-includes/PHPMailer/wp-conflg.php" "Go-http-client/2.0"
54.39.6.36 - - [22/Jan/2026:11:41:43 -0500] "GET /314473632 HTTP/1.1" 404 43596 "-" "Mozilla/5.0 (compatible; AhrefsBot/7.0; +http://ahrefs.com/robot/)"
85.203.21.53 - - [22/Jan/2026:11:41:43 -0500] "GET /wp-includes/style-engine/autoload_classmap.php HTTP/1.1" 404 43596 "http://parawisata.us/wp-includes/style-engine/autoload_classmap.php" "Go-http-client/2.0"
85.203.21.53 - - [22/Jan/2026:11:41:44 -0500] "GET /wp-content/themes/twentytwentyfive/patterns/template-singl-portfolio.php HTTP/1.1" 404 43596 "http://parawisata.us/wp-content/themes/twentytwentyfive/patterns/template-singl-portfolio.php" "Go-http-client/2.0"
85.203.21.53 - - [22/Jan/2026:11:41:46 -0500] "GET /wp-includes/images/ HTTP/1.1" 200 1022 "http://parawisata.us/wp-includes/images/" "Go-http-client/2.0"
85.203.21.53 - - [22/Jan/2026:11:41:46 -0500] "GET /wp-admin/database.php HTTP/1.1" 404 43596 "http://parawisata.us/wp-admin/database.php" "Go-http-client/2.0"
85.203.21.53 - - [22/Jan/2026:11:41:48 -0500] "GET /wp-content/vudel/list.php HTTP/1.1" 404 43596 "http://parawisata.us/wp-content/vudel/list.php" "Go-http-client/2.0"
85.203.21.53 - - [22/Jan/2026:11:41:49 -0500] "GET /wp-content/plugins/filester/assets/css/404.php HTTP/1.1" 404 43596 "http://parawisata.us/wp-content/plugins/filester/assets/css/404.php" "Go-http-client/2.0"
66.249.79.7 - - [22/Jan/2026:11:41:51 -0500] "GET /product/edit/925939 HTTP/1.1" 200 226 "-" "Mozilla/5.0 (Linux; Android 6.0.1; Nexus 5X Build/MMB29P) AppleWebKit/537.36 (KHTML, like Gecko) Chrome/143.0.7499.192 Mobile Safari/537.36 (compatible; Googlebot/2.1; +http://www.google.com/bot.html)"
85.203.21.53 - - [22/Jan/2026:11:41:50 -0500] "GET /wp-content/themes/hello-elementor/assets/css/lightbox.php HTTP/1.1" 404 43596 "http://parawisata.us/wp-content/themes/hello-elementor/assets/css/lightbox.php" "Go-http-client/2.0"
66.249.68.35 - - [22/Jan/2026:11:41:51 -0500] "GET /?j=2174442445192&channel=115e00&from=https://www.parawisata.us/post.php?products/overcup/1356319025.phtml HTTP/1.1" 200 226 "-" "Mozilla/5.0 (Linux; Android 6.0.1; Nexus 5X Build/MMB29P) AppleWebKit/537.36 (KHTML, like Gecko) Chrome/143.0.7499.192 Mobile Safari/537.36 (compatible; Googlebot/2.1; +http://www.google.com/bot.html)"
66.249.68.37 - - [22/Jan/2026:11:41:52 -0500] "GET /?j=2174442445192&channel=115e00&from=https://www.parawisata.us/post.php?products/phragmosiphon/154498589.phtml HTTP/1.1" 200 226 "-" "Mozilla/5.0 (Linux; Android 6.0.1; Nexus 5X Build/MMB29P) AppleWebKit/537.36 (KHTML, like Gecko) Chrome/143.0.7499.192 Mobile Safari/537.36 (compatible; Googlebot/2.1; +http://www.google.com/bot.html)"
85.203.21.53 - - [22/Jan/2026:11:41:52 -0500] "GET /wp-content/plugins/advanced-custom-fields/includes/walkers/about.php HTTP/1.1" 404 43596 "http://parawisata.us/wp-content/plugins/advanced-custom-fields/includes/walkers/about.php" "Go-http-client/2.0"
114.119.141.24 - - [22/Jan/2026:11:41:52 -0500] "GET /products/nonmetamorphic/492527169.phtml HTTP/1.1" 404 43596 "https://parawisata.us/?sitemap627.xml" "Mozilla/5.0 (Linux; Android 7.0;) AppleWebKit/537.36 (KHTML, like Gecko) Mobile Safari/537.36 (compatible; PetalBot;+https://webmaster.petalsearch.com/site/petalbot)"
85.203.21.53 - - [22/Jan/2026:11:41:54 -0500] "GET /wp-content/plugins/elementor/includes/controls/about.php HTTP/1.1" 404 43596 "http://parawisata.us/wp-content/plugins/elementor/includes/controls/about.php" "Go-http-client/2.0"
85.203.21.53 - - [22/Jan/2026:11:41:56 -0500] "GET /wp-content/languages/autoload_classmap.php HTTP/1.1" 404 43596 "http://parawisata.us/wp-content/languages/autoload_classmap.php" "Go-http-client/2.0"
85.203.21.53 - - [22/Jan/2026:11:41:57 -0500] "GET /wp-content/well-known/acme-challenge/c/e/about.php HTTP/1.1" 404 43596 "http://parawisata.us/wp-content/well-known/acme-challenge/c/e/about.php" "Go-http-client/2.0"
85.203.21.53 - - [22/Jan/2026:11:41:59 -0500] "GET /wp-includes/block-supports/chosen.php HTTP/1.1" 404 43596 "http://parawisata.us/wp-includes/block-supports/chosen.php" "Go-http-client/2.0"
85.203.21.53 - - [22/Jan/2026:11:42:00 -0500] "GET /wp-includes/js/dist/vendor/about.php HTTP/1.1" 404 43596 "http://parawisata.us/wp-includes/js/dist/vendor/about.php" "Go-http-client/2.0"
85.203.21.53 - - [22/Jan/2026:11:42:01 -0500] "GET /wp-includes/pomo/autoload_classmap.php HTTP/1.1" 404 43596 "http://parawisata.us/wp-includes/pomo/autoload_classmap.php" "Go-http-client/2.0"
